Build Information
Failed to build HandyJSON, reference master (f0b15d), with Swift 6.4 for visionOS using Xcode 27.0 on 20 Sep 2026 03:00:03 UTC.
Build Command
env DEVELOPER_DIR=/Applications/Xcode-27.0.0-Release.Candidate.app xcrun xcodebuild -IDEClonedSourcePackagesDirPathOverride=$PWD/.dependencies -skipMacroValidation -skipPackagePluginValidation -derivedDataPath $PWD/.derivedData build -scheme HandyJSON -destination generic/platform=xrOSBuild Log
========================================
RunAll
========================================
Builder version: 5.1.0
Interrupt handler set up.
========================================
Checkout
========================================
Clone URL: https://github.com/alibaba/HandyJSON.git
Reference: master
Initialized empty Git repository in /Users/admin/builder/spi-builder-workspace/.git/
From https://github.com/alibaba/HandyJSON
* branch master -> FETCH_HEAD
* [new branch] master -> origin/master
HEAD is now at f0b15db 5.0.4-beta podspec
Cloned https://github.com/alibaba/HandyJSON.git
Revision (git rev-parse @):
f0b15db3bc0c51e935ea2385d6e33d412f04fffe
SUCCESS checkout https://github.com/alibaba/HandyJSON.git at master
========================================
Build
========================================
Selected platform: visionOS
Swift version: 6.4
Building package at path: $PWD
https://github.com/alibaba/HandyJSON.git
Command line invocation:
/Applications/Xcode-27.0.0-Release.Candidate.app/Contents/Developer/usr/bin/xcodebuild -IDEClonedSourcePackagesDirPathOverride=/Users/admin/builder/spi-builder-workspace/.dependencies -resolvePackageDependencies
resolved source packages:
{
"dependencies" : [
],
"manifest_display_name" : "HandyJSON",
"name" : "HandyJSON",
"path" : "/Users/admin/builder/spi-builder-workspace",
"platforms" : [
],
"products" : [
{
"name" : "HandyJSON",
"targets" : [
"HandyJSON"
],
"type" : {
"library" : [
"automatic"
]
}
}
],
"targets" : [
{
"c99name" : "HandyJSON",
"module_type" : "SwiftTarget",
"name" : "HandyJSON",
"path" : "Source",
"product_memberships" : [
"HandyJSON"
],
"sources" : [
"AnyExtensions.swift",
"BuiltInBasicType.swift",
"BuiltInBridgeType.swift",
"CBridge.swift",
"Configuration.swift",
"ContextDescriptorType.swift",
"CustomDateFormatTransform.swift",
"DataTransform.swift",
"DateFormatterTransform.swift",
"DateTransform.swift",
"Deserializer.swift",
"EnumTransform.swift",
"EnumType.swift",
"Export.swift",
"ExtendCustomBasicType.swift",
"ExtendCustomModelType.swift",
"FieldDescriptor.swift",
"HelpingMapper.swift",
"HexColorTransform.swift",
"ISO8601DateTransform.swift",
"Logger.swift",
"MangledName.swift",
"Measuable.swift",
"Metadata.swift",
"NSDecimalNumberTransform.swift",
"OtherExtension.swift",
"PointerType.swift",
"Properties.swift",
"PropertyInfo.swift",
"ReflectionHelper.swift",
"Serializer.swift",
"TransformOf.swift",
"TransformType.swift",
"Transformable.swift",
"URLTransform.swift"
],
"type" : "library"
}
],
"tools_version" : "4.0"
}
{
"project" : {
"configurations" : [
"Debug",
"Release"
],
"name" : "HandyJSON",
"schemes" : [
"HandyJSON iOS",
"HandyJSON iOS Tests",
"HandyJSON macOS",
"HandyJSON macOS Tests",
"HandyJSON tvOS",
"HandyJSON tvOS Tests",
"HandyJSON watchOS",
"HandyJSONDemo"
],
"targets" : [
"HandyJSON iOS",
"HandyJSONDemo",
"HandyJSON iOS Tests",
"HandyJSON watchOS",
"HandyJSON tvOS",
"HandyJSON tvOS Tests",
"HandyJSON macOS",
"HandyJSON macOS Tests"
]
}
}
{
"workspace" : {
"name" : "HandyJSON",
"schemes" : [
"HandyJSON"
]
}
}
2026-09-19 22:59:52.664 xcodebuild[620:3887] [MT] IDERunDestination: Supported platforms for the buildables in the current scheme is empty.
Running build ...
env DEVELOPER_DIR=/Applications/Xcode-27.0.0-Release.Candidate.app xcrun xcodebuild -IDEClonedSourcePackagesDirPathOverride=$PWD/.dependencies -skipMacroValidation -skipPackagePluginValidation -derivedDataPath $PWD/.derivedData build -scheme HandyJSON -destination generic/platform=xrOS
Command line invocation:
/Applications/Xcode-27.0.0-Release.Candidate.app/Contents/Developer/usr/bin/xcodebuild -IDEClonedSourcePackagesDirPathOverride=/Users/admin/builder/spi-builder-workspace/.dependencies -skipMacroValidation -skipPackagePluginValidation -derivedDataPath /Users/admin/builder/spi-builder-workspace/.derivedData build -scheme HandyJSON -destination generic/platform=xrOS
Resolve Package Graph
Resolved source packages:
HandyJSON: /Users/admin/builder/spi-builder-workspace
ComputePackagePrebuildTargetDependencyGraph
Prepare packages
CreateBuildRequest
SendProjectDescription
CreateBuildOperation
ComputeTargetDependencyGraph
note: Building targets in dependency order
note: Target dependency graph (2 targets)
Target 'HandyJSON-product' in project 'HandyJSON'
➜ Explicit dependency on target 'HandyJSON' in project 'HandyJSON'
Target 'HandyJSON' in project 'HandyJSON' (no dependencies)
GatherProvisioningInputs
CreateBuildDescription
ExecuteExternalTool /Applications/Xcode-27.0.0-Release.Candidate.app/Contents/Developer/Toolchains/XcodeDefault.xctoolchain/usr/bin/clang -v -E -dM -isysroot /Applications/Xcode-27.0.0-Release.Candidate.app/Contents/Developer/Platforms/XROS.platform/Developer/SDKs/XROS27.0.sdk -x c -c /dev/null
ExecuteExternalTool /Applications/Xcode-27.0.0-Release.Candidate.app/Contents/Developer/Toolchains/XcodeDefault.xctoolchain/usr/bin/swiftc --version
ExecuteExternalTool /Applications/Xcode-27.0.0-Release.Candidate.app/Contents/Developer/Toolchains/XcodeDefault.xctoolchain/usr/bin/ld -version_details
Build description signature: c6c48c53ca4a4f5aac81b7a7e7e8eada
Build description path: /Users/admin/builder/spi-builder-workspace/.derivedData/Build/Intermediates.noindex/XCBuildData/c6c48c53ca4a4f5aac81b7a7e7e8eada.xcbuilddata
CreateBuildDirectory /Users/admin/builder/spi-builder-workspace/.derivedData/ModuleCache.noindex
cd /Users/admin/builder/spi-builder-workspace/.swiftpm/xcode
builtin-create-build-directory /Users/admin/builder/spi-builder-workspace/.derivedData/ModuleCache.noindex
CreateBuildDirectory /Users/admin/builder/spi-builder-workspace/.derivedData/SDKExplicitPrecompiledModules
cd /Users/admin/builder/spi-builder-workspace/.swiftpm/xcode
builtin-create-build-directory /Users/admin/builder/spi-builder-workspace/.derivedData/SDKExplicitPrecompiledModules
CreateBuildDirectory /Users/admin/builder/spi-builder-workspace/.derivedData/CompilationCache.noindex
cd /Users/admin/builder/spi-builder-workspace/.swiftpm/xcode
builtin-create-build-directory /Users/admin/builder/spi-builder-workspace/.derivedData/CompilationCache.noindex
ClangStatCache /Applications/Xcode-27.0.0-Release.Candidate.app/Contents/Developer/Toolchains/XcodeDefault.xctoolchain/usr/bin/clang-stat-cache /Applications/Xcode-27.0.0-Release.Candidate.app/Contents/Developer/Platforms/XROS.platform/Developer/SDKs/XROS27.0.sdk /Users/admin/builder/spi-builder-workspace/.derivedData/SDKStatCaches.noindex/xros27.0-24M361-e829b21a6f8c9b70876ba0858053c044735bd543db762f57723cac368afd1ce4.sdkstatcache
cd /Users/admin/builder/spi-builder-workspace/.swiftpm/xcode
/Applications/Xcode-27.0.0-Release.Candidate.app/Contents/Developer/Toolchains/XcodeDefault.xctoolchain/usr/bin/clang-stat-cache /Applications/Xcode-27.0.0-Release.Candidate.app/Contents/Developer/Platforms/XROS.platform/Developer/SDKs/XROS27.0.sdk -o /Users/admin/builder/spi-builder-workspace/.derivedData/SDKStatCaches.noindex/xros27.0-24M361-e829b21a6f8c9b70876ba0858053c044735bd543db762f57723cac368afd1ce4.sdkstatcache
CreateBuildDirectory /Users/admin/builder/spi-builder-workspace/.derivedData/Build/Products
cd /Users/admin/builder/spi-builder-workspace/.swiftpm/xcode
builtin-create-build-directory /Users/admin/builder/spi-builder-workspace/.derivedData/Build/Products
CreateBuildDirectory /Users/admin/builder/spi-builder-workspace/.derivedData/Build/Intermediates.noindex
cd /Users/admin/builder/spi-builder-workspace/.swiftpm/xcode
builtin-create-build-directory /Users/admin/builder/spi-builder-workspace/.derivedData/Build/Intermediates.noindex
CreateBuildDirectory /Users/admin/builder/spi-builder-workspace/.derivedData/Build/Intermediates.noindex/PrecompiledHeaders
cd /Users/admin/builder/spi-builder-workspace/.swiftpm/xcode
builtin-create-build-directory /Users/admin/builder/spi-builder-workspace/.derivedData/Build/Intermediates.noindex/PrecompiledHeaders
CreateBuildDirectory /Users/admin/builder/spi-builder-workspace/.derivedData/Build/Intermediates.noindex/SwiftExplicitPrecompiledModules
cd /Users/admin/builder/spi-builder-workspace/.swiftpm/xcode
builtin-create-build-directory /Users/admin/builder/spi-builder-workspace/.derivedData/Build/Intermediates.noindex/SwiftExplicitPrecompiledModules
CreateBuildDirectory /Users/admin/builder/spi-builder-workspace/.derivedData/Build/Intermediates.noindex/ExplicitPrecompiledModules
cd /Users/admin/builder/spi-builder-workspace/.swiftpm/xcode
builtin-create-build-directory /Users/admin/builder/spi-builder-workspace/.derivedData/Build/Intermediates.noindex/ExplicitPrecompiledModules
CreateBuildDirectory /Users/admin/builder/spi-builder-workspace/.derivedData/Build/Products/Debug-xros
cd /Users/admin/builder/spi-builder-workspace/.swiftpm/xcode
builtin-create-build-directory /Users/admin/builder/spi-builder-workspace/.derivedData/Build/Products/Debug-xros
CreateBuildDirectory /Users/admin/builder/spi-builder-workspace/.derivedData/Build/Intermediates.noindex/EagerLinkingTBDs/Debug-xros
cd /Users/admin/builder/spi-builder-workspace/.swiftpm/xcode
builtin-create-build-directory /Users/admin/builder/spi-builder-workspace/.derivedData/Build/Intermediates.noindex/EagerLinkingTBDs/Debug-xros
CreateBuildDirectory /Users/admin/builder/spi-builder-workspace/.derivedData/Build/Products/Debug-xros/PackageFrameworks
cd /Users/admin/builder/spi-builder-workspace/.swiftpm/xcode
builtin-create-build-directory /Users/admin/builder/spi-builder-workspace/.derivedData/Build/Products/Debug-xros/PackageFrameworks
WriteAuxiliaryFile /Users/admin/builder/spi-builder-workspace/.derivedData/Build/Intermediates.noindex/HandyJSON.build/Debug-xros/HandyJSON-t.build/HandyJSON.DependencyMetadataFileList (in target 'HandyJSON' from project 'HandyJSON')
cd /Users/admin/builder/spi-builder-workspace
write-file /Users/admin/builder/spi-builder-workspace/.derivedData/Build/Intermediates.noindex/HandyJSON.build/Debug-xros/HandyJSON-t.build/HandyJSON.DependencyMetadataFileList
WriteAuxiliaryFile /Users/admin/builder/spi-builder-workspace/.derivedData/Build/Intermediates.noindex/HandyJSON.build/Debug-xros/HandyJSON-t.build/HandyJSON.DependencyStaticMetadataFileList (in target 'HandyJSON' from project 'HandyJSON')
cd /Users/admin/builder/spi-builder-workspace
write-file /Users/admin/builder/spi-builder-workspace/.derivedData/Build/Intermediates.noindex/HandyJSON.build/Debug-xros/HandyJSON-t.build/HandyJSON.DependencyStaticMetadataFileList
WriteAuxiliaryFile /Users/admin/builder/spi-builder-workspace/.derivedData/Build/Intermediates.noindex/HandyJSON.build/Debug-xros/HandyJSON-t.build/HandyJSON.modulemap (in target 'HandyJSON' from project 'HandyJSON')
cd /Users/admin/builder/spi-builder-workspace
write-file /Users/admin/builder/spi-builder-workspace/.derivedData/Build/Intermediates.noindex/HandyJSON.build/Debug-xros/HandyJSON-t.build/HandyJSON.modulemap
WriteAuxiliaryFile /Users/admin/builder/spi-builder-workspace/.derivedData/Build/Intermediates.noindex/HandyJSON.build/Debug-xros/HandyJSON-t.build/Objects-normal/arm64/HandyJSON.SwiftConstValuesFileList (in target 'HandyJSON' from project 'HandyJSON')
cd /Users/admin/builder/spi-builder-workspace
write-file /Users/admin/builder/spi-builder-workspace/.derivedData/Build/Intermediates.noindex/HandyJSON.build/Debug-xros/HandyJSON-t.build/Objects-normal/arm64/HandyJSON.SwiftConstValuesFileList
WriteAuxiliaryFile /Users/admin/builder/spi-builder-workspace/.derivedData/Build/Intermediates.noindex/HandyJSON.build/Debug-xros/HandyJSON-t.build/Objects-normal/arm64/HandyJSON-OutputFileMap.json (in target 'HandyJSON' from project 'HandyJSON')
cd /Users/admin/builder/spi-builder-workspace
write-file /Users/admin/builder/spi-builder-workspace/.derivedData/Build/Intermediates.noindex/HandyJSON.build/Debug-xros/HandyJSON-t.build/Objects-normal/arm64/HandyJSON-OutputFileMap.json
WriteAuxiliaryFile /Users/admin/builder/spi-builder-workspace/.derivedData/Build/Intermediates.noindex/HandyJSON.build/Debug-xros/HandyJSON-t.build/Objects-normal/arm64/HandyJSON.LinkFileList (in target 'HandyJSON' from project 'HandyJSON')
cd /Users/admin/builder/spi-builder-workspace
write-file /Users/admin/builder/spi-builder-workspace/.derivedData/Build/Intermediates.noindex/HandyJSON.build/Debug-xros/HandyJSON-t.build/Objects-normal/arm64/HandyJSON.LinkFileList
WriteAuxiliaryFile /Users/admin/builder/spi-builder-workspace/.derivedData/Build/Intermediates.noindex/HandyJSON.build/Debug-xros/HandyJSON-t.build/Objects-normal/arm64/HandyJSON_const_extract_protocols.json (in target 'HandyJSON' from project 'HandyJSON')
cd /Users/admin/builder/spi-builder-workspace
write-file /Users/admin/builder/spi-builder-workspace/.derivedData/Build/Intermediates.noindex/HandyJSON.build/Debug-xros/HandyJSON-t.build/Objects-normal/arm64/HandyJSON_const_extract_protocols.json
WriteAuxiliaryFile /Users/admin/builder/spi-builder-workspace/.derivedData/Build/Intermediates.noindex/HandyJSON.build/Debug-xros/HandyJSON-t.build/Objects-normal/arm64/HandyJSON.SwiftFileList (in target 'HandyJSON' from project 'HandyJSON')
cd /Users/admin/builder/spi-builder-workspace
write-file /Users/admin/builder/spi-builder-workspace/.derivedData/Build/Intermediates.noindex/HandyJSON.build/Debug-xros/HandyJSON-t.build/Objects-normal/arm64/HandyJSON.SwiftFileList
Copy /Users/admin/builder/spi-builder-workspace/.derivedData/Build/Intermediates.noindex/GeneratedModuleMaps-xros/HandyJSON.modulemap /Users/admin/builder/spi-builder-workspace/.derivedData/Build/Intermediates.noindex/HandyJSON.build/Debug-xros/HandyJSON-t.build/HandyJSON.modulemap (in target 'HandyJSON' from project 'HandyJSON')
cd /Users/admin/builder/spi-builder-workspace
builtin-copy -exclude .DS_Store -exclude CVS -exclude .svn -exclude .git -exclude .hg -resolve-src-symlinks /Users/admin/builder/spi-builder-workspace/.derivedData/Build/Intermediates.noindex/HandyJSON.build/Debug-xros/HandyJSON-t.build/HandyJSON.modulemap /Users/admin/builder/spi-builder-workspace/.derivedData/Build/Intermediates.noindex/GeneratedModuleMaps-xros
SwiftDriver HandyJSON normal arm64 com.apple.xcode.tools.swift.compiler (in target 'HandyJSON' from project 'HandyJSON')
cd /Users/admin/builder/spi-builder-workspace/.swiftpm/xcode
builtin-SwiftDriver -- /Applications/Xcode-27.0.0-Release.Candidate.app/Contents/Developer/Toolchains/XcodeDefault.xctoolchain/usr/bin/swiftc -parse-as-library -module-name HandyJSON -Onone @/Users/admin/builder/spi-builder-workspace/.derivedData/Build/Intermediates.noindex/HandyJSON.build/Debug-xros/HandyJSON-t.build/Objects-normal/arm64/HandyJSON.SwiftFileList -DSWIFT_PACKAGE -DDEBUG -DSWIFT_MODULE_RESOURCE_BUNDLE_UNAVAILABLE -DXcode -plugin-path /Applications/Xcode-27.0.0-Release.Candidate.app/Contents/Developer/Toolchains/XcodeDefault.xctoolchain/usr/lib/swift/host/plugins/testing -enable-experimental-feature DebugDescriptionMacro -sdk /Applications/Xcode-27.0.0-Release.Candidate.app/Contents/Developer/Platforms/XROS.platform/Developer/SDKs/XROS27.0.sdk -target arm64-apple-xros1.0 -g -module-cache-path /Users/admin/builder/spi-builder-workspace/.derivedData/ModuleCache.noindex -Xfrontend -serialize-debugging-options -enable-testing -index-store-path /Users/admin/builder/spi-builder-workspace/.derivedData/Index.noindex/DataStore -Xcc -D_LIBCPP_HARDENING_MODE\=_LIBCPP_HARDENING_MODE_DEBUG -swift-version 4 -I /Users/admin/builder/spi-builder-workspace/.derivedData/Build/Products/Debug-xros -Isystem /Applications/Xcode-27.0.0-Release.Candidate.app/Contents/Developer/Platforms/XROS.platform/Developer/usr/lib -F /Users/admin/builder/spi-builder-workspace/.derivedData/Build/Products/Debug-xros -F /Applications/Xcode-27.0.0-Release.Candidate.app/Contents/Developer/Platforms/XROS.platform/Developer/Library/Frameworks -F /Applications/Xcode-27.0.0-Release.Candidate.app/Contents/Developer/Platforms/XROS.platform/Developer/SDKs/XROS27.0.sdk/Developer/Library/Frameworks -c -j10 -enable-batch-mode -incremental -Xcc -ivfsstatcache -Xcc /Users/admin/builder/spi-builder-workspace/.derivedData/SDKStatCaches.noindex/xros27.0-24M361-e829b21a6f8c9b70876ba0858053c044735bd543db762f57723cac368afd1ce4.sdkstatcache -output-file-map /Users/admin/builder/spi-builder-workspace/.derivedData/Build/Intermediates.noindex/HandyJSON.build/Debug-xros/HandyJSON-t.build/Objects-normal/arm64/HandyJSON-OutputFileMap.json -save-temps -no-color-diagnostics -emit-dependencies -emit-module -emit-module-path /Users/admin/builder/spi-builder-workspace/.derivedData/Build/Intermediates.noindex/HandyJSON.build/Debug-xros/HandyJSON-t.build/Objects-normal/arm64/HandyJSON.swiftmodule -serialize-diagnostics -validate-clang-modules-once -clang-build-session-file /Users/admin/builder/spi-builder-workspace/.derivedData/ModuleCache.noindex/Session.modulevalidation -Xcc -fmodules-prune-interval\=86400 -Xcc -fmodules-prune-after\=345600 -emit-const-values -const-gather-protocols-list /Users/admin/builder/spi-builder-workspace/.derivedData/Build/Intermediates.noindex/HandyJSON.build/Debug-xros/HandyJSON-t.build/Objects-normal/arm64/HandyJSON_const_extract_protocols.json -Xcc -I/Users/admin/builder/spi-builder-workspace/.derivedData/Build/Products/Debug-xros/include -Xcc -I/Users/admin/builder/spi-builder-workspace/.derivedData/Build/Intermediates.noindex/HandyJSON.build/Debug-xros/HandyJSON-t.build/DerivedSources-normal/arm64 -Xcc -I/Users/admin/builder/spi-builder-workspace/.derivedData/Build/Intermediates.noindex/HandyJSON.build/Debug-xros/HandyJSON-t.build/DerivedSources/arm64 -Xcc -I/Users/admin/builder/spi-builder-workspace/.derivedData/Build/Intermediates.noindex/HandyJSON.build/Debug-xros/HandyJSON-t.build/DerivedSources -Xcc -DSWIFT_PACKAGE -Xcc -DDEBUG\=1 -emit-objc-header -emit-objc-header-path /Users/admin/builder/spi-builder-workspace/.derivedData/Build/Intermediates.noindex/HandyJSON.build/Debug-xros/HandyJSON-t.build/Objects-normal/arm64/HandyJSON-Swift.h -working-directory /Users/admin/builder/spi-builder-workspace/.swiftpm/xcode -experimental-emit-module-separately -disable-cmo
SwiftCompile normal arm64 Compiling\ DateFormatterTransform.swift,\ DateTransform.swift,\ Deserializer.swift,\ EnumTransform.swift /Users/admin/builder/spi-builder-workspace/Source/DateFormatterTransform.swift /Users/admin/builder/spi-builder-workspace/Source/DateTransform.swift /Users/admin/builder/spi-builder-workspace/Source/Deserializer.swift /Users/admin/builder/spi-builder-workspace/Source/EnumTransform.swift (in target 'HandyJSON' from project 'HandyJSON')
SwiftCompile normal arm64 /Users/admin/builder/spi-builder-workspace/Source/DateFormatterTransform.swift (in target 'HandyJSON' from project 'HandyJSON')
cd /Users/admin/builder/spi-builder-workspace/.swiftpm/xcode
builtin-SwiftPerFileCompile DateFormatterTransform.swift
SwiftCompile normal arm64 /Users/admin/builder/spi-builder-workspace/Source/DateTransform.swift (in target 'HandyJSON' from project 'HandyJSON')
cd /Users/admin/builder/spi-builder-workspace/.swiftpm/xcode
builtin-SwiftPerFileCompile DateTransform.swift
SwiftCompile normal arm64 /Users/admin/builder/spi-builder-workspace/Source/Deserializer.swift (in target 'HandyJSON' from project 'HandyJSON')
cd /Users/admin/builder/spi-builder-workspace/.swiftpm/xcode
builtin-SwiftPerFileCompile Deserializer.swift
SwiftCompile normal arm64 /Users/admin/builder/spi-builder-workspace/Source/EnumTransform.swift (in target 'HandyJSON' from project 'HandyJSON')
cd /Users/admin/builder/spi-builder-workspace/.swiftpm/xcode
builtin-SwiftPerFileCompile EnumTransform.swift
SwiftCompile normal arm64 Compiling\ Configuration.swift,\ ContextDescriptorType.swift,\ CustomDateFormatTransform.swift,\ DataTransform.swift /Users/admin/builder/spi-builder-workspace/Source/Configuration.swift /Users/admin/builder/spi-builder-workspace/Source/ContextDescriptorType.swift /Users/admin/builder/spi-builder-workspace/Source/CustomDateFormatTransform.swift /Users/admin/builder/spi-builder-workspace/Source/DataTransform.swift (in target 'HandyJSON' from project 'HandyJSON')
SwiftCompile normal arm64 /Users/admin/builder/spi-builder-workspace/Source/Configuration.swift (in target 'HandyJSON' from project 'HandyJSON')
cd /Users/admin/builder/spi-builder-workspace/.swiftpm/xcode
builtin-SwiftPerFileCompile Configuration.swift
SwiftCompile normal arm64 /Users/admin/builder/spi-builder-workspace/Source/ContextDescriptorType.swift (in target 'HandyJSON' from project 'HandyJSON')
cd /Users/admin/builder/spi-builder-workspace/.swiftpm/xcode
builtin-SwiftPerFileCompile ContextDescriptorType.swift
SwiftCompile normal arm64 /Users/admin/builder/spi-builder-workspace/Source/CustomDateFormatTransform.swift (in target 'HandyJSON' from project 'HandyJSON')
cd /Users/admin/builder/spi-builder-workspace/.swiftpm/xcode
builtin-SwiftPerFileCompile CustomDateFormatTransform.swift
SwiftCompile normal arm64 /Users/admin/builder/spi-builder-workspace/Source/DataTransform.swift (in target 'HandyJSON' from project 'HandyJSON')
cd /Users/admin/builder/spi-builder-workspace/.swiftpm/xcode
builtin-SwiftPerFileCompile DataTransform.swift
SwiftEmitModule normal arm64 Emitting\ module\ for\ HandyJSON (in target 'HandyJSON' from project 'HandyJSON')
/Users/admin/builder/spi-builder-workspace/Source/HexColorTransform.swift:12:8: error: no such module 'Cocoa'
10 | import UIKit
11 | #else
12 | import Cocoa
| `- error: no such module 'Cocoa'
13 | #endif
14 |
Failed frontend command:
/Applications/Xcode-27.0.0-Release.Candidate.app/Contents/Developer/Toolchains/XcodeDefault.xctoolchain/usr/bin/swift-frontend -frontend -emit-module -experimental-skip-non-inlinable-function-bodies-without-types /Users/admin/builder/spi-builder-workspace/Source/AnyExtensions.swift /Users/admin/builder/spi-builder-workspace/Source/BuiltInBasicType.swift /Users/admin/builder/spi-builder-workspace/Source/BuiltInBridgeType.swift /Users/admin/builder/spi-builder-workspace/Source/CBridge.swift /Users/admin/builder/spi-builder-workspace/Source/Configuration.swift /Users/admin/builder/spi-builder-workspace/Source/ContextDescriptorType.swift /Users/admin/builder/spi-builder-workspace/Source/CustomDateFormatTransform.swift /Users/admin/builder/spi-builder-workspace/Source/DataTransform.swift /Users/admin/builder/spi-builder-workspace/Source/DateFormatterTransform.swift /Users/admin/builder/spi-builder-workspace/Source/DateTransform.swift /Users/admin/builder/spi-builder-workspace/Source/Deserializer.swift /Users/admin/builder/spi-builder-workspace/Source/EnumTransform.swift /Users/admin/builder/spi-builder-workspace/Source/EnumType.swift /Users/admin/builder/spi-builder-workspace/Source/Export.swift /Users/admin/builder/spi-builder-workspace/Source/ExtendCustomBasicType.swift /Users/admin/builder/spi-builder-workspace/Source/ExtendCustomModelType.swift /Users/admin/builder/spi-builder-workspace/Source/FieldDescriptor.swift /Users/admin/builder/spi-builder-workspace/Source/HelpingMapper.swift /Users/admin/builder/spi-builder-workspace/Source/HexColorTransform.swift /Users/admin/builder/spi-builder-workspace/Source/ISO8601DateTransform.swift /Users/admin/builder/spi-builder-workspace/Source/Logger.swift /Users/admin/builder/spi-builder-workspace/Source/MangledName.swift /Users/admin/builder/spi-builder-workspace/Source/Measuable.swift /Users/admin/builder/spi-builder-workspace/Source/Metadata.swift /Users/admin/builder/spi-builder-workspace/Source/NSDecimalNumberTransform.swift /Users/admin/builder/spi-builder-workspace/Source/OtherExtension.swift /Users/admin/builder/spi-builder-workspace/Source/PointerType.swift /Users/admin/builder/spi-builder-workspace/Source/Properties.swift /Users/admin/builder/spi-builder-workspace/Source/PropertyInfo.swift /Users/admin/builder/spi-builder-workspace/Source/ReflectionHelper.swift /Users/admin/builder/spi-builder-workspace/Source/Serializer.swift /Users/admin/builder/spi-builder-workspace/Source/TransformOf.swift /Users/admin/builder/spi-builder-workspace/Source/TransformType.swift /Users/admin/builder/spi-builder-workspace/Source/Transformable.swift /Users/admin/builder/spi-builder-workspace/Source/URLTransform.swift -target arm64-apple-xros1.0 -Xllvm -aarch64-use-tbi -enable-objc-interop -stack-check -sdk /Applications/Xcode-27.0.0-Release.Candidate.app/Contents/Developer/Platforms/XROS.platform/Developer/SDKs/XROS27.0.sdk -I /Users/admin/builder/spi-builder-workspace/.derivedData/Build/Products/Debug-xros -Isystem /Applications/Xcode-27.0.0-Release.Candidate.app/Contents/Developer/Platforms/XROS.platform/Developer/usr/lib -F /Users/admin/builder/spi-builder-workspace/.derivedData/Build/Products/Debug-xros -F /Applications/Xcode-27.0.0-Release.Candidate.app/Contents/Developer/Platforms/XROS.platform/Developer/Library/Frameworks -F /Applications/Xcode-27.0.0-Release.Candidate.app/Contents/Developer/Platforms/XROS.platform/Developer/SDKs/XROS27.0.sdk/Developer/Library/Frameworks -module-cache-path /Users/admin/builder/spi-builder-workspace/.derivedData/ModuleCache.noindex -no-color-diagnostics -Xcc -fno-color-diagnostics -enable-testing -g -debug-info-format\=dwarf -dwarf-version\=4 -swift-version 4 -Onone -D SWIFT_PACKAGE -D DEBUG -D SWIFT_MODULE_RESOURCE_BUNDLE_UNAVAILABLE -D Xcode -serialize-debugging-options -enable-experimental-feature DebugDescriptionMacro -empty-abi-descriptor -plugin-path /Applications/Xcode-27.0.0-Release.Candidate.app/Contents/Developer/Toolchains/XcodeDefault.xctoolchain/usr/lib/swift/host/plugins/testing -validate-clang-modules-once -clang-build-session-file /Users/admin/builder/spi-builder-workspace/.derivedData/ModuleCache.noindex/Session.modulevalidation -Xcc -working-directory -Xcc /Users/admin/builder/spi-builder-workspace/.swiftpm/xcode -enable-anonymous-context-mangled-names -file-compilation-dir /Users/admin/builder/spi-builder-workspace/.swiftpm/xcode -Xcc -D_LIBCPP_HARDENING_MODE\=_LIBCPP_HARDENING_MODE_DEBUG -Xcc -ivfsstatcache -Xcc /Users/admin/builder/spi-builder-workspace/.derivedData/SDKStatCaches.noindex/xros27.0-24M361-e829b21a6f8c9b70876ba0858053c044735bd543db762f57723cac368afd1ce4.sdkstatcache -Xcc -fmodules-prune-interval\=86400 -Xcc -fmodules-prune-after\=345600 -Xcc -I/Users/admin/builder/spi-builder-workspace/.derivedData/Build/Products/Debug-xros/include -Xcc -I/Users/admin/builder/spi-builder-workspace/.derivedData/Build/Intermediates.noindex/HandyJSON.build/Debug-xros/HandyJSON-t.build/DerivedSources-normal/arm64 -Xcc -I/Users/admin/builder/spi-builder-workspace/.derivedData/Build/Intermediates.noindex/HandyJSON.build/Debug-xros/HandyJSON-t.build/DerivedSources/arm64 -Xcc -I/Users/admin/builder/spi-builder-workspace/.derivedData/Build/Intermediates.noindex/HandyJSON.build/Debug-xros/HandyJSON-t.build/DerivedSources -Xcc -DSWIFT_PACKAGE -Xcc -DDEBUG\=1 -no-auto-bridging-header-chaining -module-name HandyJSON -const-gather-protocols-file /Users/admin/builder/spi-builder-workspace/.derivedData/Build/Intermediates.noindex/HandyJSON.build/Debug-xros/HandyJSON-t.build/Objects-normal/arm64/HandyJSON_const_extract_protocols.json -disable-clang-spi -target-sdk-version 27.0 -target-sdk-name xros27.0 -external-plugin-path /Applications/Xcode-27.0.0-Release.Candidate.app/Contents/Developer/Platforms/XROS.platform/Developer/usr/lib/swift/host/plugins\#/Applications/Xcode-27.0.0-Release.Candidate.app/Contents/Developer/Platforms/XROS.platform/Developer/usr/bin/swift-plugin-server -external-plugin-path /Applications/Xcode-27.0.0-Release.Candidate.app/Contents/Developer/Platforms/XROS.platform/Developer/usr/local/lib/swift/host/plugins\#/Applications/Xcode-27.0.0-Release.Candidate.app/Contents/Developer/Platforms/XROS.platform/Developer/usr/bin/swift-plugin-server -in-process-plugin-server-path /Applications/Xcode-27.0.0-Release.Candidate.app/Contents/Developer/Toolchains/XcodeDefault.xctoolchain/usr/lib/swift/host/libSwiftInProcPluginServer.dylib -plugin-path /Applications/Xcode-27.0.0-Release.Candidate.app/Contents/Developer/Toolchains/XcodeDefault.xctoolchain/usr/lib/swift/host/plugins -plugin-path /Applications/Xcode-27.0.0-Release.Candidate.app/Contents/Developer/Toolchains/XcodeDefault.xctoolchain/usr/local/lib/swift/host/plugins -emit-module-doc-path /Users/admin/builder/spi-builder-workspace/.derivedData/Build/Intermediates.noindex/HandyJSON.build/Debug-xros/HandyJSON-t.build/Objects-normal/arm64/HandyJSON.swiftdoc -emit-module-source-info-path /Users/admin/builder/spi-builder-workspace/.derivedData/Build/Intermediates.noindex/HandyJSON.build/Debug-xros/HandyJSON-t.build/Objects-normal/arm64/HandyJSON.swiftsourceinfo -emit-objc-header-path /Users/admin/builder/spi-builder-workspace/.derivedData/Build/Intermediates.noindex/HandyJSON.build/Debug-xros/HandyJSON-t.build/Objects-normal/arm64/HandyJSON-Swift.h -serialize-diagnostics-path /Users/admin/builder/spi-builder-workspace/.derivedData/Build/Intermediates.noindex/HandyJSON.build/Debug-xros/HandyJSON-t.build/Objects-normal/arm64/HandyJSON-primary-emit-module.dia -emit-dependencies-path /Users/admin/builder/spi-builder-workspace/.derivedData/Build/Intermediates.noindex/HandyJSON.build/Debug-xros/HandyJSON-t.build/Objects-normal/arm64/HandyJSON-primary-emit-module.d -parse-as-library -o /Users/admin/builder/spi-builder-workspace/.derivedData/Build/Intermediates.noindex/HandyJSON.build/Debug-xros/HandyJSON-t.build/Objects-normal/arm64/HandyJSON.swiftmodule -emit-abi-descriptor-path /Users/admin/builder/spi-builder-workspace/.derivedData/Build/Intermediates.noindex/HandyJSON.build/Debug-xros/HandyJSON-t.build/Objects-normal/arm64/HandyJSON.abi.json
SwiftCompile normal arm64 (in target 'HandyJSON' from project 'HandyJSON')
cd /Users/admin/builder/spi-builder-workspace/.swiftpm/xcode
SwiftCompile normal arm64 Compiling\ EnumType.swift,\ Export.swift,\ ExtendCustomBasicType.swift,\ ExtendCustomModelType.swift /Users/admin/builder/spi-builder-workspace/Source/EnumType.swift /Users/admin/builder/spi-builder-workspace/Source/Export.swift /Users/admin/builder/spi-builder-workspace/Source/ExtendCustomBasicType.swift /Users/admin/builder/spi-builder-workspace/Source/ExtendCustomModelType.swift (in target 'HandyJSON' from project 'HandyJSON')
SwiftCompile normal arm64 /Users/admin/builder/spi-builder-workspace/Source/EnumType.swift (in target 'HandyJSON' from project 'HandyJSON')
cd /Users/admin/builder/spi-builder-workspace/.swiftpm/xcode
builtin-SwiftPerFileCompile EnumType.swift
SwiftCompile normal arm64 /Users/admin/builder/spi-builder-workspace/Source/Export.swift (in target 'HandyJSON' from project 'HandyJSON')
cd /Users/admin/builder/spi-builder-workspace/.swiftpm/xcode
builtin-SwiftPerFileCompile Export.swift
SwiftCompile normal arm64 /Users/admin/builder/spi-builder-workspace/Source/ExtendCustomBasicType.swift (in target 'HandyJSON' from project 'HandyJSON')
cd /Users/admin/builder/spi-builder-workspace/.swiftpm/xcode
builtin-SwiftPerFileCompile ExtendCustomBasicType.swift
SwiftCompile normal arm64 /Users/admin/builder/spi-builder-workspace/Source/ExtendCustomModelType.swift (in target 'HandyJSON' from project 'HandyJSON')
cd /Users/admin/builder/spi-builder-workspace/.swiftpm/xcode
builtin-SwiftPerFileCompile ExtendCustomModelType.swift
SwiftCompile normal arm64 Compiling\ PointerType.swift,\ Properties.swift,\ PropertyInfo.swift /Users/admin/builder/spi-builder-workspace/Source/PointerType.swift /Users/admin/builder/spi-builder-workspace/Source/Properties.swift /Users/admin/builder/spi-builder-workspace/Source/PropertyInfo.swift (in target 'HandyJSON' from project 'HandyJSON')
SwiftCompile normal arm64 /Users/admin/builder/spi-builder-workspace/Source/PointerType.swift (in target 'HandyJSON' from project 'HandyJSON')
cd /Users/admin/builder/spi-builder-workspace/.swiftpm/xcode
builtin-SwiftPerFileCompile PointerType.swift
SwiftCompile normal arm64 /Users/admin/builder/spi-builder-workspace/Source/Properties.swift (in target 'HandyJSON' from project 'HandyJSON')
cd /Users/admin/builder/spi-builder-workspace/.swiftpm/xcode
builtin-SwiftPerFileCompile Properties.swift
SwiftCompile normal arm64 /Users/admin/builder/spi-builder-workspace/Source/PropertyInfo.swift (in target 'HandyJSON' from project 'HandyJSON')
cd /Users/admin/builder/spi-builder-workspace/.swiftpm/xcode
builtin-SwiftPerFileCompile PropertyInfo.swift
SwiftCompile normal arm64 Compiling\ FieldDescriptor.swift,\ HelpingMapper.swift,\ HexColorTransform.swift,\ ISO8601DateTransform.swift /Users/admin/builder/spi-builder-workspace/Source/FieldDescriptor.swift /Users/admin/builder/spi-builder-workspace/Source/HelpingMapper.swift /Users/admin/builder/spi-builder-workspace/Source/HexColorTransform.swift /Users/admin/builder/spi-builder-workspace/Source/ISO8601DateTransform.swift (in target 'HandyJSON' from project 'HandyJSON')
SwiftCompile normal arm64 /Users/admin/builder/spi-builder-workspace/Source/FieldDescriptor.swift (in target 'HandyJSON' from project 'HandyJSON')
cd /Users/admin/builder/spi-builder-workspace/.swiftpm/xcode
builtin-SwiftPerFileCompile FieldDescriptor.swift
SwiftCompile normal arm64 /Users/admin/builder/spi-builder-workspace/Source/HelpingMapper.swift (in target 'HandyJSON' from project 'HandyJSON')
cd /Users/admin/builder/spi-builder-workspace/.swiftpm/xcode
builtin-SwiftPerFileCompile HelpingMapper.swift
SwiftCompile normal arm64 /Users/admin/builder/spi-builder-workspace/Source/HexColorTransform.swift (in target 'HandyJSON' from project 'HandyJSON')
cd /Users/admin/builder/spi-builder-workspace/.swiftpm/xcode
builtin-SwiftPerFileCompile HexColorTransform.swift
SwiftCompile normal arm64 /Users/admin/builder/spi-builder-workspace/Source/ISO8601DateTransform.swift (in target 'HandyJSON' from project 'HandyJSON')
cd /Users/admin/builder/spi-builder-workspace/.swiftpm/xcode
builtin-SwiftPerFileCompile ISO8601DateTransform.swift
SwiftCompile normal arm64 Compiling\ ReflectionHelper.swift,\ Serializer.swift,\ TransformOf.swift /Users/admin/builder/spi-builder-workspace/Source/ReflectionHelper.swift /Users/admin/builder/spi-builder-workspace/Source/Serializer.swift /Users/admin/builder/spi-builder-workspace/Source/TransformOf.swift (in target 'HandyJSON' from project 'HandyJSON')
SwiftCompile normal arm64 /Users/admin/builder/spi-builder-workspace/Source/ReflectionHelper.swift (in target 'HandyJSON' from project 'HandyJSON')
cd /Users/admin/builder/spi-builder-workspace/.swiftpm/xcode
builtin-SwiftPerFileCompile ReflectionHelper.swift
SwiftCompile normal arm64 /Users/admin/builder/spi-builder-workspace/Source/Serializer.swift (in target 'HandyJSON' from project 'HandyJSON')
cd /Users/admin/builder/spi-builder-workspace/.swiftpm/xcode
builtin-SwiftPerFileCompile Serializer.swift
SwiftCompile normal arm64 /Users/admin/builder/spi-builder-workspace/Source/TransformOf.swift (in target 'HandyJSON' from project 'HandyJSON')
cd /Users/admin/builder/spi-builder-workspace/.swiftpm/xcode
builtin-SwiftPerFileCompile TransformOf.swift
SwiftCompile normal arm64 Compiling\ TransformType.swift,\ Transformable.swift,\ URLTransform.swift /Users/admin/builder/spi-builder-workspace/Source/TransformType.swift /Users/admin/builder/spi-builder-workspace/Source/Transformable.swift /Users/admin/builder/spi-builder-workspace/Source/URLTransform.swift (in target 'HandyJSON' from project 'HandyJSON')
SwiftCompile normal arm64 /Users/admin/builder/spi-builder-workspace/Source/TransformType.swift (in target 'HandyJSON' from project 'HandyJSON')
cd /Users/admin/builder/spi-builder-workspace/.swiftpm/xcode
builtin-SwiftPerFileCompile TransformType.swift
SwiftCompile normal arm64 /Users/admin/builder/spi-builder-workspace/Source/Transformable.swift (in target 'HandyJSON' from project 'HandyJSON')
cd /Users/admin/builder/spi-builder-workspace/.swiftpm/xcode
builtin-SwiftPerFileCompile Transformable.swift
SwiftCompile normal arm64 /Users/admin/builder/spi-builder-workspace/Source/URLTransform.swift (in target 'HandyJSON' from project 'HandyJSON')
cd /Users/admin/builder/spi-builder-workspace/.swiftpm/xcode
builtin-SwiftPerFileCompile URLTransform.swift
SwiftCompile normal arm64 Compiling\ Metadata.swift,\ NSDecimalNumberTransform.swift,\ OtherExtension.swift /Users/admin/builder/spi-builder-workspace/Source/Metadata.swift /Users/admin/builder/spi-builder-workspace/Source/NSDecimalNumberTransform.swift /Users/admin/builder/spi-builder-workspace/Source/OtherExtension.swift (in target 'HandyJSON' from project 'HandyJSON')
SwiftCompile normal arm64 /Users/admin/builder/spi-builder-workspace/Source/Metadata.swift (in target 'HandyJSON' from project 'HandyJSON')
cd /Users/admin/builder/spi-builder-workspace/.swiftpm/xcode
builtin-SwiftPerFileCompile Metadata.swift
SwiftCompile normal arm64 /Users/admin/builder/spi-builder-workspace/Source/NSDecimalNumberTransform.swift (in target 'HandyJSON' from project 'HandyJSON')
cd /Users/admin/builder/spi-builder-workspace/.swiftpm/xcode
builtin-SwiftPerFileCompile NSDecimalNumberTransform.swift
SwiftCompile normal arm64 /Users/admin/builder/spi-builder-workspace/Source/OtherExtension.swift (in target 'HandyJSON' from project 'HandyJSON')
cd /Users/admin/builder/spi-builder-workspace/.swiftpm/xcode
builtin-SwiftPerFileCompile OtherExtension.swift
SwiftCompile normal arm64 Compiling\ Logger.swift,\ MangledName.swift,\ Measuable.swift /Users/admin/builder/spi-builder-workspace/Source/Logger.swift /Users/admin/builder/spi-builder-workspace/Source/MangledName.swift /Users/admin/builder/spi-builder-workspace/Source/Measuable.swift (in target 'HandyJSON' from project 'HandyJSON')
SwiftCompile normal arm64 /Users/admin/builder/spi-builder-workspace/Source/Logger.swift (in target 'HandyJSON' from project 'HandyJSON')
cd /Users/admin/builder/spi-builder-workspace/.swiftpm/xcode
builtin-SwiftPerFileCompile Logger.swift
SwiftCompile normal arm64 /Users/admin/builder/spi-builder-workspace/Source/MangledName.swift (in target 'HandyJSON' from project 'HandyJSON')
cd /Users/admin/builder/spi-builder-workspace/.swiftpm/xcode
builtin-SwiftPerFileCompile MangledName.swift
SwiftCompile normal arm64 /Users/admin/builder/spi-builder-workspace/Source/Measuable.swift (in target 'HandyJSON' from project 'HandyJSON')
cd /Users/admin/builder/spi-builder-workspace/.swiftpm/xcode
builtin-SwiftPerFileCompile Measuable.swift
SwiftCompile normal arm64 Compiling\ AnyExtensions.swift,\ BuiltInBasicType.swift,\ BuiltInBridgeType.swift,\ CBridge.swift /Users/admin/builder/spi-builder-workspace/Source/AnyExtensions.swift /Users/admin/builder/spi-builder-workspace/Source/BuiltInBasicType.swift /Users/admin/builder/spi-builder-workspace/Source/BuiltInBridgeType.swift /Users/admin/builder/spi-builder-workspace/Source/CBridge.swift (in target 'HandyJSON' from project 'HandyJSON')
SwiftCompile normal arm64 /Users/admin/builder/spi-builder-workspace/Source/AnyExtensions.swift (in target 'HandyJSON' from project 'HandyJSON')
cd /Users/admin/builder/spi-builder-workspace/.swiftpm/xcode
builtin-SwiftPerFileCompile AnyExtensions.swift
SwiftCompile normal arm64 /Users/admin/builder/spi-builder-workspace/Source/BuiltInBasicType.swift (in target 'HandyJSON' from project 'HandyJSON')
cd /Users/admin/builder/spi-builder-workspace/.swiftpm/xcode
builtin-SwiftPerFileCompile BuiltInBasicType.swift
SwiftCompile normal arm64 /Users/admin/builder/spi-builder-workspace/Source/BuiltInBridgeType.swift (in target 'HandyJSON' from project 'HandyJSON')
cd /Users/admin/builder/spi-builder-workspace/.swiftpm/xcode
builtin-SwiftPerFileCompile BuiltInBridgeType.swift
SwiftCompile normal arm64 /Users/admin/builder/spi-builder-workspace/Source/CBridge.swift (in target 'HandyJSON' from project 'HandyJSON')
cd /Users/admin/builder/spi-builder-workspace/.swiftpm/xcode
builtin-SwiftPerFileCompile CBridge.swift
PruneExplicitPrecompiledModules /Users/admin/builder/spi-builder-workspace/.derivedData/Build/Intermediates.noindex/ExplicitPrecompiledModules
PruneExplicitPrecompiledModules /Users/admin/builder/spi-builder-workspace/.derivedData/Build/Intermediates.noindex/SwiftExplicitPrecompiledModules
PruneExplicitPrecompiledModules /Users/admin/builder/spi-builder-workspace/.derivedData/SDKExplicitPrecompiledModules
2026-09-19 22:59:54.265 xcodebuild[655:4249] [MT] IDERunDestination: Supported platforms for the buildables in the current scheme is empty.
** BUILD FAILED **
The following build commands failed:
SwiftEmitModule normal arm64 Emitting\ module\ for\ HandyJSON (in target 'HandyJSON' from project 'HandyJSON')
SwiftCompile normal arm64 (in target 'HandyJSON' from project 'HandyJSON')
Building workspace HandyJSON with scheme HandyJSON
(3 failures)
Command line invocation:
/Applications/Xcode-27.0.0-Release.Candidate.app/Contents/Developer/usr/bin/xcodebuild -IDEClonedSourcePackagesDirPathOverride=/Users/admin/builder/spi-builder-workspace/.dependencies -resolvePackageDependencies
Resolve Package Graph
Resolved source packages:
HandyJSON: /Users/admin/builder/spi-builder-workspace
resolved source packages: HandyJSON
2026-09-19 22:59:59.728 xcodebuild[689:4463] [MT] IDERunDestination: Supported platforms for the buildables in the current scheme is empty.
{
"dependencies" : [
],
"manifest_display_name" : "HandyJSON",
"name" : "HandyJSON",
"path" : "/Users/admin/builder/spi-builder-workspace",
"platforms" : [
],
"products" : [
{
"name" : "HandyJSON",
"targets" : [
"HandyJSON"
],
"type" : {
"library" : [
"automatic"
]
}
}
],
"targets" : [
{
"c99name" : "HandyJSON",
"module_type" : "SwiftTarget",
"name" : "HandyJSON",
"path" : "Source",
"product_memberships" : [
"HandyJSON"
],
"sources" : [
"AnyExtensions.swift",
"BuiltInBasicType.swift",
"BuiltInBridgeType.swift",
"CBridge.swift",
"Configuration.swift",
"ContextDescriptorType.swift",
"CustomDateFormatTransform.swift",
"DataTransform.swift",
"DateFormatterTransform.swift",
"DateTransform.swift",
"Deserializer.swift",
"EnumTransform.swift",
"EnumType.swift",
"Export.swift",
"ExtendCustomBasicType.swift",
"ExtendCustomModelType.swift",
"FieldDescriptor.swift",
"HelpingMapper.swift",
"HexColorTransform.swift",
"ISO8601DateTransform.swift",
"Logger.swift",
"MangledName.swift",
"Measuable.swift",
"Metadata.swift",
"NSDecimalNumberTransform.swift",
"OtherExtension.swift",
"PointerType.swift",
"Properties.swift",
"PropertyInfo.swift",
"ReflectionHelper.swift",
"Serializer.swift",
"TransformOf.swift",
"TransformType.swift",
"Transformable.swift",
"URLTransform.swift"
],
"type" : "library"
}
],
"tools_version" : "4.0"
}
{
"workspace" : {
"name" : "HandyJSON",
"schemes" : [
"HandyJSON"
]
}
}
2026-09-19 23:00:01.088 xcodebuild[697:4534] [MT] IDERunDestination: Supported platforms for the buildables in the current scheme is empty.
Running build ...
env DEVELOPER_DIR=/Applications/Xcode-27.0.0-Release.Candidate.app xcrun xcodebuild -IDEClonedSourcePackagesDirPathOverride=$PWD/.dependencies -skipMacroValidation -skipPackagePluginValidation -derivedDataPath $PWD/.derivedData build -scheme HandyJSON -destination generic/platform=xrOS
Command line invocation:
/Applications/Xcode-27.0.0-Release.Candidate.app/Contents/Developer/usr/bin/xcodebuild -IDEClonedSourcePackagesDirPathOverride=/Users/admin/builder/spi-builder-workspace/.dependencies -skipMacroValidation -skipPackagePluginValidation -derivedDataPath /Users/admin/builder/spi-builder-workspace/.derivedData build -scheme HandyJSON -destination generic/platform=xrOS
Resolve Package Graph
Resolved source packages:
HandyJSON: /Users/admin/builder/spi-builder-workspace
ComputePackagePrebuildTargetDependencyGraph
Prepare packages
CreateBuildRequest
SendProjectDescription
CreateBuildOperation
ComputeTargetDependencyGraph
note: Building targets in dependency order
note: Target dependency graph (2 targets)
Target 'HandyJSON-product' in project 'HandyJSON'
➜ Explicit dependency on target 'HandyJSON' in project 'HandyJSON'
Target 'HandyJSON' in project 'HandyJSON' (no dependencies)
GatherProvisioningInputs
CreateBuildDescription
ClangStatCache /Applications/Xcode-27.0.0-Release.Candidate.app/Contents/Developer/Toolchains/XcodeDefault.xctoolchain/usr/bin/clang-stat-cache /Applications/Xcode-27.0.0-Release.Candidate.app/Contents/Developer/Platforms/XROS.platform/Developer/SDKs/XROS27.0.sdk /Users/admin/builder/spi-builder-workspace/.derivedData/SDKStatCaches.noindex/xros27.0-24M361-e829b21a6f8c9b70876ba0858053c044735bd543db762f57723cac368afd1ce4.sdkstatcache
cd /Users/admin/builder/spi-builder-workspace/.swiftpm/xcode
/Applications/Xcode-27.0.0-Release.Candidate.app/Contents/Developer/Toolchains/XcodeDefault.xctoolchain/usr/bin/clang-stat-cache /Applications/Xcode-27.0.0-Release.Candidate.app/Contents/Developer/Platforms/XROS.platform/Developer/SDKs/XROS27.0.sdk -o /Users/admin/builder/spi-builder-workspace/.derivedData/SDKStatCaches.noindex/xros27.0-24M361-e829b21a6f8c9b70876ba0858053c044735bd543db762f57723cac368afd1ce4.sdkstatcache
SwiftDriver HandyJSON normal arm64 com.apple.xcode.tools.swift.compiler (in target 'HandyJSON' from project 'HandyJSON')
cd /Users/admin/builder/spi-builder-workspace/.swiftpm/xcode
builtin-SwiftDriver -- /Applications/Xcode-27.0.0-Release.Candidate.app/Contents/Developer/Toolchains/XcodeDefault.xctoolchain/usr/bin/swiftc -parse-as-library -module-name HandyJSON -Onone @/Users/admin/builder/spi-builder-workspace/.derivedData/Build/Intermediates.noindex/HandyJSON.build/Debug-xros/HandyJSON-t.build/Objects-normal/arm64/HandyJSON.SwiftFileList -DSWIFT_PACKAGE -DDEBUG -DSWIFT_MODULE_RESOURCE_BUNDLE_UNAVAILABLE -DXcode -plugin-path /Applications/Xcode-27.0.0-Release.Candidate.app/Contents/Developer/Toolchains/XcodeDefault.xctoolchain/usr/lib/swift/host/plugins/testing -enable-experimental-feature DebugDescriptionMacro -sdk /Applications/Xcode-27.0.0-Release.Candidate.app/Contents/Developer/Platforms/XROS.platform/Developer/SDKs/XROS27.0.sdk -target arm64-apple-xros1.0 -g -module-cache-path /Users/admin/builder/spi-builder-workspace/.derivedData/ModuleCache.noindex -Xfrontend -serialize-debugging-options -enable-testing -index-store-path /Users/admin/builder/spi-builder-workspace/.derivedData/Index.noindex/DataStore -Xcc -D_LIBCPP_HARDENING_MODE\=_LIBCPP_HARDENING_MODE_DEBUG -swift-version 4 -I /Users/admin/builder/spi-builder-workspace/.derivedData/Build/Products/Debug-xros -Isystem /Applications/Xcode-27.0.0-Release.Candidate.app/Contents/Developer/Platforms/XROS.platform/Developer/usr/lib -F /Users/admin/builder/spi-builder-workspace/.derivedData/Build/Products/Debug-xros -F /Applications/Xcode-27.0.0-Release.Candidate.app/Contents/Developer/Platforms/XROS.platform/Developer/Library/Frameworks -F /Applications/Xcode-27.0.0-Release.Candidate.app/Contents/Developer/Platforms/XROS.platform/Developer/SDKs/XROS27.0.sdk/Developer/Library/Frameworks -c -j10 -enable-batch-mode -incremental -Xcc -ivfsstatcache -Xcc /Users/admin/builder/spi-builder-workspace/.derivedData/SDKStatCaches.noindex/xros27.0-24M361-e829b21a6f8c9b70876ba0858053c044735bd543db762f57723cac368afd1ce4.sdkstatcache -output-file-map /Users/admin/builder/spi-builder-workspace/.derivedData/Build/Intermediates.noindex/HandyJSON.build/Debug-xros/HandyJSON-t.build/Objects-normal/arm64/HandyJSON-OutputFileMap.json -save-temps -no-color-diagnostics -emit-dependencies -emit-module -emit-module-path /Users/admin/builder/spi-builder-workspace/.derivedData/Build/Intermediates.noindex/HandyJSON.build/Debug-xros/HandyJSON-t.build/Objects-normal/arm64/HandyJSON.swiftmodule -serialize-diagnostics -validate-clang-modules-once -clang-build-session-file /Users/admin/builder/spi-builder-workspace/.derivedData/ModuleCache.noindex/Session.modulevalidation -Xcc -fmodules-prune-interval\=86400 -Xcc -fmodules-prune-after\=345600 -emit-const-values -const-gather-protocols-list /Users/admin/builder/spi-builder-workspace/.derivedData/Build/Intermediates.noindex/HandyJSON.build/Debug-xros/HandyJSON-t.build/Objects-normal/arm64/HandyJSON_const_extract_protocols.json -Xcc -I/Users/admin/builder/spi-builder-workspace/.derivedData/Build/Products/Debug-xros/include -Xcc -I/Users/admin/builder/spi-builder-workspace/.derivedData/Build/Intermediates.noindex/HandyJSON.build/Debug-xros/HandyJSON-t.build/DerivedSources-normal/arm64 -Xcc -I/Users/admin/builder/spi-builder-workspace/.derivedData/Build/Intermediates.noindex/HandyJSON.build/Debug-xros/HandyJSON-t.build/DerivedSources/arm64 -Xcc -I/Users/admin/builder/spi-builder-workspace/.derivedData/Build/Intermediates.noindex/HandyJSON.build/Debug-xros/HandyJSON-t.build/DerivedSources -Xcc -DSWIFT_PACKAGE -Xcc -DDEBUG\=1 -emit-objc-header -emit-objc-header-path /Users/admin/builder/spi-builder-workspace/.derivedData/Build/Intermediates.noindex/HandyJSON.build/Debug-xros/HandyJSON-t.build/Objects-normal/arm64/HandyJSON-Swift.h -working-directory /Users/admin/builder/spi-builder-workspace/.swiftpm/xcode -experimental-emit-module-separately -disable-cmo
SwiftCompile normal arm64 Compiling\ DateFormatterTransform.swift,\ DateTransform.swift,\ Deserializer.swift,\ EnumTransform.swift /Users/admin/builder/spi-builder-workspace/Source/DateFormatterTransform.swift /Users/admin/builder/spi-builder-workspace/Source/DateTransform.swift /Users/admin/builder/spi-builder-workspace/Source/Deserializer.swift /Users/admin/builder/spi-builder-workspace/Source/EnumTransform.swift (in target 'HandyJSON' from project 'HandyJSON')
SwiftCompile normal arm64 /Users/admin/builder/spi-builder-workspace/Source/DateFormatterTransform.swift (in target 'HandyJSON' from project 'HandyJSON')
cd /Users/admin/builder/spi-builder-workspace/.swiftpm/xcode
builtin-SwiftPerFileCompile DateFormatterTransform.swift
SwiftCompile normal arm64 /Users/admin/builder/spi-builder-workspace/Source/DateTransform.swift (in target 'HandyJSON' from project 'HandyJSON')
cd /Users/admin/builder/spi-builder-workspace/.swiftpm/xcode
builtin-SwiftPerFileCompile DateTransform.swift
SwiftCompile normal arm64 /Users/admin/builder/spi-builder-workspace/Source/Deserializer.swift (in target 'HandyJSON' from project 'HandyJSON')
cd /Users/admin/builder/spi-builder-workspace/.swiftpm/xcode
builtin-SwiftPerFileCompile Deserializer.swift
SwiftCompile normal arm64 /Users/admin/builder/spi-builder-workspace/Source/EnumTransform.swift (in target 'HandyJSON' from project 'HandyJSON')
cd /Users/admin/builder/spi-builder-workspace/.swiftpm/xcode
builtin-SwiftPerFileCompile EnumTransform.swift
SwiftCompile normal arm64 Compiling\ AnyExtensions.swift,\ BuiltInBasicType.swift,\ BuiltInBridgeType.swift,\ CBridge.swift /Users/admin/builder/spi-builder-workspace/Source/AnyExtensions.swift /Users/admin/builder/spi-builder-workspace/Source/BuiltInBasicType.swift /Users/admin/builder/spi-builder-workspace/Source/BuiltInBridgeType.swift /Users/admin/builder/spi-builder-workspace/Source/CBridge.swift (in target 'HandyJSON' from project 'HandyJSON')
SwiftCompile normal arm64 /Users/admin/builder/spi-builder-workspace/Source/AnyExtensions.swift (in target 'HandyJSON' from project 'HandyJSON')
cd /Users/admin/builder/spi-builder-workspace/.swiftpm/xcode
builtin-SwiftPerFileCompile AnyExtensions.swift
SwiftCompile normal arm64 /Users/admin/builder/spi-builder-workspace/Source/BuiltInBasicType.swift (in target 'HandyJSON' from project 'HandyJSON')
cd /Users/admin/builder/spi-builder-workspace/.swiftpm/xcode
builtin-SwiftPerFileCompile BuiltInBasicType.swift
SwiftCompile normal arm64 /Users/admin/builder/spi-builder-workspace/Source/BuiltInBridgeType.swift (in target 'HandyJSON' from project 'HandyJSON')
cd /Users/admin/builder/spi-builder-workspace/.swiftpm/xcode
builtin-SwiftPerFileCompile BuiltInBridgeType.swift
SwiftCompile normal arm64 /Users/admin/builder/spi-builder-workspace/Source/CBridge.swift (in target 'HandyJSON' from project 'HandyJSON')
cd /Users/admin/builder/spi-builder-workspace/.swiftpm/xcode
builtin-SwiftPerFileCompile CBridge.swift
SwiftCompile normal arm64 Compiling\ EnumType.swift,\ Export.swift,\ ExtendCustomBasicType.swift,\ ExtendCustomModelType.swift /Users/admin/builder/spi-builder-workspace/Source/EnumType.swift /Users/admin/builder/spi-builder-workspace/Source/Export.swift /Users/admin/builder/spi-builder-workspace/Source/ExtendCustomBasicType.swift /Users/admin/builder/spi-builder-workspace/Source/ExtendCustomModelType.swift (in target 'HandyJSON' from project 'HandyJSON')
SwiftCompile normal arm64 /Users/admin/builder/spi-builder-workspace/Source/EnumType.swift (in target 'HandyJSON' from project 'HandyJSON')
cd /Users/admin/builder/spi-builder-workspace/.swiftpm/xcode
builtin-SwiftPerFileCompile EnumType.swift
SwiftCompile normal arm64 /Users/admin/builder/spi-builder-workspace/Source/Export.swift (in target 'HandyJSON' from project 'HandyJSON')
cd /Users/admin/builder/spi-builder-workspace/.swiftpm/xcode
builtin-SwiftPerFileCompile Export.swift
SwiftCompile normal arm64 /Users/admin/builder/spi-builder-workspace/Source/ExtendCustomBasicType.swift (in target 'HandyJSON' from project 'HandyJSON')
cd /Users/admin/builder/spi-builder-workspace/.swiftpm/xcode
builtin-SwiftPerFileCompile ExtendCustomBasicType.swift
SwiftCompile normal arm64 /Users/admin/builder/spi-builder-workspace/Source/ExtendCustomModelType.swift (in target 'HandyJSON' from project 'HandyJSON')
cd /Users/admin/builder/spi-builder-workspace/.swiftpm/xcode
builtin-SwiftPerFileCompile ExtendCustomModelType.swift
SwiftCompile normal arm64 Compiling\ Configuration.swift,\ ContextDescriptorType.swift,\ CustomDateFormatTransform.swift,\ DataTransform.swift /Users/admin/builder/spi-builder-workspace/Source/Configuration.swift /Users/admin/builder/spi-builder-workspace/Source/ContextDescriptorType.swift /Users/admin/builder/spi-builder-workspace/Source/CustomDateFormatTransform.swift /Users/admin/builder/spi-builder-workspace/Source/DataTransform.swift (in target 'HandyJSON' from project 'HandyJSON')
SwiftCompile normal arm64 /Users/admin/builder/spi-builder-workspace/Source/Configuration.swift (in target 'HandyJSON' from project 'HandyJSON')
cd /Users/admin/builder/spi-builder-workspace/.swiftpm/xcode
builtin-SwiftPerFileCompile Configuration.swift
SwiftCompile normal arm64 /Users/admin/builder/spi-builder-workspace/Source/ContextDescriptorType.swift (in target 'HandyJSON' from project 'HandyJSON')
cd /Users/admin/builder/spi-builder-workspace/.swiftpm/xcode
builtin-SwiftPerFileCompile ContextDescriptorType.swift
SwiftCompile normal arm64 /Users/admin/builder/spi-builder-workspace/Source/CustomDateFormatTransform.swift (in target 'HandyJSON' from project 'HandyJSON')
cd /Users/admin/builder/spi-builder-workspace/.swiftpm/xcode
builtin-SwiftPerFileCompile CustomDateFormatTransform.swift
SwiftCompile normal arm64 /Users/admin/builder/spi-builder-workspace/Source/DataTransform.swift (in target 'HandyJSON' from project 'HandyJSON')
cd /Users/admin/builder/spi-builder-workspace/.swiftpm/xcode
builtin-SwiftPerFileCompile DataTransform.swift
SwiftCompile normal arm64 Compiling\ Logger.swift,\ MangledName.swift,\ Measuable.swift /Users/admin/builder/spi-builder-workspace/Source/Logger.swift /Users/admin/builder/spi-builder-workspace/Source/MangledName.swift /Users/admin/builder/spi-builder-workspace/Source/Measuable.swift (in target 'HandyJSON' from project 'HandyJSON')
SwiftCompile normal arm64 /Users/admin/builder/spi-builder-workspace/Source/Logger.swift (in target 'HandyJSON' from project 'HandyJSON')
cd /Users/admin/builder/spi-builder-workspace/.swiftpm/xcode
builtin-SwiftPerFileCompile Logger.swift
SwiftCompile normal arm64 /Users/admin/builder/spi-builder-workspace/Source/MangledName.swift (in target 'HandyJSON' from project 'HandyJSON')
cd /Users/admin/builder/spi-builder-workspace/.swiftpm/xcode
builtin-SwiftPerFileCompile MangledName.swift
SwiftCompile normal arm64 /Users/admin/builder/spi-builder-workspace/Source/Measuable.swift (in target 'HandyJSON' from project 'HandyJSON')
cd /Users/admin/builder/spi-builder-workspace/.swiftpm/xcode
builtin-SwiftPerFileCompile Measuable.swift
SwiftCompile normal arm64 Compiling\ Metadata.swift,\ NSDecimalNumberTransform.swift,\ OtherExtension.swift /Users/admin/builder/spi-builder-workspace/Source/Metadata.swift /Users/admin/builder/spi-builder-workspace/Source/NSDecimalNumberTransform.swift /Users/admin/builder/spi-builder-workspace/Source/OtherExtension.swift (in target 'HandyJSON' from project 'HandyJSON')
SwiftCompile normal arm64 /Users/admin/builder/spi-builder-workspace/Source/Metadata.swift (in target 'HandyJSON' from project 'HandyJSON')
cd /Users/admin/builder/spi-builder-workspace/.swiftpm/xcode
builtin-SwiftPerFileCompile Metadata.swift
SwiftCompile normal arm64 /Users/admin/builder/spi-builder-workspace/Source/NSDecimalNumberTransform.swift (in target 'HandyJSON' from project 'HandyJSON')
cd /Users/admin/builder/spi-builder-workspace/.swiftpm/xcode
builtin-SwiftPerFileCompile NSDecimalNumberTransform.swift
SwiftCompile normal arm64 /Users/admin/builder/spi-builder-workspace/Source/OtherExtension.swift (in target 'HandyJSON' from project 'HandyJSON')
cd /Users/admin/builder/spi-builder-workspace/.swiftpm/xcode
builtin-SwiftPerFileCompile OtherExtension.swift
SwiftCompile normal arm64 Compiling\ FieldDescriptor.swift,\ HelpingMapper.swift,\ HexColorTransform.swift,\ ISO8601DateTransform.swift /Users/admin/builder/spi-builder-workspace/Source/FieldDescriptor.swift /Users/admin/builder/spi-builder-workspace/Source/HelpingMapper.swift /Users/admin/builder/spi-builder-workspace/Source/HexColorTransform.swift /Users/admin/builder/spi-builder-workspace/Source/ISO8601DateTransform.swift (in target 'HandyJSON' from project 'HandyJSON')
SwiftCompile normal arm64 /Users/admin/builder/spi-builder-workspace/Source/FieldDescriptor.swift (in target 'HandyJSON' from project 'HandyJSON')
cd /Users/admin/builder/spi-builder-workspace/.swiftpm/xcode
builtin-SwiftPerFileCompile FieldDescriptor.swift
SwiftCompile normal arm64 /Users/admin/builder/spi-builder-workspace/Source/HelpingMapper.swift (in target 'HandyJSON' from project 'HandyJSON')
cd /Users/admin/builder/spi-builder-workspace/.swiftpm/xcode
builtin-SwiftPerFileCompile HelpingMapper.swift
SwiftCompile normal arm64 /Users/admin/builder/spi-builder-workspace/Source/HexColorTransform.swift (in target 'HandyJSON' from project 'HandyJSON')
cd /Users/admin/builder/spi-builder-workspace/.swiftpm/xcode
builtin-SwiftPerFileCompile HexColorTransform.swift
SwiftCompile normal arm64 /Users/admin/builder/spi-builder-workspace/Source/ISO8601DateTransform.swift (in target 'HandyJSON' from project 'HandyJSON')
cd /Users/admin/builder/spi-builder-workspace/.swiftpm/xcode
builtin-SwiftPerFileCompile ISO8601DateTransform.swift
SwiftCompile normal arm64 Compiling\ PointerType.swift,\ Properties.swift,\ PropertyInfo.swift /Users/admin/builder/spi-builder-workspace/Source/PointerType.swift /Users/admin/builder/spi-builder-workspace/Source/Properties.swift /Users/admin/builder/spi-builder-workspace/Source/PropertyInfo.swift (in target 'HandyJSON' from project 'HandyJSON')
SwiftCompile normal arm64 /Users/admin/builder/spi-builder-workspace/Source/PointerType.swift (in target 'HandyJSON' from project 'HandyJSON')
cd /Users/admin/builder/spi-builder-workspace/.swiftpm/xcode
builtin-SwiftPerFileCompile PointerType.swift
SwiftCompile normal arm64 /Users/admin/builder/spi-builder-workspace/Source/Properties.swift (in target 'HandyJSON' from project 'HandyJSON')
cd /Users/admin/builder/spi-builder-workspace/.swiftpm/xcode
builtin-SwiftPerFileCompile Properties.swift
SwiftCompile normal arm64 /Users/admin/builder/spi-builder-workspace/Source/PropertyInfo.swift (in target 'HandyJSON' from project 'HandyJSON')
cd /Users/admin/builder/spi-builder-workspace/.swiftpm/xcode
builtin-SwiftPerFileCompile PropertyInfo.swift
SwiftCompile normal arm64 Compiling\ TransformType.swift,\ Transformable.swift,\ URLTransform.swift /Users/admin/builder/spi-builder-workspace/Source/TransformType.swift /Users/admin/builder/spi-builder-workspace/Source/Transformable.swift /Users/admin/builder/spi-builder-workspace/Source/URLTransform.swift (in target 'HandyJSON' from project 'HandyJSON')
SwiftCompile normal arm64 /Users/admin/builder/spi-builder-workspace/Source/TransformType.swift (in target 'HandyJSON' from project 'HandyJSON')
cd /Users/admin/builder/spi-builder-workspace/.swiftpm/xcode
builtin-SwiftPerFileCompile TransformType.swift
SwiftCompile normal arm64 /Users/admin/builder/spi-builder-workspace/Source/Transformable.swift (in target 'HandyJSON' from project 'HandyJSON')
cd /Users/admin/builder/spi-builder-workspace/.swiftpm/xcode
builtin-SwiftPerFileCompile Transformable.swift
SwiftCompile normal arm64 /Users/admin/builder/spi-builder-workspace/Source/URLTransform.swift (in target 'HandyJSON' from project 'HandyJSON')
cd /Users/admin/builder/spi-builder-workspace/.swiftpm/xcode
builtin-SwiftPerFileCompile URLTransform.swift
SwiftEmitModule normal arm64 Emitting\ module\ for\ HandyJSON (in target 'HandyJSON' from project 'HandyJSON')
/Users/admin/builder/spi-builder-workspace/Source/HexColorTransform.swift:12:8: error: no such module 'Cocoa'
10 | import UIKit
11 | #else
12 | import Cocoa
| `- error: no such module 'Cocoa'
13 | #endif
14 |
Failed frontend command:
/Applications/Xcode-27.0.0-Release.Candidate.app/Contents/Developer/Toolchains/XcodeDefault.xctoolchain/usr/bin/swift-frontend -frontend -emit-module -experimental-skip-non-inlinable-function-bodies-without-types /Users/admin/builder/spi-builder-workspace/Source/AnyExtensions.swift /Users/admin/builder/spi-builder-workspace/Source/BuiltInBasicType.swift /Users/admin/builder/spi-builder-workspace/Source/BuiltInBridgeType.swift /Users/admin/builder/spi-builder-workspace/Source/CBridge.swift /Users/admin/builder/spi-builder-workspace/Source/Configuration.swift /Users/admin/builder/spi-builder-workspace/Source/ContextDescriptorType.swift /Users/admin/builder/spi-builder-workspace/Source/CustomDateFormatTransform.swift /Users/admin/builder/spi-builder-workspace/Source/DataTransform.swift /Users/admin/builder/spi-builder-workspace/Source/DateFormatterTransform.swift /Users/admin/builder/spi-builder-workspace/Source/DateTransform.swift /Users/admin/builder/spi-builder-workspace/Source/Deserializer.swift /Users/admin/builder/spi-builder-workspace/Source/EnumTransform.swift /Users/admin/builder/spi-builder-workspace/Source/EnumType.swift /Users/admin/builder/spi-builder-workspace/Source/Export.swift /Users/admin/builder/spi-builder-workspace/Source/ExtendCustomBasicType.swift /Users/admin/builder/spi-builder-workspace/Source/ExtendCustomModelType.swift /Users/admin/builder/spi-builder-workspace/Source/FieldDescriptor.swift /Users/admin/builder/spi-builder-workspace/Source/HelpingMapper.swift /Users/admin/builder/spi-builder-workspace/Source/HexColorTransform.swift /Users/admin/builder/spi-builder-workspace/Source/ISO8601DateTransform.swift /Users/admin/builder/spi-builder-workspace/Source/Logger.swift /Users/admin/builder/spi-builder-workspace/Source/MangledName.swift /Users/admin/builder/spi-builder-workspace/Source/Measuable.swift /Users/admin/builder/spi-builder-workspace/Source/Metadata.swift /Users/admin/builder/spi-builder-workspace/Source/NSDecimalNumberTransform.swift /Users/admin/builder/spi-builder-workspace/Source/OtherExtension.swift /Users/admin/builder/spi-builder-workspace/Source/PointerType.swift /Users/admin/builder/spi-builder-workspace/Source/Properties.swift /Users/admin/builder/spi-builder-workspace/Source/PropertyInfo.swift /Users/admin/builder/spi-builder-workspace/Source/ReflectionHelper.swift /Users/admin/builder/spi-builder-workspace/Source/Serializer.swift /Users/admin/builder/spi-builder-workspace/Source/TransformOf.swift /Users/admin/builder/spi-builder-workspace/Source/TransformType.swift /Users/admin/builder/spi-builder-workspace/Source/Transformable.swift /Users/admin/builder/spi-builder-workspace/Source/URLTransform.swift -target arm64-apple-xros1.0 -Xllvm -aarch64-use-tbi -enable-objc-interop -stack-check -sdk /Applications/Xcode-27.0.0-Release.Candidate.app/Contents/Developer/Platforms/XROS.platform/Developer/SDKs/XROS27.0.sdk -I /Users/admin/builder/spi-builder-workspace/.derivedData/Build/Products/Debug-xros -Isystem /Applications/Xcode-27.0.0-Release.Candidate.app/Contents/Developer/Platforms/XROS.platform/Developer/usr/lib -F /Users/admin/builder/spi-builder-workspace/.derivedData/Build/Products/Debug-xros -F /Applications/Xcode-27.0.0-Release.Candidate.app/Contents/Developer/Platforms/XROS.platform/Developer/Library/Frameworks -F /Applications/Xcode-27.0.0-Release.Candidate.app/Contents/Developer/Platforms/XROS.platform/Developer/SDKs/XROS27.0.sdk/Developer/Library/Frameworks -module-cache-path /Users/admin/builder/spi-builder-workspace/.derivedData/ModuleCache.noindex -no-color-diagnostics -Xcc -fno-color-diagnostics -enable-testing -g -debug-info-format\=dwarf -dwarf-version\=4 -swift-version 4 -Onone -D SWIFT_PACKAGE -D DEBUG -D SWIFT_MODULE_RESOURCE_BUNDLE_UNAVAILABLE -D Xcode -serialize-debugging-options -enable-experimental-feature DebugDescriptionMacro -empty-abi-descriptor -plugin-path /Applications/Xcode-27.0.0-Release.Candidate.app/Contents/Developer/Toolchains/XcodeDefault.xctoolchain/usr/lib/swift/host/plugins/testing -validate-clang-modules-once -clang-build-session-file /Users/admin/builder/spi-builder-workspace/.derivedData/ModuleCache.noindex/Session.modulevalidation -Xcc -working-directory -Xcc /Users/admin/builder/spi-builder-workspace/.swiftpm/xcode -enable-anonymous-context-mangled-names -file-compilation-dir /Users/admin/builder/spi-builder-workspace/.swiftpm/xcode -Xcc -D_LIBCPP_HARDENING_MODE\=_LIBCPP_HARDENING_MODE_DEBUG -Xcc -ivfsstatcache -Xcc /Users/admin/builder/spi-builder-workspace/.derivedData/SDKStatCaches.noindex/xros27.0-24M361-e829b21a6f8c9b70876ba0858053c044735bd543db762f57723cac368afd1ce4.sdkstatcache -Xcc -fmodules-prune-interval\=86400 -Xcc -fmodules-prune-after\=345600 -Xcc -I/Users/admin/builder/spi-builder-workspace/.derivedData/Build/Products/Debug-xros/include -Xcc -I/Users/admin/builder/spi-builder-workspace/.derivedData/Build/Intermediates.noindex/HandyJSON.build/Debug-xros/HandyJSON-t.build/DerivedSources-normal/arm64 -Xcc -I/Users/admin/builder/spi-builder-workspace/.derivedData/Build/Intermediates.noindex/HandyJSON.build/Debug-xros/HandyJSON-t.build/DerivedSources/arm64 -Xcc -I/Users/admin/builder/spi-builder-workspace/.derivedData/Build/Intermediates.noindex/HandyJSON.build/Debug-xros/HandyJSON-t.build/DerivedSources -Xcc -DSWIFT_PACKAGE -Xcc -DDEBUG\=1 -no-auto-bridging-header-chaining -module-name HandyJSON -const-gather-protocols-file /Users/admin/builder/spi-builder-workspace/.derivedData/Build/Intermediates.noindex/HandyJSON.build/Debug-xros/HandyJSON-t.build/Objects-normal/arm64/HandyJSON_const_extract_protocols.json -disable-clang-spi -target-sdk-version 27.0 -target-sdk-name xros27.0 -external-plugin-path /Applications/Xcode-27.0.0-Release.Candidate.app/Contents/Developer/Platforms/XROS.platform/Developer/usr/lib/swift/host/plugins\#/Applications/Xcode-27.0.0-Release.Candidate.app/Contents/Developer/Platforms/XROS.platform/Developer/usr/bin/swift-plugin-server -external-plugin-path /Applications/Xcode-27.0.0-Release.Candidate.app/Contents/Developer/Platforms/XROS.platform/Developer/usr/local/lib/swift/host/plugins\#/Applications/Xcode-27.0.0-Release.Candidate.app/Contents/Developer/Platforms/XROS.platform/Developer/usr/bin/swift-plugin-server -in-process-plugin-server-path /Applications/Xcode-27.0.0-Release.Candidate.app/Contents/Developer/Toolchains/XcodeDefault.xctoolchain/usr/lib/swift/host/libSwiftInProcPluginServer.dylib -plugin-path /Applications/Xcode-27.0.0-Release.Candidate.app/Contents/Developer/Toolchains/XcodeDefault.xctoolchain/usr/lib/swift/host/plugins -plugin-path /Applications/Xcode-27.0.0-Release.Candidate.app/Contents/Developer/Toolchains/XcodeDefault.xctoolchain/usr/local/lib/swift/host/plugins -emit-module-doc-path /Users/admin/builder/spi-builder-workspace/.derivedData/Build/Intermediates.noindex/HandyJSON.build/Debug-xros/HandyJSON-t.build/Objects-normal/arm64/HandyJSON.swiftdoc -emit-module-source-info-path /Users/admin/builder/spi-builder-workspace/.derivedData/Build/Intermediates.noindex/HandyJSON.build/Debug-xros/HandyJSON-t.build/Objects-normal/arm64/HandyJSON.swiftsourceinfo -emit-objc-header-path /Users/admin/builder/spi-builder-workspace/.derivedData/Build/Intermediates.noindex/HandyJSON.build/Debug-xros/HandyJSON-t.build/Objects-normal/arm64/HandyJSON-Swift.h -serialize-diagnostics-path /Users/admin/builder/spi-builder-workspace/.derivedData/Build/Intermediates.noindex/HandyJSON.build/Debug-xros/HandyJSON-t.build/Objects-normal/arm64/HandyJSON-primary-emit-module.dia -emit-dependencies-path /Users/admin/builder/spi-builder-workspace/.derivedData/Build/Intermediates.noindex/HandyJSON.build/Debug-xros/HandyJSON-t.build/Objects-normal/arm64/HandyJSON-primary-emit-module.d -parse-as-library -o /Users/admin/builder/spi-builder-workspace/.derivedData/Build/Intermediates.noindex/HandyJSON.build/Debug-xros/HandyJSON-t.build/Objects-normal/arm64/HandyJSON.swiftmodule -emit-abi-descriptor-path /Users/admin/builder/spi-builder-workspace/.derivedData/Build/Intermediates.noindex/HandyJSON.build/Debug-xros/HandyJSON-t.build/Objects-normal/arm64/HandyJSON.abi.json
SwiftCompile normal arm64 (in target 'HandyJSON' from project 'HandyJSON')
cd /Users/admin/builder/spi-builder-workspace/.swiftpm/xcode
SwiftCompile normal arm64 Compiling\ ReflectionHelper.swift,\ Serializer.swift,\ TransformOf.swift /Users/admin/builder/spi-builder-workspace/Source/ReflectionHelper.swift /Users/admin/builder/spi-builder-workspace/Source/Serializer.swift /Users/admin/builder/spi-builder-workspace/Source/TransformOf.swift (in target 'HandyJSON' from project 'HandyJSON')
SwiftCompile normal arm64 /Users/admin/builder/spi-builder-workspace/Source/ReflectionHelper.swift (in target 'HandyJSON' from project 'HandyJSON')
cd /Users/admin/builder/spi-builder-workspace/.swiftpm/xcode
builtin-SwiftPerFileCompile ReflectionHelper.swift
SwiftCompile normal arm64 /Users/admin/builder/spi-builder-workspace/Source/Serializer.swift (in target 'HandyJSON' from project 'HandyJSON')
cd /Users/admin/builder/spi-builder-workspace/.swiftpm/xcode
builtin-SwiftPerFileCompile Serializer.swift
SwiftCompile normal arm64 /Users/admin/builder/spi-builder-workspace/Source/TransformOf.swift (in target 'HandyJSON' from project 'HandyJSON')
cd /Users/admin/builder/spi-builder-workspace/.swiftpm/xcode
builtin-SwiftPerFileCompile TransformOf.swift
PruneExplicitPrecompiledModules /Users/admin/builder/spi-builder-workspace/.derivedData/SDKExplicitPrecompiledModules
PruneExplicitPrecompiledModules /Users/admin/builder/spi-builder-workspace/.derivedData/Build/Intermediates.noindex/ExplicitPrecompiledModules
PruneExplicitPrecompiledModules /Users/admin/builder/spi-builder-workspace/.derivedData/Build/Intermediates.noindex/SwiftExplicitPrecompiledModules
2026-09-19 23:00:02.113 xcodebuild[698:4557] [MT] IDERunDestination: Supported platforms for the buildables in the current scheme is empty.
** BUILD FAILED **
The following build commands failed:
SwiftEmitModule normal arm64 Emitting\ module\ for\ HandyJSON (in target 'HandyJSON' from project 'HandyJSON')
SwiftCompile normal arm64 (in target 'HandyJSON' from project 'HandyJSON')
Building workspace HandyJSON with scheme HandyJSON
(3 failures)
BUILD FAILURE 6.4 visionOS