Build Information
Failed to build Diligence, reference 2.0.1 (5faa62), with Swift 6.4 for watchOS using Xcode 27.0 on 26 Sep 2026 21:01:43 UTC.
Build Command
env DEVELOPER_DIR=/Applications/Xcode-27.0.0-Release.Candidate.app xcrun xcodebuild -IDEClonedSourcePackagesDirPathOverride=$PWD/.dependencies -skipMacroValidation -skipPackagePluginValidation -derivedDataPath $PWD/.derivedData build -scheme Diligence -destination generic/platform=watchOSBuild Log
SwiftCompile normal arm64_32 /Users/admin/builder/spi-builder-workspace/.derivedData/Build/Intermediates.noindex/Licensable.build/Debug-watchos/Licensable-t.build/DerivedSources/resource_bundle_accessor.swift (in target 'Licensable' from project 'Licensable')
cd /Users/admin/builder/spi-builder-workspace/.swiftpm/xcode
builtin-SwiftPerFileCompile resource_bundle_accessor.swift
SwiftCompile normal arm64_32 Compiling\ Licensable.swift /Users/admin/builder/spi-builder-workspace/.dependencies/checkouts/licensable/Sources/Licensable/Licensable.swift (in target 'Licensable' from project 'Licensable')
SwiftCompile normal arm64_32 /Users/admin/builder/spi-builder-workspace/.dependencies/checkouts/licensable/Sources/Licensable/Licensable.swift (in target 'Licensable' from project 'Licensable')
cd /Users/admin/builder/spi-builder-workspace/.swiftpm/xcode
builtin-SwiftPerFileCompile Licensable.swift
SwiftCompile normal arm64_32 Compiling\ Attribute.swift /Users/admin/builder/spi-builder-workspace/.dependencies/checkouts/licensable/Sources/Licensable/Attribute.swift (in target 'Licensable' from project 'Licensable')
SwiftCompile normal arm64_32 /Users/admin/builder/spi-builder-workspace/.dependencies/checkouts/licensable/Sources/Licensable/Attribute.swift (in target 'Licensable' from project 'Licensable')
cd /Users/admin/builder/spi-builder-workspace/.swiftpm/xcode
builtin-SwiftPerFileCompile Attribute.swift
SwiftDriverJobDiscovery normal arm64 Emitting module for Licensable (in target 'Licensable' from project 'Licensable')
SwiftDriver\ Compilation\ Requirements Licensable normal arm64 com.apple.xcode.tools.swift.compiler (in target 'Licensable' from project 'Licensable')
cd /Users/admin/builder/spi-builder-workspace/.swiftpm/xcode
builtin-Swift-Compilation-Requirements -- /Applications/Xcode-27.0.0-Release.Candidate.app/Contents/Developer/Toolchains/XcodeDefault.xctoolchain/usr/bin/swiftc -parse-as-library -module-name Licensable -Onone @/Users/admin/builder/spi-builder-workspace/.derivedData/Build/Intermediates.noindex/Licensable.build/Debug-watchos/Licensable-t.build/Objects-normal/arm64/Licensable.SwiftFileList -DSWIFT_PACKAGE -DDEBUG -DSWIFT_MODULE_RESOURCE_BUNDLE_AVAILABLE -DXcode -plugin-path /Applications/Xcode-27.0.0-Release.Candidate.app/Contents/Developer/Toolchains/XcodeDefault.xctoolchain/usr/lib/swift/host/plugins/testing -enable-experimental-feature DebugDescriptionMacro -sdk /Applications/Xcode-27.0.0-Release.Candidate.app/Contents/Developer/Platforms/WatchOS.platform/Developer/SDKs/WatchOS27.0.sdk -target arm64-apple-watchos9.0 -g -module-cache-path /Users/admin/builder/spi-builder-workspace/.derivedData/ModuleCache.noindex -Xfrontend -serialize-debugging-options -profile-coverage-mapping -profile-generate -enable-testing -suppress-warnings -index-store-path /Users/admin/builder/spi-builder-workspace/.derivedData/Index.noindex/DataStore -Xcc -D_LIBCPP_HARDENING_MODE\=_LIBCPP_HARDENING_MODE_DEBUG -swift-version 5 -I /Users/admin/builder/spi-builder-workspace/.derivedData/Build/Products/Debug-watchos -Isystem /Applications/Xcode-27.0.0-Release.Candidate.app/Contents/Developer/Platforms/WatchOS.platform/Developer/usr/lib -F /Users/admin/builder/spi-builder-workspace/.derivedData/Build/Products/Debug-watchos -F /Applications/Xcode-27.0.0-Release.Candidate.app/Contents/Developer/Platforms/WatchOS.platform/Developer/Library/Frameworks -F /Applications/Xcode-27.0.0-Release.Candidate.app/Contents/Developer/Platforms/WatchOS.platform/Developer/SDKs/WatchOS27.0.sdk/Developer/Library/Frameworks -c -j10 -enable-batch-mode -incremental -Xcc -ivfsstatcache -Xcc /Users/admin/builder/spi-builder-workspace/.derivedData/SDKStatCaches.noindex/watchos27.0-24R360-e829b21a6f8c9b70876ba0858053c04477534ef55a1706bf4c1112bbb242f0a2.sdkstatcache -output-file-map /Users/admin/builder/spi-builder-workspace/.derivedData/Build/Intermediates.noindex/Licensable.build/Debug-watchos/Licensable-t.build/Objects-normal/arm64/Licensable-OutputFileMap.json -save-temps -no-color-diagnostics -explicit-module-build -module-cache-path /Users/admin/builder/spi-builder-workspace/.derivedData/Build/Intermediates.noindex/SwiftExplicitPrecompiledModules -clang-scanner-module-cache-path /Users/admin/builder/spi-builder-workspace/.derivedData/ModuleCache.noindex -sdk-module-cache-path /Users/admin/builder/spi-builder-workspace/.derivedData/SDKExplicitPrecompiledModules -emit-dependencies -emit-module -emit-module-path /Users/admin/builder/spi-builder-workspace/.derivedData/Build/Intermediates.noindex/Licensable.build/Debug-watchos/Licensable-t.build/Objects-normal/arm64/Licensable.swiftmodule -serialize-diagnostics -dependency-scan-serialize-diagnostics-path /Users/admin/builder/spi-builder-workspace/.derivedData/Build/Intermediates.noindex/Licensable.build/Debug-watchos/Licensable-t.build/Objects-normal/arm64/Licensable-dependency-scan.dia -validate-clang-modules-once -clang-build-session-file /Users/admin/builder/spi-builder-workspace/.derivedData/ModuleCache.noindex/Session.modulevalidation -Xcc -fmodules-prune-interval\=86400 -Xcc -fmodules-prune-after\=345600 -package-name licensable -emit-const-values -const-gather-protocols-list /Users/admin/builder/spi-builder-workspace/.derivedData/Build/Intermediates.noindex/Licensable.build/Debug-watchos/Licensable-t.build/Objects-normal/arm64/Licensable_const_extract_protocols.json -Xcc -I/Users/admin/builder/spi-builder-workspace/.derivedData/Build/Products/Debug-watchos/include -Xcc -I/Users/admin/builder/spi-builder-workspace/.derivedData/Build/Intermediates.noindex/Licensable.build/Debug-watchos/Licensable-t.build/DerivedSources-normal/arm64 -Xcc -I/Users/admin/builder/spi-builder-workspace/.derivedData/Build/Intermediates.noindex/Licensable.build/Debug-watchos/Licensable-t.build/DerivedSources/arm64 -Xcc -I/Users/admin/builder/spi-builder-workspace/.derivedData/Build/Intermediates.noindex/Licensable.build/Debug-watchos/Licensable-t.build/DerivedSources -Xcc -DSWIFT_PACKAGE -Xcc -DDEBUG\=1 -emit-objc-header -emit-objc-header-path /Users/admin/builder/spi-builder-workspace/.derivedData/Build/Intermediates.noindex/Licensable.build/Debug-watchos/Licensable-t.build/Objects-normal/arm64/Licensable-Swift.h -working-directory /Users/admin/builder/spi-builder-workspace/.swiftpm/xcode -experimental-emit-module-separately -disable-cmo
SwiftDriverJobDiscovery normal arm64_32 Emitting module for Licensable (in target 'Licensable' from project 'Licensable')
SwiftDriver\ Compilation\ Requirements Licensable normal arm64_32 com.apple.xcode.tools.swift.compiler (in target 'Licensable' from project 'Licensable')
cd /Users/admin/builder/spi-builder-workspace/.swiftpm/xcode
builtin-Swift-Compilation-Requirements -- /Applications/Xcode-27.0.0-Release.Candidate.app/Contents/Developer/Toolchains/XcodeDefault.xctoolchain/usr/bin/swiftc -parse-as-library -module-name Licensable -Onone @/Users/admin/builder/spi-builder-workspace/.derivedData/Build/Intermediates.noindex/Licensable.build/Debug-watchos/Licensable-t.build/Objects-normal/arm64_32/Licensable.SwiftFileList -DSWIFT_PACKAGE -DDEBUG -DSWIFT_MODULE_RESOURCE_BUNDLE_AVAILABLE -DXcode -plugin-path /Applications/Xcode-27.0.0-Release.Candidate.app/Contents/Developer/Toolchains/XcodeDefault.xctoolchain/usr/lib/swift/host/plugins/testing -enable-experimental-feature DebugDescriptionMacro -sdk /Applications/Xcode-27.0.0-Release.Candidate.app/Contents/Developer/Platforms/WatchOS.platform/Developer/SDKs/WatchOS27.0.sdk -target arm64_32-apple-watchos9.0 -g -module-cache-path /Users/admin/builder/spi-builder-workspace/.derivedData/ModuleCache.noindex -Xfrontend -serialize-debugging-options -profile-coverage-mapping -profile-generate -enable-testing -suppress-warnings -index-store-path /Users/admin/builder/spi-builder-workspace/.derivedData/Index.noindex/DataStore -Xcc -D_LIBCPP_HARDENING_MODE\=_LIBCPP_HARDENING_MODE_DEBUG -swift-version 5 -I /Users/admin/builder/spi-builder-workspace/.derivedData/Build/Products/Debug-watchos -Isystem /Applications/Xcode-27.0.0-Release.Candidate.app/Contents/Developer/Platforms/WatchOS.platform/Developer/usr/lib -F /Users/admin/builder/spi-builder-workspace/.derivedData/Build/Products/Debug-watchos -F /Applications/Xcode-27.0.0-Release.Candidate.app/Contents/Developer/Platforms/WatchOS.platform/Developer/Library/Frameworks -F /Applications/Xcode-27.0.0-Release.Candidate.app/Contents/Developer/Platforms/WatchOS.platform/Developer/SDKs/WatchOS27.0.sdk/Developer/Library/Frameworks -c -j10 -enable-batch-mode -incremental -Xcc -ivfsstatcache -Xcc /Users/admin/builder/spi-builder-workspace/.derivedData/SDKStatCaches.noindex/watchos27.0-24R360-e829b21a6f8c9b70876ba0858053c04477534ef55a1706bf4c1112bbb242f0a2.sdkstatcache -output-file-map /Users/admin/builder/spi-builder-workspace/.derivedData/Build/Intermediates.noindex/Licensable.build/Debug-watchos/Licensable-t.build/Objects-normal/arm64_32/Licensable-OutputFileMap.json -save-temps -no-color-diagnostics -explicit-module-build -module-cache-path /Users/admin/builder/spi-builder-workspace/.derivedData/Build/Intermediates.noindex/SwiftExplicitPrecompiledModules -clang-scanner-module-cache-path /Users/admin/builder/spi-builder-workspace/.derivedData/ModuleCache.noindex -sdk-module-cache-path /Users/admin/builder/spi-builder-workspace/.derivedData/SDKExplicitPrecompiledModules -emit-dependencies -emit-module -emit-module-path /Users/admin/builder/spi-builder-workspace/.derivedData/Build/Intermediates.noindex/Licensable.build/Debug-watchos/Licensable-t.build/Objects-normal/arm64_32/Licensable.swiftmodule -serialize-diagnostics -dependency-scan-serialize-diagnostics-path /Users/admin/builder/spi-builder-workspace/.derivedData/Build/Intermediates.noindex/Licensable.build/Debug-watchos/Licensable-t.build/Objects-normal/arm64_32/Licensable-dependency-scan.dia -validate-clang-modules-once -clang-build-session-file /Users/admin/builder/spi-builder-workspace/.derivedData/ModuleCache.noindex/Session.modulevalidation -Xcc -fmodules-prune-interval\=86400 -Xcc -fmodules-prune-after\=345600 -package-name licensable -emit-const-values -const-gather-protocols-list /Users/admin/builder/spi-builder-workspace/.derivedData/Build/Intermediates.noindex/Licensable.build/Debug-watchos/Licensable-t.build/Objects-normal/arm64_32/Licensable_const_extract_protocols.json -Xcc -I/Users/admin/builder/spi-builder-workspace/.derivedData/Build/Products/Debug-watchos/include -Xcc -I/Users/admin/builder/spi-builder-workspace/.derivedData/Build/Intermediates.noindex/Licensable.build/Debug-watchos/Licensable-t.build/DerivedSources-normal/arm64_32 -Xcc -I/Users/admin/builder/spi-builder-workspace/.derivedData/Build/Intermediates.noindex/Licensable.build/Debug-watchos/Licensable-t.build/DerivedSources/arm64_32 -Xcc -I/Users/admin/builder/spi-builder-workspace/.derivedData/Build/Intermediates.noindex/Licensable.build/Debug-watchos/Licensable-t.build/DerivedSources -Xcc -DSWIFT_PACKAGE -Xcc -DDEBUG\=1 -emit-objc-header -emit-objc-header-path /Users/admin/builder/spi-builder-workspace/.derivedData/Build/Intermediates.noindex/Licensable.build/Debug-watchos/Licensable-t.build/Objects-normal/arm64_32/Licensable-Swift.h -working-directory /Users/admin/builder/spi-builder-workspace/.swiftpm/xcode -experimental-emit-module-separately -disable-cmo
Copy /Users/admin/builder/spi-builder-workspace/.derivedData/Build/Products/Debug-watchos/Licensable.swiftmodule/arm64-apple-watchos.swiftmodule /Users/admin/builder/spi-builder-workspace/.derivedData/Build/Intermediates.noindex/Licensable.build/Debug-watchos/Licensable-t.build/Objects-normal/arm64/Licensable.swiftmodule (in target 'Licensable' from project 'Licensable')
cd /Users/admin/builder/spi-builder-workspace/.dependencies/checkouts/licensable
builtin-copy -exclude .DS_Store -exclude CVS -exclude .svn -exclude .git -exclude .hg -resolve-src-symlinks -rename /Users/admin/builder/spi-builder-workspace/.derivedData/Build/Intermediates.noindex/Licensable.build/Debug-watchos/Licensable-t.build/Objects-normal/arm64/Licensable.swiftmodule /Users/admin/builder/spi-builder-workspace/.derivedData/Build/Products/Debug-watchos/Licensable.swiftmodule/arm64-apple-watchos.swiftmodule
SwiftMergeGeneratedHeaders /Users/admin/builder/spi-builder-workspace/.derivedData/Build/Intermediates.noindex/GeneratedModuleMaps-watchos/Licensable-Swift.h /Users/admin/builder/spi-builder-workspace/.derivedData/Build/Intermediates.noindex/Licensable.build/Debug-watchos/Licensable-t.build/Objects-normal/arm64/Licensable-Swift.h /Users/admin/builder/spi-builder-workspace/.derivedData/Build/Intermediates.noindex/Licensable.build/Debug-watchos/Licensable-t.build/Objects-normal/arm64_32/Licensable-Swift.h (in target 'Licensable' from project 'Licensable')
cd /Users/admin/builder/spi-builder-workspace/.dependencies/checkouts/licensable
builtin-swiftHeaderTool -arch arm64 /Users/admin/builder/spi-builder-workspace/.derivedData/Build/Intermediates.noindex/Licensable.build/Debug-watchos/Licensable-t.build/Objects-normal/arm64/Licensable-Swift.h -arch arm64_32 /Users/admin/builder/spi-builder-workspace/.derivedData/Build/Intermediates.noindex/Licensable.build/Debug-watchos/Licensable-t.build/Objects-normal/arm64_32/Licensable-Swift.h -o /Users/admin/builder/spi-builder-workspace/.derivedData/Build/Intermediates.noindex/GeneratedModuleMaps-watchos/Licensable-Swift.h
Copy /Users/admin/builder/spi-builder-workspace/.derivedData/Build/Products/Debug-watchos/Licensable.swiftmodule/arm64_32-apple-watchos.swiftmodule /Users/admin/builder/spi-builder-workspace/.derivedData/Build/Intermediates.noindex/Licensable.build/Debug-watchos/Licensable-t.build/Objects-normal/arm64_32/Licensable.swiftmodule (in target 'Licensable' from project 'Licensable')
cd /Users/admin/builder/spi-builder-workspace/.dependencies/checkouts/licensable
builtin-copy -exclude .DS_Store -exclude CVS -exclude .svn -exclude .git -exclude .hg -resolve-src-symlinks -rename /Users/admin/builder/spi-builder-workspace/.derivedData/Build/Intermediates.noindex/Licensable.build/Debug-watchos/Licensable-t.build/Objects-normal/arm64_32/Licensable.swiftmodule /Users/admin/builder/spi-builder-workspace/.derivedData/Build/Products/Debug-watchos/Licensable.swiftmodule/arm64_32-apple-watchos.swiftmodule
Copy /Users/admin/builder/spi-builder-workspace/.derivedData/Build/Products/Debug-watchos/Licensable.swiftmodule/arm64_32-apple-watchos.swiftdoc /Users/admin/builder/spi-builder-workspace/.derivedData/Build/Intermediates.noindex/Licensable.build/Debug-watchos/Licensable-t.build/Objects-normal/arm64_32/Licensable.swiftdoc (in target 'Licensable' from project 'Licensable')
cd /Users/admin/builder/spi-builder-workspace/.dependencies/checkouts/licensable
builtin-copy -exclude .DS_Store -exclude CVS -exclude .svn -exclude .git -exclude .hg -resolve-src-symlinks -rename /Users/admin/builder/spi-builder-workspace/.derivedData/Build/Intermediates.noindex/Licensable.build/Debug-watchos/Licensable-t.build/Objects-normal/arm64_32/Licensable.swiftdoc /Users/admin/builder/spi-builder-workspace/.derivedData/Build/Products/Debug-watchos/Licensable.swiftmodule/arm64_32-apple-watchos.swiftdoc
Copy /Users/admin/builder/spi-builder-workspace/.derivedData/Build/Products/Debug-watchos/Licensable.swiftmodule/arm64_32-apple-watchos.abi.json /Users/admin/builder/spi-builder-workspace/.derivedData/Build/Intermediates.noindex/Licensable.build/Debug-watchos/Licensable-t.build/Objects-normal/arm64_32/Licensable.abi.json (in target 'Licensable' from project 'Licensable')
cd /Users/admin/builder/spi-builder-workspace/.dependencies/checkouts/licensable
builtin-copy -exclude .DS_Store -exclude CVS -exclude .svn -exclude .git -exclude .hg -resolve-src-symlinks -rename /Users/admin/builder/spi-builder-workspace/.derivedData/Build/Intermediates.noindex/Licensable.build/Debug-watchos/Licensable-t.build/Objects-normal/arm64_32/Licensable.abi.json /Users/admin/builder/spi-builder-workspace/.derivedData/Build/Products/Debug-watchos/Licensable.swiftmodule/arm64_32-apple-watchos.abi.json
Copy /Users/admin/builder/spi-builder-workspace/.derivedData/Build/Products/Debug-watchos/Licensable.swiftmodule/arm64-apple-watchos.swiftdoc /Users/admin/builder/spi-builder-workspace/.derivedData/Build/Intermediates.noindex/Licensable.build/Debug-watchos/Licensable-t.build/Objects-normal/arm64/Licensable.swiftdoc (in target 'Licensable' from project 'Licensable')
cd /Users/admin/builder/spi-builder-workspace/.dependencies/checkouts/licensable
builtin-copy -exclude .DS_Store -exclude CVS -exclude .svn -exclude .git -exclude .hg -resolve-src-symlinks -rename /Users/admin/builder/spi-builder-workspace/.derivedData/Build/Intermediates.noindex/Licensable.build/Debug-watchos/Licensable-t.build/Objects-normal/arm64/Licensable.swiftdoc /Users/admin/builder/spi-builder-workspace/.derivedData/Build/Products/Debug-watchos/Licensable.swiftmodule/arm64-apple-watchos.swiftdoc
Copy /Users/admin/builder/spi-builder-workspace/.derivedData/Build/Products/Debug-watchos/Licensable.swiftmodule/arm64-apple-watchos.abi.json /Users/admin/builder/spi-builder-workspace/.derivedData/Build/Intermediates.noindex/Licensable.build/Debug-watchos/Licensable-t.build/Objects-normal/arm64/Licensable.abi.json (in target 'Licensable' from project 'Licensable')
cd /Users/admin/builder/spi-builder-workspace/.dependencies/checkouts/licensable
builtin-copy -exclude .DS_Store -exclude CVS -exclude .svn -exclude .git -exclude .hg -resolve-src-symlinks -rename /Users/admin/builder/spi-builder-workspace/.derivedData/Build/Intermediates.noindex/Licensable.build/Debug-watchos/Licensable-t.build/Objects-normal/arm64/Licensable.abi.json /Users/admin/builder/spi-builder-workspace/.derivedData/Build/Products/Debug-watchos/Licensable.swiftmodule/arm64-apple-watchos.abi.json
Copy /Users/admin/builder/spi-builder-workspace/.derivedData/Build/Products/Debug-watchos/Licensable.swiftmodule/Project/arm64_32-apple-watchos.swiftsourceinfo /Users/admin/builder/spi-builder-workspace/.derivedData/Build/Intermediates.noindex/Licensable.build/Debug-watchos/Licensable-t.build/Objects-normal/arm64_32/Licensable.swiftsourceinfo (in target 'Licensable' from project 'Licensable')
cd /Users/admin/builder/spi-builder-workspace/.dependencies/checkouts/licensable
builtin-copy -exclude .DS_Store -exclude CVS -exclude .svn -exclude .git -exclude .hg -resolve-src-symlinks -rename /Users/admin/builder/spi-builder-workspace/.derivedData/Build/Intermediates.noindex/Licensable.build/Debug-watchos/Licensable-t.build/Objects-normal/arm64_32/Licensable.swiftsourceinfo /Users/admin/builder/spi-builder-workspace/.derivedData/Build/Products/Debug-watchos/Licensable.swiftmodule/Project/arm64_32-apple-watchos.swiftsourceinfo
Copy /Users/admin/builder/spi-builder-workspace/.derivedData/Build/Products/Debug-watchos/Licensable.swiftmodule/Project/arm64-apple-watchos.swiftsourceinfo /Users/admin/builder/spi-builder-workspace/.derivedData/Build/Intermediates.noindex/Licensable.build/Debug-watchos/Licensable-t.build/Objects-normal/arm64/Licensable.swiftsourceinfo (in target 'Licensable' from project 'Licensable')
cd /Users/admin/builder/spi-builder-workspace/.dependencies/checkouts/licensable
builtin-copy -exclude .DS_Store -exclude CVS -exclude .svn -exclude .git -exclude .hg -resolve-src-symlinks -rename /Users/admin/builder/spi-builder-workspace/.derivedData/Build/Intermediates.noindex/Licensable.build/Debug-watchos/Licensable-t.build/Objects-normal/arm64/Licensable.swiftsourceinfo /Users/admin/builder/spi-builder-workspace/.derivedData/Build/Products/Debug-watchos/Licensable.swiftmodule/Project/arm64-apple-watchos.swiftsourceinfo
SwiftCompile normal arm64_32 Compiling\ Array.swift /Users/admin/builder/spi-builder-workspace/.dependencies/checkouts/licensable/Sources/Licensable/Extensions/Array.swift (in target 'Licensable' from project 'Licensable')
SwiftCompile normal arm64_32 /Users/admin/builder/spi-builder-workspace/.dependencies/checkouts/licensable/Sources/Licensable/Extensions/Array.swift (in target 'Licensable' from project 'Licensable')
cd /Users/admin/builder/spi-builder-workspace/.swiftpm/xcode
builtin-SwiftPerFileCompile Array.swift
SwiftDriverJobDiscovery normal arm64 Compiling Array.swift (in target 'Licensable' from project 'Licensable')
SwiftCompile normal arm64_32 Compiling\ License.swift /Users/admin/builder/spi-builder-workspace/.dependencies/checkouts/licensable/Sources/Licensable/License.swift (in target 'Licensable' from project 'Licensable')
SwiftCompile normal arm64_32 /Users/admin/builder/spi-builder-workspace/.dependencies/checkouts/licensable/Sources/Licensable/License.swift (in target 'Licensable' from project 'Licensable')
cd /Users/admin/builder/spi-builder-workspace/.swiftpm/xcode
builtin-SwiftPerFileCompile License.swift
SwiftDriverJobDiscovery normal arm64 Compiling Licensable.swift (in target 'Licensable' from project 'Licensable')
SwiftCompile normal arm64_32 Compiling\ AnyLicensable.swift /Users/admin/builder/spi-builder-workspace/.dependencies/checkouts/licensable/Sources/Licensable/AnyLicensable.swift (in target 'Licensable' from project 'Licensable')
SwiftCompile normal arm64_32 /Users/admin/builder/spi-builder-workspace/.dependencies/checkouts/licensable/Sources/Licensable/AnyLicensable.swift (in target 'Licensable' from project 'Licensable')
cd /Users/admin/builder/spi-builder-workspace/.swiftpm/xcode
builtin-SwiftPerFileCompile AnyLicensable.swift
SwiftDriverJobDiscovery normal arm64 Compiling resource_bundle_accessor.swift (in target 'Licensable' from project 'Licensable')
SwiftDriverJobDiscovery normal arm64 Compiling Attribute.swift (in target 'Licensable' from project 'Licensable')
SwiftDriverJobDiscovery normal arm64 Compiling License.swift (in target 'Licensable' from project 'Licensable')
SwiftDriverJobDiscovery normal arm64 Compiling AnyLicensable.swift (in target 'Licensable' from project 'Licensable')
SwiftDriver\ Compilation Licensable normal arm64 com.apple.xcode.tools.swift.compiler (in target 'Licensable' from project 'Licensable')
cd /Users/admin/builder/spi-builder-workspace/.swiftpm/xcode
builtin-Swift-Compilation -- /Applications/Xcode-27.0.0-Release.Candidate.app/Contents/Developer/Toolchains/XcodeDefault.xctoolchain/usr/bin/swiftc -parse-as-library -module-name Licensable -Onone @/Users/admin/builder/spi-builder-workspace/.derivedData/Build/Intermediates.noindex/Licensable.build/Debug-watchos/Licensable-t.build/Objects-normal/arm64/Licensable.SwiftFileList -DSWIFT_PACKAGE -DDEBUG -DSWIFT_MODULE_RESOURCE_BUNDLE_AVAILABLE -DXcode -plugin-path /Applications/Xcode-27.0.0-Release.Candidate.app/Contents/Developer/Toolchains/XcodeDefault.xctoolchain/usr/lib/swift/host/plugins/testing -enable-experimental-feature DebugDescriptionMacro -sdk /Applications/Xcode-27.0.0-Release.Candidate.app/Contents/Developer/Platforms/WatchOS.platform/Developer/SDKs/WatchOS27.0.sdk -target arm64-apple-watchos9.0 -g -module-cache-path /Users/admin/builder/spi-builder-workspace/.derivedData/ModuleCache.noindex -Xfrontend -serialize-debugging-options -profile-coverage-mapping -profile-generate -enable-testing -suppress-warnings -index-store-path /Users/admin/builder/spi-builder-workspace/.derivedData/Index.noindex/DataStore -Xcc -D_LIBCPP_HARDENING_MODE\=_LIBCPP_HARDENING_MODE_DEBUG -swift-version 5 -I /Users/admin/builder/spi-builder-workspace/.derivedData/Build/Products/Debug-watchos -Isystem /Applications/Xcode-27.0.0-Release.Candidate.app/Contents/Developer/Platforms/WatchOS.platform/Developer/usr/lib -F /Users/admin/builder/spi-builder-workspace/.derivedData/Build/Products/Debug-watchos -F /Applications/Xcode-27.0.0-Release.Candidate.app/Contents/Developer/Platforms/WatchOS.platform/Developer/Library/Frameworks -F /Applications/Xcode-27.0.0-Release.Candidate.app/Contents/Developer/Platforms/WatchOS.platform/Developer/SDKs/WatchOS27.0.sdk/Developer/Library/Frameworks -c -j10 -enable-batch-mode -incremental -Xcc -ivfsstatcache -Xcc /Users/admin/builder/spi-builder-workspace/.derivedData/SDKStatCaches.noindex/watchos27.0-24R360-e829b21a6f8c9b70876ba0858053c04477534ef55a1706bf4c1112bbb242f0a2.sdkstatcache -output-file-map /Users/admin/builder/spi-builder-workspace/.derivedData/Build/Intermediates.noindex/Licensable.build/Debug-watchos/Licensable-t.build/Objects-normal/arm64/Licensable-OutputFileMap.json -save-temps -no-color-diagnostics -explicit-module-build -module-cache-path /Users/admin/builder/spi-builder-workspace/.derivedData/Build/Intermediates.noindex/SwiftExplicitPrecompiledModules -clang-scanner-module-cache-path /Users/admin/builder/spi-builder-workspace/.derivedData/ModuleCache.noindex -sdk-module-cache-path /Users/admin/builder/spi-builder-workspace/.derivedData/SDKExplicitPrecompiledModules -emit-dependencies -emit-module -emit-module-path /Users/admin/builder/spi-builder-workspace/.derivedData/Build/Intermediates.noindex/Licensable.build/Debug-watchos/Licensable-t.build/Objects-normal/arm64/Licensable.swiftmodule -serialize-diagnostics -dependency-scan-serialize-diagnostics-path /Users/admin/builder/spi-builder-workspace/.derivedData/Build/Intermediates.noindex/Licensable.build/Debug-watchos/Licensable-t.build/Objects-normal/arm64/Licensable-dependency-scan.dia -validate-clang-modules-once -clang-build-session-file /Users/admin/builder/spi-builder-workspace/.derivedData/ModuleCache.noindex/Session.modulevalidation -Xcc -fmodules-prune-interval\=86400 -Xcc -fmodules-prune-after\=345600 -package-name licensable -emit-const-values -const-gather-protocols-list /Users/admin/builder/spi-builder-workspace/.derivedData/Build/Intermediates.noindex/Licensable.build/Debug-watchos/Licensable-t.build/Objects-normal/arm64/Licensable_const_extract_protocols.json -Xcc -I/Users/admin/builder/spi-builder-workspace/.derivedData/Build/Products/Debug-watchos/include -Xcc -I/Users/admin/builder/spi-builder-workspace/.derivedData/Build/Intermediates.noindex/Licensable.build/Debug-watchos/Licensable-t.build/DerivedSources-normal/arm64 -Xcc -I/Users/admin/builder/spi-builder-workspace/.derivedData/Build/Intermediates.noindex/Licensable.build/Debug-watchos/Licensable-t.build/DerivedSources/arm64 -Xcc -I/Users/admin/builder/spi-builder-workspace/.derivedData/Build/Intermediates.noindex/Licensable.build/Debug-watchos/Licensable-t.build/DerivedSources -Xcc -DSWIFT_PACKAGE -Xcc -DDEBUG\=1 -emit-objc-header -emit-objc-header-path /Users/admin/builder/spi-builder-workspace/.derivedData/Build/Intermediates.noindex/Licensable.build/Debug-watchos/Licensable-t.build/Objects-normal/arm64/Licensable-Swift.h -working-directory /Users/admin/builder/spi-builder-workspace/.swiftpm/xcode -experimental-emit-module-separately -disable-cmo
SwiftDriverJobDiscovery normal arm64_32 Compiling Array.swift (in target 'Licensable' from project 'Licensable')
SwiftDriverJobDiscovery normal arm64_32 Compiling Licensable.swift (in target 'Licensable' from project 'Licensable')
SwiftDriverJobDiscovery normal arm64_32 Compiling resource_bundle_accessor.swift (in target 'Licensable' from project 'Licensable')
Ld /Users/admin/builder/spi-builder-workspace/.derivedData/Build/Intermediates.noindex/Licensable.build/Debug-watchos/Licensable-t.build/Objects-normal/arm64/Binary/Licensable.o normal arm64 (in target 'Licensable' from project 'Licensable')
cd /Users/admin/builder/spi-builder-workspace/.dependencies/checkouts/licensable
/Applications/Xcode-27.0.0-Release.Candidate.app/Contents/Developer/Toolchains/XcodeDefault.xctoolchain/usr/bin/clang -Xlinker -reproducible -target arm64-apple-watchos9.0 -r -isysroot /Applications/Xcode-27.0.0-Release.Candidate.app/Contents/Developer/Platforms/WatchOS.platform/Developer/SDKs/WatchOS27.0.sdk -O0 -w -Xlinker -no_warn_duplicate_libraries -F/Users/admin/builder/spi-builder-workspace/.derivedData/Build/Intermediates.noindex/EagerLinkingTBDs/Debug-watchos -F/Users/admin/builder/spi-builder-workspace/.derivedData/Build/Products/Debug-watchos -iframework /Applications/Xcode-27.0.0-Release.Candidate.app/Contents/Developer/Platforms/WatchOS.platform/Developer/Library/Frameworks -iframework /Applications/Xcode-27.0.0-Release.Candidate.app/Contents/Developer/Platforms/WatchOS.platform/Developer/SDKs/WatchOS27.0.sdk/Developer/Library/Frameworks -filelist /Users/admin/builder/spi-builder-workspace/.derivedData/Build/Intermediates.noindex/Licensable.build/Debug-watchos/Licensable-t.build/Objects-normal/arm64/Licensable.LinkFileList -nostdlib -Xlinker -object_path_lto -Xlinker /Users/admin/builder/spi-builder-workspace/.derivedData/Build/Intermediates.noindex/Licensable.build/Debug-watchos/Licensable-t.build/Objects-normal/arm64/Licensable_lto.o -Xlinker -no_deduplicate -Xlinker -debug_variant -Xlinker -dependency_info -Xlinker /Users/admin/builder/spi-builder-workspace/.derivedData/Build/Intermediates.noindex/Licensable.build/Debug-watchos/Licensable-t.build/Objects-normal/arm64/Licensable_dependency_info.dat -fobjc-link-runtime -L/Applications/Xcode-27.0.0-Release.Candidate.app/Contents/Developer/Toolchains/XcodeDefault.xctoolchain/usr/lib/swift/watchos -L/usr/lib/swift -Xlinker -add_ast_path -Xlinker /Users/admin/builder/spi-builder-workspace/.derivedData/Build/Intermediates.noindex/Licensable.build/Debug-watchos/Licensable-t.build/Objects-normal/arm64/Licensable.swiftmodule -o /Users/admin/builder/spi-builder-workspace/.derivedData/Build/Intermediates.noindex/Licensable.build/Debug-watchos/Licensable-t.build/Objects-normal/arm64/Binary/Licensable.o
SwiftDriverJobDiscovery normal arm64_32 Compiling Attribute.swift (in target 'Licensable' from project 'Licensable')
SwiftDriver Diligence normal arm64 com.apple.xcode.tools.swift.compiler (in target 'Diligence' from project 'Diligence')
cd /Users/admin/builder/spi-builder-workspace/.swiftpm/xcode
builtin-SwiftDriver -- /Applications/Xcode-27.0.0-Release.Candidate.app/Contents/Developer/Toolchains/XcodeDefault.xctoolchain/usr/bin/swiftc -parse-as-library -module-name Diligence -Onone @/Users/admin/builder/spi-builder-workspace/.derivedData/Build/Intermediates.noindex/Diligence.build/Debug-watchos/Diligence-t.build/Objects-normal/arm64/Diligence.SwiftFileList -DSWIFT_PACKAGE -DDEBUG -DSWIFT_MODULE_RESOURCE_BUNDLE_AVAILABLE -DXcode -plugin-path /Applications/Xcode-27.0.0-Release.Candidate.app/Contents/Developer/Toolchains/XcodeDefault.xctoolchain/usr/lib/swift/host/plugins/testing -enable-experimental-feature DebugDescriptionMacro -sdk /Applications/Xcode-27.0.0-Release.Candidate.app/Contents/Developer/Platforms/WatchOS.platform/Developer/SDKs/WatchOS27.0.sdk -target arm64-apple-watchos9.0 -g -module-cache-path /Users/admin/builder/spi-builder-workspace/.derivedData/ModuleCache.noindex -Xfrontend -serialize-debugging-options -profile-coverage-mapping -profile-generate -enable-testing -index-store-path /Users/admin/builder/spi-builder-workspace/.derivedData/Index.noindex/DataStore -Xcc -D_LIBCPP_HARDENING_MODE\=_LIBCPP_HARDENING_MODE_DEBUG -swift-version 5 -I /Users/admin/builder/spi-builder-workspace/.derivedData/Build/Products/Debug-watchos -Isystem /Applications/Xcode-27.0.0-Release.Candidate.app/Contents/Developer/Platforms/WatchOS.platform/Developer/usr/lib -F /Users/admin/builder/spi-builder-workspace/.derivedData/Build/Products/Debug-watchos/PackageFrameworks -F /Users/admin/builder/spi-builder-workspace/.derivedData/Build/Products/Debug-watchos -F /Applications/Xcode-27.0.0-Release.Candidate.app/Contents/Developer/Platforms/WatchOS.platform/Developer/Library/Frameworks -F /Applications/Xcode-27.0.0-Release.Candidate.app/Contents/Developer/Platforms/WatchOS.platform/Developer/SDKs/WatchOS27.0.sdk/Developer/Library/Frameworks -c -j10 -enable-batch-mode -incremental -Xcc -ivfsstatcache -Xcc /Users/admin/builder/spi-builder-workspace/.derivedData/SDKStatCaches.noindex/watchos27.0-24R360-e829b21a6f8c9b70876ba0858053c04477534ef55a1706bf4c1112bbb242f0a2.sdkstatcache -output-file-map /Users/admin/builder/spi-builder-workspace/.derivedData/Build/Intermediates.noindex/Diligence.build/Debug-watchos/Diligence-t.build/Objects-normal/arm64/Diligence-OutputFileMap.json -save-temps -no-color-diagnostics -explicit-module-build -module-cache-path /Users/admin/builder/spi-builder-workspace/.derivedData/Build/Intermediates.noindex/SwiftExplicitPrecompiledModules -clang-scanner-module-cache-path /Users/admin/builder/spi-builder-workspace/.derivedData/ModuleCache.noindex -sdk-module-cache-path /Users/admin/builder/spi-builder-workspace/.derivedData/SDKExplicitPrecompiledModules -emit-dependencies -emit-module -emit-module-path /Users/admin/builder/spi-builder-workspace/.derivedData/Build/Intermediates.noindex/Diligence.build/Debug-watchos/Diligence-t.build/Objects-normal/arm64/Diligence.swiftmodule -serialize-diagnostics -dependency-scan-serialize-diagnostics-path /Users/admin/builder/spi-builder-workspace/.derivedData/Build/Intermediates.noindex/Diligence.build/Debug-watchos/Diligence-t.build/Objects-normal/arm64/Diligence-dependency-scan.dia -validate-clang-modules-once -clang-build-session-file /Users/admin/builder/spi-builder-workspace/.derivedData/ModuleCache.noindex/Session.modulevalidation -Xcc -fmodules-prune-interval\=86400 -Xcc -fmodules-prune-after\=345600 -emit-const-values -const-gather-protocols-list /Users/admin/builder/spi-builder-workspace/.derivedData/Build/Intermediates.noindex/Diligence.build/Debug-watchos/Diligence-t.build/Objects-normal/arm64/Diligence_const_extract_protocols.json -Xcc -I/Users/admin/builder/spi-builder-workspace/.derivedData/Build/Products/Debug-watchos/include -Xcc -I/Users/admin/builder/spi-builder-workspace/.derivedData/Build/Intermediates.noindex/Diligence.build/Debug-watchos/Diligence-t.build/DerivedSources-normal/arm64 -Xcc -I/Users/admin/builder/spi-builder-workspace/.derivedData/Build/Intermediates.noindex/Diligence.build/Debug-watchos/Diligence-t.build/DerivedSources/arm64 -Xcc -I/Users/admin/builder/spi-builder-workspace/.derivedData/Build/Intermediates.noindex/Diligence.build/Debug-watchos/Diligence-t.build/DerivedSources -Xcc -DSWIFT_PACKAGE -Xcc -DDEBUG\=1 -emit-objc-header -emit-objc-header-path /Users/admin/builder/spi-builder-workspace/.derivedData/Build/Intermediates.noindex/Diligence.build/Debug-watchos/Diligence-t.build/Objects-normal/arm64/Diligence-Swift.h -working-directory /Users/admin/builder/spi-builder-workspace/.swiftpm/xcode -experimental-emit-module-separately -disable-cmo
SwiftDriver Diligence normal arm64_32 com.apple.xcode.tools.swift.compiler (in target 'Diligence' from project 'Diligence')
cd /Users/admin/builder/spi-builder-workspace/.swiftpm/xcode
builtin-SwiftDriver -- /Applications/Xcode-27.0.0-Release.Candidate.app/Contents/Developer/Toolchains/XcodeDefault.xctoolchain/usr/bin/swiftc -parse-as-library -module-name Diligence -Onone @/Users/admin/builder/spi-builder-workspace/.derivedData/Build/Intermediates.noindex/Diligence.build/Debug-watchos/Diligence-t.build/Objects-normal/arm64_32/Diligence.SwiftFileList -DSWIFT_PACKAGE -DDEBUG -DSWIFT_MODULE_RESOURCE_BUNDLE_AVAILABLE -DXcode -plugin-path /Applications/Xcode-27.0.0-Release.Candidate.app/Contents/Developer/Toolchains/XcodeDefault.xctoolchain/usr/lib/swift/host/plugins/testing -enable-experimental-feature DebugDescriptionMacro -sdk /Applications/Xcode-27.0.0-Release.Candidate.app/Contents/Developer/Platforms/WatchOS.platform/Developer/SDKs/WatchOS27.0.sdk -target arm64_32-apple-watchos9.0 -g -module-cache-path /Users/admin/builder/spi-builder-workspace/.derivedData/ModuleCache.noindex -Xfrontend -serialize-debugging-options -profile-coverage-mapping -profile-generate -enable-testing -index-store-path /Users/admin/builder/spi-builder-workspace/.derivedData/Index.noindex/DataStore -Xcc -D_LIBCPP_HARDENING_MODE\=_LIBCPP_HARDENING_MODE_DEBUG -swift-version 5 -I /Users/admin/builder/spi-builder-workspace/.derivedData/Build/Products/Debug-watchos -Isystem /Applications/Xcode-27.0.0-Release.Candidate.app/Contents/Developer/Platforms/WatchOS.platform/Developer/usr/lib -F /Users/admin/builder/spi-builder-workspace/.derivedData/Build/Products/Debug-watchos/PackageFrameworks -F /Users/admin/builder/spi-builder-workspace/.derivedData/Build/Products/Debug-watchos -F /Applications/Xcode-27.0.0-Release.Candidate.app/Contents/Developer/Platforms/WatchOS.platform/Developer/Library/Frameworks -F /Applications/Xcode-27.0.0-Release.Candidate.app/Contents/Developer/Platforms/WatchOS.platform/Developer/SDKs/WatchOS27.0.sdk/Developer/Library/Frameworks -c -j10 -enable-batch-mode -incremental -Xcc -ivfsstatcache -Xcc /Users/admin/builder/spi-builder-workspace/.derivedData/SDKStatCaches.noindex/watchos27.0-24R360-e829b21a6f8c9b70876ba0858053c04477534ef55a1706bf4c1112bbb242f0a2.sdkstatcache -output-file-map /Users/admin/builder/spi-builder-workspace/.derivedData/Build/Intermediates.noindex/Diligence.build/Debug-watchos/Diligence-t.build/Objects-normal/arm64_32/Diligence-OutputFileMap.json -save-temps -no-color-diagnostics -explicit-module-build -module-cache-path /Users/admin/builder/spi-builder-workspace/.derivedData/Build/Intermediates.noindex/SwiftExplicitPrecompiledModules -clang-scanner-module-cache-path /Users/admin/builder/spi-builder-workspace/.derivedData/ModuleCache.noindex -sdk-module-cache-path /Users/admin/builder/spi-builder-workspace/.derivedData/SDKExplicitPrecompiledModules -emit-dependencies -emit-module -emit-module-path /Users/admin/builder/spi-builder-workspace/.derivedData/Build/Intermediates.noindex/Diligence.build/Debug-watchos/Diligence-t.build/Objects-normal/arm64_32/Diligence.swiftmodule -serialize-diagnostics -dependency-scan-serialize-diagnostics-path /Users/admin/builder/spi-builder-workspace/.derivedData/Build/Intermediates.noindex/Diligence.build/Debug-watchos/Diligence-t.build/Objects-normal/arm64_32/Diligence-dependency-scan.dia -validate-clang-modules-once -clang-build-session-file /Users/admin/builder/spi-builder-workspace/.derivedData/ModuleCache.noindex/Session.modulevalidation -Xcc -fmodules-prune-interval\=86400 -Xcc -fmodules-prune-after\=345600 -emit-const-values -const-gather-protocols-list /Users/admin/builder/spi-builder-workspace/.derivedData/Build/Intermediates.noindex/Diligence.build/Debug-watchos/Diligence-t.build/Objects-normal/arm64_32/Diligence_const_extract_protocols.json -Xcc -I/Users/admin/builder/spi-builder-workspace/.derivedData/Build/Products/Debug-watchos/include -Xcc -I/Users/admin/builder/spi-builder-workspace/.derivedData/Build/Intermediates.noindex/Diligence.build/Debug-watchos/Diligence-t.build/DerivedSources-normal/arm64_32 -Xcc -I/Users/admin/builder/spi-builder-workspace/.derivedData/Build/Intermediates.noindex/Diligence.build/Debug-watchos/Diligence-t.build/DerivedSources/arm64_32 -Xcc -I/Users/admin/builder/spi-builder-workspace/.derivedData/Build/Intermediates.noindex/Diligence.build/Debug-watchos/Diligence-t.build/DerivedSources -Xcc -DSWIFT_PACKAGE -Xcc -DDEBUG\=1 -emit-objc-header -emit-objc-header-path /Users/admin/builder/spi-builder-workspace/.derivedData/Build/Intermediates.noindex/Diligence.build/Debug-watchos/Diligence-t.build/Objects-normal/arm64_32/Diligence-Swift.h -working-directory /Users/admin/builder/spi-builder-workspace/.swiftpm/xcode -experimental-emit-module-separately -disable-cmo
SwiftDriverJobDiscovery normal arm64_32 Compiling License.swift (in target 'Licensable' from project 'Licensable')
SwiftDriverJobDiscovery normal arm64_32 Compiling AnyLicensable.swift (in target 'Licensable' from project 'Licensable')
SwiftDriver\ Compilation Licensable normal arm64_32 com.apple.xcode.tools.swift.compiler (in target 'Licensable' from project 'Licensable')
cd /Users/admin/builder/spi-builder-workspace/.swiftpm/xcode
builtin-Swift-Compilation -- /Applications/Xcode-27.0.0-Release.Candidate.app/Contents/Developer/Toolchains/XcodeDefault.xctoolchain/usr/bin/swiftc -parse-as-library -module-name Licensable -Onone @/Users/admin/builder/spi-builder-workspace/.derivedData/Build/Intermediates.noindex/Licensable.build/Debug-watchos/Licensable-t.build/Objects-normal/arm64_32/Licensable.SwiftFileList -DSWIFT_PACKAGE -DDEBUG -DSWIFT_MODULE_RESOURCE_BUNDLE_AVAILABLE -DXcode -plugin-path /Applications/Xcode-27.0.0-Release.Candidate.app/Contents/Developer/Toolchains/XcodeDefault.xctoolchain/usr/lib/swift/host/plugins/testing -enable-experimental-feature DebugDescriptionMacro -sdk /Applications/Xcode-27.0.0-Release.Candidate.app/Contents/Developer/Platforms/WatchOS.platform/Developer/SDKs/WatchOS27.0.sdk -target arm64_32-apple-watchos9.0 -g -module-cache-path /Users/admin/builder/spi-builder-workspace/.derivedData/ModuleCache.noindex -Xfrontend -serialize-debugging-options -profile-coverage-mapping -profile-generate -enable-testing -suppress-warnings -index-store-path /Users/admin/builder/spi-builder-workspace/.derivedData/Index.noindex/DataStore -Xcc -D_LIBCPP_HARDENING_MODE\=_LIBCPP_HARDENING_MODE_DEBUG -swift-version 5 -I /Users/admin/builder/spi-builder-workspace/.derivedData/Build/Products/Debug-watchos -Isystem /Applications/Xcode-27.0.0-Release.Candidate.app/Contents/Developer/Platforms/WatchOS.platform/Developer/usr/lib -F /Users/admin/builder/spi-builder-workspace/.derivedData/Build/Products/Debug-watchos -F /Applications/Xcode-27.0.0-Release.Candidate.app/Contents/Developer/Platforms/WatchOS.platform/Developer/Library/Frameworks -F /Applications/Xcode-27.0.0-Release.Candidate.app/Contents/Developer/Platforms/WatchOS.platform/Developer/SDKs/WatchOS27.0.sdk/Developer/Library/Frameworks -c -j10 -enable-batch-mode -incremental -Xcc -ivfsstatcache -Xcc /Users/admin/builder/spi-builder-workspace/.derivedData/SDKStatCaches.noindex/watchos27.0-24R360-e829b21a6f8c9b70876ba0858053c04477534ef55a1706bf4c1112bbb242f0a2.sdkstatcache -output-file-map /Users/admin/builder/spi-builder-workspace/.derivedData/Build/Intermediates.noindex/Licensable.build/Debug-watchos/Licensable-t.build/Objects-normal/arm64_32/Licensable-OutputFileMap.json -save-temps -no-color-diagnostics -explicit-module-build -module-cache-path /Users/admin/builder/spi-builder-workspace/.derivedData/Build/Intermediates.noindex/SwiftExplicitPrecompiledModules -clang-scanner-module-cache-path /Users/admin/builder/spi-builder-workspace/.derivedData/ModuleCache.noindex -sdk-module-cache-path /Users/admin/builder/spi-builder-workspace/.derivedData/SDKExplicitPrecompiledModules -emit-dependencies -emit-module -emit-module-path /Users/admin/builder/spi-builder-workspace/.derivedData/Build/Intermediates.noindex/Licensable.build/Debug-watchos/Licensable-t.build/Objects-normal/arm64_32/Licensable.swiftmodule -serialize-diagnostics -dependency-scan-serialize-diagnostics-path /Users/admin/builder/spi-builder-workspace/.derivedData/Build/Intermediates.noindex/Licensable.build/Debug-watchos/Licensable-t.build/Objects-normal/arm64_32/Licensable-dependency-scan.dia -validate-clang-modules-once -clang-build-session-file /Users/admin/builder/spi-builder-workspace/.derivedData/ModuleCache.noindex/Session.modulevalidation -Xcc -fmodules-prune-interval\=86400 -Xcc -fmodules-prune-after\=345600 -package-name licensable -emit-const-values -const-gather-protocols-list /Users/admin/builder/spi-builder-workspace/.derivedData/Build/Intermediates.noindex/Licensable.build/Debug-watchos/Licensable-t.build/Objects-normal/arm64_32/Licensable_const_extract_protocols.json -Xcc -I/Users/admin/builder/spi-builder-workspace/.derivedData/Build/Products/Debug-watchos/include -Xcc -I/Users/admin/builder/spi-builder-workspace/.derivedData/Build/Intermediates.noindex/Licensable.build/Debug-watchos/Licensable-t.build/DerivedSources-normal/arm64_32 -Xcc -I/Users/admin/builder/spi-builder-workspace/.derivedData/Build/Intermediates.noindex/Licensable.build/Debug-watchos/Licensable-t.build/DerivedSources/arm64_32 -Xcc -I/Users/admin/builder/spi-builder-workspace/.derivedData/Build/Intermediates.noindex/Licensable.build/Debug-watchos/Licensable-t.build/DerivedSources -Xcc -DSWIFT_PACKAGE -Xcc -DDEBUG\=1 -emit-objc-header -emit-objc-header-path /Users/admin/builder/spi-builder-workspace/.derivedData/Build/Intermediates.noindex/Licensable.build/Debug-watchos/Licensable-t.build/Objects-normal/arm64_32/Licensable-Swift.h -working-directory /Users/admin/builder/spi-builder-workspace/.swiftpm/xcode -experimental-emit-module-separately -disable-cmo
Ld /Users/admin/builder/spi-builder-workspace/.derivedData/Build/Intermediates.noindex/Licensable.build/Debug-watchos/Licensable-t.build/Objects-normal/arm64_32/Binary/Licensable.o normal arm64_32 (in target 'Licensable' from project 'Licensable')
cd /Users/admin/builder/spi-builder-workspace/.dependencies/checkouts/licensable
/Applications/Xcode-27.0.0-Release.Candidate.app/Contents/Developer/Toolchains/XcodeDefault.xctoolchain/usr/bin/clang -Xlinker -reproducible -target arm64_32-apple-watchos9.0 -r -isysroot /Applications/Xcode-27.0.0-Release.Candidate.app/Contents/Developer/Platforms/WatchOS.platform/Developer/SDKs/WatchOS27.0.sdk -O0 -w -Xlinker -no_warn_duplicate_libraries -F/Users/admin/builder/spi-builder-workspace/.derivedData/Build/Intermediates.noindex/EagerLinkingTBDs/Debug-watchos -F/Users/admin/builder/spi-builder-workspace/.derivedData/Build/Products/Debug-watchos -iframework /Applications/Xcode-27.0.0-Release.Candidate.app/Contents/Developer/Platforms/WatchOS.platform/Developer/Library/Frameworks -iframework /Applications/Xcode-27.0.0-Release.Candidate.app/Contents/Developer/Platforms/WatchOS.platform/Developer/SDKs/WatchOS27.0.sdk/Developer/Library/Frameworks -filelist /Users/admin/builder/spi-builder-workspace/.derivedData/Build/Intermediates.noindex/Licensable.build/Debug-watchos/Licensable-t.build/Objects-normal/arm64_32/Licensable.LinkFileList -nostdlib -Xlinker -object_path_lto -Xlinker /Users/admin/builder/spi-builder-workspace/.derivedData/Build/Intermediates.noindex/Licensable.build/Debug-watchos/Licensable-t.build/Objects-normal/arm64_32/Licensable_lto.o -Xlinker -no_deduplicate -Xlinker -debug_variant -Xlinker -dependency_info -Xlinker /Users/admin/builder/spi-builder-workspace/.derivedData/Build/Intermediates.noindex/Licensable.build/Debug-watchos/Licensable-t.build/Objects-normal/arm64_32/Licensable_dependency_info.dat -fobjc-link-runtime -L/Applications/Xcode-27.0.0-Release.Candidate.app/Contents/Developer/Toolchains/XcodeDefault.xctoolchain/usr/lib/swift/watchos -L/usr/lib/swift -Xlinker -add_ast_path -Xlinker /Users/admin/builder/spi-builder-workspace/.derivedData/Build/Intermediates.noindex/Licensable.build/Debug-watchos/Licensable-t.build/Objects-normal/arm64_32/Licensable.swiftmodule -o /Users/admin/builder/spi-builder-workspace/.derivedData/Build/Intermediates.noindex/Licensable.build/Debug-watchos/Licensable-t.build/Objects-normal/arm64_32/Binary/Licensable.o
CreateUniversalBinary /Users/admin/builder/spi-builder-workspace/.derivedData/Build/Products/Debug-watchos/Licensable.o normal arm64\ arm64_32 (in target 'Licensable' from project 'Licensable')
cd /Users/admin/builder/spi-builder-workspace/.dependencies/checkouts/licensable
/Applications/Xcode-27.0.0-Release.Candidate.app/Contents/Developer/Toolchains/XcodeDefault.xctoolchain/usr/bin/lipo -create /Users/admin/builder/spi-builder-workspace/.derivedData/Build/Intermediates.noindex/Licensable.build/Debug-watchos/Licensable-t.build/Objects-normal/arm64/Binary/Licensable.o /Users/admin/builder/spi-builder-workspace/.derivedData/Build/Intermediates.noindex/Licensable.build/Debug-watchos/Licensable-t.build/Objects-normal/arm64_32/Binary/Licensable.o -output /Users/admin/builder/spi-builder-workspace/.derivedData/Build/Products/Debug-watchos/Licensable.o
ExtractAppIntentsMetadata (in target 'Licensable' from project 'Licensable')
cd /Users/admin/builder/spi-builder-workspace/.dependencies/checkouts/licensable
/Applications/Xcode-27.0.0-Release.Candidate.app/Contents/Developer/Toolchains/XcodeDefault.xctoolchain/usr/bin/appintentsmetadataprocessor --toolchain-dir /var/run/com.apple.security.cryptexd/mnt/com.apple.MobileAsset.MetalToolchain-v27.1.266.1.ZVFMIc/Metal.xctoolchain --module-name Licensable --sdk-root /Applications/Xcode-27.0.0-Release.Candidate.app/Contents/Developer/Platforms/WatchOS.platform/Developer/SDKs/WatchOS27.0.sdk --xcode-version 27A266a --platform-family watchOS --deployment-target 9.0 --bundle-identifier licensable.Licensable --output /Users/admin/builder/spi-builder-workspace/.derivedData/Build/Products/Debug-watchos/Licensable.appintents --target-triple arm64-apple-watchos9.0 --target-triple arm64_32-apple-watchos9.0 --binary-file /Users/admin/builder/spi-builder-workspace/.derivedData/Build/Products/Debug-watchos/Licensable.o --dependency-file /Users/admin/builder/spi-builder-workspace/.derivedData/Build/Intermediates.noindex/Licensable.build/Debug-watchos/Licensable-t.build/Objects-normal/arm64/Licensable_dependency_info.dat --dependency-file /Users/admin/builder/spi-builder-workspace/.derivedData/Build/Intermediates.noindex/Licensable.build/Debug-watchos/Licensable-t.build/Objects-normal/arm64_32/Licensable_dependency_info.dat --stringsdata-file /Users/admin/builder/spi-builder-workspace/.derivedData/Build/Intermediates.noindex/Licensable.build/Debug-watchos/Licensable-t.build/Objects-normal/arm64/ExtractedAppShortcutsMetadata.stringsdata --stringsdata-file /Users/admin/builder/spi-builder-workspace/.derivedData/Build/Intermediates.noindex/Licensable.build/Debug-watchos/Licensable-t.build/Objects-normal/arm64_32/ExtractedAppShortcutsMetadata.stringsdata --source-file-list /Users/admin/builder/spi-builder-workspace/.derivedData/Build/Intermediates.noindex/Licensable.build/Debug-watchos/Licensable-t.build/Objects-normal/arm64/Licensable.SwiftFileList --source-file-list /Users/admin/builder/spi-builder-workspace/.derivedData/Build/Intermediates.noindex/Licensable.build/Debug-watchos/Licensable-t.build/Objects-normal/arm64_32/Licensable.SwiftFileList --metadata-file-list /Users/admin/builder/spi-builder-workspace/.derivedData/Build/Intermediates.noindex/Licensable.build/Debug-watchos/Licensable-t.build/Licensable.DependencyMetadataFileList --static-metadata-file-list /Users/admin/builder/spi-builder-workspace/.derivedData/Build/Intermediates.noindex/Licensable.build/Debug-watchos/Licensable-t.build/Licensable.DependencyStaticMetadataFileList --swift-const-vals-list /Users/admin/builder/spi-builder-workspace/.derivedData/Build/Intermediates.noindex/Licensable.build/Debug-watchos/Licensable-t.build/Objects-normal/arm64/Licensable.SwiftConstValuesFileList --swift-const-vals-list /Users/admin/builder/spi-builder-workspace/.derivedData/Build/Intermediates.noindex/Licensable.build/Debug-watchos/Licensable-t.build/Objects-normal/arm64_32/Licensable.SwiftConstValuesFileList --force --compile-time-extraction --deployment-aware-processing --no-app-shortcuts-localization
2026-09-26 17:01:36.342 appintentsmetadataprocessor[829:4803] Starting appintentsmetadataprocessor export
2026-09-26 17:01:36.461 appintentsmetadataprocessor[829:4803] Extracted no relevant App Intents symbols, skipping writing output
SwiftExplicitDependencyGeneratePcm arm64_32 /Users/admin/builder/spi-builder-workspace/.derivedData/SDKExplicitPrecompiledModules/CoreTransferable-5D4IR6X37682FPHJ5CBPTKQV6.pcm
SwiftExplicitDependencyGeneratePcm arm64_32 /Users/admin/builder/spi-builder-workspace/.derivedData/SDKExplicitPrecompiledModules/UserNotifications-6TBN8TEAKO014N1T2QD926XED.pcm
SwiftExplicitDependencyGeneratePcm arm64_32 /Users/admin/builder/spi-builder-workspace/.derivedData/SDKExplicitPrecompiledModules/CoreData-7AU1AFQWUH88EAPDKVMLJPKVD.pcm
SwiftExplicitDependencyGeneratePcm arm64_32 /Users/admin/builder/spi-builder-workspace/.derivedData/SDKExplicitPrecompiledModules/_Builtin_stdatomic-1TY035TURL76BF2U98PZPPZRX.pcm
SwiftExplicitDependencyGeneratePcm arm64_32 /Users/admin/builder/spi-builder-workspace/.derivedData/SDKExplicitPrecompiledModules/CoreGraphics-9FDXYX6BKBUT6TJ2VF819E7T5.pcm
SwiftExplicitDependencyGeneratePcm arm64_32 /Users/admin/builder/spi-builder-workspace/.derivedData/SDKExplicitPrecompiledModules/_LocationEssentials-AQ1OL9QKC3LQLY5CNSRM1HB53.pcm
SwiftExplicitDependencyGeneratePcm arm64_32 /Users/admin/builder/spi-builder-workspace/.derivedData/SDKExplicitPrecompiledModules/_Builtin_intrinsics-196IIAKDQVU42DLOZP9OQCV76.pcm
SwiftExplicitDependencyGeneratePcm arm64_32 /Users/admin/builder/spi-builder-workspace/.derivedData/SDKExplicitPrecompiledModules/Symbols-1H97WMG76HU94F5VGJR19PXFY.pcm
SwiftExplicitDependencyGeneratePcm arm64_32 /Users/admin/builder/spi-builder-workspace/.derivedData/SDKExplicitPrecompiledModules/UIUtilities-9YFVNIMRC5HRVOIARNWHP1E3H.pcm
SwiftExplicitDependencyGeneratePcm arm64_32 /Users/admin/builder/spi-builder-workspace/.derivedData/SDKExplicitPrecompiledModules/DataDetection-U9BF7WHFVA6BZGFXXXP272PS.pcm
SwiftExplicitDependencyGeneratePcm arm64 /Users/admin/builder/spi-builder-workspace/.derivedData/SDKExplicitPrecompiledModules/_Builtin_intrinsics-75960HIPCIYA06IUW8FIIPQT.pcm
SwiftExplicitDependencyGeneratePcm arm64 /Users/admin/builder/spi-builder-workspace/.derivedData/SDKExplicitPrecompiledModules/_Builtin_tgmath-8NQ96OZ0YHXEC24JI95P01UF8.pcm
SwiftExplicitDependencyGeneratePcm arm64 /Users/admin/builder/spi-builder-workspace/.derivedData/SDKExplicitPrecompiledModules/_Builtin_stdatomic-7JEFA3KBJJJN6TKJWY3OG1VG5.pcm
SwiftExplicitDependencyGeneratePcm arm64 /Users/admin/builder/spi-builder-workspace/.derivedData/SDKExplicitPrecompiledModules/CoreGraphics-DWNZ73GEH98SBJXZ7DEXB420K.pcm
SwiftExplicitDependencyGeneratePcm arm64 /Users/admin/builder/spi-builder-workspace/.derivedData/SDKExplicitPrecompiledModules/MachO-2U90NNSAQILBNBPS1SA4F8TYP.pcm
SwiftExplicitDependencyGeneratePcm arm64 /Users/admin/builder/spi-builder-workspace/.derivedData/SDKExplicitPrecompiledModules/CoreAudioTypes-A9MF7N5LT63G21HNFVM6BT14B.pcm
SwiftExplicitDependencyGeneratePcm arm64 /Users/admin/builder/spi-builder-workspace/.derivedData/SDKExplicitPrecompiledModules/UniformTypeIdentifiers-8L08Q8DQJV8C4AW84YVGFGTRN.pcm
SwiftExplicitDependencyGeneratePcm arm64 /Users/admin/builder/spi-builder-workspace/.derivedData/SDKExplicitPrecompiledModules/UserNotifications-ARAH8MEQ0C2L0FBO39HITJMAO.pcm
SwiftExplicitDependencyGeneratePcm arm64 /Users/admin/builder/spi-builder-workspace/.derivedData/SDKExplicitPrecompiledModules/CoreData-9JFJC4UET8BAO5IPV2JU6W9V8.pcm
SwiftExplicitDependencyGeneratePcm arm64 /Users/admin/builder/spi-builder-workspace/.derivedData/SDKExplicitPrecompiledModules/DeveloperToolsSupport-E7CNISCB36UE8XQ9IOHK9XDX1.pcm
SwiftExplicitDependencyGeneratePcm arm64_32 /Users/admin/builder/spi-builder-workspace/.derivedData/SDKExplicitPrecompiledModules/Accessibility-F385OMZ5GYBUY5O4QAJB4NRII.pcm
SwiftExplicitDependencyGeneratePcm arm64 /Users/admin/builder/spi-builder-workspace/.derivedData/SDKExplicitPrecompiledModules/UIUtilities-IR7RNW23VAUKYI9MLCS9NL9A.pcm
SwiftExplicitDependencyGeneratePcm arm64 /Users/admin/builder/spi-builder-workspace/.derivedData/SDKExplicitPrecompiledModules/CoreAudio-1B79RJJTP71GE6UY9WLESAN3C.pcm
SwiftExplicitDependencyGeneratePcm arm64 /Users/admin/builder/spi-builder-workspace/.derivedData/SDKExplicitPrecompiledModules/DataDetection-7BNVI1SZW5ISQL5SX4WL2X7I5.pcm
SwiftExplicitDependencyGeneratePcm arm64 /Users/admin/builder/spi-builder-workspace/.derivedData/SDKExplicitPrecompiledModules/os-5DIL6Z9LFIGLMZAHM7X2T5435.pcm
SwiftExplicitDependencyGeneratePcm arm64 /Users/admin/builder/spi-builder-workspace/.derivedData/SDKExplicitPrecompiledModules/Symbols-3EFABTJ9L5PQDJ7RQCYQWEJMM.pcm
SwiftExplicitDependencyGeneratePcm arm64 /Users/admin/builder/spi-builder-workspace/.derivedData/SDKExplicitPrecompiledModules/CoreVideo-8MRR5MNWUOAW2DBPGUQ8FKK4.pcm
SwiftExplicitDependencyGeneratePcm arm64 /Users/admin/builder/spi-builder-workspace/.derivedData/SDKExplicitPrecompiledModules/CoreText-970YJN6NIYGK1316L35Z0O8QT.pcm
SwiftExplicitDependencyGeneratePcm arm64 /Users/admin/builder/spi-builder-workspace/.derivedData/SDKExplicitPrecompiledModules/Accessibility-27QMG6ZQ1NKYTNBYFPM1XKNFC.pcm
SwiftExplicitDependencyGeneratePcm arm64 /Users/admin/builder/spi-builder-workspace/.derivedData/SDKExplicitPrecompiledModules/_LocationEssentials-5ZZDGDXB6HLQUC72SJW7YJ7MK.pcm
SwiftExplicitDependencyGeneratePcm arm64_32 /Users/admin/builder/spi-builder-workspace/.derivedData/SDKExplicitPrecompiledModules/CoreText-C9X2REPZN2V5BSU4G80FCETDR.pcm
SwiftExplicitDependencyGeneratePcm arm64_32 /Users/admin/builder/spi-builder-workspace/.derivedData/SDKExplicitPrecompiledModules/CoreVideo-2P8HI0403J99LBDPKNFJ5D4DL.pcm
SwiftExplicitDependencyGeneratePcm arm64_32 /Users/admin/builder/spi-builder-workspace/.derivedData/SDKExplicitPrecompiledModules/_Builtin_tgmath-23PGCKURCQILXMK0MYZRYDCOU.pcm
SwiftExplicitDependencyGeneratePcm arm64_32 /Users/admin/builder/spi-builder-workspace/.derivedData/SDKExplicitPrecompiledModules/UniformTypeIdentifiers-CJZ3NTHPSBH4XWX5EVOG56UZS.pcm
SwiftExplicitDependencyGeneratePcm arm64 /Users/admin/builder/spi-builder-workspace/.derivedData/SDKExplicitPrecompiledModules/OSLog-B7VGO357Y3GJG35TST7DKDSI3.pcm
SwiftExplicitDependencyGeneratePcm arm64_32 /Users/admin/builder/spi-builder-workspace/.derivedData/SDKExplicitPrecompiledModules/CoreAudioTypes-9GVB1DHA32M46R4A9NWSI3I2K.pcm
SwiftExplicitDependencyGeneratePcm arm64 /Users/admin/builder/spi-builder-workspace/.derivedData/SDKExplicitPrecompiledModules/QuartzCore-94KFMWNOU7ZLUZNB4T5DLZC9D.pcm
SwiftExplicitDependencyGeneratePcm arm64 /Users/admin/builder/spi-builder-workspace/.derivedData/SDKExplicitPrecompiledModules/CoreLocation-ACKJ9K7ABI14F97Y46Y6SRR17.pcm
SwiftExplicitDependencyGeneratePcm arm64 /Users/admin/builder/spi-builder-workspace/.derivedData/SDKExplicitPrecompiledModules/CoreMedia-1AJVCUZNAO74KIKMFVFUUHWDI.pcm
SwiftExplicitDependencyGeneratePcm arm64_32 /Users/admin/builder/spi-builder-workspace/.derivedData/SDKExplicitPrecompiledModules/simd-21UNWYOBUZI1LVSQ99S1XBLMO.pcm
SwiftExplicitDependencyGeneratePcm arm64 /Users/admin/builder/spi-builder-workspace/.derivedData/SDKExplicitPrecompiledModules/simd-EH08NODU6574T74ZKU61VP9BW.pcm
SwiftExplicitDependencyGeneratePcm arm64_32 /Users/admin/builder/spi-builder-workspace/.derivedData/SDKExplicitPrecompiledModules/QuartzCore-6375NPYACK5NYVHPMC1QQ8MC2.pcm
SwiftExplicitDependencyGeneratePcm arm64 /Users/admin/builder/spi-builder-workspace/.derivedData/SDKExplicitPrecompiledModules/CoreTransferable-9PPG3SLJ55T4LITIFYX2M0NOZ.pcm
SwiftExplicitDependencyGeneratePcm arm64_32 /Users/admin/builder/spi-builder-workspace/.derivedData/SDKExplicitPrecompiledModules/DeveloperToolsSupport-DZU5G1OCMNWU0AQRULIFHUJ1Z.pcm
SwiftExplicitDependencyGeneratePcm arm64_32 /Users/admin/builder/spi-builder-workspace/.derivedData/SDKExplicitPrecompiledModules/CoreLocation-8XU5YMYM4P11RQMYCQAG65ITK.pcm
SwiftExplicitDependencyGeneratePcm arm64_32 /Users/admin/builder/spi-builder-workspace/.derivedData/SDKExplicitPrecompiledModules/MachO-56838ZJ0NC1EBAJ0O6O8QMPDX.pcm
SwiftExplicitDependencyGeneratePcm arm64_32 /Users/admin/builder/spi-builder-workspace/.derivedData/SDKExplicitPrecompiledModules/CoreAudio-5W6MX6OUPWBMUR8VD5LHT1PZF.pcm
SwiftExplicitDependencyGeneratePcm arm64 /Users/admin/builder/spi-builder-workspace/.derivedData/SDKExplicitPrecompiledModules/CoreMotion-6RD5K48QT1F4L9CATNFD2O7YB.pcm
SwiftExplicitDependencyGeneratePcm arm64 /Users/admin/builder/spi-builder-workspace/.derivedData/SDKExplicitPrecompiledModules/SwiftUICore-C1DST1IX2Z0PTH5SJJZ1IULRB.pcm
SwiftExplicitDependencyGeneratePcm arm64_32 /Users/admin/builder/spi-builder-workspace/.derivedData/SDKExplicitPrecompiledModules/SwiftUICore-3Q7WLRD8MR9R3NGIPUBQCP6F6.pcm
SwiftExplicitDependencyGeneratePcm arm64_32 /Users/admin/builder/spi-builder-workspace/.derivedData/SDKExplicitPrecompiledModules/CoreMotion-1XGTVTE5PP32UHME8AC63TL6.pcm
SwiftExplicitDependencyGeneratePcm arm64_32 /Users/admin/builder/spi-builder-workspace/.derivedData/SDKExplicitPrecompiledModules/os-E5IGB442IA6SBB25TTCOLK2OC.pcm
SwiftExplicitDependencyGeneratePcm arm64_32 /Users/admin/builder/spi-builder-workspace/.derivedData/SDKExplicitPrecompiledModules/CoreMedia-AO387T8CHWTTZODD1DGT0UAFA.pcm
SwiftExplicitDependencyGeneratePcm arm64 /Users/admin/builder/spi-builder-workspace/.derivedData/SDKExplicitPrecompiledModules/UIKit-27R3P1YMV4C6JLDT661G3MRIA.pcm
SwiftExplicitDependencyGeneratePcm arm64_32 /Users/admin/builder/spi-builder-workspace/.derivedData/SDKExplicitPrecompiledModules/OSLog-D9AVFY0KWO7RVBIQ73CBIJVCN.pcm
SwiftExplicitDependencyGeneratePcm arm64_32 /Users/admin/builder/spi-builder-workspace/.derivedData/SDKExplicitPrecompiledModules/UIKit-6PPV7YPZ89CZPHYAP072QH8B6.pcm
SwiftExplicitDependencyGeneratePcm arm64_32 /Users/admin/builder/spi-builder-workspace/.derivedData/SDKExplicitPrecompiledModules/SceneKit-DKNLHKM5FJBQ79LSNMSSMBUBR.pcm
SwiftExplicitDependencyGeneratePcm arm64_32 /Users/admin/builder/spi-builder-workspace/.derivedData/SDKExplicitPrecompiledModules/Spatial-CWVWNML3T0NXVHZDKVLD3X1YZ.pcm
SwiftExplicitDependencyGeneratePcm arm64 /Users/admin/builder/spi-builder-workspace/.derivedData/SDKExplicitPrecompiledModules/SceneKit-5HZKIL7XETTTD8TOHYPN8JKRJ.pcm
SwiftExplicitDependencyGeneratePcm arm64 /Users/admin/builder/spi-builder-workspace/.derivedData/SDKExplicitPrecompiledModules/Spatial-44FJGYXFAT2AQAW9Z6T7YS02U.pcm
SwiftExplicitDependencyGeneratePcm arm64 /Users/admin/builder/spi-builder-workspace/.derivedData/SDKExplicitPrecompiledModules/MapKit-EJJWC7IL56MPLQMI93GJRE5OG.pcm
SwiftExplicitDependencyGeneratePcm arm64 /Users/admin/builder/spi-builder-workspace/.derivedData/SDKExplicitPrecompiledModules/HomeKit-DTS1N4AWILAL1URZ5IOXV5221.pcm
SwiftExplicitDependencyGeneratePcm arm64_32 /Users/admin/builder/spi-builder-workspace/.derivedData/SDKExplicitPrecompiledModules/HomeKit-DUDZOMSN3UK8GNTNBNMPIWJRN.pcm
SwiftExplicitDependencyGeneratePcm arm64_32 /Users/admin/builder/spi-builder-workspace/.derivedData/SDKExplicitPrecompiledModules/MapKit-CWGB4YMP1VX1NYQN5FULFD5DR.pcm
SwiftExplicitDependencyGeneratePcm arm64 /Users/admin/builder/spi-builder-workspace/.derivedData/SDKExplicitPrecompiledModules/WatchKit-3VT3K8YON6FJ6OWSUFJMFMP8J.pcm
SwiftExplicitDependencyGeneratePcm arm64_32 /Users/admin/builder/spi-builder-workspace/.derivedData/SDKExplicitPrecompiledModules/WatchKit-FHF6WTKLC2APGK3LA2XJ6516.pcm
SwiftExplicitDependencyGeneratePcm arm64 /Users/admin/builder/spi-builder-workspace/.derivedData/SDKExplicitPrecompiledModules/SwiftUI-APXDH8ULYLM6FD17YRA73TULO.pcm
SwiftExplicitDependencyGeneratePcm arm64_32 /Users/admin/builder/spi-builder-workspace/.derivedData/SDKExplicitPrecompiledModules/SwiftUI-9AYG9OCT5VOJK7V4MX1WYR86T.pcm
SwiftCompile normal arm64 Compiling\ LicenseRow.swift,\ LicenseSection.swift,\ LicenseView.swift,\ Link.swift,\ MacAboutSection.swift,\ MacAboutView.swift /Users/admin/builder/spi-builder-workspace/Sources/Diligence/Views/LicenseRow.swift /Users/admin/builder/spi-builder-workspace/Sources/Diligence/Views/LicenseSection.swift /Users/admin/builder/spi-builder-workspace/Sources/Diligence/Views/LicenseView.swift /Users/admin/builder/spi-builder-workspace/Sources/Diligence/Views/Link.swift /Users/admin/builder/spi-builder-workspace/Sources/Diligence/Views/MacAboutSection.swift /Users/admin/builder/spi-builder-workspace/Sources/Diligence/Views/MacAboutView.swift (in target 'Diligence' from project 'Diligence')
SwiftCompile normal arm64 /Users/admin/builder/spi-builder-workspace/Sources/Diligence/Views/LicenseRow.swift (in target 'Diligence' from project 'Diligence')
cd /Users/admin/builder/spi-builder-workspace/.swiftpm/xcode
builtin-SwiftPerFileCompile LicenseRow.swift
SwiftCompile normal arm64 /Users/admin/builder/spi-builder-workspace/Sources/Diligence/Views/LicenseSection.swift (in target 'Diligence' from project 'Diligence')
cd /Users/admin/builder/spi-builder-workspace/.swiftpm/xcode
builtin-SwiftPerFileCompile LicenseSection.swift
SwiftCompile normal arm64 /Users/admin/builder/spi-builder-workspace/Sources/Diligence/Views/LicenseView.swift (in target 'Diligence' from project 'Diligence')
cd /Users/admin/builder/spi-builder-workspace/.swiftpm/xcode
builtin-SwiftPerFileCompile LicenseView.swift
SwiftCompile normal arm64 /Users/admin/builder/spi-builder-workspace/Sources/Diligence/Views/Link.swift (in target 'Diligence' from project 'Diligence')
cd /Users/admin/builder/spi-builder-workspace/.swiftpm/xcode
builtin-SwiftPerFileCompile Link.swift
SwiftCompile normal arm64 /Users/admin/builder/spi-builder-workspace/Sources/Diligence/Views/MacAboutSection.swift (in target 'Diligence' from project 'Diligence')
cd /Users/admin/builder/spi-builder-workspace/.swiftpm/xcode
builtin-SwiftPerFileCompile MacAboutSection.swift
SwiftCompile normal arm64 /Users/admin/builder/spi-builder-workspace/Sources/Diligence/Views/MacAboutView.swift (in target 'Diligence' from project 'Diligence')
cd /Users/admin/builder/spi-builder-workspace/.swiftpm/xcode
builtin-SwiftPerFileCompile MacAboutView.swift
SwiftCompile normal arm64 Compiling\ MacIcon.swift,\ MacLicenseView.swift,\ NonWrappingText.swift,\ PhoneAboutView.swift,\ TextOrImage.swift,\ NSLicenseWindow.swift /Users/admin/builder/spi-builder-workspace/Sources/Diligence/Views/MacIcon.swift /Users/admin/builder/spi-builder-workspace/Sources/Diligence/Views/MacLicenseView.swift /Users/admin/builder/spi-builder-workspace/Sources/Diligence/Views/NonWrappingText.swift /Users/admin/builder/spi-builder-workspace/Sources/Diligence/Views/PhoneAboutView.swift /Users/admin/builder/spi-builder-workspace/Sources/Diligence/Views/TextOrImage.swift /Users/admin/builder/spi-builder-workspace/Sources/Diligence/Windows/NSLicenseWindow.swift (in target 'Diligence' from project 'Diligence')
/Users/admin/builder/spi-builder-workspace/Sources/Diligence/Views/NonWrappingText.swift:46:14: error: 'textSelection' is unavailable in watchOS
44 | .font(.system(size: layout.fontSize, design: .monospaced))
45 | .frame(width: min(layout.size.width, maxWidth))
46 | .textSelection(.enabled)
| `- error: 'textSelection' is unavailable in watchOS
47 | }
48 |
SwiftUI.View.textSelection:2:25: note: 'textSelection' has been explicitly marked unavailable here
1 | protocol View {
2 | nonisolated public func textSelection<S>(_ selectability: S) -> some View where S : TextSelectability
| `- note: 'textSelection' has been explicitly marked unavailable here
3 | }
4 |
SwiftCompile normal arm64 /Users/admin/builder/spi-builder-workspace/Sources/Diligence/Views/MacIcon.swift (in target 'Diligence' from project 'Diligence')
cd /Users/admin/builder/spi-builder-workspace/.swiftpm/xcode
builtin-SwiftPerFileCompile MacIcon.swift
SwiftCompile normal arm64 /Users/admin/builder/spi-builder-workspace/Sources/Diligence/Views/MacLicenseView.swift (in target 'Diligence' from project 'Diligence')
cd /Users/admin/builder/spi-builder-workspace/.swiftpm/xcode
builtin-SwiftPerFileCompile MacLicenseView.swift
SwiftCompile normal arm64 /Users/admin/builder/spi-builder-workspace/Sources/Diligence/Views/NonWrappingText.swift (in target 'Diligence' from project 'Diligence')
cd /Users/admin/builder/spi-builder-workspace/.swiftpm/xcode
builtin-SwiftPerFileCompile NonWrappingText.swift
SwiftCompile normal arm64 /Users/admin/builder/spi-builder-workspace/Sources/Diligence/Views/PhoneAboutView.swift (in target 'Diligence' from project 'Diligence')
cd /Users/admin/builder/spi-builder-workspace/.swiftpm/xcode
builtin-SwiftPerFileCompile PhoneAboutView.swift
SwiftCompile normal arm64 /Users/admin/builder/spi-builder-workspace/Sources/Diligence/Views/TextOrImage.swift (in target 'Diligence' from project 'Diligence')
cd /Users/admin/builder/spi-builder-workspace/.swiftpm/xcode
builtin-SwiftPerFileCompile TextOrImage.swift
SwiftCompile normal arm64 /Users/admin/builder/spi-builder-workspace/Sources/Diligence/Windows/NSLicenseWindow.swift (in target 'Diligence' from project 'Diligence')
cd /Users/admin/builder/spi-builder-workspace/.swiftpm/xcode
builtin-SwiftPerFileCompile NSLicenseWindow.swift
SwiftEmitModule normal arm64 Emitting\ module\ for\ Diligence (in target 'Diligence' from project 'Diligence')
/Users/admin/builder/spi-builder-workspace/Sources/Diligence/Commands/ActionsCommands.swift:27:21: error: 'CommandGroupPlacement' is unavailable in watchOS
25 |
26 | public enum Placement {
27 | case before(CommandGroupPlacement)
| `- error: 'CommandGroupPlacement' is unavailable in watchOS
28 | case after(CommandGroupPlacement)
29 | case replacing(CommandGroupPlacement)
SwiftUI.CommandGroupPlacement:4:15: note: 'CommandGroupPlacement' has been explicitly marked unavailable here
2 | @available(tvOS, unavailable)
3 | @available(watchOS, unavailable)
4 | public struct CommandGroupPlacement : Sendable {
| `- note: 'CommandGroupPlacement' has been explicitly marked unavailable here
5 | public static let appInfo: CommandGroupPlacement
6 | public static let appSettings: CommandGroupPlacement
/Users/admin/builder/spi-builder-workspace/Sources/Diligence/Commands/ActionsCommands.swift:28:20: error: 'CommandGroupPlacement' is unavailable in watchOS
26 | public enum Placement {
27 | case before(CommandGroupPlacement)
28 | case after(CommandGroupPlacement)
| `- error: 'CommandGroupPlacement' is unavailable in watchOS
29 | case replacing(CommandGroupPlacement)
30 | }
SwiftUI.CommandGroupPlacement:4:15: note: 'CommandGroupPlacement' has been explicitly marked unavailable here
2 | @available(tvOS, unavailable)
3 | @available(watchOS, unavailable)
4 | public struct CommandGroupPlacement : Sendable {
| `- note: 'CommandGroupPlacement' has been explicitly marked unavailable here
5 | public static let appInfo: CommandGroupPlacement
6 | public static let appSettings: CommandGroupPlacement
/Users/admin/builder/spi-builder-workspace/Sources/Diligence/Commands/ActionsCommands.swift:29:24: error: 'CommandGroupPlacement' is unavailable in watchOS
27 | case before(CommandGroupPlacement)
28 | case after(CommandGroupPlacement)
29 | case replacing(CommandGroupPlacement)
| `- error: 'CommandGroupPlacement' is unavailable in watchOS
30 | }
31 |
SwiftUI.CommandGroupPlacement:4:15: note: 'CommandGroupPlacement' has been explicitly marked unavailable here
2 | @available(tvOS, unavailable)
3 | @available(watchOS, unavailable)
4 | public struct CommandGroupPlacement : Sendable {
| `- note: 'CommandGroupPlacement' has been explicitly marked unavailable here
5 | public static let appInfo: CommandGroupPlacement
6 | public static let appSettings: CommandGroupPlacement
/Users/admin/builder/spi-builder-workspace/Sources/Diligence/Commands/ActionsCommands.swift:57:27: error: 'Commands' is unavailable in watchOS
55 | }
56 |
57 | public var body: some Commands {
| `- error: 'Commands' is unavailable in watchOS
58 | switch placement {
59 | case .before(let before):
SwiftUI.Commands:4:44: note: 'Commands' has been explicitly marked unavailable here
2 | @available(tvOS, unavailable)
3 | @available(watchOS, unavailable)
4 | @MainActor @preconcurrency public protocol Commands {
| `- note: 'Commands' has been explicitly marked unavailable here
5 | associatedtype Body : Commands
6 | @ContentBuilder @MainActor @preconcurrency var body: Self.Body { get }
/Users/admin/builder/spi-builder-workspace/Sources/Diligence/Commands/ActionsCommands.swift:24:32: error: 'Commands' is unavailable in watchOS
22 |
23 | @available(macOS 13, *, iOS 16, *)
24 | public struct ActionsCommands: Commands {
| `- error: 'Commands' is unavailable in watchOS
25 |
26 | public enum Placement {
SwiftUI.Commands:4:44: note: 'Commands' has been explicitly marked unavailable here
2 | @available(tvOS, unavailable)
3 | @available(watchOS, unavailable)
4 | @MainActor @preconcurrency public protocol Commands {
| `- note: 'Commands' has been explicitly marked unavailable here
5 | associatedtype Body : Commands
6 | @ContentBuilder @MainActor @preconcurrency var body: Self.Body { get }
Failed frontend command:
/Applications/Xcode-27.0.0-Release.Candidate.app/Contents/Developer/Toolchains/XcodeDefault.xctoolchain/usr/bin/swift-frontend -frontend -emit-module -experimental-skip-non-inlinable-function-bodies-without-types /Users/admin/builder/spi-builder-workspace/.derivedData/Build/Intermediates.noindex/Diligence.build/Debug-watchos/Diligence-t.build/DerivedSources/resource_bundle_accessor.swift /Users/admin/builder/spi-builder-workspace/Sources/Diligence/Builders/AcknowledgementsBuilder.swift /Users/admin/builder/spi-builder-workspace/Sources/Diligence/Builders/ActionsBuilder.swift /Users/admin/builder/spi-builder-workspace/Sources/Diligence/Builders/CreditsBuilder.swift /Users/admin/builder/spi-builder-workspace/Sources/Diligence/Builders/LicenseGroupsBuilder.swift /Users/admin/builder/spi-builder-workspace/Sources/Diligence/Builders/LicensesBuilder.swift /Users/admin/builder/spi-builder-workspace/Sources/Diligence/Commands/AboutCommands.swift /Users/admin/builder/spi-builder-workspace/Sources/Diligence/Commands/ActionsCommands.swift /Users/admin/builder/spi-builder-workspace/Sources/Diligence/Environment/PrefersTextualRepresentationEnvironmentKey.swift /Users/admin/builder/spi-builder-workspace/Sources/Diligence/Extensions/Array.swift /Users/admin/builder/spi-builder-workspace/Sources/Diligence/Extensions/Bundle.swift /Users/admin/builder/spi-builder-workspace/Sources/Diligence/Extensions/Color.swift /Users/admin/builder/spi-builder-workspace/Sources/Diligence/Extensions/Licensable.swift /Users/admin/builder/spi-builder-workspace/Sources/Diligence/Extensions/NSWindow.swift /Users/admin/builder/spi-builder-workspace/Sources/Diligence/Extensions/String.swift /Users/admin/builder/spi-builder-workspace/Sources/Diligence/Extensions/UIView.swift /Users/admin/builder/spi-builder-workspace/Sources/Diligence/Extensions/URL.swift /Users/admin/builder/spi-builder-workspace/Sources/Diligence/Extensions/View.swift /Users/admin/builder/spi-builder-workspace/Sources/Diligence/Model/Acknowledgements.swift /Users/admin/builder/spi-builder-workspace/Sources/Diligence/Model/Action.swift /Users/admin/builder/spi-builder-workspace/Sources/Diligence/Model/Contents.swift /Users/admin/builder/spi-builder-workspace/Sources/Diligence/Model/Credit.swift /Users/admin/builder/spi-builder-workspace/Sources/Diligence/Model/License.swift /Users/admin/builder/spi-builder-workspace/Sources/Diligence/Model/LicenseGroup.swift /Users/admin/builder/spi-builder-workspace/Sources/Diligence/Model/NamedURL.swift /Users/admin/builder/spi-builder-workspace/Sources/Diligence/Scenes/AboutWindowGroup.swift /Users/admin/builder/spi-builder-workspace/Sources/Diligence/Scenes/MacAboutWindow.swift /Users/admin/builder/spi-builder-workspace/Sources/Diligence/Scenes/MacLicenseWindowGroup.swift /Users/admin/builder/spi-builder-workspace/Sources/Diligence/Styles/AttributeLabeledContentStyle.swift /Users/admin/builder/spi-builder-workspace/Sources/Diligence/Styles/TableViewRow.swift /Users/admin/builder/spi-builder-workspace/Sources/Diligence/Utilities/NativeFont.swift /Users/admin/builder/spi-builder-workspace/Sources/Diligence/View\ Modifiers/HookView.swift /Users/admin/builder/spi-builder-workspace/Sources/Diligence/View\ Modifiers/HorizontalSpace.swift /Users/admin/builder/spi-builder-workspace/Sources/Diligence/View\ Modifiers/Hyperlink.swift /Users/admin/builder/spi-builder-workspace/Sources/Diligence/View\ Modifiers/IsVisibleInScrollView.swift /Users/admin/builder/spi-builder-workspace/Sources/Diligence/View\ Modifiers/PaddingWithMultiplier.swift /Users/admin/builder/spi-builder-workspace/Sources/Diligence/View\ Modifiers/UnderlinesForDifferentiation.swift /Users/admin/builder/spi-builder-workspace/Sources/Diligence/Views/AboutButton.swift /Users/admin/builder/spi-builder-workspace/Sources/Diligence/Views/AboutLink.swift /Users/admin/builder/spi-builder-workspace/Sources/Diligence/Views/AboutView.swift /Users/admin/builder/spi-builder-workspace/Sources/Diligence/Views/ActionSection.swift /Users/admin/builder/spi-builder-workspace/Sources/Diligence/Views/ApplicationNameTitle.swift /Users/admin/builder/spi-builder-workspace/Sources/Diligence/Views/BuildSection.swift /Users/admin/builder/spi-builder-workspace/Sources/Diligence/Views/CreditSection.swift /Users/admin/builder/spi-builder-workspace/Sources/Diligence/Views/DefaultAboutLinkLabel.swift /Users/admin/builder/spi-builder-workspace/Sources/Diligence/Views/HeaderSection.swift /Users/admin/builder/spi-builder-workspace/Sources/Diligence/Views/Icon.swift /Users/admin/builder/spi-builder-workspace/Sources/Diligence/Views/LabeledContent.swift /Users/admin/builder/spi-builder-workspace/Sources/Diligence/Views/LicenseRow.swift /Users/admin/builder/spi-builder-workspace/Sources/Diligence/Views/LicenseSection.swift /Users/admin/builder/spi-builder-workspace/Sources/Diligence/Views/LicenseView.swift /Users/admin/builder/spi-builder-workspace/Sources/Diligence/Views/Link.swift /Users/admin/builder/spi-builder-workspace/Sources/Diligence/Views/MacAboutSection.swift /Users/admin/builder/spi-builder-workspace/Sources/Diligence/Views/MacAboutView.swift /Users/admin/builder/spi-builder-workspace/Sources/Diligence/Views/MacIcon.swift /Users/admin/builder/spi-builder-workspace/Sources/Diligence/Views/MacLicenseView.swift /Users/admin/builder/spi-builder-workspace/Sources/Diligence/Views/NonWrappingText.swift /Users/admin/builder/spi-builder-workspace/Sources/Diligence/Views/PhoneAboutView.swift /Users/admin/builder/spi-builder-workspace/Sources/Diligence/Views/TextOrImage.swift /Users/admin/builder/spi-builder-workspace/Sources/Diligence/Windows/NSLicenseWindow.swift -target arm64-apple-watchos9.0 -disable-cross-import-overlay-search -load-resolved-plugin /Applications/Xcode-27.0.0-Release.Candidate.app/Contents/Developer/Platforms/WatchOS.platform/Developer/usr/lib/swift/host/plugins/libFoundationMacros.dylib\#/Applications/Xcode-27.0.0-Release.Candidate.app/Contents/Developer/Platforms/WatchOS.platform/Developer/usr/bin/swift-plugin-server\#FoundationMacros -load-resolved-plugin /Applications/Xcode-27.0.0-Release.Candidate.app/Contents/Developer/Platforms/WatchOS.platform/Developer/usr/lib/swift/host/plugins/libObservationMacros.dylib\#/Applications/Xcode-27.0.0-Release.Candidate.app/Contents/Developer/Platforms/WatchOS.platform/Developer/usr/bin/swift-plugin-server\#ObservationMacros -load-resolved-plugin /Applications/Xcode-27.0.0-Release.Candidate.app/Contents/Developer/Platforms/WatchOS.platform/Developer/usr/lib/swift/host/plugins/libPreviewsMacros.dylib\#/Applications/Xcode-27.0.0-Release.Candidate.app/Contents/Developer/Platforms/WatchOS.platform/Developer/usr/bin/swift-plugin-server\#PreviewsMacros -load-resolved-plugin /Applications/Xcode-27.0.0-Release.Candidate.app/Contents/Developer/Platforms/WatchOS.platform/Developer/usr/lib/swift/host/plugins/libSwiftMacros.dylib\#/Applications/Xcode-27.0.0-Release.Candidate.app/Contents/Developer/Platforms/WatchOS.platform/Developer/usr/bin/swift-plugin-server\#SwiftMacros -load-resolved-plugin /Applications/Xcode-27.0.0-Release.Candidate.app/Contents/Developer/Platforms/WatchOS.platform/Developer/usr/lib/swift/host/plugins/libSwiftUIMacros.dylib\#/Applications/Xcode-27.0.0-Release.Candidate.app/Contents/Developer/Platforms/WatchOS.platform/Developer/usr/bin/swift-plugin-server\#SwiftUIMacros -disable-implicit-swift-modules -Xcc -fno-implicit-modules -Xcc -fno-implicit-module-maps -explicit-swift-module-map-file /Users/admin/builder/spi-builder-workspace/.derivedData/Build/Intermediates.noindex/Diligence.build/Debug-watchos/Diligence-t.build/Objects-normal/arm64/Diligence-dependencies-2.json -Xllvm -aarch64-use-tbi -enable-objc-interop -stack-check -sdk /Applications/Xcode-27.0.0-Release.Candidate.app/Contents/Developer/Platforms/WatchOS.platform/Developer/SDKs/WatchOS27.0.sdk -I /Users/admin/builder/spi-builder-workspace/.derivedData/Build/Products/Debug-watchos -Isystem /Applications/Xcode-27.0.0-Release.Candidate.app/Contents/Developer/Platforms/WatchOS.platform/Developer/usr/lib -F /Users/admin/builder/spi-builder-workspace/.derivedData/Build/Products/Debug-watchos/PackageFrameworks -F /Users/admin/builder/spi-builder-workspace/.derivedData/Build/Products/Debug-watchos -F /Applications/Xcode-27.0.0-Release.Candidate.app/Contents/Developer/Platforms/WatchOS.platform/Developer/Library/Frameworks -F /Applications/Xcode-27.0.0-Release.Candidate.app/Contents/Developer/Platforms/WatchOS.platform/Developer/SDKs/WatchOS27.0.sdk/Developer/Library/Frameworks -module-cache-path /Users/admin/builder/spi-builder-workspace/.derivedData/Build/Intermediates.noindex/SwiftExplicitPrecompiledModules -no-color-diagnostics -Xcc -fno-color-diagnostics -enable-testing -g -debug-info-format\=dwarf -dwarf-version\=4 -profile-generate -profile-coverage-mapping -swift-version 5 -Onone -D SWIFT_PACKAGE -D DEBUG -D SWIFT_MODULE_RESOURCE_BUNDLE_AVAILABLE -D Xcode -serialize-debugging-options -enable-experimental-feature DebugDescriptionMacro -empty-abi-descriptor -validate-clang-modules-once -clang-build-session-file /Users/admin/builder/spi-builder-workspace/.derivedData/ModuleCache.noindex/Session.modulevalidation -Xcc -working-directory -Xcc /Users/admin/builder/spi-builder-workspace/.swiftpm/xcode -enable-anonymous-context-mangled-names -file-compilation-dir /Users/admin/builder/spi-builder-workspace/.swiftpm/xcode -Xcc -D_LIBCPP_HARDENING_MODE\=_LIBCPP_HARDENING_MODE_DEBUG -Xcc -ivfsstatcache -Xcc /Users/admin/builder/spi-builder-workspace/.derivedData/SDKStatCaches.noindex/watchos27.0-24R360-e829b21a6f8c9b70876ba0858053c04477534ef55a1706bf4c1112bbb242f0a2.sdkstatcache -Xcc -fmodules-prune-interval\=86400 -Xcc -fmodules-prune-after\=345600 -Xcc -I/Users/admin/builder/spi-builder-workspace/.derivedData/Build/Products/Debug-watchos/include -Xcc -I/Users/admin/builder/spi-builder-workspace/.derivedData/Build/Intermediates.noindex/Diligence.build/Debug-watchos/Diligence-t.build/DerivedSources-normal/arm64 -Xcc -I/Users/admin/builder/spi-builder-workspace/.derivedData/Build/Intermediates.noindex/Diligence.build/Debug-watchos/Diligence-t.build/DerivedSources/arm64 -Xcc -I/Users/admin/builder/spi-builder-workspace/.derivedData/Build/Intermediates.noindex/Diligence.build/Debug-watchos/Diligence-t.build/DerivedSources -Xcc -DSWIFT_PACKAGE -Xcc -DDEBUG\=1 -no-auto-bridging-header-chaining -module-name Diligence -const-gather-protocols-file /Users/admin/builder/spi-builder-workspace/.derivedData/Build/Intermediates.noindex/Diligence.build/Debug-watchos/Diligence-t.build/Objects-normal/arm64/Diligence_const_extract_protocols.json -disable-clang-spi -clang-target arm64-apple-watchos27.0 -target-sdk-version 27.0 -target-sdk-name watchos27.0 -in-process-plugin-server-path /Applications/Xcode-27.0.0-Release.Candidate.app/Contents/Developer/Toolchains/XcodeDefault.xctoolchain/usr/lib/swift/host/libSwiftInProcPluginServer.dylib -emit-module-doc-path /Users/admin/builder/spi-builder-workspace/.derivedData/Build/Intermediates.noindex/Diligence.build/Debug-watchos/Diligence-t.build/Objects-normal/arm64/Diligence.swiftdoc -emit-module-source-info-path /Users/admin/builder/spi-builder-workspace/.derivedData/Build/Intermediates.noindex/Diligence.build/Debug-watchos/Diligence-t.build/Objects-normal/arm64/Diligence.swiftsourceinfo -emit-objc-header-path /Users/admin/builder/spi-builder-workspace/.derivedData/Build/Intermediates.noindex/Diligence.build/Debug-watchos/Diligence-t.build/Objects-normal/arm64/Diligence-Swift.h -serialize-diagnostics-path /Users/admin/builder/spi-builder-workspace/.derivedData/Build/Intermediates.noindex/Diligence.build/Debug-watchos/Diligence-t.build/Objects-normal/arm64/Diligence-primary-emit-module.dia -emit-dependencies-path /Users/admin/builder/spi-builder-workspace/.derivedData/Build/Intermediates.noindex/Diligence.build/Debug-watchos/Diligence-t.build/Objects-normal/arm64/Diligence-primary-emit-module.d -parse-as-library -o /Users/admin/builder/spi-builder-workspace/.derivedData/Build/Intermediates.noindex/Diligence.build/Debug-watchos/Diligence-t.build/Objects-normal/arm64/Diligence.swiftmodule -emit-abi-descriptor-path /Users/admin/builder/spi-builder-workspace/.derivedData/Build/Intermediates.noindex/Diligence.build/Debug-watchos/Diligence-t.build/Objects-normal/arm64/Diligence.abi.json
SwiftCompile normal arm64 (in target 'Diligence' from project 'Diligence')
cd /Users/admin/builder/spi-builder-workspace/.swiftpm/xcode
SwiftCompile normal arm64 Compiling\ NamedURL.swift,\ AboutWindowGroup.swift,\ MacAboutWindow.swift,\ MacLicenseWindowGroup.swift,\ AttributeLabeledContentStyle.swift,\ TableViewRow.swift /Users/admin/builder/spi-builder-workspace/Sources/Diligence/Model/NamedURL.swift /Users/admin/builder/spi-builder-workspace/Sources/Diligence/Scenes/AboutWindowGroup.swift /Users/admin/builder/spi-builder-workspace/Sources/Diligence/Scenes/MacAboutWindow.swift /Users/admin/builder/spi-builder-workspace/Sources/Diligence/Scenes/MacLicenseWindowGroup.swift /Users/admin/builder/spi-builder-workspace/Sources/Diligence/Styles/AttributeLabeledContentStyle.swift /Users/admin/builder/spi-builder-workspace/Sources/Diligence/Styles/TableViewRow.swift (in target 'Diligence' from project 'Diligence')
SwiftCompile normal arm64 /Users/admin/builder/spi-builder-workspace/Sources/Diligence/Model/NamedURL.swift (in target 'Diligence' from project 'Diligence')
cd /Users/admin/builder/spi-builder-workspace/.swiftpm/xcode
builtin-SwiftPerFileCompile NamedURL.swift
SwiftCompile normal arm64 /Users/admin/builder/spi-builder-workspace/Sources/Diligence/Scenes/AboutWindowGroup.swift (in target 'Diligence' from project 'Diligence')
cd /Users/admin/builder/spi-builder-workspace/.swiftpm/xcode
builtin-SwiftPerFileCompile AboutWindowGroup.swift
SwiftCompile normal arm64 /Users/admin/builder/spi-builder-workspace/Sources/Diligence/Scenes/MacAboutWindow.swift (in target 'Diligence' from project 'Diligence')
cd /Users/admin/builder/spi-builder-workspace/.swiftpm/xcode
builtin-SwiftPerFileCompile MacAboutWindow.swift
SwiftCompile normal arm64 /Users/admin/builder/spi-builder-workspace/Sources/Diligence/Scenes/MacLicenseWindowGroup.swift (in target 'Diligence' from project 'Diligence')
cd /Users/admin/builder/spi-builder-workspace/.swiftpm/xcode
builtin-SwiftPerFileCompile MacLicenseWindowGroup.swift
SwiftCompile normal arm64 /Users/admin/builder/spi-builder-workspace/Sources/Diligence/Styles/AttributeLabeledContentStyle.swift (in target 'Diligence' from project 'Diligence')
cd /Users/admin/builder/spi-builder-workspace/.swiftpm/xcode
builtin-SwiftPerFileCompile AttributeLabeledContentStyle.swift
SwiftCompile normal arm64 /Users/admin/builder/spi-builder-workspace/Sources/Diligence/Styles/TableViewRow.swift (in target 'Diligence' from project 'Diligence')
cd /Users/admin/builder/spi-builder-workspace/.swiftpm/xcode
builtin-SwiftPerFileCompile TableViewRow.swift
SwiftCompile normal arm64 Compiling\ NativeFont.swift,\ HookView.swift,\ HorizontalSpace.swift,\ Hyperlink.swift,\ IsVisibleInScrollView.swift,\ PaddingWithMultiplier.swift /Users/admin/builder/spi-builder-workspace/Sources/Diligence/Utilities/NativeFont.swift /Users/admin/builder/spi-builder-workspace/Sources/Diligence/View\ Modifiers/HookView.swift /Users/admin/builder/spi-builder-workspace/Sources/Diligence/View\ Modifiers/HorizontalSpace.swift /Users/admin/builder/spi-builder-workspace/Sources/Diligence/View\ Modifiers/Hyperlink.swift /Users/admin/builder/spi-builder-workspace/Sources/Diligence/View\ Modifiers/IsVisibleInScrollView.swift /Users/admin/builder/spi-builder-workspace/Sources/Diligence/View\ Modifiers/PaddingWithMultiplier.swift (in target 'Diligence' from project 'Diligence')
/Users/admin/builder/spi-builder-workspace/Sources/Diligence/View Modifiers/Hyperlink.swift:31:14: error: 'textSelection' is unavailable in watchOS
29 | func body(content: Content) -> some View {
30 | content
31 | .textSelection(.disabled)
| `- error: 'textSelection' is unavailable in watchOS
32 | .underlinesForDifferentiation()
33 | .foregroundColor(.accentColor)
SwiftUI.View.textSelection:2:25: note: 'textSelection' has been explicitly marked unavailable here
1 | protocol View {
2 | nonisolated public func textSelection<S>(_ selectability: S) -> some View where S : TextSelectability
| `- note: 'textSelection' has been explicitly marked unavailable here
3 | }
4 |
SwiftCompile normal arm64 /Users/admin/builder/spi-builder-workspace/Sources/Diligence/Utilities/NativeFont.swift (in target 'Diligence' from project 'Diligence')
cd /Users/admin/builder/spi-builder-workspace/.swiftpm/xcode
builtin-SwiftPerFileCompile NativeFont.swift
SwiftCompile normal arm64 /Users/admin/builder/spi-builder-workspace/Sources/Diligence/View\ Modifiers/HookView.swift (in target 'Diligence' from project 'Diligence')
cd /Users/admin/builder/spi-builder-workspace/.swiftpm/xcode
builtin-SwiftPerFileCompile HookView.swift
SwiftCompile normal arm64 /Users/admin/builder/spi-builder-workspace/Sources/Diligence/View\ Modifiers/HorizontalSpace.swift (in target 'Diligence' from project 'Diligence')
cd /Users/admin/builder/spi-builder-workspace/.swiftpm/xcode
builtin-SwiftPerFileCompile HorizontalSpace.swift
SwiftCompile normal arm64 /Users/admin/builder/spi-builder-workspace/Sources/Diligence/View\ Modifiers/Hyperlink.swift (in target 'Diligence' from project 'Diligence')
cd /Users/admin/builder/spi-builder-workspace/.swiftpm/xcode
builtin-SwiftPerFileCompile Hyperlink.swift
SwiftCompile normal arm64 /Users/admin/builder/spi-builder-workspace/Sources/Diligence/View\ Modifiers/IsVisibleInScrollView.swift (in target 'Diligence' from project 'Diligence')
cd /Users/admin/builder/spi-builder-workspace/.swiftpm/xcode
builtin-SwiftPerFileCompile IsVisibleInScrollView.swift
SwiftCompile normal arm64 /Users/admin/builder/spi-builder-workspace/Sources/Diligence/View\ Modifiers/PaddingWithMultiplier.swift (in target 'Diligence' from project 'Diligence')
cd /Users/admin/builder/spi-builder-workspace/.swiftpm/xcode
builtin-SwiftPerFileCompile PaddingWithMultiplier.swift
SwiftCompile normal arm64 Compiling\ Acknowledgements.swift,\ Action.swift,\ Contents.swift,\ Credit.swift,\ License.swift,\ LicenseGroup.swift /Users/admin/builder/spi-builder-workspace/Sources/Diligence/Model/Acknowledgements.swift /Users/admin/builder/spi-builder-workspace/Sources/Diligence/Model/Action.swift /Users/admin/builder/spi-builder-workspace/Sources/Diligence/Model/Contents.swift /Users/admin/builder/spi-builder-workspace/Sources/Diligence/Model/Credit.swift /Users/admin/builder/spi-builder-workspace/Sources/Diligence/Model/License.swift /Users/admin/builder/spi-builder-workspace/Sources/Diligence/Model/LicenseGroup.swift (in target 'Diligence' from project 'Diligence')
SwiftCompile normal arm64 /Users/admin/builder/spi-builder-workspace/Sources/Diligence/Model/Acknowledgements.swift (in target 'Diligence' from project 'Diligence')
cd /Users/admin/builder/spi-builder-workspace/.swiftpm/xcode
builtin-SwiftPerFileCompile Acknowledgements.swift
SwiftCompile normal arm64 /Users/admin/builder/spi-builder-workspace/Sources/Diligence/Model/Action.swift (in target 'Diligence' from project 'Diligence')
cd /Users/admin/builder/spi-builder-workspace/.swiftpm/xcode
builtin-SwiftPerFileCompile Action.swift
SwiftCompile normal arm64 /Users/admin/builder/spi-builder-workspace/Sources/Diligence/Model/Contents.swift (in target 'Diligence' from project 'Diligence')
cd /Users/admin/builder/spi-builder-workspace/.swiftpm/xcode
builtin-SwiftPerFileCompile Contents.swift
SwiftCompile normal arm64 /Users/admin/builder/spi-builder-workspace/Sources/Diligence/Model/Credit.swift (in target 'Diligence' from project 'Diligence')
cd /Users/admin/builder/spi-builder-workspace/.swiftpm/xcode
builtin-SwiftPerFileCompile Credit.swift
SwiftCompile normal arm64 /Users/admin/builder/spi-builder-workspace/Sources/Diligence/Model/License.swift (in target 'Diligence' from project 'Diligence')
cd /Users/admin/builder/spi-builder-workspace/.swiftpm/xcode
builtin-SwiftPerFileCompile License.swift
SwiftCompile normal arm64 /Users/admin/builder/spi-builder-workspace/Sources/Diligence/Model/LicenseGroup.swift (in target 'Diligence' from project 'Diligence')
cd /Users/admin/builder/spi-builder-workspace/.swiftpm/xcode
builtin-SwiftPerFileCompile LicenseGroup.swift
SwiftCompile normal arm64 Compiling\ UnderlinesForDifferentiation.swift,\ AboutButton.swift,\ AboutLink.swift,\ AboutView.swift,\ ActionSection.swift,\ ApplicationNameTitle.swift /Users/admin/builder/spi-builder-workspace/Sources/Diligence/View\ Modifiers/UnderlinesForDifferentiation.swift /Users/admin/builder/spi-builder-workspace/Sources/Diligence/Views/AboutButton.swift /Users/admin/builder/spi-builder-workspace/Sources/Diligence/Views/AboutLink.swift /Users/admin/builder/spi-builder-workspace/Sources/Diligence/Views/AboutView.swift /Users/admin/builder/spi-builder-workspace/Sources/Diligence/Views/ActionSection.swift /Users/admin/builder/spi-builder-workspace/Sources/Diligence/Views/ApplicationNameTitle.swift (in target 'Diligence' from project 'Diligence')
SwiftCompile normal arm64 /Users/admin/builder/spi-builder-workspace/Sources/Diligence/View\ Modifiers/UnderlinesForDifferentiation.swift (in target 'Diligence' from project 'Diligence')
cd /Users/admin/builder/spi-builder-workspace/.swiftpm/xcode
builtin-SwiftPerFileCompile UnderlinesForDifferentiation.swift
SwiftCompile normal arm64 /Users/admin/builder/spi-builder-workspace/Sources/Diligence/Views/AboutButton.swift (in target 'Diligence' from project 'Diligence')
cd /Users/admin/builder/spi-builder-workspace/.swiftpm/xcode
builtin-SwiftPerFileCompile AboutButton.swift
SwiftCompile normal arm64 /Users/admin/builder/spi-builder-workspace/Sources/Diligence/Views/AboutLink.swift (in target 'Diligence' from project 'Diligence')
cd /Users/admin/builder/spi-builder-workspace/.swiftpm/xcode
builtin-SwiftPerFileCompile AboutLink.swift
SwiftCompile normal arm64 /Users/admin/builder/spi-builder-workspace/Sources/Diligence/Views/AboutView.swift (in target 'Diligence' from project 'Diligence')
cd /Users/admin/builder/spi-builder-workspace/.swiftpm/xcode
builtin-SwiftPerFileCompile AboutView.swift
SwiftCompile normal arm64 /Users/admin/builder/spi-builder-workspace/Sources/Diligence/Views/ActionSection.swift (in target 'Diligence' from project 'Diligence')
cd /Users/admin/builder/spi-builder-workspace/.swiftpm/xcode
builtin-SwiftPerFileCompile ActionSection.swift
SwiftCompile normal arm64 /Users/admin/builder/spi-builder-workspace/Sources/Diligence/Views/ApplicationNameTitle.swift (in target 'Diligence' from project 'Diligence')
cd /Users/admin/builder/spi-builder-workspace/.swiftpm/xcode
builtin-SwiftPerFileCompile ApplicationNameTitle.swift
SwiftCompile normal arm64 Compiling\ BuildSection.swift,\ CreditSection.swift,\ DefaultAboutLinkLabel.swift,\ HeaderSection.swift,\ Icon.swift,\ LabeledContent.swift /Users/admin/builder/spi-builder-workspace/Sources/Diligence/Views/BuildSection.swift /Users/admin/builder/spi-builder-workspace/Sources/Diligence/Views/CreditSection.swift /Users/admin/builder/spi-builder-workspace/Sources/Diligence/Views/DefaultAboutLinkLabel.swift /Users/admin/builder/spi-builder-workspace/Sources/Diligence/Views/HeaderSection.swift /Users/admin/builder/spi-builder-workspace/Sources/Diligence/Views/Icon.swift /Users/admin/builder/spi-builder-workspace/Sources/Diligence/Views/LabeledContent.swift (in target 'Diligence' from project 'Diligence')
/Users/admin/builder/spi-builder-workspace/Sources/Diligence/Views/BuildSection.swift:86:36: warning: comparing non-optional value of type 'URL' to 'nil' always returns true
84 | .foregroundColor(.primary)
85 | Spacer()
86 | if url != nil {
| `- warning: comparing non-optional value of type 'URL' to 'nil' always returns true
87 | Text(commit)
88 | .prefersMonospaced()
/Users/admin/builder/spi-builder-workspace/Sources/Diligence/Views/BuildSection.swift:55:22: error: 'textSelection' is unavailable in watchOS
53 | LabeledContent("Version") {
54 | Text(bundle.version ?? "")
55 | .textSelection(.enabled)
| `- error: 'textSelection' is unavailable in watchOS
56 | }
57 | LabeledContent("Build") {
SwiftUI.View.textSelection:2:25: note: 'textSelection' has been explicitly marked unavailable here
1 | protocol View {
2 | nonisolated public func textSelection<S>(_ selectability: S) -> some View where S : TextSelectability
| `- note: 'textSelection' has been explicitly marked unavailable here
3 | }
4 |
/Users/admin/builder/spi-builder-workspace/Sources/Diligence/Views/BuildSection.swift:55:37: error: 'enabled' is unavailable in watchOS
53 | LabeledContent("Version") {
54 | Text(bundle.version ?? "")
55 | .textSelection(.enabled)
| `- error: 'enabled' is unavailable in watchOS
56 | }
57 | LabeledContent("Build") {
SwiftUI.TextSelectability.enabled:2:43: note: 'enabled' has been explicitly marked unavailable here
1 | protocol TextSelectability {
2 | @export(implementation) public static var enabled: EnabledTextSelectability { get }}
| `- note: 'enabled' has been explicitly marked unavailable here
3 |
/Users/admin/builder/spi-builder-workspace/Sources/Diligence/Views/BuildSection.swift:59:22: error: 'textSelection' is unavailable in watchOS
57 | LabeledContent("Build") {
58 | Text(bundle.build ?? "")
59 | .textSelection(.enabled)
| `- error: 'textSelection' is unavailable in watchOS
60 | }
61 | if let date = date {
SwiftUI.View.textSelection:2:25: note: 'textSelection' has been explicitly marked unavailable here
1 | protocol View {
2 | nonisolated public func textSelection<S>(_ selectability: S) -> some View where S : TextSelectability
| `- note: 'textSelection' has been explicitly marked unavailable here
3 | }
4 |
/Users/admin/builder/spi-builder-workspace/Sources/Diligence/Views/BuildSection.swift:59:37: error: 'enabled' is unavailable in watchOS
57 | LabeledContent("Build") {
58 | Text(bundle.build ?? "")
59 | .textSelection(.enabled)
| `- error: 'enabled' is unavailable in watchOS
60 | }
61 | if let date = date {
SwiftUI.TextSelectability.enabled:2:43: note: 'enabled' has been explicitly marked unavailable here
1 | protocol TextSelectability {
2 | @export(implementation) public static var enabled: EnabledTextSelectability { get }}
| `- note: 'enabled' has been explicitly marked unavailable here
3 |
/Users/admin/builder/spi-builder-workspace/Sources/Diligence/Views/BuildSection.swift:64:26: error: 'textSelection' is unavailable in watchOS
62 | LabeledContent("Date") {
63 | Text(date)
64 | .textSelection(.enabled)
| `- error: 'textSelection' is unavailable in watchOS
65 | }
66 | }
SwiftUI.View.textSelection:2:25: note: 'textSelection' has been explicitly marked unavailable here
1 | protocol View {
2 | nonisolated public func textSelection<S>(_ selectability: S) -> some View where S : TextSelectability
| `- note: 'textSelection' has been explicitly marked unavailable here
3 | }
4 |
/Users/admin/builder/spi-builder-workspace/Sources/Diligence/Views/BuildSection.swift:64:41: error: 'enabled' is unavailable in watchOS
62 | LabeledContent("Date") {
63 | Text(date)
64 | .textSelection(.enabled)
| `- error: 'enabled' is unavailable in watchOS
65 | }
66 | }
SwiftUI.TextSelectability.enabled:2:43: note: 'enabled' has been explicitly marked unavailable here
1 | protocol TextSelectability {
2 | @export(implementation) public static var enabled: EnabledTextSelectability { get }}
| `- note: 'enabled' has been explicitly marked unavailable here
3 |
/Users/admin/builder/spi-builder-workspace/Sources/Diligence/Views/BuildSection.swift:91:38: error: 'textSelection' is unavailable in watchOS
89 | .foregroundColor(.accentColor)
90 | .prefersLinkForegroundStyle()
91 | .textSelection(.enabled)
| `- error: 'textSelection' is unavailable in watchOS
92 | } else {
93 | Text(commit)
SwiftUI.View.textSelection:2:25: note: 'textSelection' has been explicitly marked unavailable here
1 | protocol View {
2 | nonisolated public func textSelection<S>(_ selectability: S) -> some View where S : TextSelectability
| `- note: 'textSelection' has been explicitly marked unavailable here
3 | }
4 |
/Users/admin/builder/spi-builder-workspace/Sources/Diligence/Views/BuildSection.swift:91:53: error: 'enabled' is unavailable in watchOS
89 | .foregroundColor(.accentColor)
90 | .prefersLinkForegroundStyle()
91 | .textSelection(.enabled)
| `- error: 'enabled' is unavailable in watchOS
92 | } else {
93 | Text(commit)
SwiftUI.TextSelectability.enabled:2:43: note: 'enabled' has been explicitly marked unavailable here
1 | protocol TextSelectability {
2 | @export(implementation) public static var enabled: EnabledTextSelectability { get }}
| `- note: 'enabled' has been explicitly marked unavailable here
3 |
/Users/admin/builder/spi-builder-workspace/Sources/Diligence/Views/BuildSection.swift:102:30: error: 'textSelection' is unavailable in watchOS
100 | LabeledContent("Commit") {
101 | Text(commit)
102 | .textSelection(.enabled)
| `- error: 'textSelection' is unavailable in watchOS
103 | }
104 | }
SwiftUI.View.textSelection:2:25: note: 'textSelection' has been explicitly marked unavailable here
1 | protocol View {
2 | nonisolated public func textSelection<S>(_ selectability: S) -> some View where S : TextSelectability
| `- note: 'textSelection' has been explicitly marked unavailable here
3 | }
4 |
SwiftCompile normal arm64 /Users/admin/builder/spi-builder-workspace/Sources/Diligence/Views/BuildSection.swift (in target 'Diligence' from project 'Diligence')
cd /Users/admin/builder/spi-builder-workspace/.swiftpm/xcode
builtin-SwiftPerFileCompile BuildSection.swift
SwiftCompile normal arm64 /Users/admin/builder/spi-builder-workspace/Sources/Diligence/Views/CreditSection.swift (in target 'Diligence' from project 'Diligence')
cd /Users/admin/builder/spi-builder-workspace/.swiftpm/xcode
builtin-SwiftPerFileCompile CreditSection.swift
SwiftCompile normal arm64 /Users/admin/builder/spi-builder-workspace/Sources/Diligence/Views/DefaultAboutLinkLabel.swift (in target 'Diligence' from project 'Diligence')
cd /Users/admin/builder/spi-builder-workspace/.swiftpm/xcode
builtin-SwiftPerFileCompile DefaultAboutLinkLabel.swift
SwiftCompile normal arm64 /Users/admin/builder/spi-builder-workspace/Sources/Diligence/Views/HeaderSection.swift (in target 'Diligence' from project 'Diligence')
cd /Users/admin/builder/spi-builder-workspace/.swiftpm/xcode
builtin-SwiftPerFileCompile HeaderSection.swift
SwiftCompile normal arm64 /Users/admin/builder/spi-builder-workspace/Sources/Diligence/Views/Icon.swift (in target 'Diligence' from project 'Diligence')
cd /Users/admin/builder/spi-builder-workspace/.swiftpm/xcode
builtin-SwiftPerFileCompile Icon.swift
SwiftCompile normal arm64 /Users/admin/builder/spi-builder-workspace/Sources/Diligence/Views/LabeledContent.swift (in target 'Diligence' from project 'Diligence')
cd /Users/admin/builder/spi-builder-workspace/.swiftpm/xcode
builtin-SwiftPerFileCompile LabeledContent.swift
SwiftCompile normal arm64 Compiling\ AboutCommands.swift,\ ActionsCommands.swift,\ PrefersTextualRepresentationEnvironmentKey.swift,\ Array.swift,\ Bundle.swift,\ Color.swift /Users/admin/builder/spi-builder-workspace/Sources/Diligence/Commands/AboutCommands.swift /Users/admin/builder/spi-builder-workspace/Sources/Diligence/Commands/ActionsCommands.swift /Users/admin/builder/spi-builder-workspace/Sources/Diligence/Environment/PrefersTextualRepresentationEnvironmentKey.swift /Users/admin/builder/spi-builder-workspace/Sources/Diligence/Extensions/Array.swift /Users/admin/builder/spi-builder-workspace/Sources/Diligence/Extensions/Bundle.swift /Users/admin/builder/spi-builder-workspace/Sources/Diligence/Extensions/Color.swift (in target 'Diligence' from project 'Diligence')
/Users/admin/builder/spi-builder-workspace/Sources/Diligence/Commands/ActionsCommands.swift:27:21: error: 'CommandGroupPlacement' is unavailable in watchOS
25 |
26 | public enum Placement {
27 | case before(CommandGroupPlacement)
| `- error: 'CommandGroupPlacement' is unavailable in watchOS
28 | case after(CommandGroupPlacement)
29 | case replacing(CommandGroupPlacement)
SwiftUI.CommandGroupPlacement:4:15: note: 'CommandGroupPlacement' has been explicitly marked unavailable here
2 | @available(tvOS, unavailable)
3 | @available(watchOS, unavailable)
4 | public struct CommandGroupPlacement : Sendable {
| `- note: 'CommandGroupPlacement' has been explicitly marked unavailable here
5 | public static let appInfo: CommandGroupPlacement
6 | public static let appSettings: CommandGroupPlacement
/Users/admin/builder/spi-builder-workspace/Sources/Diligence/Commands/ActionsCommands.swift:28:20: error: 'CommandGroupPlacement' is unavailable in watchOS
26 | public enum Placement {
27 | case before(CommandGroupPlacement)
28 | case after(CommandGroupPlacement)
| `- error: 'CommandGroupPlacement' is unavailable in watchOS
29 | case replacing(CommandGroupPlacement)
30 | }
SwiftUI.CommandGroupPlacement:4:15: note: 'CommandGroupPlacement' has been explicitly marked unavailable here
2 | @available(tvOS, unavailable)
3 | @available(watchOS, unavailable)
4 | public struct CommandGroupPlacement : Sendable {
| `- note: 'CommandGroupPlacement' has been explicitly marked unavailable here
5 | public static let appInfo: CommandGroupPlacement
6 | public static let appSettings: CommandGroupPlacement
/Users/admin/builder/spi-builder-workspace/Sources/Diligence/Commands/ActionsCommands.swift:29:24: error: 'CommandGroupPlacement' is unavailable in watchOS
27 | case before(CommandGroupPlacement)
28 | case after(CommandGroupPlacement)
29 | case replacing(CommandGroupPlacement)
| `- error: 'CommandGroupPlacement' is unavailable in watchOS
30 | }
31 |
SwiftUI.CommandGroupPlacement:4:15: note: 'CommandGroupPlacement' has been explicitly marked unavailable here
2 | @available(tvOS, unavailable)
3 | @available(watchOS, unavailable)
4 | public struct CommandGroupPlacement : Sendable {
| `- note: 'CommandGroupPlacement' has been explicitly marked unavailable here
5 | public static let appInfo: CommandGroupPlacement
6 | public static let appSettings: CommandGroupPlacement
/Users/admin/builder/spi-builder-workspace/Sources/Diligence/Commands/ActionsCommands.swift:57:27: error: 'Commands' is unavailable in watchOS
55 | }
56 |
57 | public var body: some Commands {
| `- error: 'Commands' is unavailable in watchOS
58 | switch placement {
59 | case .before(let before):
SwiftUI.Commands:4:44: note: 'Commands' has been explicitly marked unavailable here
2 | @available(tvOS, unavailable)
3 | @available(watchOS, unavailable)
4 | @MainActor @preconcurrency public protocol Commands {
| `- note: 'Commands' has been explicitly marked unavailable here
5 | associatedtype Body : Commands
6 | @ContentBuilder @MainActor @preconcurrency var body: Self.Body { get }
/Users/admin/builder/spi-builder-workspace/Sources/Diligence/Commands/ActionsCommands.swift:24:32: error: 'Commands' is unavailable in watchOS
22 |
23 | @available(macOS 13, *, iOS 16, *)
24 | public struct ActionsCommands: Commands {
| `- error: 'Commands' is unavailable in watchOS
25 |
26 | public enum Placement {
SwiftUI.Commands:4:44: note: 'Commands' has been explicitly marked unavailable here
2 | @available(tvOS, unavailable)
3 | @available(watchOS, unavailable)
4 | @MainActor @preconcurrency public protocol Commands {
| `- note: 'Commands' has been explicitly marked unavailable here
5 | associatedtype Body : Commands
6 | @ContentBuilder @MainActor @preconcurrency var body: Self.Body { get }
/Users/admin/builder/spi-builder-workspace/Sources/Diligence/Commands/ActionsCommands.swift:60:13: error: 'CommandGroup' is unavailable in watchOS
58 | switch placement {
59 | case .before(let before):
60 | CommandGroup(before: before) {
| `- error: 'CommandGroup' is unavailable in watchOS
61 | buttons
62 | Divider()
SwiftUI.CommandGroup:4:27: note: 'CommandGroup' has been explicitly marked unavailable here
2 | @available(tvOS, unavailable)
3 | @available(watchOS, unavailable)
4 | nonisolated public struct CommandGroup<Content> : Commands, ~Sendable where Content : View {
| `- note: 'CommandGroup' has been explicitly marked unavailable here
5 | @available(iOS 15.0, macOS 12.0, *)
6 | public static func _makeCommands(content: _GraphValue<CommandGroup<Content>>, inputs: _CommandsInputs) -> _CommandsOutputs
/Users/admin/builder/spi-builder-workspace/Sources/Diligence/Commands/ActionsCommands.swift:65:13: error: 'CommandGroup' is unavailable in watchOS
63 | }
64 | case .after(let after):
65 | CommandGroup(after: after) {
| `- error: 'CommandGroup' is unavailable in watchOS
66 | Divider()
67 | buttons
SwiftUI.CommandGroup:4:27: note: 'CommandGroup' has been explicitly marked unavailable here
2 | @available(tvOS, unavailable)
3 | @available(watchOS, unavailable)
4 | nonisolated public struct CommandGroup<Content> : Commands, ~Sendable where Content : View {
| `- note: 'CommandGroup' has been explicitly marked unavailable here
5 | @available(iOS 15.0, macOS 12.0, *)
6 | public static func _makeCommands(content: _GraphValue<CommandGroup<Content>>, inputs: _CommandsInputs) -> _CommandsOutputs
/Users/admin/builder/spi-builder-workspace/Sources/Diligence/Commands/ActionsCommands.swift:70:13: error: 'CommandGroup' is unavailable in watchOS
68 | }
69 | case .replacing(let replacing):
70 | CommandGroup(replacing: replacing) {
| `- error: 'CommandGroup' is unavailable in watchOS
71 | buttons
72 | }
SwiftUI.CommandGroup:4:27: note: 'CommandGroup' has been explicitly marked unavailable here
2 | @available(tvOS, unavailable)
3 | @available(watchOS, unavailable)
4 | nonisolated public struct CommandGroup<Content> : Commands, ~Sendable where Content : View {
| `- note: 'CommandGroup' has been explicitly marked unavailable here
5 | @available(iOS 15.0, macOS 12.0, *)
6 | public static func _makeCommands(content: _GraphValue<CommandGroup<Content>>, inputs: _CommandsInputs) -> _CommandsOutputs
SwiftCompile normal arm64 /Users/admin/builder/spi-builder-workspace/Sources/Diligence/Commands/AboutCommands.swift (in target 'Diligence' from project 'Diligence')
cd /Users/admin/builder/spi-builder-workspace/.swiftpm/xcode
builtin-SwiftPerFileCompile AboutCommands.swift
SwiftCompile normal arm64 /Users/admin/builder/spi-builder-workspace/Sources/Diligence/Commands/ActionsCommands.swift (in target 'Diligence' from project 'Diligence')
cd /Users/admin/builder/spi-builder-workspace/.swiftpm/xcode
builtin-SwiftPerFileCompile ActionsCommands.swift
SwiftCompile normal arm64 /Users/admin/builder/spi-builder-workspace/Sources/Diligence/Environment/PrefersTextualRepresentationEnvironmentKey.swift (in target 'Diligence' from project 'Diligence')
cd /Users/admin/builder/spi-builder-workspace/.swiftpm/xcode
builtin-SwiftPerFileCompile PrefersTextualRepresentationEnvironmentKey.swift
SwiftCompile normal arm64 /Users/admin/builder/spi-builder-workspace/Sources/Diligence/Extensions/Array.swift (in target 'Diligence' from project 'Diligence')
cd /Users/admin/builder/spi-builder-workspace/.swiftpm/xcode
builtin-SwiftPerFileCompile Array.swift
SwiftCompile normal arm64 /Users/admin/builder/spi-builder-workspace/Sources/Diligence/Extensions/Bundle.swift (in target 'Diligence' from project 'Diligence')
cd /Users/admin/builder/spi-builder-workspace/.swiftpm/xcode
builtin-SwiftPerFileCompile Bundle.swift
SwiftCompile normal arm64 /Users/admin/builder/spi-builder-workspace/Sources/Diligence/Extensions/Color.swift (in target 'Diligence' from project 'Diligence')
cd /Users/admin/builder/spi-builder-workspace/.swiftpm/xcode
builtin-SwiftPerFileCompile Color.swift
SwiftCompile normal arm64 Compiling\ resource_bundle_accessor.swift,\ AcknowledgementsBuilder.swift,\ ActionsBuilder.swift,\ CreditsBuilder.swift,\ LicenseGroupsBuilder.swift,\ LicensesBuilder.swift /Users/admin/builder/spi-builder-workspace/.derivedData/Build/Intermediates.noindex/Diligence.build/Debug-watchos/Diligence-t.build/DerivedSources/resource_bundle_accessor.swift /Users/admin/builder/spi-builder-workspace/Sources/Diligence/Builders/AcknowledgementsBuilder.swift /Users/admin/builder/spi-builder-workspace/Sources/Diligence/Builders/ActionsBuilder.swift /Users/admin/builder/spi-builder-workspace/Sources/Diligence/Builders/CreditsBuilder.swift /Users/admin/builder/spi-builder-workspace/Sources/Diligence/Builders/LicenseGroupsBuilder.swift /Users/admin/builder/spi-builder-workspace/Sources/Diligence/Builders/LicensesBuilder.swift (in target 'Diligence' from project 'Diligence')
SwiftCompile normal arm64 /Users/admin/builder/spi-builder-workspace/.derivedData/Build/Intermediates.noindex/Diligence.build/Debug-watchos/Diligence-t.build/DerivedSources/resource_bundle_accessor.swift (in target 'Diligence' from project 'Diligence')
cd /Users/admin/builder/spi-builder-workspace/.swiftpm/xcode
builtin-SwiftPerFileCompile resource_bundle_accessor.swift
SwiftCompile normal arm64 /Users/admin/builder/spi-builder-workspace/Sources/Diligence/Builders/AcknowledgementsBuilder.swift (in target 'Diligence' from project 'Diligence')
cd /Users/admin/builder/spi-builder-workspace/.swiftpm/xcode
builtin-SwiftPerFileCompile AcknowledgementsBuilder.swift
SwiftCompile normal arm64 /Users/admin/builder/spi-builder-workspace/Sources/Diligence/Builders/ActionsBuilder.swift (in target 'Diligence' from project 'Diligence')
cd /Users/admin/builder/spi-builder-workspace/.swiftpm/xcode
builtin-SwiftPerFileCompile ActionsBuilder.swift
SwiftCompile normal arm64 /Users/admin/builder/spi-builder-workspace/Sources/Diligence/Builders/CreditsBuilder.swift (in target 'Diligence' from project 'Diligence')
cd /Users/admin/builder/spi-builder-workspace/.swiftpm/xcode
builtin-SwiftPerFileCompile CreditsBuilder.swift
SwiftCompile normal arm64 /Users/admin/builder/spi-builder-workspace/Sources/Diligence/Builders/LicenseGroupsBuilder.swift (in target 'Diligence' from project 'Diligence')
cd /Users/admin/builder/spi-builder-workspace/.swiftpm/xcode
builtin-SwiftPerFileCompile LicenseGroupsBuilder.swift
SwiftCompile normal arm64 /Users/admin/builder/spi-builder-workspace/Sources/Diligence/Builders/LicensesBuilder.swift (in target 'Diligence' from project 'Diligence')
cd /Users/admin/builder/spi-builder-workspace/.swiftpm/xcode
builtin-SwiftPerFileCompile LicensesBuilder.swift
SwiftEmitModule normal arm64_32 Emitting\ module\ for\ Diligence (in target 'Diligence' from project 'Diligence')
SwiftCompile normal arm64_32 (in target 'Diligence' from project 'Diligence')
cd /Users/admin/builder/spi-builder-workspace/.swiftpm/xcode
SwiftDriverJobDiscovery normal arm64 Compiling resource_bundle_accessor.swift, AcknowledgementsBuilder.swift, ActionsBuilder.swift, CreditsBuilder.swift, LicenseGroupsBuilder.swift, LicensesBuilder.swift (in target 'Diligence' from project 'Diligence')
SwiftCompile normal arm64_32 Compiling\ resource_bundle_accessor.swift,\ AcknowledgementsBuilder.swift,\ ActionsBuilder.swift,\ CreditsBuilder.swift,\ LicenseGroupsBuilder.swift,\ LicensesBuilder.swift /Users/admin/builder/spi-builder-workspace/.derivedData/Build/Intermediates.noindex/Diligence.build/Debug-watchos/Diligence-t.build/DerivedSources/resource_bundle_accessor.swift /Users/admin/builder/spi-builder-workspace/Sources/Diligence/Builders/AcknowledgementsBuilder.swift /Users/admin/builder/spi-builder-workspace/Sources/Diligence/Builders/ActionsBuilder.swift /Users/admin/builder/spi-builder-workspace/Sources/Diligence/Builders/CreditsBuilder.swift /Users/admin/builder/spi-builder-workspace/Sources/Diligence/Builders/LicenseGroupsBuilder.swift /Users/admin/builder/spi-builder-workspace/Sources/Diligence/Builders/LicensesBuilder.swift (in target 'Diligence' from project 'Diligence')
SwiftCompile normal arm64_32 /Users/admin/builder/spi-builder-workspace/.derivedData/Build/Intermediates.noindex/Diligence.build/Debug-watchos/Diligence-t.build/DerivedSources/resource_bundle_accessor.swift (in target 'Diligence' from project 'Diligence')
cd /Users/admin/builder/spi-builder-workspace/.swiftpm/xcode
builtin-SwiftPerFileCompile resource_bundle_accessor.swift
SwiftCompile normal arm64_32 /Users/admin/builder/spi-builder-workspace/Sources/Diligence/Builders/AcknowledgementsBuilder.swift (in target 'Diligence' from project 'Diligence')
cd /Users/admin/builder/spi-builder-workspace/.swiftpm/xcode
builtin-SwiftPerFileCompile AcknowledgementsBuilder.swift
SwiftCompile normal arm64_32 /Users/admin/builder/spi-builder-workspace/Sources/Diligence/Builders/ActionsBuilder.swift (in target 'Diligence' from project 'Diligence')
cd /Users/admin/builder/spi-builder-workspace/.swiftpm/xcode
builtin-SwiftPerFileCompile ActionsBuilder.swift
SwiftCompile normal arm64_32 /Users/admin/builder/spi-builder-workspace/Sources/Diligence/Builders/CreditsBuilder.swift (in target 'Diligence' from project 'Diligence')
cd /Users/admin/builder/spi-builder-workspace/.swiftpm/xcode
builtin-SwiftPerFileCompile CreditsBuilder.swift
SwiftCompile normal arm64_32 /Users/admin/builder/spi-builder-workspace/Sources/Diligence/Builders/LicenseGroupsBuilder.swift (in target 'Diligence' from project 'Diligence')
cd /Users/admin/builder/spi-builder-workspace/.swiftpm/xcode
builtin-SwiftPerFileCompile LicenseGroupsBuilder.swift
SwiftCompile normal arm64_32 /Users/admin/builder/spi-builder-workspace/Sources/Diligence/Builders/LicensesBuilder.swift (in target 'Diligence' from project 'Diligence')
cd /Users/admin/builder/spi-builder-workspace/.swiftpm/xcode
builtin-SwiftPerFileCompile LicensesBuilder.swift
PruneExplicitPrecompiledModules /Users/admin/builder/spi-builder-workspace/.derivedData/Build/Intermediates.noindex/ExplicitPrecompiledModules
PruneExplicitPrecompiledModules /Users/admin/builder/spi-builder-workspace/.derivedData/SDKExplicitPrecompiledModules
PruneExplicitPrecompiledModules /Users/admin/builder/spi-builder-workspace/.derivedData/Build/Intermediates.noindex/SwiftExplicitPrecompiledModules
2026-09-26 17:01:29.907 xcodebuild[732:4382] [MT] IDERunDestination: Supported platforms for the buildables in the current scheme is empty.
** BUILD FAILED **
The following build commands failed:
SwiftEmitModule normal arm64 Emitting\ module\ for\ Diligence (in target 'Diligence' from project 'Diligence')
SwiftCompile normal arm64 (in target 'Diligence' from project 'Diligence')
Building workspace Diligence with scheme Diligence
(3 failures)
Command line invocation:
/Applications/Xcode-27.0.0-Release.Candidate.app/Contents/Developer/usr/bin/xcodebuild -IDEClonedSourcePackagesDirPathOverride=/Users/admin/builder/spi-builder-workspace/.dependencies -resolvePackageDependencies
Resolve Package Graph
Resolved source packages:
Diligence: /Users/admin/builder/spi-builder-workspace
Licensable: https://github.com/inseven/licensable @ 0.1.2
resolved source packages: Diligence, Licensable
2026-09-26 17:01:39.866 xcodebuild[912:5153] [MT] IDERunDestination: Supported platforms for the buildables in the current scheme is empty.
{
"dependencies" : [
{
"identity" : "licensable",
"requirement" : {
"range" : [
{
"lower_bound" : "0.1.0",
"upper_bound" : "1.0.0"
}
]
},
"type" : "sourceControl",
"url" : "https://github.com/inseven/licensable"
}
],
"manifest_display_name" : "Diligence",
"name" : "Diligence",
"path" : "/Users/admin/builder/spi-builder-workspace",
"platforms" : [
{
"name" : "ios",
"version" : "15.0"
},
{
"name" : "macos",
"version" : "12.0"
}
],
"products" : [
{
"name" : "Diligence",
"targets" : [
"Diligence"
],
"type" : {
"library" : [
"automatic"
]
}
}
],
"targets" : [
{
"c99name" : "DiligenceTests",
"module_type" : "SwiftTarget",
"name" : "DiligenceTests",
"path" : "Tests/DiligenceTests",
"sources" : [
"DiligenceTests.swift",
"Equivalence.swift"
],
"target_dependencies" : [
"Diligence"
],
"type" : "test"
},
{
"c99name" : "Diligence",
"module_type" : "SwiftTarget",
"name" : "Diligence",
"path" : "Sources/Diligence",
"product_dependencies" : [
"Licensable"
],
"product_memberships" : [
"Diligence"
],
"resources" : [
{
"path" : "/Users/admin/builder/spi-builder-workspace/Sources/Diligence/Resources/LICENSE",
"rule" : {
"process" : {
}
}
}
],
"sources" : [
"Builders/AcknowledgementsBuilder.swift",
"Builders/ActionsBuilder.swift",
"Builders/CreditsBuilder.swift",
"Builders/LicenseGroupsBuilder.swift",
"Builders/LicensesBuilder.swift",
"Commands/AboutCommands.swift",
"Commands/ActionsCommands.swift",
"Environment/PrefersTextualRepresentationEnvironmentKey.swift",
"Extensions/Array.swift",
"Extensions/Bundle.swift",
"Extensions/Color.swift",
"Extensions/Licensable.swift",
"Extensions/NSWindow.swift",
"Extensions/String.swift",
"Extensions/UIView.swift",
"Extensions/URL.swift",
"Extensions/View.swift",
"Model/Acknowledgements.swift",
"Model/Action.swift",
"Model/Contents.swift",
"Model/Credit.swift",
"Model/License.swift",
"Model/LicenseGroup.swift",
"Model/NamedURL.swift",
"Scenes/AboutWindowGroup.swift",
"Scenes/MacAboutWindow.swift",
"Scenes/MacLicenseWindowGroup.swift",
"Styles/AttributeLabeledContentStyle.swift",
"Styles/TableViewRow.swift",
"Utilities/NativeFont.swift",
"View Modifiers/HookView.swift",
"View Modifiers/HorizontalSpace.swift",
"View Modifiers/Hyperlink.swift",
"View Modifiers/IsVisibleInScrollView.swift",
"View Modifiers/PaddingWithMultiplier.swift",
"View Modifiers/UnderlinesForDifferentiation.swift",
"Views/AboutButton.swift",
"Views/AboutLink.swift",
"Views/AboutView.swift",
"Views/ActionSection.swift",
"Views/ApplicationNameTitle.swift",
"Views/BuildSection.swift",
"Views/CreditSection.swift",
"Views/DefaultAboutLinkLabel.swift",
"Views/HeaderSection.swift",
"Views/Icon.swift",
"Views/LabeledContent.swift",
"Views/LicenseRow.swift",
"Views/LicenseSection.swift",
"Views/LicenseView.swift",
"Views/Link.swift",
"Views/MacAboutSection.swift",
"Views/MacAboutView.swift",
"Views/MacIcon.swift",
"Views/MacLicenseView.swift",
"Views/NonWrappingText.swift",
"Views/PhoneAboutView.swift",
"Views/TextOrImage.swift",
"Windows/NSLicenseWindow.swift"
],
"type" : "library"
}
],
"tools_version" : "5.5"
}
{
"workspace" : {
"name" : "Diligence",
"schemes" : [
"Diligence"
]
}
}
2026-09-26 17:01:41.106 xcodebuild[920:5222] [MT] IDERunDestination: Supported platforms for the buildables in the current scheme is empty.
Running build ...
env DEVELOPER_DIR=/Applications/Xcode-27.0.0-Release.Candidate.app xcrun xcodebuild -IDEClonedSourcePackagesDirPathOverride=$PWD/.dependencies -skipMacroValidation -skipPackagePluginValidation -derivedDataPath $PWD/.derivedData build -scheme Diligence -destination generic/platform=watchOS
Command line invocation:
/Applications/Xcode-27.0.0-Release.Candidate.app/Contents/Developer/usr/bin/xcodebuild -IDEClonedSourcePackagesDirPathOverride=/Users/admin/builder/spi-builder-workspace/.dependencies -skipMacroValidation -skipPackagePluginValidation -derivedDataPath /Users/admin/builder/spi-builder-workspace/.derivedData build -scheme Diligence -destination generic/platform=watchOS
Resolve Package Graph
Resolved source packages:
Licensable: https://github.com/inseven/licensable @ 0.1.2
Diligence: /Users/admin/builder/spi-builder-workspace
ComputePackagePrebuildTargetDependencyGraph
Prepare packages
CreateBuildRequest
SendProjectDescription
CreateBuildOperation
ComputeTargetDependencyGraph
note: Building targets in dependency order
note: Target dependency graph (6 targets)
Target 'Diligence-product' in project 'Diligence'
➜ Explicit dependency on target 'Diligence' in project 'Diligence'
➜ Explicit dependency on target 'Diligence_Diligence' in project 'Diligence'
➜ Explicit dependency on target 'Licensable-product' in project 'Licensable'
Target 'Diligence' in project 'Diligence'
➜ Explicit dependency on target 'Diligence_Diligence' in project 'Diligence'
➜ Explicit dependency on target 'Licensable-product' in project 'Licensable'
Target 'Licensable-product' in project 'Licensable'
➜ Explicit dependency on target 'Licensable' in project 'Licensable'
➜ Explicit dependency on target 'Licensable_Licensable' in project 'Licensable'
Target 'Licensable' in project 'Licensable'
➜ Explicit dependency on target 'Licensable_Licensable' in project 'Licensable'
Target 'Licensable_Licensable' in project 'Licensable' (no dependencies)
Target 'Diligence_Diligence' in project 'Diligence' (no dependencies)
GatherProvisioningInputs
CreateBuildDescription
ClangStatCache /Applications/Xcode-27.0.0-Release.Candidate.app/Contents/Developer/Toolchains/XcodeDefault.xctoolchain/usr/bin/clang-stat-cache /Applications/Xcode-27.0.0-Release.Candidate.app/Contents/Developer/Platforms/WatchOS.platform/Developer/SDKs/WatchOS27.0.sdk /Users/admin/builder/spi-builder-workspace/.derivedData/SDKStatCaches.noindex/watchos27.0-24R360-e829b21a6f8c9b70876ba0858053c04477534ef55a1706bf4c1112bbb242f0a2.sdkstatcache
cd /Users/admin/builder/spi-builder-workspace/.swiftpm/xcode
/Applications/Xcode-27.0.0-Release.Candidate.app/Contents/Developer/Toolchains/XcodeDefault.xctoolchain/usr/bin/clang-stat-cache /Applications/Xcode-27.0.0-Release.Candidate.app/Contents/Developer/Platforms/WatchOS.platform/Developer/SDKs/WatchOS27.0.sdk -o /Users/admin/builder/spi-builder-workspace/.derivedData/SDKStatCaches.noindex/watchos27.0-24R360-e829b21a6f8c9b70876ba0858053c04477534ef55a1706bf4c1112bbb242f0a2.sdkstatcache
SwiftDriver Diligence normal arm64 com.apple.xcode.tools.swift.compiler (in target 'Diligence' from project 'Diligence')
cd /Users/admin/builder/spi-builder-workspace/.swiftpm/xcode
builtin-SwiftDriver -- /Applications/Xcode-27.0.0-Release.Candidate.app/Contents/Developer/Toolchains/XcodeDefault.xctoolchain/usr/bin/swiftc -parse-as-library -module-name Diligence -Onone @/Users/admin/builder/spi-builder-workspace/.derivedData/Build/Intermediates.noindex/Diligence.build/Debug-watchos/Diligence-t.build/Objects-normal/arm64/Diligence.SwiftFileList -DSWIFT_PACKAGE -DDEBUG -DSWIFT_MODULE_RESOURCE_BUNDLE_AVAILABLE -DXcode -plugin-path /Applications/Xcode-27.0.0-Release.Candidate.app/Contents/Developer/Toolchains/XcodeDefault.xctoolchain/usr/lib/swift/host/plugins/testing -enable-experimental-feature DebugDescriptionMacro -sdk /Applications/Xcode-27.0.0-Release.Candidate.app/Contents/Developer/Platforms/WatchOS.platform/Developer/SDKs/WatchOS27.0.sdk -target arm64-apple-watchos9.0 -g -module-cache-path /Users/admin/builder/spi-builder-workspace/.derivedData/ModuleCache.noindex -Xfrontend -serialize-debugging-options -profile-coverage-mapping -profile-generate -enable-testing -index-store-path /Users/admin/builder/spi-builder-workspace/.derivedData/Index.noindex/DataStore -Xcc -D_LIBCPP_HARDENING_MODE\=_LIBCPP_HARDENING_MODE_DEBUG -swift-version 5 -I /Users/admin/builder/spi-builder-workspace/.derivedData/Build/Products/Debug-watchos -Isystem /Applications/Xcode-27.0.0-Release.Candidate.app/Contents/Developer/Platforms/WatchOS.platform/Developer/usr/lib -F /Users/admin/builder/spi-builder-workspace/.derivedData/Build/Products/Debug-watchos/PackageFrameworks -F /Users/admin/builder/spi-builder-workspace/.derivedData/Build/Products/Debug-watchos -F /Applications/Xcode-27.0.0-Release.Candidate.app/Contents/Developer/Platforms/WatchOS.platform/Developer/Library/Frameworks -F /Applications/Xcode-27.0.0-Release.Candidate.app/Contents/Developer/Platforms/WatchOS.platform/Developer/SDKs/WatchOS27.0.sdk/Developer/Library/Frameworks -c -j10 -enable-batch-mode -incremental -Xcc -ivfsstatcache -Xcc /Users/admin/builder/spi-builder-workspace/.derivedData/SDKStatCaches.noindex/watchos27.0-24R360-e829b21a6f8c9b70876ba0858053c04477534ef55a1706bf4c1112bbb242f0a2.sdkstatcache -output-file-map /Users/admin/builder/spi-builder-workspace/.derivedData/Build/Intermediates.noindex/Diligence.build/Debug-watchos/Diligence-t.build/Objects-normal/arm64/Diligence-OutputFileMap.json -save-temps -no-color-diagnostics -explicit-module-build -module-cache-path /Users/admin/builder/spi-builder-workspace/.derivedData/Build/Intermediates.noindex/SwiftExplicitPrecompiledModules -clang-scanner-module-cache-path /Users/admin/builder/spi-builder-workspace/.derivedData/ModuleCache.noindex -sdk-module-cache-path /Users/admin/builder/spi-builder-workspace/.derivedData/SDKExplicitPrecompiledModules -emit-dependencies -emit-module -emit-module-path /Users/admin/builder/spi-builder-workspace/.derivedData/Build/Intermediates.noindex/Diligence.build/Debug-watchos/Diligence-t.build/Objects-normal/arm64/Diligence.swiftmodule -serialize-diagnostics -dependency-scan-serialize-diagnostics-path /Users/admin/builder/spi-builder-workspace/.derivedData/Build/Intermediates.noindex/Diligence.build/Debug-watchos/Diligence-t.build/Objects-normal/arm64/Diligence-dependency-scan.dia -validate-clang-modules-once -clang-build-session-file /Users/admin/builder/spi-builder-workspace/.derivedData/ModuleCache.noindex/Session.modulevalidation -Xcc -fmodules-prune-interval\=86400 -Xcc -fmodules-prune-after\=345600 -emit-const-values -const-gather-protocols-list /Users/admin/builder/spi-builder-workspace/.derivedData/Build/Intermediates.noindex/Diligence.build/Debug-watchos/Diligence-t.build/Objects-normal/arm64/Diligence_const_extract_protocols.json -Xcc -I/Users/admin/builder/spi-builder-workspace/.derivedData/Build/Products/Debug-watchos/include -Xcc -I/Users/admin/builder/spi-builder-workspace/.derivedData/Build/Intermediates.noindex/Diligence.build/Debug-watchos/Diligence-t.build/DerivedSources-normal/arm64 -Xcc -I/Users/admin/builder/spi-builder-workspace/.derivedData/Build/Intermediates.noindex/Diligence.build/Debug-watchos/Diligence-t.build/DerivedSources/arm64 -Xcc -I/Users/admin/builder/spi-builder-workspace/.derivedData/Build/Intermediates.noindex/Diligence.build/Debug-watchos/Diligence-t.build/DerivedSources -Xcc -DSWIFT_PACKAGE -Xcc -DDEBUG\=1 -emit-objc-header -emit-objc-header-path /Users/admin/builder/spi-builder-workspace/.derivedData/Build/Intermediates.noindex/Diligence.build/Debug-watchos/Diligence-t.build/Objects-normal/arm64/Diligence-Swift.h -working-directory /Users/admin/builder/spi-builder-workspace/.swiftpm/xcode -experimental-emit-module-separately -disable-cmo
SwiftDriver Diligence normal arm64_32 com.apple.xcode.tools.swift.compiler (in target 'Diligence' from project 'Diligence')
cd /Users/admin/builder/spi-builder-workspace/.swiftpm/xcode
builtin-SwiftDriver -- /Applications/Xcode-27.0.0-Release.Candidate.app/Contents/Developer/Toolchains/XcodeDefault.xctoolchain/usr/bin/swiftc -parse-as-library -module-name Diligence -Onone @/Users/admin/builder/spi-builder-workspace/.derivedData/Build/Intermediates.noindex/Diligence.build/Debug-watchos/Diligence-t.build/Objects-normal/arm64_32/Diligence.SwiftFileList -DSWIFT_PACKAGE -DDEBUG -DSWIFT_MODULE_RESOURCE_BUNDLE_AVAILABLE -DXcode -plugin-path /Applications/Xcode-27.0.0-Release.Candidate.app/Contents/Developer/Toolchains/XcodeDefault.xctoolchain/usr/lib/swift/host/plugins/testing -enable-experimental-feature DebugDescriptionMacro -sdk /Applications/Xcode-27.0.0-Release.Candidate.app/Contents/Developer/Platforms/WatchOS.platform/Developer/SDKs/WatchOS27.0.sdk -target arm64_32-apple-watchos9.0 -g -module-cache-path /Users/admin/builder/spi-builder-workspace/.derivedData/ModuleCache.noindex -Xfrontend -serialize-debugging-options -profile-coverage-mapping -profile-generate -enable-testing -index-store-path /Users/admin/builder/spi-builder-workspace/.derivedData/Index.noindex/DataStore -Xcc -D_LIBCPP_HARDENING_MODE\=_LIBCPP_HARDENING_MODE_DEBUG -swift-version 5 -I /Users/admin/builder/spi-builder-workspace/.derivedData/Build/Products/Debug-watchos -Isystem /Applications/Xcode-27.0.0-Release.Candidate.app/Contents/Developer/Platforms/WatchOS.platform/Developer/usr/lib -F /Users/admin/builder/spi-builder-workspace/.derivedData/Build/Products/Debug-watchos/PackageFrameworks -F /Users/admin/builder/spi-builder-workspace/.derivedData/Build/Products/Debug-watchos -F /Applications/Xcode-27.0.0-Release.Candidate.app/Contents/Developer/Platforms/WatchOS.platform/Developer/Library/Frameworks -F /Applications/Xcode-27.0.0-Release.Candidate.app/Contents/Developer/Platforms/WatchOS.platform/Developer/SDKs/WatchOS27.0.sdk/Developer/Library/Frameworks -c -j10 -enable-batch-mode -incremental -Xcc -ivfsstatcache -Xcc /Users/admin/builder/spi-builder-workspace/.derivedData/SDKStatCaches.noindex/watchos27.0-24R360-e829b21a6f8c9b70876ba0858053c04477534ef55a1706bf4c1112bbb242f0a2.sdkstatcache -output-file-map /Users/admin/builder/spi-builder-workspace/.derivedData/Build/Intermediates.noindex/Diligence.build/Debug-watchos/Diligence-t.build/Objects-normal/arm64_32/Diligence-OutputFileMap.json -save-temps -no-color-diagnostics -explicit-module-build -module-cache-path /Users/admin/builder/spi-builder-workspace/.derivedData/Build/Intermediates.noindex/SwiftExplicitPrecompiledModules -clang-scanner-module-cache-path /Users/admin/builder/spi-builder-workspace/.derivedData/ModuleCache.noindex -sdk-module-cache-path /Users/admin/builder/spi-builder-workspace/.derivedData/SDKExplicitPrecompiledModules -emit-dependencies -emit-module -emit-module-path /Users/admin/builder/spi-builder-workspace/.derivedData/Build/Intermediates.noindex/Diligence.build/Debug-watchos/Diligence-t.build/Objects-normal/arm64_32/Diligence.swiftmodule -serialize-diagnostics -dependency-scan-serialize-diagnostics-path /Users/admin/builder/spi-builder-workspace/.derivedData/Build/Intermediates.noindex/Diligence.build/Debug-watchos/Diligence-t.build/Objects-normal/arm64_32/Diligence-dependency-scan.dia -validate-clang-modules-once -clang-build-session-file /Users/admin/builder/spi-builder-workspace/.derivedData/ModuleCache.noindex/Session.modulevalidation -Xcc -fmodules-prune-interval\=86400 -Xcc -fmodules-prune-after\=345600 -emit-const-values -const-gather-protocols-list /Users/admin/builder/spi-builder-workspace/.derivedData/Build/Intermediates.noindex/Diligence.build/Debug-watchos/Diligence-t.build/Objects-normal/arm64_32/Diligence_const_extract_protocols.json -Xcc -I/Users/admin/builder/spi-builder-workspace/.derivedData/Build/Products/Debug-watchos/include -Xcc -I/Users/admin/builder/spi-builder-workspace/.derivedData/Build/Intermediates.noindex/Diligence.build/Debug-watchos/Diligence-t.build/DerivedSources-normal/arm64_32 -Xcc -I/Users/admin/builder/spi-builder-workspace/.derivedData/Build/Intermediates.noindex/Diligence.build/Debug-watchos/Diligence-t.build/DerivedSources/arm64_32 -Xcc -I/Users/admin/builder/spi-builder-workspace/.derivedData/Build/Intermediates.noindex/Diligence.build/Debug-watchos/Diligence-t.build/DerivedSources -Xcc -DSWIFT_PACKAGE -Xcc -DDEBUG\=1 -emit-objc-header -emit-objc-header-path /Users/admin/builder/spi-builder-workspace/.derivedData/Build/Intermediates.noindex/Diligence.build/Debug-watchos/Diligence-t.build/Objects-normal/arm64_32/Diligence-Swift.h -working-directory /Users/admin/builder/spi-builder-workspace/.swiftpm/xcode -experimental-emit-module-separately -disable-cmo
SwiftEmitModule normal arm64_32 Emitting\ module\ for\ Diligence (in target 'Diligence' from project 'Diligence')
/Users/admin/builder/spi-builder-workspace/Sources/Diligence/Commands/ActionsCommands.swift:27:21: error: 'CommandGroupPlacement' is unavailable in watchOS
25 |
26 | public enum Placement {
27 | case before(CommandGroupPlacement)
| `- error: 'CommandGroupPlacement' is unavailable in watchOS
28 | case after(CommandGroupPlacement)
29 | case replacing(CommandGroupPlacement)
SwiftUI.CommandGroupPlacement:4:15: note: 'CommandGroupPlacement' has been explicitly marked unavailable here
2 | @available(tvOS, unavailable)
3 | @available(watchOS, unavailable)
4 | public struct CommandGroupPlacement : Sendable {
| `- note: 'CommandGroupPlacement' has been explicitly marked unavailable here
5 | public static let appInfo: CommandGroupPlacement
6 | public static let appSettings: CommandGroupPlacement
/Users/admin/builder/spi-builder-workspace/Sources/Diligence/Commands/ActionsCommands.swift:28:20: error: 'CommandGroupPlacement' is unavailable in watchOS
26 | public enum Placement {
27 | case before(CommandGroupPlacement)
28 | case after(CommandGroupPlacement)
| `- error: 'CommandGroupPlacement' is unavailable in watchOS
29 | case replacing(CommandGroupPlacement)
30 | }
SwiftUI.CommandGroupPlacement:4:15: note: 'CommandGroupPlacement' has been explicitly marked unavailable here
2 | @available(tvOS, unavailable)
3 | @available(watchOS, unavailable)
4 | public struct CommandGroupPlacement : Sendable {
| `- note: 'CommandGroupPlacement' has been explicitly marked unavailable here
5 | public static let appInfo: CommandGroupPlacement
6 | public static let appSettings: CommandGroupPlacement
/Users/admin/builder/spi-builder-workspace/Sources/Diligence/Commands/ActionsCommands.swift:29:24: error: 'CommandGroupPlacement' is unavailable in watchOS
27 | case before(CommandGroupPlacement)
28 | case after(CommandGroupPlacement)
29 | case replacing(CommandGroupPlacement)
| `- error: 'CommandGroupPlacement' is unavailable in watchOS
30 | }
31 |
SwiftUI.CommandGroupPlacement:4:15: note: 'CommandGroupPlacement' has been explicitly marked unavailable here
2 | @available(tvOS, unavailable)
3 | @available(watchOS, unavailable)
4 | public struct CommandGroupPlacement : Sendable {
| `- note: 'CommandGroupPlacement' has been explicitly marked unavailable here
5 | public static let appInfo: CommandGroupPlacement
6 | public static let appSettings: CommandGroupPlacement
/Users/admin/builder/spi-builder-workspace/Sources/Diligence/Commands/ActionsCommands.swift:57:27: error: 'Commands' is unavailable in watchOS
55 | }
56 |
57 | public var body: some Commands {
| `- error: 'Commands' is unavailable in watchOS
58 | switch placement {
59 | case .before(let before):
SwiftUI.Commands:4:44: note: 'Commands' has been explicitly marked unavailable here
2 | @available(tvOS, unavailable)
3 | @available(watchOS, unavailable)
4 | @MainActor @preconcurrency public protocol Commands {
| `- note: 'Commands' has been explicitly marked unavailable here
5 | associatedtype Body : Commands
6 | @ContentBuilder @MainActor @preconcurrency var body: Self.Body { get }
/Users/admin/builder/spi-builder-workspace/Sources/Diligence/Commands/ActionsCommands.swift:24:32: error: 'Commands' is unavailable in watchOS
22 |
23 | @available(macOS 13, *, iOS 16, *)
24 | public struct ActionsCommands: Commands {
| `- error: 'Commands' is unavailable in watchOS
25 |
26 | public enum Placement {
SwiftUI.Commands:4:44: note: 'Commands' has been explicitly marked unavailable here
2 | @available(tvOS, unavailable)
3 | @available(watchOS, unavailable)
4 | @MainActor @preconcurrency public protocol Commands {
| `- note: 'Commands' has been explicitly marked unavailable here
5 | associatedtype Body : Commands
6 | @ContentBuilder @MainActor @preconcurrency var body: Self.Body { get }
Failed frontend command:
SwiftCompile normal arm64_32 (in target 'Diligence' from project 'Diligence')
cd /Users/admin/builder/spi-builder-workspace/.swiftpm/xcode
/Applications/Xcode-27.0.0-Release.Candidate.app/Contents/Developer/Toolchains/XcodeDefault.xctoolchain/usr/bin/swift-frontend -frontend -emit-module -experimental-skip-non-inlinable-function-bodies-without-types /Users/admin/builder/spi-builder-workspace/.derivedData/Build/Intermediates.noindex/Diligence.build/Debug-watchos/Diligence-t.build/DerivedSources/resource_bundle_accessor.swift /Users/admin/builder/spi-builder-workspace/Sources/Diligence/Builders/AcknowledgementsBuilder.swift /Users/admin/builder/spi-builder-workspace/Sources/Diligence/Builders/ActionsBuilder.swift /Users/admin/builder/spi-builder-workspace/Sources/Diligence/Builders/CreditsBuilder.swift /Users/admin/builder/spi-builder-workspace/Sources/Diligence/Builders/LicenseGroupsBuilder.swift /Users/admin/builder/spi-builder-workspace/Sources/Diligence/Builders/LicensesBuilder.swift /Users/admin/builder/spi-builder-workspace/Sources/Diligence/Commands/AboutCommands.swift /Users/admin/builder/spi-builder-workspace/Sources/Diligence/Commands/ActionsCommands.swift /Users/admin/builder/spi-builder-workspace/Sources/Diligence/Environment/PrefersTextualRepresentationEnvironmentKey.swift /Users/admin/builder/spi-builder-workspace/Sources/Diligence/Extensions/Array.swift /Users/admin/builder/spi-builder-workspace/Sources/Diligence/Extensions/Bundle.swift /Users/admin/builder/spi-builder-workspace/Sources/Diligence/Extensions/Color.swift /Users/admin/builder/spi-builder-workspace/Sources/Diligence/Extensions/Licensable.swift /Users/admin/builder/spi-builder-workspace/Sources/Diligence/Extensions/NSWindow.swift /Users/admin/builder/spi-builder-workspace/Sources/Diligence/Extensions/String.swift /Users/admin/builder/spi-builder-workspace/Sources/Diligence/Extensions/UIView.swift /Users/admin/builder/spi-builder-workspace/Sources/Diligence/Extensions/URL.swift /Users/admin/builder/spi-builder-workspace/Sources/Diligence/Extensions/View.swift /Users/admin/builder/spi-builder-workspace/Sources/Diligence/Model/Acknowledgements.swift /Users/admin/builder/spi-builder-workspace/Sources/Diligence/Model/Action.swift /Users/admin/builder/spi-builder-workspace/Sources/Diligence/Model/Contents.swift /Users/admin/builder/spi-builder-workspace/Sources/Diligence/Model/Credit.swift /Users/admin/builder/spi-builder-workspace/Sources/Diligence/Model/License.swift /Users/admin/builder/spi-builder-workspace/Sources/Diligence/Model/LicenseGroup.swift /Users/admin/builder/spi-builder-workspace/Sources/Diligence/Model/NamedURL.swift /Users/admin/builder/spi-builder-workspace/Sources/Diligence/Scenes/AboutWindowGroup.swift /Users/admin/builder/spi-builder-workspace/Sources/Diligence/Scenes/MacAboutWindow.swift /Users/admin/builder/spi-builder-workspace/Sources/Diligence/Scenes/MacLicenseWindowGroup.swift /Users/admin/builder/spi-builder-workspace/Sources/Diligence/Styles/AttributeLabeledContentStyle.swift /Users/admin/builder/spi-builder-workspace/Sources/Diligence/Styles/TableViewRow.swift /Users/admin/builder/spi-builder-workspace/Sources/Diligence/Utilities/NativeFont.swift /Users/admin/builder/spi-builder-workspace/Sources/Diligence/View\ Modifiers/HookView.swift /Users/admin/builder/spi-builder-workspace/Sources/Diligence/View\ Modifiers/HorizontalSpace.swift /Users/admin/builder/spi-builder-workspace/Sources/Diligence/View\ Modifiers/Hyperlink.swift /Users/admin/builder/spi-builder-workspace/Sources/Diligence/View\ Modifiers/IsVisibleInScrollView.swift /Users/admin/builder/spi-builder-workspace/Sources/Diligence/View\ Modifiers/PaddingWithMultiplier.swift /Users/admin/builder/spi-builder-workspace/Sources/Diligence/View\ Modifiers/UnderlinesForDifferentiation.swift /Users/admin/builder/spi-builder-workspace/Sources/Diligence/Views/AboutButton.swift /Users/admin/builder/spi-builder-workspace/Sources/Diligence/Views/AboutLink.swift /Users/admin/builder/spi-builder-workspace/Sources/Diligence/Views/AboutView.swift /Users/admin/builder/spi-builder-workspace/Sources/Diligence/Views/ActionSection.swift /Users/admin/builder/spi-builder-workspace/Sources/Diligence/Views/ApplicationNameTitle.swift /Users/admin/builder/spi-builder-workspace/Sources/Diligence/Views/BuildSection.swift /Users/admin/builder/spi-builder-workspace/Sources/Diligence/Views/CreditSection.swift /Users/admin/builder/spi-builder-workspace/Sources/Diligence/Views/DefaultAboutLinkLabel.swift /Users/admin/builder/spi-builder-workspace/Sources/Diligence/Views/HeaderSection.swift /Users/admin/builder/spi-builder-workspace/Sources/Diligence/Views/Icon.swift /Users/admin/builder/spi-builder-workspace/Sources/Diligence/Views/LabeledContent.swift /Users/admin/builder/spi-builder-workspace/Sources/Diligence/Views/LicenseRow.swift /Users/admin/builder/spi-builder-workspace/Sources/Diligence/Views/LicenseSection.swift /Users/admin/builder/spi-builder-workspace/Sources/Diligence/Views/LicenseView.swift /Users/admin/builder/spi-builder-workspace/Sources/Diligence/Views/Link.swift /Users/admin/builder/spi-builder-workspace/Sources/Diligence/Views/MacAboutSection.swift /Users/admin/builder/spi-builder-workspace/Sources/Diligence/Views/MacAboutView.swift /Users/admin/builder/spi-builder-workspace/Sources/Diligence/Views/MacIcon.swift /Users/admin/builder/spi-builder-workspace/Sources/Diligence/Views/MacLicenseView.swift /Users/admin/builder/spi-builder-workspace/Sources/Diligence/Views/NonWrappingText.swift /Users/admin/builder/spi-builder-workspace/Sources/Diligence/Views/PhoneAboutView.swift /Users/admin/builder/spi-builder-workspace/Sources/Diligence/Views/TextOrImage.swift /Users/admin/builder/spi-builder-workspace/Sources/Diligence/Windows/NSLicenseWindow.swift -target arm64_32-apple-watchos9.0 -disable-cross-import-overlay-search -load-resolved-plugin /Applications/Xcode-27.0.0-Release.Candidate.app/Contents/Developer/Platforms/WatchOS.platform/Developer/usr/lib/swift/host/plugins/libFoundationMacros.dylib\#/Applications/Xcode-27.0.0-Release.Candidate.app/Contents/Developer/Platforms/WatchOS.platform/Developer/usr/bin/swift-plugin-server\#FoundationMacros -load-resolved-plugin /Applications/Xcode-27.0.0-Release.Candidate.app/Contents/Developer/Platforms/WatchOS.platform/Developer/usr/lib/swift/host/plugins/libObservationMacros.dylib\#/Applications/Xcode-27.0.0-Release.Candidate.app/Contents/Developer/Platforms/WatchOS.platform/Developer/usr/bin/swift-plugin-server\#ObservationMacros -load-resolved-plugin /Applications/Xcode-27.0.0-Release.Candidate.app/Contents/Developer/Platforms/WatchOS.platform/Developer/usr/lib/swift/host/plugins/libPreviewsMacros.dylib\#/Applications/Xcode-27.0.0-Release.Candidate.app/Contents/Developer/Platforms/WatchOS.platform/Developer/usr/bin/swift-plugin-server\#PreviewsMacros -load-resolved-plugin /Applications/Xcode-27.0.0-Release.Candidate.app/Contents/Developer/Platforms/WatchOS.platform/Developer/usr/lib/swift/host/plugins/libSwiftMacros.dylib\#/Applications/Xcode-27.0.0-Release.Candidate.app/Contents/Developer/Platforms/WatchOS.platform/Developer/usr/bin/swift-plugin-server\#SwiftMacros -load-resolved-plugin /Applications/Xcode-27.0.0-Release.Candidate.app/Contents/Developer/Platforms/WatchOS.platform/Developer/usr/lib/swift/host/plugins/libSwiftUIMacros.dylib\#/Applications/Xcode-27.0.0-Release.Candidate.app/Contents/Developer/Platforms/WatchOS.platform/Developer/usr/bin/swift-plugin-server\#SwiftUIMacros -disable-implicit-swift-modules -Xcc -fno-implicit-modules -Xcc -fno-implicit-module-maps -explicit-swift-module-map-file /Users/admin/builder/spi-builder-workspace/.derivedData/Build/Intermediates.noindex/Diligence.build/Debug-watchos/Diligence-t.build/Objects-normal/arm64_32/Diligence-dependencies-1.json -enable-objc-interop -sdk /Applications/Xcode-27.0.0-Release.Candidate.app/Contents/Developer/Platforms/WatchOS.platform/Developer/SDKs/WatchOS27.0.sdk -I /Users/admin/builder/spi-builder-workspace/.derivedData/Build/Products/Debug-watchos -Isystem /Applications/Xcode-27.0.0-Release.Candidate.app/Contents/Developer/Platforms/WatchOS.platform/Developer/usr/lib -F /Users/admin/builder/spi-builder-workspace/.derivedData/Build/Products/Debug-watchos/PackageFrameworks -F /Users/admin/builder/spi-builder-workspace/.derivedData/Build/Products/Debug-watchos -F /Applications/Xcode-27.0.0-Release.Candidate.app/Contents/Developer/Platforms/WatchOS.platform/Developer/Library/Frameworks -F /Applications/Xcode-27.0.0-Release.Candidate.app/Contents/Developer/Platforms/WatchOS.platform/Developer/SDKs/WatchOS27.0.sdk/Developer/Library/Frameworks -module-cache-path /Users/admin/builder/spi-builder-workspace/.derivedData/Build/Intermediates.noindex/SwiftExplicitPrecompiledModules -no-color-diagnostics -Xcc -fno-color-diagnostics -enable-testing -g -debug-info-format\=dwarf -dwarf-version\=4 -profile-generate -profile-coverage-mapping -swift-version 5 -Onone -D SWIFT_PACKAGE -D DEBUG -D SWIFT_MODULE_RESOURCE_BUNDLE_AVAILABLE -D Xcode -serialize-debugging-options -enable-experimental-feature DebugDescriptionMacro -empty-abi-descriptor -validate-clang-modules-once -clang-build-session-file /Users/admin/builder/spi-builder-workspace/.derivedData/ModuleCache.noindex/Session.modulevalidation -Xcc -working-directory -Xcc /Users/admin/builder/spi-builder-workspace/.swiftpm/xcode -enable-anonymous-context-mangled-names -file-compilation-dir /Users/admin/builder/spi-builder-workspace/.swiftpm/xcode -Xcc -D_LIBCPP_HARDENING_MODE\=_LIBCPP_HARDENING_MODE_DEBUG -Xcc -ivfsstatcache -Xcc /Users/admin/builder/spi-builder-workspace/.derivedData/SDKStatCaches.noindex/watchos27.0-24R360-e829b21a6f8c9b70876ba0858053c04477534ef55a1706bf4c1112bbb242f0a2.sdkstatcache -Xcc -fmodules-prune-interval\=86400 -Xcc -fmodules-prune-after\=345600 -Xcc -I/Users/admin/builder/spi-builder-workspace/.derivedData/Build/Products/Debug-watchos/include -Xcc -I/Users/admin/builder/spi-builder-workspace/.derivedData/Build/Intermediates.noindex/Diligence.build/Debug-watchos/Diligence-t.build/DerivedSources-normal/arm64_32 -Xcc -I/Users/admin/builder/spi-builder-workspace/.derivedData/Build/Intermediates.noindex/Diligence.build/Debug-watchos/Diligence-t.build/DerivedSources/arm64_32 -Xcc -I/Users/admin/builder/spi-builder-workspace/.derivedData/Build/Intermediates.noindex/Diligence.build/Debug-watchos/Diligence-t.build/DerivedSources -Xcc -DSWIFT_PACKAGE -Xcc -DDEBUG\=1 -no-auto-bridging-header-chaining -module-name Diligence -const-gather-protocols-file /Users/admin/builder/spi-builder-workspace/.derivedData/Build/Intermediates.noindex/Diligence.build/Debug-watchos/Diligence-t.build/Objects-normal/arm64_32/Diligence_const_extract_protocols.json -disable-clang-spi -clang-target arm64_32-apple-watchos27.0 -target-sdk-version 27.0 -target-sdk-name watchos27.0 -in-process-plugin-server-path /Applications/Xcode-27.0.0-Release.Candidate.app/Contents/Developer/Toolchains/XcodeDefault.xctoolchain/usr/lib/swift/host/libSwiftInProcPluginServer.dylib -emit-module-doc-path /Users/admin/builder/spi-builder-workspace/.derivedData/Build/Intermediates.noindex/Diligence.build/Debug-watchos/Diligence-t.build/Objects-normal/arm64_32/Diligence.swiftdoc -emit-module-source-info-path /Users/admin/builder/spi-builder-workspace/.derivedData/Build/Intermediates.noindex/Diligence.build/Debug-watchos/Diligence-t.build/Objects-normal/arm64_32/Diligence.swiftsourceinfo -emit-objc-header-path /Users/admin/builder/spi-builder-workspace/.derivedData/Build/Intermediates.noindex/Diligence.build/Debug-watchos/Diligence-t.build/Objects-normal/arm64_32/Diligence-Swift.h -serialize-diagnostics-path /Users/admin/builder/spi-builder-workspace/.derivedData/Build/Intermediates.noindex/Diligence.build/Debug-watchos/Diligence-t.build/Objects-normal/arm64_32/Diligence-primary-emit-module.dia -emit-dependencies-path /Users/admin/builder/spi-builder-workspace/.derivedData/Build/Intermediates.noindex/Diligence.build/Debug-watchos/Diligence-t.build/Objects-normal/arm64_32/Diligence-primary-emit-module.d -parse-as-library -o /Users/admin/builder/spi-builder-workspace/.derivedData/Build/Intermediates.noindex/Diligence.build/Debug-watchos/Diligence-t.build/Objects-normal/arm64_32/Diligence.swiftmodule -emit-abi-descriptor-path /Users/admin/builder/spi-builder-workspace/.derivedData/Build/Intermediates.noindex/Diligence.build/Debug-watchos/Diligence-t.build/Objects-normal/arm64_32/Diligence.abi.json
SwiftCompile normal arm64_32 Compiling\ Acknowledgements.swift,\ Action.swift,\ Contents.swift,\ Credit.swift,\ License.swift,\ LicenseGroup.swift /Users/admin/builder/spi-builder-workspace/Sources/Diligence/Model/Acknowledgements.swift /Users/admin/builder/spi-builder-workspace/Sources/Diligence/Model/Action.swift /Users/admin/builder/spi-builder-workspace/Sources/Diligence/Model/Contents.swift /Users/admin/builder/spi-builder-workspace/Sources/Diligence/Model/Credit.swift /Users/admin/builder/spi-builder-workspace/Sources/Diligence/Model/License.swift /Users/admin/builder/spi-builder-workspace/Sources/Diligence/Model/LicenseGroup.swift (in target 'Diligence' from project 'Diligence')
SwiftCompile normal arm64_32 /Users/admin/builder/spi-builder-workspace/Sources/Diligence/Model/Acknowledgements.swift (in target 'Diligence' from project 'Diligence')
cd /Users/admin/builder/spi-builder-workspace/.swiftpm/xcode
builtin-SwiftPerFileCompile Acknowledgements.swift
SwiftCompile normal arm64_32 /Users/admin/builder/spi-builder-workspace/Sources/Diligence/Model/Action.swift (in target 'Diligence' from project 'Diligence')
cd /Users/admin/builder/spi-builder-workspace/.swiftpm/xcode
builtin-SwiftPerFileCompile Action.swift
SwiftCompile normal arm64_32 /Users/admin/builder/spi-builder-workspace/Sources/Diligence/Model/Contents.swift (in target 'Diligence' from project 'Diligence')
cd /Users/admin/builder/spi-builder-workspace/.swiftpm/xcode
builtin-SwiftPerFileCompile Contents.swift
SwiftCompile normal arm64_32 /Users/admin/builder/spi-builder-workspace/Sources/Diligence/Model/Credit.swift (in target 'Diligence' from project 'Diligence')
cd /Users/admin/builder/spi-builder-workspace/.swiftpm/xcode
builtin-SwiftPerFileCompile Credit.swift
SwiftCompile normal arm64_32 /Users/admin/builder/spi-builder-workspace/Sources/Diligence/Model/License.swift (in target 'Diligence' from project 'Diligence')
cd /Users/admin/builder/spi-builder-workspace/.swiftpm/xcode
builtin-SwiftPerFileCompile License.swift
SwiftCompile normal arm64_32 /Users/admin/builder/spi-builder-workspace/Sources/Diligence/Model/LicenseGroup.swift (in target 'Diligence' from project 'Diligence')
cd /Users/admin/builder/spi-builder-workspace/.swiftpm/xcode
builtin-SwiftPerFileCompile LicenseGroup.swift
SwiftCompile normal arm64_32 Compiling\ NamedURL.swift,\ AboutWindowGroup.swift,\ MacAboutWindow.swift,\ MacLicenseWindowGroup.swift,\ AttributeLabeledContentStyle.swift,\ TableViewRow.swift /Users/admin/builder/spi-builder-workspace/Sources/Diligence/Model/NamedURL.swift /Users/admin/builder/spi-builder-workspace/Sources/Diligence/Scenes/AboutWindowGroup.swift /Users/admin/builder/spi-builder-workspace/Sources/Diligence/Scenes/MacAboutWindow.swift /Users/admin/builder/spi-builder-workspace/Sources/Diligence/Scenes/MacLicenseWindowGroup.swift /Users/admin/builder/spi-builder-workspace/Sources/Diligence/Styles/AttributeLabeledContentStyle.swift /Users/admin/builder/spi-builder-workspace/Sources/Diligence/Styles/TableViewRow.swift (in target 'Diligence' from project 'Diligence')
SwiftCompile normal arm64_32 /Users/admin/builder/spi-builder-workspace/Sources/Diligence/Model/NamedURL.swift (in target 'Diligence' from project 'Diligence')
cd /Users/admin/builder/spi-builder-workspace/.swiftpm/xcode
builtin-SwiftPerFileCompile NamedURL.swift
SwiftCompile normal arm64_32 /Users/admin/builder/spi-builder-workspace/Sources/Diligence/Scenes/AboutWindowGroup.swift (in target 'Diligence' from project 'Diligence')
cd /Users/admin/builder/spi-builder-workspace/.swiftpm/xcode
builtin-SwiftPerFileCompile AboutWindowGroup.swift
SwiftCompile normal arm64_32 /Users/admin/builder/spi-builder-workspace/Sources/Diligence/Scenes/MacAboutWindow.swift (in target 'Diligence' from project 'Diligence')
cd /Users/admin/builder/spi-builder-workspace/.swiftpm/xcode
builtin-SwiftPerFileCompile MacAboutWindow.swift
SwiftCompile normal arm64_32 /Users/admin/builder/spi-builder-workspace/Sources/Diligence/Scenes/MacLicenseWindowGroup.swift (in target 'Diligence' from project 'Diligence')
cd /Users/admin/builder/spi-builder-workspace/.swiftpm/xcode
builtin-SwiftPerFileCompile MacLicenseWindowGroup.swift
SwiftCompile normal arm64_32 /Users/admin/builder/spi-builder-workspace/Sources/Diligence/Styles/AttributeLabeledContentStyle.swift (in target 'Diligence' from project 'Diligence')
cd /Users/admin/builder/spi-builder-workspace/.swiftpm/xcode
builtin-SwiftPerFileCompile AttributeLabeledContentStyle.swift
SwiftCompile normal arm64_32 /Users/admin/builder/spi-builder-workspace/Sources/Diligence/Styles/TableViewRow.swift (in target 'Diligence' from project 'Diligence')
cd /Users/admin/builder/spi-builder-workspace/.swiftpm/xcode
builtin-SwiftPerFileCompile TableViewRow.swift
SwiftCompile normal arm64_32 Compiling\ UnderlinesForDifferentiation.swift,\ AboutButton.swift,\ AboutLink.swift,\ AboutView.swift,\ ActionSection.swift,\ ApplicationNameTitle.swift /Users/admin/builder/spi-builder-workspace/Sources/Diligence/View\ Modifiers/UnderlinesForDifferentiation.swift /Users/admin/builder/spi-builder-workspace/Sources/Diligence/Views/AboutButton.swift /Users/admin/builder/spi-builder-workspace/Sources/Diligence/Views/AboutLink.swift /Users/admin/builder/spi-builder-workspace/Sources/Diligence/Views/AboutView.swift /Users/admin/builder/spi-builder-workspace/Sources/Diligence/Views/ActionSection.swift /Users/admin/builder/spi-builder-workspace/Sources/Diligence/Views/ApplicationNameTitle.swift (in target 'Diligence' from project 'Diligence')
SwiftCompile normal arm64_32 /Users/admin/builder/spi-builder-workspace/Sources/Diligence/View\ Modifiers/UnderlinesForDifferentiation.swift (in target 'Diligence' from project 'Diligence')
cd /Users/admin/builder/spi-builder-workspace/.swiftpm/xcode
builtin-SwiftPerFileCompile UnderlinesForDifferentiation.swift
SwiftCompile normal arm64_32 /Users/admin/builder/spi-builder-workspace/Sources/Diligence/Views/AboutButton.swift (in target 'Diligence' from project 'Diligence')
cd /Users/admin/builder/spi-builder-workspace/.swiftpm/xcode
builtin-SwiftPerFileCompile AboutButton.swift
SwiftCompile normal arm64_32 /Users/admin/builder/spi-builder-workspace/Sources/Diligence/Views/AboutLink.swift (in target 'Diligence' from project 'Diligence')
cd /Users/admin/builder/spi-builder-workspace/.swiftpm/xcode
builtin-SwiftPerFileCompile AboutLink.swift
SwiftCompile normal arm64_32 /Users/admin/builder/spi-builder-workspace/Sources/Diligence/Views/AboutView.swift (in target 'Diligence' from project 'Diligence')
cd /Users/admin/builder/spi-builder-workspace/.swiftpm/xcode
builtin-SwiftPerFileCompile AboutView.swift
SwiftCompile normal arm64_32 /Users/admin/builder/spi-builder-workspace/Sources/Diligence/Views/ActionSection.swift (in target 'Diligence' from project 'Diligence')
cd /Users/admin/builder/spi-builder-workspace/.swiftpm/xcode
builtin-SwiftPerFileCompile ActionSection.swift
SwiftCompile normal arm64_32 /Users/admin/builder/spi-builder-workspace/Sources/Diligence/Views/ApplicationNameTitle.swift (in target 'Diligence' from project 'Diligence')
cd /Users/admin/builder/spi-builder-workspace/.swiftpm/xcode
builtin-SwiftPerFileCompile ApplicationNameTitle.swift
SwiftCompile normal arm64_32 Compiling\ resource_bundle_accessor.swift,\ AcknowledgementsBuilder.swift,\ ActionsBuilder.swift,\ CreditsBuilder.swift,\ LicenseGroupsBuilder.swift,\ LicensesBuilder.swift /Users/admin/builder/spi-builder-workspace/.derivedData/Build/Intermediates.noindex/Diligence.build/Debug-watchos/Diligence-t.build/DerivedSources/resource_bundle_accessor.swift /Users/admin/builder/spi-builder-workspace/Sources/Diligence/Builders/AcknowledgementsBuilder.swift /Users/admin/builder/spi-builder-workspace/Sources/Diligence/Builders/ActionsBuilder.swift /Users/admin/builder/spi-builder-workspace/Sources/Diligence/Builders/CreditsBuilder.swift /Users/admin/builder/spi-builder-workspace/Sources/Diligence/Builders/LicenseGroupsBuilder.swift /Users/admin/builder/spi-builder-workspace/Sources/Diligence/Builders/LicensesBuilder.swift (in target 'Diligence' from project 'Diligence')
SwiftCompile normal arm64_32 /Users/admin/builder/spi-builder-workspace/.derivedData/Build/Intermediates.noindex/Diligence.build/Debug-watchos/Diligence-t.build/DerivedSources/resource_bundle_accessor.swift (in target 'Diligence' from project 'Diligence')
cd /Users/admin/builder/spi-builder-workspace/.swiftpm/xcode
builtin-SwiftPerFileCompile resource_bundle_accessor.swift
SwiftCompile normal arm64_32 /Users/admin/builder/spi-builder-workspace/Sources/Diligence/Builders/AcknowledgementsBuilder.swift (in target 'Diligence' from project 'Diligence')
cd /Users/admin/builder/spi-builder-workspace/.swiftpm/xcode
builtin-SwiftPerFileCompile AcknowledgementsBuilder.swift
SwiftCompile normal arm64_32 /Users/admin/builder/spi-builder-workspace/Sources/Diligence/Builders/ActionsBuilder.swift (in target 'Diligence' from project 'Diligence')
cd /Users/admin/builder/spi-builder-workspace/.swiftpm/xcode
builtin-SwiftPerFileCompile ActionsBuilder.swift
SwiftCompile normal arm64_32 /Users/admin/builder/spi-builder-workspace/Sources/Diligence/Builders/CreditsBuilder.swift (in target 'Diligence' from project 'Diligence')
cd /Users/admin/builder/spi-builder-workspace/.swiftpm/xcode
builtin-SwiftPerFileCompile CreditsBuilder.swift
SwiftCompile normal arm64_32 /Users/admin/builder/spi-builder-workspace/Sources/Diligence/Builders/LicenseGroupsBuilder.swift (in target 'Diligence' from project 'Diligence')
cd /Users/admin/builder/spi-builder-workspace/.swiftpm/xcode
builtin-SwiftPerFileCompile LicenseGroupsBuilder.swift
SwiftCompile normal arm64_32 /Users/admin/builder/spi-builder-workspace/Sources/Diligence/Builders/LicensesBuilder.swift (in target 'Diligence' from project 'Diligence')
cd /Users/admin/builder/spi-builder-workspace/.swiftpm/xcode
builtin-SwiftPerFileCompile LicensesBuilder.swift
SwiftCompile normal arm64_32 Compiling\ Licensable.swift,\ NSWindow.swift,\ String.swift,\ UIView.swift,\ URL.swift,\ View.swift /Users/admin/builder/spi-builder-workspace/Sources/Diligence/Extensions/Licensable.swift /Users/admin/builder/spi-builder-workspace/Sources/Diligence/Extensions/NSWindow.swift /Users/admin/builder/spi-builder-workspace/Sources/Diligence/Extensions/String.swift /Users/admin/builder/spi-builder-workspace/Sources/Diligence/Extensions/UIView.swift /Users/admin/builder/spi-builder-workspace/Sources/Diligence/Extensions/URL.swift /Users/admin/builder/spi-builder-workspace/Sources/Diligence/Extensions/View.swift (in target 'Diligence' from project 'Diligence')
SwiftCompile normal arm64_32 /Users/admin/builder/spi-builder-workspace/Sources/Diligence/Extensions/Licensable.swift (in target 'Diligence' from project 'Diligence')
cd /Users/admin/builder/spi-builder-workspace/.swiftpm/xcode
builtin-SwiftPerFileCompile Licensable.swift
SwiftCompile normal arm64_32 /Users/admin/builder/spi-builder-workspace/Sources/Diligence/Extensions/NSWindow.swift (in target 'Diligence' from project 'Diligence')
cd /Users/admin/builder/spi-builder-workspace/.swiftpm/xcode
builtin-SwiftPerFileCompile NSWindow.swift
SwiftCompile normal arm64_32 /Users/admin/builder/spi-builder-workspace/Sources/Diligence/Extensions/String.swift (in target 'Diligence' from project 'Diligence')
cd /Users/admin/builder/spi-builder-workspace/.swiftpm/xcode
builtin-SwiftPerFileCompile String.swift
SwiftCompile normal arm64_32 /Users/admin/builder/spi-builder-workspace/Sources/Diligence/Extensions/UIView.swift (in target 'Diligence' from project 'Diligence')
cd /Users/admin/builder/spi-builder-workspace/.swiftpm/xcode
builtin-SwiftPerFileCompile UIView.swift
SwiftCompile normal arm64_32 /Users/admin/builder/spi-builder-workspace/Sources/Diligence/Extensions/URL.swift (in target 'Diligence' from project 'Diligence')
cd /Users/admin/builder/spi-builder-workspace/.swiftpm/xcode
builtin-SwiftPerFileCompile URL.swift
SwiftCompile normal arm64_32 /Users/admin/builder/spi-builder-workspace/Sources/Diligence/Extensions/View.swift (in target 'Diligence' from project 'Diligence')
cd /Users/admin/builder/spi-builder-workspace/.swiftpm/xcode
builtin-SwiftPerFileCompile View.swift
SwiftCompile normal arm64_32 Compiling\ AboutCommands.swift,\ ActionsCommands.swift,\ PrefersTextualRepresentationEnvironmentKey.swift,\ Array.swift,\ Bundle.swift,\ Color.swift /Users/admin/builder/spi-builder-workspace/Sources/Diligence/Commands/AboutCommands.swift /Users/admin/builder/spi-builder-workspace/Sources/Diligence/Commands/ActionsCommands.swift /Users/admin/builder/spi-builder-workspace/Sources/Diligence/Environment/PrefersTextualRepresentationEnvironmentKey.swift /Users/admin/builder/spi-builder-workspace/Sources/Diligence/Extensions/Array.swift /Users/admin/builder/spi-builder-workspace/Sources/Diligence/Extensions/Bundle.swift /Users/admin/builder/spi-builder-workspace/Sources/Diligence/Extensions/Color.swift (in target 'Diligence' from project 'Diligence')
/Users/admin/builder/spi-builder-workspace/Sources/Diligence/Commands/ActionsCommands.swift:27:21: error: 'CommandGroupPlacement' is unavailable in watchOS
25 |
26 | public enum Placement {
27 | case before(CommandGroupPlacement)
| `- error: 'CommandGroupPlacement' is unavailable in watchOS
28 | case after(CommandGroupPlacement)
29 | case replacing(CommandGroupPlacement)
SwiftUI.CommandGroupPlacement:4:15: note: 'CommandGroupPlacement' has been explicitly marked unavailable here
2 | @available(tvOS, unavailable)
3 | @available(watchOS, unavailable)
4 | public struct CommandGroupPlacement : Sendable {
| `- note: 'CommandGroupPlacement' has been explicitly marked unavailable here
5 | public static let appInfo: CommandGroupPlacement
6 | public static let appSettings: CommandGroupPlacement
/Users/admin/builder/spi-builder-workspace/Sources/Diligence/Commands/ActionsCommands.swift:28:20: error: 'CommandGroupPlacement' is unavailable in watchOS
26 | public enum Placement {
27 | case before(CommandGroupPlacement)
28 | case after(CommandGroupPlacement)
| `- error: 'CommandGroupPlacement' is unavailable in watchOS
29 | case replacing(CommandGroupPlacement)
30 | }
SwiftUI.CommandGroupPlacement:4:15: note: 'CommandGroupPlacement' has been explicitly marked unavailable here
2 | @available(tvOS, unavailable)
3 | @available(watchOS, unavailable)
4 | public struct CommandGroupPlacement : Sendable {
| `- note: 'CommandGroupPlacement' has been explicitly marked unavailable here
5 | public static let appInfo: CommandGroupPlacement
6 | public static let appSettings: CommandGroupPlacement
/Users/admin/builder/spi-builder-workspace/Sources/Diligence/Commands/ActionsCommands.swift:29:24: error: 'CommandGroupPlacement' is unavailable in watchOS
27 | case before(CommandGroupPlacement)
28 | case after(CommandGroupPlacement)
29 | case replacing(CommandGroupPlacement)
| `- error: 'CommandGroupPlacement' is unavailable in watchOS
30 | }
31 |
SwiftUI.CommandGroupPlacement:4:15: note: 'CommandGroupPlacement' has been explicitly marked unavailable here
2 | @available(tvOS, unavailable)
3 | @available(watchOS, unavailable)
4 | public struct CommandGroupPlacement : Sendable {
| `- note: 'CommandGroupPlacement' has been explicitly marked unavailable here
5 | public static let appInfo: CommandGroupPlacement
6 | public static let appSettings: CommandGroupPlacement
/Users/admin/builder/spi-builder-workspace/Sources/Diligence/Commands/ActionsCommands.swift:57:27: error: 'Commands' is unavailable in watchOS
55 | }
56 |
57 | public var body: some Commands {
| `- error: 'Commands' is unavailable in watchOS
58 | switch placement {
59 | case .before(let before):
SwiftUI.Commands:4:44: note: 'Commands' has been explicitly marked unavailable here
2 | @available(tvOS, unavailable)
3 | @available(watchOS, unavailable)
4 | @MainActor @preconcurrency public protocol Commands {
| `- note: 'Commands' has been explicitly marked unavailable here
5 | associatedtype Body : Commands
6 | @ContentBuilder @MainActor @preconcurrency var body: Self.Body { get }
/Users/admin/builder/spi-builder-workspace/Sources/Diligence/Commands/ActionsCommands.swift:24:32: error: 'Commands' is unavailable in watchOS
22 |
23 | @available(macOS 13, *, iOS 16, *)
24 | public struct ActionsCommands: Commands {
| `- error: 'Commands' is unavailable in watchOS
25 |
26 | public enum Placement {
SwiftUI.Commands:4:44: note: 'Commands' has been explicitly marked unavailable here
2 | @available(tvOS, unavailable)
3 | @available(watchOS, unavailable)
4 | @MainActor @preconcurrency public protocol Commands {
| `- note: 'Commands' has been explicitly marked unavailable here
5 | associatedtype Body : Commands
6 | @ContentBuilder @MainActor @preconcurrency var body: Self.Body { get }
/Users/admin/builder/spi-builder-workspace/Sources/Diligence/Commands/ActionsCommands.swift:60:13: error: 'CommandGroup' is unavailable in watchOS
58 | switch placement {
59 | case .before(let before):
60 | CommandGroup(before: before) {
| `- error: 'CommandGroup' is unavailable in watchOS
61 | buttons
62 | Divider()
SwiftUI.CommandGroup:4:27: note: 'CommandGroup' has been explicitly marked unavailable here
2 | @available(tvOS, unavailable)
3 | @available(watchOS, unavailable)
4 | nonisolated public struct CommandGroup<Content> : Commands, ~Sendable where Content : View {
| `- note: 'CommandGroup' has been explicitly marked unavailable here
5 | @available(iOS 15.0, macOS 12.0, *)
6 | public static func _makeCommands(content: _GraphValue<CommandGroup<Content>>, inputs: _CommandsInputs) -> _CommandsOutputs
/Users/admin/builder/spi-builder-workspace/Sources/Diligence/Commands/ActionsCommands.swift:65:13: error: 'CommandGroup' is unavailable in watchOS
63 | }
64 | case .after(let after):
65 | CommandGroup(after: after) {
| `- error: 'CommandGroup' is unavailable in watchOS
66 | Divider()
67 | buttons
SwiftUI.CommandGroup:4:27: note: 'CommandGroup' has been explicitly marked unavailable here
2 | @available(tvOS, unavailable)
3 | @available(watchOS, unavailable)
4 | nonisolated public struct CommandGroup<Content> : Commands, ~Sendable where Content : View {
| `- note: 'CommandGroup' has been explicitly marked unavailable here
5 | @available(iOS 15.0, macOS 12.0, *)
6 | public static func _makeCommands(content: _GraphValue<CommandGroup<Content>>, inputs: _CommandsInputs) -> _CommandsOutputs
/Users/admin/builder/spi-builder-workspace/Sources/Diligence/Commands/ActionsCommands.swift:70:13: error: 'CommandGroup' is unavailable in watchOS
68 | }
69 | case .replacing(let replacing):
70 | CommandGroup(replacing: replacing) {
| `- error: 'CommandGroup' is unavailable in watchOS
71 | buttons
72 | }
SwiftUI.CommandGroup:4:27: note: 'CommandGroup' has been explicitly marked unavailable here
2 | @available(tvOS, unavailable)
3 | @available(watchOS, unavailable)
4 | nonisolated public struct CommandGroup<Content> : Commands, ~Sendable where Content : View {
| `- note: 'CommandGroup' has been explicitly marked unavailable here
5 | @available(iOS 15.0, macOS 12.0, *)
6 | public static func _makeCommands(content: _GraphValue<CommandGroup<Content>>, inputs: _CommandsInputs) -> _CommandsOutputs
SwiftCompile normal arm64_32 /Users/admin/builder/spi-builder-workspace/Sources/Diligence/Commands/AboutCommands.swift (in target 'Diligence' from project 'Diligence')
cd /Users/admin/builder/spi-builder-workspace/.swiftpm/xcode
builtin-SwiftPerFileCompile AboutCommands.swift
SwiftCompile normal arm64_32 /Users/admin/builder/spi-builder-workspace/Sources/Diligence/Commands/ActionsCommands.swift (in target 'Diligence' from project 'Diligence')
cd /Users/admin/builder/spi-builder-workspace/.swiftpm/xcode
builtin-SwiftPerFileCompile ActionsCommands.swift
SwiftCompile normal arm64_32 /Users/admin/builder/spi-builder-workspace/Sources/Diligence/Environment/PrefersTextualRepresentationEnvironmentKey.swift (in target 'Diligence' from project 'Diligence')
cd /Users/admin/builder/spi-builder-workspace/.swiftpm/xcode
builtin-SwiftPerFileCompile PrefersTextualRepresentationEnvironmentKey.swift
SwiftCompile normal arm64_32 /Users/admin/builder/spi-builder-workspace/Sources/Diligence/Extensions/Array.swift (in target 'Diligence' from project 'Diligence')
cd /Users/admin/builder/spi-builder-workspace/.swiftpm/xcode
builtin-SwiftPerFileCompile Array.swift
SwiftCompile normal arm64_32 /Users/admin/builder/spi-builder-workspace/Sources/Diligence/Extensions/Bundle.swift (in target 'Diligence' from project 'Diligence')
cd /Users/admin/builder/spi-builder-workspace/.swiftpm/xcode
builtin-SwiftPerFileCompile Bundle.swift
SwiftCompile normal arm64_32 /Users/admin/builder/spi-builder-workspace/Sources/Diligence/Extensions/Color.swift (in target 'Diligence' from project 'Diligence')
cd /Users/admin/builder/spi-builder-workspace/.swiftpm/xcode
builtin-SwiftPerFileCompile Color.swift
SwiftCompile normal arm64_32 Compiling\ NativeFont.swift,\ HookView.swift,\ HorizontalSpace.swift,\ Hyperlink.swift,\ IsVisibleInScrollView.swift,\ PaddingWithMultiplier.swift /Users/admin/builder/spi-builder-workspace/Sources/Diligence/Utilities/NativeFont.swift /Users/admin/builder/spi-builder-workspace/Sources/Diligence/View\ Modifiers/HookView.swift /Users/admin/builder/spi-builder-workspace/Sources/Diligence/View\ Modifiers/HorizontalSpace.swift /Users/admin/builder/spi-builder-workspace/Sources/Diligence/View\ Modifiers/Hyperlink.swift /Users/admin/builder/spi-builder-workspace/Sources/Diligence/View\ Modifiers/IsVisibleInScrollView.swift /Users/admin/builder/spi-builder-workspace/Sources/Diligence/View\ Modifiers/PaddingWithMultiplier.swift (in target 'Diligence' from project 'Diligence')
/Users/admin/builder/spi-builder-workspace/Sources/Diligence/View Modifiers/Hyperlink.swift:31:14: error: 'textSelection' is unavailable in watchOS
29 | func body(content: Content) -> some View {
30 | content
31 | .textSelection(.disabled)
| `- error: 'textSelection' is unavailable in watchOS
32 | .underlinesForDifferentiation()
33 | .foregroundColor(.accentColor)
SwiftUI.View.textSelection:2:25: note: 'textSelection' has been explicitly marked unavailable here
1 | protocol View {
2 | nonisolated public func textSelection<S>(_ selectability: S) -> some View where S : TextSelectability
| `- note: 'textSelection' has been explicitly marked unavailable here
3 | }
4 |
SwiftCompile normal arm64_32 /Users/admin/builder/spi-builder-workspace/Sources/Diligence/Utilities/NativeFont.swift (in target 'Diligence' from project 'Diligence')
cd /Users/admin/builder/spi-builder-workspace/.swiftpm/xcode
builtin-SwiftPerFileCompile NativeFont.swift
SwiftCompile normal arm64_32 /Users/admin/builder/spi-builder-workspace/Sources/Diligence/View\ Modifiers/HookView.swift (in target 'Diligence' from project 'Diligence')
cd /Users/admin/builder/spi-builder-workspace/.swiftpm/xcode
builtin-SwiftPerFileCompile HookView.swift
SwiftCompile normal arm64_32 /Users/admin/builder/spi-builder-workspace/Sources/Diligence/View\ Modifiers/HorizontalSpace.swift (in target 'Diligence' from project 'Diligence')
cd /Users/admin/builder/spi-builder-workspace/.swiftpm/xcode
builtin-SwiftPerFileCompile HorizontalSpace.swift
SwiftCompile normal arm64_32 /Users/admin/builder/spi-builder-workspace/Sources/Diligence/View\ Modifiers/Hyperlink.swift (in target 'Diligence' from project 'Diligence')
cd /Users/admin/builder/spi-builder-workspace/.swiftpm/xcode
builtin-SwiftPerFileCompile Hyperlink.swift
SwiftCompile normal arm64_32 /Users/admin/builder/spi-builder-workspace/Sources/Diligence/View\ Modifiers/IsVisibleInScrollView.swift (in target 'Diligence' from project 'Diligence')
cd /Users/admin/builder/spi-builder-workspace/.swiftpm/xcode
builtin-SwiftPerFileCompile IsVisibleInScrollView.swift
SwiftCompile normal arm64_32 /Users/admin/builder/spi-builder-workspace/Sources/Diligence/View\ Modifiers/PaddingWithMultiplier.swift (in target 'Diligence' from project 'Diligence')
cd /Users/admin/builder/spi-builder-workspace/.swiftpm/xcode
builtin-SwiftPerFileCompile PaddingWithMultiplier.swift
SwiftCompile normal arm64_32 Compiling\ BuildSection.swift,\ CreditSection.swift,\ DefaultAboutLinkLabel.swift,\ HeaderSection.swift,\ Icon.swift,\ LabeledContent.swift /Users/admin/builder/spi-builder-workspace/Sources/Diligence/Views/BuildSection.swift /Users/admin/builder/spi-builder-workspace/Sources/Diligence/Views/CreditSection.swift /Users/admin/builder/spi-builder-workspace/Sources/Diligence/Views/DefaultAboutLinkLabel.swift /Users/admin/builder/spi-builder-workspace/Sources/Diligence/Views/HeaderSection.swift /Users/admin/builder/spi-builder-workspace/Sources/Diligence/Views/Icon.swift /Users/admin/builder/spi-builder-workspace/Sources/Diligence/Views/LabeledContent.swift (in target 'Diligence' from project 'Diligence')
/Users/admin/builder/spi-builder-workspace/Sources/Diligence/Views/BuildSection.swift:86:36: warning: comparing non-optional value of type 'URL' to 'nil' always returns true
84 | .foregroundColor(.primary)
85 | Spacer()
86 | if url != nil {
| `- warning: comparing non-optional value of type 'URL' to 'nil' always returns true
87 | Text(commit)
88 | .prefersMonospaced()
/Users/admin/builder/spi-builder-workspace/Sources/Diligence/Views/BuildSection.swift:55:22: error: 'textSelection' is unavailable in watchOS
53 | LabeledContent("Version") {
54 | Text(bundle.version ?? "")
55 | .textSelection(.enabled)
| `- error: 'textSelection' is unavailable in watchOS
56 | }
57 | LabeledContent("Build") {
SwiftUI.View.textSelection:2:25: note: 'textSelection' has been explicitly marked unavailable here
1 | protocol View {
2 | nonisolated public func textSelection<S>(_ selectability: S) -> some View where S : TextSelectability
| `- note: 'textSelection' has been explicitly marked unavailable here
3 | }
4 |
/Users/admin/builder/spi-builder-workspace/Sources/Diligence/Views/BuildSection.swift:55:37: error: 'enabled' is unavailable in watchOS
53 | LabeledContent("Version") {
54 | Text(bundle.version ?? "")
55 | .textSelection(.enabled)
| `- error: 'enabled' is unavailable in watchOS
56 | }
57 | LabeledContent("Build") {
SwiftUI.TextSelectability.enabled:2:43: note: 'enabled' has been explicitly marked unavailable here
1 | protocol TextSelectability {
2 | @export(implementation) public static var enabled: EnabledTextSelectability { get }}
| `- note: 'enabled' has been explicitly marked unavailable here
3 |
/Users/admin/builder/spi-builder-workspace/Sources/Diligence/Views/BuildSection.swift:59:22: error: 'textSelection' is unavailable in watchOS
57 | LabeledContent("Build") {
58 | Text(bundle.build ?? "")
59 | .textSelection(.enabled)
| `- error: 'textSelection' is unavailable in watchOS
60 | }
61 | if let date = date {
SwiftUI.View.textSelection:2:25: note: 'textSelection' has been explicitly marked unavailable here
1 | protocol View {
2 | nonisolated public func textSelection<S>(_ selectability: S) -> some View where S : TextSelectability
| `- note: 'textSelection' has been explicitly marked unavailable here
3 | }
4 |
/Users/admin/builder/spi-builder-workspace/Sources/Diligence/Views/BuildSection.swift:59:37: error: 'enabled' is unavailable in watchOS
57 | LabeledContent("Build") {
58 | Text(bundle.build ?? "")
59 | .textSelection(.enabled)
| `- error: 'enabled' is unavailable in watchOS
60 | }
61 | if let date = date {
SwiftUI.TextSelectability.enabled:2:43: note: 'enabled' has been explicitly marked unavailable here
1 | protocol TextSelectability {
2 | @export(implementation) public static var enabled: EnabledTextSelectability { get }}
| `- note: 'enabled' has been explicitly marked unavailable here
3 |
/Users/admin/builder/spi-builder-workspace/Sources/Diligence/Views/BuildSection.swift:64:26: error: 'textSelection' is unavailable in watchOS
62 | LabeledContent("Date") {
63 | Text(date)
64 | .textSelection(.enabled)
| `- error: 'textSelection' is unavailable in watchOS
65 | }
66 | }
SwiftUI.View.textSelection:2:25: note: 'textSelection' has been explicitly marked unavailable here
1 | protocol View {
2 | nonisolated public func textSelection<S>(_ selectability: S) -> some View where S : TextSelectability
| `- note: 'textSelection' has been explicitly marked unavailable here
3 | }
4 |
/Users/admin/builder/spi-builder-workspace/Sources/Diligence/Views/BuildSection.swift:64:41: error: 'enabled' is unavailable in watchOS
62 | LabeledContent("Date") {
63 | Text(date)
64 | .textSelection(.enabled)
| `- error: 'enabled' is unavailable in watchOS
65 | }
66 | }
SwiftUI.TextSelectability.enabled:2:43: note: 'enabled' has been explicitly marked unavailable here
1 | protocol TextSelectability {
2 | @export(implementation) public static var enabled: EnabledTextSelectability { get }}
| `- note: 'enabled' has been explicitly marked unavailable here
3 |
/Users/admin/builder/spi-builder-workspace/Sources/Diligence/Views/BuildSection.swift:91:38: error: 'textSelection' is unavailable in watchOS
89 | .foregroundColor(.accentColor)
90 | .prefersLinkForegroundStyle()
91 | .textSelection(.enabled)
| `- error: 'textSelection' is unavailable in watchOS
92 | } else {
93 | Text(commit)
SwiftUI.View.textSelection:2:25: note: 'textSelection' has been explicitly marked unavailable here
1 | protocol View {
2 | nonisolated public func textSelection<S>(_ selectability: S) -> some View where S : TextSelectability
| `- note: 'textSelection' has been explicitly marked unavailable here
3 | }
4 |
/Users/admin/builder/spi-builder-workspace/Sources/Diligence/Views/BuildSection.swift:91:53: error: 'enabled' is unavailable in watchOS
89 | .foregroundColor(.accentColor)
90 | .prefersLinkForegroundStyle()
91 | .textSelection(.enabled)
| `- error: 'enabled' is unavailable in watchOS
92 | } else {
93 | Text(commit)
SwiftUI.TextSelectability.enabled:2:43: note: 'enabled' has been explicitly marked unavailable here
1 | protocol TextSelectability {
2 | @export(implementation) public static var enabled: EnabledTextSelectability { get }}
| `- note: 'enabled' has been explicitly marked unavailable here
3 |
/Users/admin/builder/spi-builder-workspace/Sources/Diligence/Views/BuildSection.swift:102:30: error: 'textSelection' is unavailable in watchOS
100 | LabeledContent("Commit") {
101 | Text(commit)
102 | .textSelection(.enabled)
| `- error: 'textSelection' is unavailable in watchOS
103 | }
104 | }
SwiftUI.View.textSelection:2:25: note: 'textSelection' has been explicitly marked unavailable here
1 | protocol View {
2 | nonisolated public func textSelection<S>(_ selectability: S) -> some View where S : TextSelectability
| `- note: 'textSelection' has been explicitly marked unavailable here
3 | }
4 |
SwiftCompile normal arm64_32 /Users/admin/builder/spi-builder-workspace/Sources/Diligence/Views/BuildSection.swift (in target 'Diligence' from project 'Diligence')
cd /Users/admin/builder/spi-builder-workspace/.swiftpm/xcode
builtin-SwiftPerFileCompile BuildSection.swift
SwiftCompile normal arm64_32 /Users/admin/builder/spi-builder-workspace/Sources/Diligence/Views/CreditSection.swift (in target 'Diligence' from project 'Diligence')
cd /Users/admin/builder/spi-builder-workspace/.swiftpm/xcode
builtin-SwiftPerFileCompile CreditSection.swift
SwiftCompile normal arm64_32 /Users/admin/builder/spi-builder-workspace/Sources/Diligence/Views/DefaultAboutLinkLabel.swift (in target 'Diligence' from project 'Diligence')
cd /Users/admin/builder/spi-builder-workspace/.swiftpm/xcode
builtin-SwiftPerFileCompile DefaultAboutLinkLabel.swift
SwiftCompile normal arm64_32 /Users/admin/builder/spi-builder-workspace/Sources/Diligence/Views/HeaderSection.swift (in target 'Diligence' from project 'Diligence')
cd /Users/admin/builder/spi-builder-workspace/.swiftpm/xcode
builtin-SwiftPerFileCompile HeaderSection.swift
SwiftCompile normal arm64_32 /Users/admin/builder/spi-builder-workspace/Sources/Diligence/Views/Icon.swift (in target 'Diligence' from project 'Diligence')
cd /Users/admin/builder/spi-builder-workspace/.swiftpm/xcode
builtin-SwiftPerFileCompile Icon.swift
SwiftCompile normal arm64_32 /Users/admin/builder/spi-builder-workspace/Sources/Diligence/Views/LabeledContent.swift (in target 'Diligence' from project 'Diligence')
cd /Users/admin/builder/spi-builder-workspace/.swiftpm/xcode
builtin-SwiftPerFileCompile LabeledContent.swift
SwiftCompile normal arm64_32 Compiling\ LicenseRow.swift,\ LicenseSection.swift,\ LicenseView.swift,\ Link.swift,\ MacAboutSection.swift,\ MacAboutView.swift /Users/admin/builder/spi-builder-workspace/Sources/Diligence/Views/LicenseRow.swift /Users/admin/builder/spi-builder-workspace/Sources/Diligence/Views/LicenseSection.swift /Users/admin/builder/spi-builder-workspace/Sources/Diligence/Views/LicenseView.swift /Users/admin/builder/spi-builder-workspace/Sources/Diligence/Views/Link.swift /Users/admin/builder/spi-builder-workspace/Sources/Diligence/Views/MacAboutSection.swift /Users/admin/builder/spi-builder-workspace/Sources/Diligence/Views/MacAboutView.swift (in target 'Diligence' from project 'Diligence')
/Users/admin/builder/spi-builder-workspace/Sources/Diligence/Views/LicenseRow.swift:36:9: warning: 'init(destination:isActive:label:)' was deprecated in watchOS 9.0: use NavigationLink(value:label:), or navigationDestination(isPresented:destination:), inside a NavigationStack or NavigationSplitView [#DeprecatedDeclaration]
34 |
35 | public var body: some View {
36 | NavigationLink(destination: LicenseView(license), isActive: $isShowingDetails) {
| `- warning: 'init(destination:isActive:label:)' was deprecated in watchOS 9.0: use NavigationLink(value:label:), or navigationDestination(isPresented:destination:), inside a NavigationStack or NavigationSplitView [#DeprecatedDeclaration]
37 | HStack {
38 | Text(license.name)
/Users/admin/builder/spi-builder-workspace/Sources/Diligence/Views/MacAboutSection.swift:42:26: error: 'textSelection' is unavailable in watchOS
40 | Text(title)
41 | .fontWeight(.bold)
42 | .textSelection(.disabled)
| `- error: 'textSelection' is unavailable in watchOS
43 | }
44 | content
SwiftUI.View.textSelection:2:25: note: 'textSelection' has been explicitly marked unavailable here
1 | protocol View {
2 | nonisolated public func textSelection<S>(_ selectability: S) -> some View where S : TextSelectability
| `- note: 'textSelection' has been explicitly marked unavailable here
3 | }
4 |
SwiftCompile normal arm64_32 /Users/admin/builder/spi-builder-workspace/Sources/Diligence/Views/LicenseRow.swift (in target 'Diligence' from project 'Diligence')
cd /Users/admin/builder/spi-builder-workspace/.swiftpm/xcode
builtin-SwiftPerFileCompile LicenseRow.swift
SwiftCompile normal arm64_32 /Users/admin/builder/spi-builder-workspace/Sources/Diligence/Views/LicenseSection.swift (in target 'Diligence' from project 'Diligence')
cd /Users/admin/builder/spi-builder-workspace/.swiftpm/xcode
builtin-SwiftPerFileCompile LicenseSection.swift
SwiftCompile normal arm64_32 /Users/admin/builder/spi-builder-workspace/Sources/Diligence/Views/LicenseView.swift (in target 'Diligence' from project 'Diligence')
cd /Users/admin/builder/spi-builder-workspace/.swiftpm/xcode
builtin-SwiftPerFileCompile LicenseView.swift
SwiftCompile normal arm64_32 /Users/admin/builder/spi-builder-workspace/Sources/Diligence/Views/Link.swift (in target 'Diligence' from project 'Diligence')
cd /Users/admin/builder/spi-builder-workspace/.swiftpm/xcode
builtin-SwiftPerFileCompile Link.swift
SwiftCompile normal arm64_32 /Users/admin/builder/spi-builder-workspace/Sources/Diligence/Views/MacAboutSection.swift (in target 'Diligence' from project 'Diligence')
cd /Users/admin/builder/spi-builder-workspace/.swiftpm/xcode
builtin-SwiftPerFileCompile MacAboutSection.swift
SwiftCompile normal arm64_32 /Users/admin/builder/spi-builder-workspace/Sources/Diligence/Views/MacAboutView.swift (in target 'Diligence' from project 'Diligence')
cd /Users/admin/builder/spi-builder-workspace/.swiftpm/xcode
builtin-SwiftPerFileCompile MacAboutView.swift
SwiftEmitModule normal arm64 Emitting\ module\ for\ Diligence (in target 'Diligence' from project 'Diligence')
SwiftCompile normal arm64 (in target 'Diligence' from project 'Diligence')
cd /Users/admin/builder/spi-builder-workspace/.swiftpm/xcode
SwiftDriverJobDiscovery normal arm64_32 Compiling resource_bundle_accessor.swift, AcknowledgementsBuilder.swift, ActionsBuilder.swift, CreditsBuilder.swift, LicenseGroupsBuilder.swift, LicensesBuilder.swift (in target 'Diligence' from project 'Diligence')
SwiftCompile normal arm64_32 Compiling\ MacIcon.swift,\ MacLicenseView.swift,\ NonWrappingText.swift,\ PhoneAboutView.swift,\ TextOrImage.swift,\ NSLicenseWindow.swift /Users/admin/builder/spi-builder-workspace/Sources/Diligence/Views/MacIcon.swift /Users/admin/builder/spi-builder-workspace/Sources/Diligence/Views/MacLicenseView.swift /Users/admin/builder/spi-builder-workspace/Sources/Diligence/Views/NonWrappingText.swift /Users/admin/builder/spi-builder-workspace/Sources/Diligence/Views/PhoneAboutView.swift /Users/admin/builder/spi-builder-workspace/Sources/Diligence/Views/TextOrImage.swift /Users/admin/builder/spi-builder-workspace/Sources/Diligence/Windows/NSLicenseWindow.swift (in target 'Diligence' from project 'Diligence')
SwiftCompile normal arm64_32 /Users/admin/builder/spi-builder-workspace/Sources/Diligence/Views/MacIcon.swift (in target 'Diligence' from project 'Diligence')
cd /Users/admin/builder/spi-builder-workspace/.swiftpm/xcode
builtin-SwiftPerFileCompile MacIcon.swift
SwiftCompile normal arm64_32 /Users/admin/builder/spi-builder-workspace/Sources/Diligence/Views/MacLicenseView.swift (in target 'Diligence' from project 'Diligence')
cd /Users/admin/builder/spi-builder-workspace/.swiftpm/xcode
builtin-SwiftPerFileCompile MacLicenseView.swift
SwiftCompile normal arm64_32 /Users/admin/builder/spi-builder-workspace/Sources/Diligence/Views/NonWrappingText.swift (in target 'Diligence' from project 'Diligence')
cd /Users/admin/builder/spi-builder-workspace/.swiftpm/xcode
builtin-SwiftPerFileCompile NonWrappingText.swift
SwiftCompile normal arm64_32 /Users/admin/builder/spi-builder-workspace/Sources/Diligence/Views/PhoneAboutView.swift (in target 'Diligence' from project 'Diligence')
cd /Users/admin/builder/spi-builder-workspace/.swiftpm/xcode
builtin-SwiftPerFileCompile PhoneAboutView.swift
SwiftCompile normal arm64_32 /Users/admin/builder/spi-builder-workspace/Sources/Diligence/Views/TextOrImage.swift (in target 'Diligence' from project 'Diligence')
cd /Users/admin/builder/spi-builder-workspace/.swiftpm/xcode
builtin-SwiftPerFileCompile TextOrImage.swift
SwiftCompile normal arm64_32 /Users/admin/builder/spi-builder-workspace/Sources/Diligence/Windows/NSLicenseWindow.swift (in target 'Diligence' from project 'Diligence')
cd /Users/admin/builder/spi-builder-workspace/.swiftpm/xcode
builtin-SwiftPerFileCompile NSLicenseWindow.swift
PruneExplicitPrecompiledModules /Users/admin/builder/spi-builder-workspace/.derivedData/SDKExplicitPrecompiledModules
PruneExplicitPrecompiledModules /Users/admin/builder/spi-builder-workspace/.derivedData/Build/Intermediates.noindex/ExplicitPrecompiledModules
PruneExplicitPrecompiledModules /Users/admin/builder/spi-builder-workspace/.derivedData/Build/Intermediates.noindex/SwiftExplicitPrecompiledModules
2026-09-26 17:01:42.088 xcodebuild[921:5250] [MT] IDERunDestination: Supported platforms for the buildables in the current scheme is empty.
** BUILD FAILED **
The following build commands failed:
SwiftCompile normal arm64_32 (in target 'Diligence' from project 'Diligence')
SwiftEmitModule normal arm64_32 Emitting\ module\ for\ Diligence (in target 'Diligence' from project 'Diligence')
Building workspace Diligence with scheme Diligence
(3 failures)
BUILD FAILURE 6.4 watchOS