Build Information
Failed to build BoostedLifecycleMethods, reference 1.2.0 (9e6796), with Swift 6.1 for watchOS using Xcode 16.3 on 28 Jun 2026 02:37:22 UTC.
Build Command
env DEVELOPER_DIR=/Applications/Xcode-16.3.0.app xcrun xcodebuild -IDEClonedSourcePackagesDirPathOverride=$PWD/.dependencies -skipMacroValidation -skipPackagePluginValidation -derivedDataPath $PWD/.derivedData build -scheme BoostedLifecycleMethods -destination generic/platform=watchOSBuild Log
========================================
RunAll
========================================
Builder version: undefined version: run 'make version' to update
Interrupt handler set up.
========================================
Checkout
========================================
Clone URL: https://github.com/Janneman84/BoostedLifecycleMethods.git
Reference: 1.2.0
Initialized empty Git repository in /Users/admin/builder/spi-builder-workspace/.git/
From https://github.com/Janneman84/BoostedLifecycleMethods
* tag 1.2.0 -> FETCH_HEAD
HEAD is now at 9e67966 add alert features
Cloned https://github.com/Janneman84/BoostedLifecycleMethods.git
Revision (git rev-parse @):
9e679662613b0d9ae3581b84e76e494e30fe608c
SUCCESS checkout https://github.com/Janneman84/BoostedLifecycleMethods.git at 1.2.0
========================================
Build
========================================
Selected platform: watchOS
Swift version: 6.1
Building package at path: $PWD
https://github.com/Janneman84/BoostedLifecycleMethods.git
https://github.com/Janneman84/BoostedLifecycleMethods.git
{
"dependencies" : [
],
"manifest_display_name" : "BoostedLifecycleMethods",
"name" : "BoostedLifecycleMethods",
"path" : "/Users/admin/builder/spi-builder-workspace",
"platforms" : [
{
"name" : "ios",
"version" : "12.0"
},
{
"name" : "tvos",
"version" : "12.0"
}
],
"products" : [
{
"name" : "BoostedLifecycleMethods",
"targets" : [
"InitializerBLM"
],
"type" : {
"library" : [
"automatic"
]
}
}
],
"targets" : [
{
"c99name" : "InitializerBLM",
"module_type" : "ClangTarget",
"name" : "InitializerBLM",
"path" : "Sources/InitializerBLM",
"product_memberships" : [
"BoostedLifecycleMethods"
],
"sources" : [
"InitializerBLM.m"
],
"target_dependencies" : [
"BoostedLifecycleMethods"
],
"type" : "library"
},
{
"c99name" : "BoostedLifecycleMethods",
"module_type" : "SwiftTarget",
"name" : "BoostedLifecycleMethods",
"path" : "Sources/BoostedLifecycleMethods",
"product_memberships" : [
"BoostedLifecycleMethods"
],
"sources" : [
"AssociatedObject.swift",
"BoostedAlertController.swift",
"BoostedLifeCycleMethodsPublic.swift",
"BoostedLifecycleMethods.swift",
"BoostedPrint.swift",
"UIView+findFirstResponder.swift"
],
"type" : "library"
}
],
"tools_version" : "5.6"
}
Command line invocation:
/Applications/Xcode-16.3.0.app/Contents/Developer/usr/bin/xcodebuild -IDEClonedSourcePackagesDirPathOverride=/Users/admin/builder/spi-builder-workspace/.dependencies -resolvePackageDependencies
Resolve Package Graph
Resolved source packages:
BoostedLifecycleMethods: /Users/admin/builder/spi-builder-workspace
resolved source packages: BoostedLifecycleMethods
{
"dependencies" : [
],
"manifest_display_name" : "BoostedLifecycleMethods",
"name" : "BoostedLifecycleMethods",
"path" : "/Users/admin/builder/spi-builder-workspace",
"platforms" : [
{
"name" : "ios",
"version" : "12.0"
},
{
"name" : "tvos",
"version" : "12.0"
}
],
"products" : [
{
"name" : "BoostedLifecycleMethods",
"targets" : [
"InitializerBLM"
],
"type" : {
"library" : [
"automatic"
]
}
}
],
"targets" : [
{
"c99name" : "InitializerBLM",
"module_type" : "ClangTarget",
"name" : "InitializerBLM",
"path" : "Sources/InitializerBLM",
"product_memberships" : [
"BoostedLifecycleMethods"
],
"sources" : [
"InitializerBLM.m"
],
"target_dependencies" : [
"BoostedLifecycleMethods"
],
"type" : "library"
},
{
"c99name" : "BoostedLifecycleMethods",
"module_type" : "SwiftTarget",
"name" : "BoostedLifecycleMethods",
"path" : "Sources/BoostedLifecycleMethods",
"product_memberships" : [
"BoostedLifecycleMethods"
],
"sources" : [
"AssociatedObject.swift",
"BoostedAlertController.swift",
"BoostedLifeCycleMethodsPublic.swift",
"BoostedLifecycleMethods.swift",
"BoostedPrint.swift",
"UIView+findFirstResponder.swift"
],
"type" : "library"
}
],
"tools_version" : "5.6"
}
{
"workspace" : {
"name" : "spi-builder-workspace",
"schemes" : [
"BoostedLifecycleMethods"
]
}
}
Running build ...
env DEVELOPER_DIR=/Applications/Xcode-16.3.0.app xcrun xcodebuild -IDEClonedSourcePackagesDirPathOverride=$PWD/.dependencies -skipMacroValidation -skipPackagePluginValidation -derivedDataPath $PWD/.derivedData build -scheme BoostedLifecycleMethods -destination generic/platform=watchOS OTHER_SWIFT_FLAGS=-stats-output-dir .stats -strict-concurrency=complete -enable-upcoming-feature StrictConcurrency -enable-upcoming-feature DisableOutwardActorInference -enable-upcoming-feature GlobalActorIsolatedTypesUsability -enable-upcoming-feature InferSendableFromCaptures
Command line invocation:
/Applications/Xcode-16.3.0.app/Contents/Developer/usr/bin/xcodebuild -IDEClonedSourcePackagesDirPathOverride=/Users/admin/builder/spi-builder-workspace/.dependencies -skipMacroValidation -skipPackagePluginValidation -derivedDataPath /Users/admin/builder/spi-builder-workspace/.derivedData build -scheme BoostedLifecycleMethods -destination generic/platform=watchOS "OTHER_SWIFT_FLAGS=-stats-output-dir .stats -strict-concurrency=complete -enable-upcoming-feature StrictConcurrency -enable-upcoming-feature DisableOutwardActorInference -enable-upcoming-feature GlobalActorIsolatedTypesUsability -enable-upcoming-feature InferSendableFromCaptures"
Build settings from command line:
OTHER_SWIFT_FLAGS = -stats-output-dir .stats -strict-concurrency=complete -enable-upcoming-feature StrictConcurrency -enable-upcoming-feature DisableOutwardActorInference -enable-upcoming-feature GlobalActorIsolatedTypesUsability -enable-upcoming-feature InferSendableFromCaptures
Resolve Package Graph
Resolved source packages:
BoostedLifecycleMethods: /Users/admin/builder/spi-builder-workspace
ComputePackagePrebuildTargetDependencyGraph
Prepare packages
CreateBuildRequest
SendProjectDescription
CreateBuildOperation
ComputeTargetDependencyGraph
note: Building targets in dependency order
note: Target dependency graph (3 targets)
Target 'BoostedLifecycleMethods' in project 'BoostedLifecycleMethods'
➜ Explicit dependency on target 'InitializerBLM' in project 'BoostedLifecycleMethods'
➜ Explicit dependency on target 'BoostedLifecycleMethods' in project 'BoostedLifecycleMethods'
Target 'InitializerBLM' in project 'BoostedLifecycleMethods'
➜ Explicit dependency on target 'BoostedLifecycleMethods' in project 'BoostedLifecycleMethods'
Target 'BoostedLifecycleMethods' in project 'BoostedLifecycleMethods' (no dependencies)
GatherProvisioningInputs
CreateBuildDescription
ExecuteExternalTool /Applications/Xcode-16.3.0.app/Contents/Developer/Toolchains/XcodeDefault.xctoolchain/usr/bin/swiftc --version
ExecuteExternalTool /Applications/Xcode-16.3.0.app/Contents/Developer/Toolchains/XcodeDefault.xctoolchain/usr/bin/clang -v -E -dM -arch arm64 -isysroot /Applications/Xcode-16.3.0.app/Contents/Developer/Platforms/WatchOS.platform/Developer/SDKs/WatchOS11.4.sdk -x objective-c -c /dev/null
ExecuteExternalTool /Applications/Xcode-16.3.0.app/Contents/Developer/Toolchains/XcodeDefault.xctoolchain/usr/bin/clang -v -E -dM -isysroot /Applications/Xcode-16.3.0.app/Contents/Developer/Platforms/WatchOS.platform/Developer/SDKs/WatchOS11.4.sdk -x c -c /dev/null
ExecuteExternalTool /Applications/Xcode-16.3.0.app/Contents/Developer/Toolchains/XcodeDefault.xctoolchain/usr/bin/ld -version_details
ExecuteExternalTool /Applications/Xcode-16.3.0.app/Contents/Developer/Toolchains/XcodeDefault.xctoolchain/usr/bin/clang -v -E -dM -arch arm64 -isysroot /Applications/Xcode-16.3.0.app/Contents/Developer/Platforms/WatchOS.platform/Developer/SDKs/WatchOS11.4.sdk -x c -c /dev/null
ExecuteExternalTool /Applications/Xcode-16.3.0.app/Contents/Developer/Toolchains/XcodeDefault.xctoolchain/usr/bin/clang -v -E -dM -arch armv7k -isysroot /Applications/Xcode-16.3.0.app/Contents/Developer/Platforms/WatchOS.platform/Developer/SDKs/WatchOS11.4.sdk -x objective-c -c /dev/null
ExecuteExternalTool /Applications/Xcode-16.3.0.app/Contents/Developer/Toolchains/XcodeDefault.xctoolchain/usr/bin/clang -v -E -dM -arch armv7k -isysroot /Applications/Xcode-16.3.0.app/Contents/Developer/Platforms/WatchOS.platform/Developer/SDKs/WatchOS11.4.sdk -x c -c /dev/null
ExecuteExternalTool /Applications/Xcode-16.3.0.app/Contents/Developer/Toolchains/XcodeDefault.xctoolchain/usr/bin/clang -v -E -dM -arch arm64_32 -isysroot /Applications/Xcode-16.3.0.app/Contents/Developer/Platforms/WatchOS.platform/Developer/SDKs/WatchOS11.4.sdk -x objective-c -c /dev/null
ExecuteExternalTool /Applications/Xcode-16.3.0.app/Contents/Developer/Toolchains/XcodeDefault.xctoolchain/usr/bin/clang -v -E -dM -arch arm64_32 -isysroot /Applications/Xcode-16.3.0.app/Contents/Developer/Platforms/WatchOS.platform/Developer/SDKs/WatchOS11.4.sdk -x c -c /dev/null
Build description signature: 797db39558a0112202277d1424c2bbc9
Build description path: /Users/admin/builder/spi-builder-workspace/.derivedData/Build/Intermediates.noindex/XCBuildData/797db39558a0112202277d1424c2bbc9.xcbuilddata
CreateBuildDirectory /Users/admin/builder/spi-builder-workspace/.derivedData/Build/Intermediates.noindex
cd /Users/admin/builder/spi-builder-workspace/.swiftpm/xcode
builtin-create-build-directory /Users/admin/builder/spi-builder-workspace/.derivedData/Build/Intermediates.noindex
CreateBuildDirectory /Users/admin/builder/spi-builder-workspace/.derivedData/Build/Products
cd /Users/admin/builder/spi-builder-workspace/.swiftpm/xcode
builtin-create-build-directory /Users/admin/builder/spi-builder-workspace/.derivedData/Build/Products
ClangStatCache /Applications/Xcode-16.3.0.app/Contents/Developer/Toolchains/XcodeDefault.xctoolchain/usr/bin/clang-stat-cache /Applications/Xcode-16.3.0.app/Contents/Developer/Platforms/WatchOS.platform/Developer/SDKs/WatchOS11.4.sdk /Users/admin/builder/spi-builder-workspace/.derivedData/SDKStatCaches.noindex/watchos11.4-22T246-43efb940ff07ba2497b70ec94253f576.sdkstatcache
cd /Users/admin/builder/spi-builder-workspace/.swiftpm/xcode
/Applications/Xcode-16.3.0.app/Contents/Developer/Toolchains/XcodeDefault.xctoolchain/usr/bin/clang-stat-cache /Applications/Xcode-16.3.0.app/Contents/Developer/Platforms/WatchOS.platform/Developer/SDKs/WatchOS11.4.sdk -o /Users/admin/builder/spi-builder-workspace/.derivedData/SDKStatCaches.noindex/watchos11.4-22T246-43efb940ff07ba2497b70ec94253f576.sdkstatcache
CreateBuildDirectory /Users/admin/builder/spi-builder-workspace/.derivedData/Build/Intermediates.noindex/EagerLinkingTBDs/Debug-watchos
cd /Users/admin/builder/spi-builder-workspace/.swiftpm/xcode
builtin-create-build-directory /Users/admin/builder/spi-builder-workspace/.derivedData/Build/Intermediates.noindex/EagerLinkingTBDs/Debug-watchos
CreateBuildDirectory /Users/admin/builder/spi-builder-workspace/.derivedData/Build/Products/Debug-watchos
cd /Users/admin/builder/spi-builder-workspace/.swiftpm/xcode
builtin-create-build-directory /Users/admin/builder/spi-builder-workspace/.derivedData/Build/Products/Debug-watchos
CreateBuildDirectory /Users/admin/builder/spi-builder-workspace/.derivedData/Build/Products/Debug-watchos/PackageFrameworks
cd /Users/admin/builder/spi-builder-workspace/.swiftpm/xcode
builtin-create-build-directory /Users/admin/builder/spi-builder-workspace/.derivedData/Build/Products/Debug-watchos/PackageFrameworks
WriteAuxiliaryFile /Users/admin/builder/spi-builder-workspace/.derivedData/Build/Intermediates.noindex/BoostedLifecycleMethods.build/Debug-watchos/BoostedLifecycleMethods.build/Objects-normal/armv7k/BoostedLifecycleMethods.LinkFileList (in target 'BoostedLifecycleMethods' from project 'BoostedLifecycleMethods')
cd /Users/admin/builder/spi-builder-workspace
write-file /Users/admin/builder/spi-builder-workspace/.derivedData/Build/Intermediates.noindex/BoostedLifecycleMethods.build/Debug-watchos/BoostedLifecycleMethods.build/Objects-normal/armv7k/BoostedLifecycleMethods.LinkFileList
WriteAuxiliaryFile /Users/admin/builder/spi-builder-workspace/.derivedData/Build/Intermediates.noindex/BoostedLifecycleMethods.build/Debug-watchos/BoostedLifecycleMethods.build/Objects-normal/armv7k/BoostedLifecycleMethods-OutputFileMap.json (in target 'BoostedLifecycleMethods' from project 'BoostedLifecycleMethods')
cd /Users/admin/builder/spi-builder-workspace
write-file /Users/admin/builder/spi-builder-workspace/.derivedData/Build/Intermediates.noindex/BoostedLifecycleMethods.build/Debug-watchos/BoostedLifecycleMethods.build/Objects-normal/armv7k/BoostedLifecycleMethods-OutputFileMap.json
WriteAuxiliaryFile /Users/admin/builder/spi-builder-workspace/.derivedData/Build/Intermediates.noindex/BoostedLifecycleMethods.build/Debug-watchos/BoostedLifecycleMethods.build/Objects-normal/armv7k/BoostedLifecycleMethods_const_extract_protocols.json (in target 'BoostedLifecycleMethods' from project 'BoostedLifecycleMethods')
cd /Users/admin/builder/spi-builder-workspace
write-file /Users/admin/builder/spi-builder-workspace/.derivedData/Build/Intermediates.noindex/BoostedLifecycleMethods.build/Debug-watchos/BoostedLifecycleMethods.build/Objects-normal/armv7k/BoostedLifecycleMethods_const_extract_protocols.json
WriteAuxiliaryFile /Users/admin/builder/spi-builder-workspace/.derivedData/Build/Intermediates.noindex/BoostedLifecycleMethods.build/Debug-watchos/InitializerBLM.build/Objects-normal/armv7k/InitializerBLM.LinkFileList (in target 'InitializerBLM' from project 'BoostedLifecycleMethods')
cd /Users/admin/builder/spi-builder-workspace
write-file /Users/admin/builder/spi-builder-workspace/.derivedData/Build/Intermediates.noindex/BoostedLifecycleMethods.build/Debug-watchos/InitializerBLM.build/Objects-normal/armv7k/InitializerBLM.LinkFileList
WriteAuxiliaryFile /Users/admin/builder/spi-builder-workspace/.derivedData/Build/Intermediates.noindex/BoostedLifecycleMethods.build/Debug-watchos/InitializerBLM.build/Objects-normal/armv7k/e6072d4f65d7061329687fe24e3d63a7-common-args.resp (in target 'InitializerBLM' from project 'BoostedLifecycleMethods')
cd /Users/admin/builder/spi-builder-workspace
write-file /Users/admin/builder/spi-builder-workspace/.derivedData/Build/Intermediates.noindex/BoostedLifecycleMethods.build/Debug-watchos/InitializerBLM.build/Objects-normal/armv7k/e6072d4f65d7061329687fe24e3d63a7-common-args.resp
-target armv7k-apple-watchos5.0 -fobjc-arc -fmodules -gmodules '-fmodules-cache-path=/Users/admin/builder/spi-builder-workspace/.derivedData/ModuleCache.noindex' '-fmodule-name=InitializerBLM' -fpascal-strings -O0 -DSWIFT_PACKAGE '-DDEBUG=1' '-DOBJC_OLD_DISPATCH_PROTOTYPES=1' -isysroot /Applications/Xcode-16.3.0.app/Contents/Developer/Platforms/WatchOS.platform/Developer/SDKs/WatchOS11.4.sdk -g -I/Users/admin/builder/spi-builder-workspace/.derivedData/Build/Products/Debug-watchos/include -I/Users/admin/builder/spi-builder-workspace/Sources/InitializerBLM/include -I/Users/admin/builder/spi-builder-workspace/.derivedData/Build/Intermediates.noindex/BoostedLifecycleMethods.build/Debug-watchos/InitializerBLM.build/DerivedSources-normal/armv7k -I/Users/admin/builder/spi-builder-workspace/.derivedData/Build/Intermediates.noindex/BoostedLifecycleMethods.build/Debug-watchos/InitializerBLM.build/DerivedSources/armv7k -I/Users/admin/builder/spi-builder-workspace/.derivedData/Build/Intermediates.noindex/BoostedLifecycleMethods.build/Debug-watchos/InitializerBLM.build/DerivedSources -F/Users/admin/builder/spi-builder-workspace/.derivedData/Build/Products/Debug-watchos/PackageFrameworks -F/Users/admin/builder/spi-builder-workspace/.derivedData/Build/Products/Debug-watchos -iframework /Applications/Xcode-16.3.0.app/Contents/Developer/Platforms/WatchOS.platform/Developer/Library/Frameworks -iframework /Applications/Xcode-16.3.0.app/Contents/Developer/Platforms/WatchOS.platform/Developer/SDKs/WatchOS11.4.sdk/Developer/Library/Frameworks '-fmodule-map-file=/Users/admin/builder/spi-builder-workspace/.derivedData/Build/Intermediates.noindex/GeneratedModuleMaps-watchos/BoostedLifecycleMethods.modulemap' -DXcode
WriteAuxiliaryFile /Users/admin/builder/spi-builder-workspace/.derivedData/Build/Intermediates.noindex/BoostedLifecycleMethods.build/Debug-watchos/InitializerBLM.build/Objects-normal/arm64/e6072d4f65d7061329687fe24e3d63a7-common-args.resp (in target 'InitializerBLM' from project 'BoostedLifecycleMethods')
cd /Users/admin/builder/spi-builder-workspace
write-file /Users/admin/builder/spi-builder-workspace/.derivedData/Build/Intermediates.noindex/BoostedLifecycleMethods.build/Debug-watchos/InitializerBLM.build/Objects-normal/arm64/e6072d4f65d7061329687fe24e3d63a7-common-args.resp
-target arm64-apple-watchos5.0 -fobjc-arc -fmodules -gmodules '-fmodules-cache-path=/Users/admin/builder/spi-builder-workspace/.derivedData/ModuleCache.noindex' '-fmodule-name=InitializerBLM' -fpascal-strings -O0 -DSWIFT_PACKAGE '-DDEBUG=1' '-DOBJC_OLD_DISPATCH_PROTOTYPES=1' -isysroot /Applications/Xcode-16.3.0.app/Contents/Developer/Platforms/WatchOS.platform/Developer/SDKs/WatchOS11.4.sdk -g -I/Users/admin/builder/spi-builder-workspace/.derivedData/Build/Products/Debug-watchos/include -I/Users/admin/builder/spi-builder-workspace/Sources/InitializerBLM/include -I/Users/admin/builder/spi-builder-workspace/.derivedData/Build/Intermediates.noindex/BoostedLifecycleMethods.build/Debug-watchos/InitializerBLM.build/DerivedSources-normal/arm64 -I/Users/admin/builder/spi-builder-workspace/.derivedData/Build/Intermediates.noindex/BoostedLifecycleMethods.build/Debug-watchos/InitializerBLM.build/DerivedSources/arm64 -I/Users/admin/builder/spi-builder-workspace/.derivedData/Build/Intermediates.noindex/BoostedLifecycleMethods.build/Debug-watchos/InitializerBLM.build/DerivedSources -F/Users/admin/builder/spi-builder-workspace/.derivedData/Build/Products/Debug-watchos/PackageFrameworks -F/Users/admin/builder/spi-builder-workspace/.derivedData/Build/Products/Debug-watchos -iframework /Applications/Xcode-16.3.0.app/Contents/Developer/Platforms/WatchOS.platform/Developer/Library/Frameworks -iframework /Applications/Xcode-16.3.0.app/Contents/Developer/Platforms/WatchOS.platform/Developer/SDKs/WatchOS11.4.sdk/Developer/Library/Frameworks '-fmodule-map-file=/Users/admin/builder/spi-builder-workspace/.derivedData/Build/Intermediates.noindex/GeneratedModuleMaps-watchos/BoostedLifecycleMethods.modulemap' -DXcode
WriteAuxiliaryFile /Users/admin/builder/spi-builder-workspace/.derivedData/Build/Intermediates.noindex/BoostedLifecycleMethods.build/Debug-watchos/BoostedLifecycleMethods.build/Objects-normal/arm64_32/BoostedLifecycleMethods_const_extract_protocols.json (in target 'BoostedLifecycleMethods' from project 'BoostedLifecycleMethods')
cd /Users/admin/builder/spi-builder-workspace
write-file /Users/admin/builder/spi-builder-workspace/.derivedData/Build/Intermediates.noindex/BoostedLifecycleMethods.build/Debug-watchos/BoostedLifecycleMethods.build/Objects-normal/arm64_32/BoostedLifecycleMethods_const_extract_protocols.json
WriteAuxiliaryFile /Users/admin/builder/spi-builder-workspace/.derivedData/Build/Intermediates.noindex/BoostedLifecycleMethods.build/Debug-watchos/InitializerBLM.build/Objects-normal/arm64_32/InitializerBLM.LinkFileList (in target 'InitializerBLM' from project 'BoostedLifecycleMethods')
cd /Users/admin/builder/spi-builder-workspace
write-file /Users/admin/builder/spi-builder-workspace/.derivedData/Build/Intermediates.noindex/BoostedLifecycleMethods.build/Debug-watchos/InitializerBLM.build/Objects-normal/arm64_32/InitializerBLM.LinkFileList
WriteAuxiliaryFile /Users/admin/builder/spi-builder-workspace/.derivedData/Build/Intermediates.noindex/BoostedLifecycleMethods.build/Debug-watchos/InitializerBLM.build/Objects-normal/arm64_32/e6072d4f65d7061329687fe24e3d63a7-common-args.resp (in target 'InitializerBLM' from project 'BoostedLifecycleMethods')
cd /Users/admin/builder/spi-builder-workspace
write-file /Users/admin/builder/spi-builder-workspace/.derivedData/Build/Intermediates.noindex/BoostedLifecycleMethods.build/Debug-watchos/InitializerBLM.build/Objects-normal/arm64_32/e6072d4f65d7061329687fe24e3d63a7-common-args.resp
-target arm64_32-apple-watchos5.0 -fobjc-arc -fmodules -gmodules '-fmodules-cache-path=/Users/admin/builder/spi-builder-workspace/.derivedData/ModuleCache.noindex' '-fmodule-name=InitializerBLM' -fpascal-strings -O0 -DSWIFT_PACKAGE '-DDEBUG=1' '-DOBJC_OLD_DISPATCH_PROTOTYPES=1' -isysroot /Applications/Xcode-16.3.0.app/Contents/Developer/Platforms/WatchOS.platform/Developer/SDKs/WatchOS11.4.sdk -g -I/Users/admin/builder/spi-builder-workspace/.derivedData/Build/Products/Debug-watchos/include -I/Users/admin/builder/spi-builder-workspace/Sources/InitializerBLM/include -I/Users/admin/builder/spi-builder-workspace/.derivedData/Build/Intermediates.noindex/BoostedLifecycleMethods.build/Debug-watchos/InitializerBLM.build/DerivedSources-normal/arm64_32 -I/Users/admin/builder/spi-builder-workspace/.derivedData/Build/Intermediates.noindex/BoostedLifecycleMethods.build/Debug-watchos/InitializerBLM.build/DerivedSources/arm64_32 -I/Users/admin/builder/spi-builder-workspace/.derivedData/Build/Intermediates.noindex/BoostedLifecycleMethods.build/Debug-watchos/InitializerBLM.build/DerivedSources -F/Users/admin/builder/spi-builder-workspace/.derivedData/Build/Products/Debug-watchos/PackageFrameworks -F/Users/admin/builder/spi-builder-workspace/.derivedData/Build/Products/Debug-watchos -iframework /Applications/Xcode-16.3.0.app/Contents/Developer/Platforms/WatchOS.platform/Developer/Library/Frameworks -iframework /Applications/Xcode-16.3.0.app/Contents/Developer/Platforms/WatchOS.platform/Developer/SDKs/WatchOS11.4.sdk/Developer/Library/Frameworks '-fmodule-map-file=/Users/admin/builder/spi-builder-workspace/.derivedData/Build/Intermediates.noindex/GeneratedModuleMaps-watchos/BoostedLifecycleMethods.modulemap' -DXcode
WriteAuxiliaryFile /Users/admin/builder/spi-builder-workspace/.derivedData/Build/Intermediates.noindex/BoostedLifecycleMethods.build/Debug-watchos/InitializerBLM.build/Objects-normal/arm64/InitializerBLM.LinkFileList (in target 'InitializerBLM' from project 'BoostedLifecycleMethods')
cd /Users/admin/builder/spi-builder-workspace
write-file /Users/admin/builder/spi-builder-workspace/.derivedData/Build/Intermediates.noindex/BoostedLifecycleMethods.build/Debug-watchos/InitializerBLM.build/Objects-normal/arm64/InitializerBLM.LinkFileList
WriteAuxiliaryFile /Users/admin/builder/spi-builder-workspace/.derivedData/Build/Intermediates.noindex/BoostedLifecycleMethods.build/Debug-watchos/InitializerBLM.build/InitializerBLM.modulemap (in target 'InitializerBLM' from project 'BoostedLifecycleMethods')
cd /Users/admin/builder/spi-builder-workspace
write-file /Users/admin/builder/spi-builder-workspace/.derivedData/Build/Intermediates.noindex/BoostedLifecycleMethods.build/Debug-watchos/InitializerBLM.build/InitializerBLM.modulemap
WriteAuxiliaryFile /Users/admin/builder/spi-builder-workspace/.derivedData/Build/Intermediates.noindex/BoostedLifecycleMethods.build/Debug-watchos/InitializerBLM.build/InitializerBLM.DependencyStaticMetadataFileList (in target 'InitializerBLM' from project 'BoostedLifecycleMethods')
cd /Users/admin/builder/spi-builder-workspace
write-file /Users/admin/builder/spi-builder-workspace/.derivedData/Build/Intermediates.noindex/BoostedLifecycleMethods.build/Debug-watchos/InitializerBLM.build/InitializerBLM.DependencyStaticMetadataFileList
WriteAuxiliaryFile /Users/admin/builder/spi-builder-workspace/.derivedData/Build/Intermediates.noindex/BoostedLifecycleMethods.build/Debug-watchos/InitializerBLM.build/InitializerBLM.DependencyMetadataFileList (in target 'InitializerBLM' from project 'BoostedLifecycleMethods')
cd /Users/admin/builder/spi-builder-workspace
write-file /Users/admin/builder/spi-builder-workspace/.derivedData/Build/Intermediates.noindex/BoostedLifecycleMethods.build/Debug-watchos/InitializerBLM.build/InitializerBLM.DependencyMetadataFileList
WriteAuxiliaryFile /Users/admin/builder/spi-builder-workspace/.derivedData/Build/Intermediates.noindex/BoostedLifecycleMethods.build/Debug-watchos/BoostedLifecycleMethods.build/Objects-normal/armv7k/BoostedLifecycleMethods.SwiftFileList (in target 'BoostedLifecycleMethods' from project 'BoostedLifecycleMethods')
cd /Users/admin/builder/spi-builder-workspace
write-file /Users/admin/builder/spi-builder-workspace/.derivedData/Build/Intermediates.noindex/BoostedLifecycleMethods.build/Debug-watchos/BoostedLifecycleMethods.build/Objects-normal/armv7k/BoostedLifecycleMethods.SwiftFileList
WriteAuxiliaryFile /Users/admin/builder/spi-builder-workspace/.derivedData/Build/Intermediates.noindex/BoostedLifecycleMethods.build/Debug-watchos/BoostedLifecycleMethods.build/Objects-normal/armv7k/BoostedLifecycleMethods.SwiftConstValuesFileList (in target 'BoostedLifecycleMethods' from project 'BoostedLifecycleMethods')
cd /Users/admin/builder/spi-builder-workspace
write-file /Users/admin/builder/spi-builder-workspace/.derivedData/Build/Intermediates.noindex/BoostedLifecycleMethods.build/Debug-watchos/BoostedLifecycleMethods.build/Objects-normal/armv7k/BoostedLifecycleMethods.SwiftConstValuesFileList
WriteAuxiliaryFile /Users/admin/builder/spi-builder-workspace/.derivedData/Build/Intermediates.noindex/BoostedLifecycleMethods.build/Debug-watchos/BoostedLifecycleMethods.build/Objects-normal/arm64_32/BoostedLifecycleMethods.SwiftFileList (in target 'BoostedLifecycleMethods' from project 'BoostedLifecycleMethods')
cd /Users/admin/builder/spi-builder-workspace
write-file /Users/admin/builder/spi-builder-workspace/.derivedData/Build/Intermediates.noindex/BoostedLifecycleMethods.build/Debug-watchos/BoostedLifecycleMethods.build/Objects-normal/arm64_32/BoostedLifecycleMethods.SwiftFileList
WriteAuxiliaryFile /Users/admin/builder/spi-builder-workspace/.derivedData/Build/Intermediates.noindex/BoostedLifecycleMethods.build/Debug-watchos/BoostedLifecycleMethods.build/Objects-normal/arm64_32/BoostedLifecycleMethods.SwiftConstValuesFileList (in target 'BoostedLifecycleMethods' from project 'BoostedLifecycleMethods')
cd /Users/admin/builder/spi-builder-workspace
write-file /Users/admin/builder/spi-builder-workspace/.derivedData/Build/Intermediates.noindex/BoostedLifecycleMethods.build/Debug-watchos/BoostedLifecycleMethods.build/Objects-normal/arm64_32/BoostedLifecycleMethods.SwiftConstValuesFileList
WriteAuxiliaryFile /Users/admin/builder/spi-builder-workspace/.derivedData/Build/Intermediates.noindex/BoostedLifecycleMethods.build/Debug-watchos/BoostedLifecycleMethods.build/Objects-normal/arm64_32/BoostedLifecycleMethods.LinkFileList (in target 'BoostedLifecycleMethods' from project 'BoostedLifecycleMethods')
cd /Users/admin/builder/spi-builder-workspace
write-file /Users/admin/builder/spi-builder-workspace/.derivedData/Build/Intermediates.noindex/BoostedLifecycleMethods.build/Debug-watchos/BoostedLifecycleMethods.build/Objects-normal/arm64_32/BoostedLifecycleMethods.LinkFileList
WriteAuxiliaryFile /Users/admin/builder/spi-builder-workspace/.derivedData/Build/Intermediates.noindex/BoostedLifecycleMethods.build/Debug-watchos/BoostedLifecycleMethods.build/Objects-normal/arm64_32/BoostedLifecycleMethods-OutputFileMap.json (in target 'BoostedLifecycleMethods' from project 'BoostedLifecycleMethods')
cd /Users/admin/builder/spi-builder-workspace
write-file /Users/admin/builder/spi-builder-workspace/.derivedData/Build/Intermediates.noindex/BoostedLifecycleMethods.build/Debug-watchos/BoostedLifecycleMethods.build/Objects-normal/arm64_32/BoostedLifecycleMethods-OutputFileMap.json
WriteAuxiliaryFile /Users/admin/builder/spi-builder-workspace/.derivedData/Build/Intermediates.noindex/BoostedLifecycleMethods.build/Debug-watchos/BoostedLifecycleMethods.build/Objects-normal/arm64/BoostedLifecycleMethods_const_extract_protocols.json (in target 'BoostedLifecycleMethods' from project 'BoostedLifecycleMethods')
cd /Users/admin/builder/spi-builder-workspace
write-file /Users/admin/builder/spi-builder-workspace/.derivedData/Build/Intermediates.noindex/BoostedLifecycleMethods.build/Debug-watchos/BoostedLifecycleMethods.build/Objects-normal/arm64/BoostedLifecycleMethods_const_extract_protocols.json
Copy /Users/admin/builder/spi-builder-workspace/.derivedData/Build/Intermediates.noindex/GeneratedModuleMaps-watchos/InitializerBLM.modulemap /Users/admin/builder/spi-builder-workspace/.derivedData/Build/Intermediates.noindex/BoostedLifecycleMethods.build/Debug-watchos/InitializerBLM.build/InitializerBLM.modulemap (in target 'InitializerBLM' from project 'BoostedLifecycleMethods')
cd /Users/admin/builder/spi-builder-workspace
builtin-copy -exclude .DS_Store -exclude CVS -exclude .svn -exclude .git -exclude .hg -resolve-src-symlinks /Users/admin/builder/spi-builder-workspace/.derivedData/Build/Intermediates.noindex/BoostedLifecycleMethods.build/Debug-watchos/InitializerBLM.build/InitializerBLM.modulemap /Users/admin/builder/spi-builder-workspace/.derivedData/Build/Intermediates.noindex/GeneratedModuleMaps-watchos
WriteAuxiliaryFile /Users/admin/builder/spi-builder-workspace/.derivedData/Build/Intermediates.noindex/BoostedLifecycleMethods.build/Debug-watchos/BoostedLifecycleMethods.build/Objects-normal/arm64/BoostedLifecycleMethods.SwiftFileList (in target 'BoostedLifecycleMethods' from project 'BoostedLifecycleMethods')
cd /Users/admin/builder/spi-builder-workspace
write-file /Users/admin/builder/spi-builder-workspace/.derivedData/Build/Intermediates.noindex/BoostedLifecycleMethods.build/Debug-watchos/BoostedLifecycleMethods.build/Objects-normal/arm64/BoostedLifecycleMethods.SwiftFileList
WriteAuxiliaryFile /Users/admin/builder/spi-builder-workspace/.derivedData/Build/Intermediates.noindex/BoostedLifecycleMethods.build/Debug-watchos/BoostedLifecycleMethods.build/Objects-normal/arm64/BoostedLifecycleMethods.SwiftConstValuesFileList (in target 'BoostedLifecycleMethods' from project 'BoostedLifecycleMethods')
cd /Users/admin/builder/spi-builder-workspace
write-file /Users/admin/builder/spi-builder-workspace/.derivedData/Build/Intermediates.noindex/BoostedLifecycleMethods.build/Debug-watchos/BoostedLifecycleMethods.build/Objects-normal/arm64/BoostedLifecycleMethods.SwiftConstValuesFileList
WriteAuxiliaryFile /Users/admin/builder/spi-builder-workspace/.derivedData/Build/Intermediates.noindex/BoostedLifecycleMethods.build/Debug-watchos/BoostedLifecycleMethods.build/Objects-normal/arm64/BoostedLifecycleMethods.LinkFileList (in target 'BoostedLifecycleMethods' from project 'BoostedLifecycleMethods')
cd /Users/admin/builder/spi-builder-workspace
write-file /Users/admin/builder/spi-builder-workspace/.derivedData/Build/Intermediates.noindex/BoostedLifecycleMethods.build/Debug-watchos/BoostedLifecycleMethods.build/Objects-normal/arm64/BoostedLifecycleMethods.LinkFileList
WriteAuxiliaryFile /Users/admin/builder/spi-builder-workspace/.derivedData/Build/Intermediates.noindex/BoostedLifecycleMethods.build/Debug-watchos/BoostedLifecycleMethods.build/Objects-normal/arm64/BoostedLifecycleMethods-OutputFileMap.json (in target 'BoostedLifecycleMethods' from project 'BoostedLifecycleMethods')
cd /Users/admin/builder/spi-builder-workspace
write-file /Users/admin/builder/spi-builder-workspace/.derivedData/Build/Intermediates.noindex/BoostedLifecycleMethods.build/Debug-watchos/BoostedLifecycleMethods.build/Objects-normal/arm64/BoostedLifecycleMethods-OutputFileMap.json
WriteAuxiliaryFile /Users/admin/builder/spi-builder-workspace/.derivedData/Build/Intermediates.noindex/BoostedLifecycleMethods.build/Debug-watchos/BoostedLifecycleMethods.build/BoostedLifecycleMethods.modulemap (in target 'BoostedLifecycleMethods' from project 'BoostedLifecycleMethods')
cd /Users/admin/builder/spi-builder-workspace
write-file /Users/admin/builder/spi-builder-workspace/.derivedData/Build/Intermediates.noindex/BoostedLifecycleMethods.build/Debug-watchos/BoostedLifecycleMethods.build/BoostedLifecycleMethods.modulemap
WriteAuxiliaryFile /Users/admin/builder/spi-builder-workspace/.derivedData/Build/Intermediates.noindex/BoostedLifecycleMethods.build/Debug-watchos/BoostedLifecycleMethods.build/BoostedLifecycleMethods.DependencyStaticMetadataFileList (in target 'BoostedLifecycleMethods' from project 'BoostedLifecycleMethods')
cd /Users/admin/builder/spi-builder-workspace
write-file /Users/admin/builder/spi-builder-workspace/.derivedData/Build/Intermediates.noindex/BoostedLifecycleMethods.build/Debug-watchos/BoostedLifecycleMethods.build/BoostedLifecycleMethods.DependencyStaticMetadataFileList
WriteAuxiliaryFile /Users/admin/builder/spi-builder-workspace/.derivedData/Build/Intermediates.noindex/BoostedLifecycleMethods.build/Debug-watchos/BoostedLifecycleMethods.build/BoostedLifecycleMethods.DependencyMetadataFileList (in target 'BoostedLifecycleMethods' from project 'BoostedLifecycleMethods')
cd /Users/admin/builder/spi-builder-workspace
write-file /Users/admin/builder/spi-builder-workspace/.derivedData/Build/Intermediates.noindex/BoostedLifecycleMethods.build/Debug-watchos/BoostedLifecycleMethods.build/BoostedLifecycleMethods.DependencyMetadataFileList
Copy /Users/admin/builder/spi-builder-workspace/.derivedData/Build/Intermediates.noindex/GeneratedModuleMaps-watchos/BoostedLifecycleMethods.modulemap /Users/admin/builder/spi-builder-workspace/.derivedData/Build/Intermediates.noindex/BoostedLifecycleMethods.build/Debug-watchos/BoostedLifecycleMethods.build/BoostedLifecycleMethods.modulemap (in target 'BoostedLifecycleMethods' from project 'BoostedLifecycleMethods')
cd /Users/admin/builder/spi-builder-workspace
builtin-copy -exclude .DS_Store -exclude CVS -exclude .svn -exclude .git -exclude .hg -resolve-src-symlinks /Users/admin/builder/spi-builder-workspace/.derivedData/Build/Intermediates.noindex/BoostedLifecycleMethods.build/Debug-watchos/BoostedLifecycleMethods.build/BoostedLifecycleMethods.modulemap /Users/admin/builder/spi-builder-workspace/.derivedData/Build/Intermediates.noindex/GeneratedModuleMaps-watchos
SwiftDriver BoostedLifecycleMethods normal armv7k com.apple.xcode.tools.swift.compiler (in target 'BoostedLifecycleMethods' from project 'BoostedLifecycleMethods')
cd /Users/admin/builder/spi-builder-workspace/.swiftpm/xcode
builtin-SwiftDriver -- /Applications/Xcode-16.3.0.app/Contents/Developer/Toolchains/XcodeDefault.xctoolchain/usr/bin/swiftc -module-name BoostedLifecycleMethods -Onone -enforce-exclusivity\=checked @/Users/admin/builder/spi-builder-workspace/.derivedData/Build/Intermediates.noindex/BoostedLifecycleMethods.build/Debug-watchos/BoostedLifecycleMethods.build/Objects-normal/armv7k/BoostedLifecycleMethods.SwiftFileList -DSWIFT_PACKAGE -DDEBUG -stats-output-dir .stats -strict-concurrency\=complete -enable-upcoming-feature StrictConcurrency -enable-upcoming-feature DisableOutwardActorInference -enable-upcoming-feature GlobalActorIsolatedTypesUsability -enable-upcoming-feature InferSendableFromCaptures -plugin-path /Applications/Xcode-16.3.0.app/Contents/Developer/Toolchains/XcodeDefault.xctoolchain/usr/lib/swift/host/plugins/testing -enable-experimental-feature DebugDescriptionMacro -sdk /Applications/Xcode-16.3.0.app/Contents/Developer/Platforms/WatchOS.platform/Developer/SDKs/WatchOS11.4.sdk -target armv7k-apple-watchos5.0 -g -module-cache-path /Users/admin/builder/spi-builder-workspace/.derivedData/ModuleCache.noindex -Xfrontend -serialize-debugging-options -enable-testing -index-store-path /Users/admin/builder/spi-builder-workspace/.derivedData/Index.noindex/DataStore -swift-version 5 -I /Users/admin/builder/spi-builder-workspace/.derivedData/Build/Products/Debug-watchos -I /Applications/Xcode-16.3.0.app/Contents/Developer/Platforms/WatchOS.platform/Developer/usr/lib -F /Users/admin/builder/spi-builder-workspace/.derivedData/Build/Products/Debug-watchos -F /Applications/Xcode-16.3.0.app/Contents/Developer/Platforms/WatchOS.platform/Developer/Library/Frameworks -F /Applications/Xcode-16.3.0.app/Contents/Developer/Platforms/WatchOS.platform/Developer/SDKs/WatchOS11.4.sdk/Developer/Library/Frameworks -c -j10 -enable-batch-mode -incremental -Xcc -ivfsstatcache -Xcc /Users/admin/builder/spi-builder-workspace/.derivedData/SDKStatCaches.noindex/watchos11.4-22T246-43efb940ff07ba2497b70ec94253f576.sdkstatcache -output-file-map /Users/admin/builder/spi-builder-workspace/.derivedData/Build/Intermediates.noindex/BoostedLifecycleMethods.build/Debug-watchos/BoostedLifecycleMethods.build/Objects-normal/armv7k/BoostedLifecycleMethods-OutputFileMap.json -use-frontend-parseable-output -save-temps -no-color-diagnostics -serialize-diagnostics -emit-dependencies -emit-module -emit-module-path /Users/admin/builder/spi-builder-workspace/.derivedData/Build/Intermediates.noindex/BoostedLifecycleMethods.build/Debug-watchos/BoostedLifecycleMethods.build/Objects-normal/armv7k/BoostedLifecycleMethods.swiftmodule -validate-clang-modules-once -clang-build-session-file /Users/admin/builder/spi-builder-workspace/.derivedData/ModuleCache.noindex/Session.modulevalidation -Xcc -I/Users/admin/builder/spi-builder-workspace/.derivedData/Build/Intermediates.noindex/BoostedLifecycleMethods.build/Debug-watchos/BoostedLifecycleMethods.build/swift-overrides.hmap -emit-const-values -Xfrontend -const-gather-protocols-file -Xfrontend /Users/admin/builder/spi-builder-workspace/.derivedData/Build/Intermediates.noindex/BoostedLifecycleMethods.build/Debug-watchos/BoostedLifecycleMethods.build/Objects-normal/armv7k/BoostedLifecycleMethods_const_extract_protocols.json -Xcc -I/Users/admin/builder/spi-builder-workspace/.derivedData/Build/Products/Debug-watchos/include -Xcc -I/Users/admin/builder/spi-builder-workspace/.derivedData/Build/Intermediates.noindex/BoostedLifecycleMethods.build/Debug-watchos/BoostedLifecycleMethods.build/DerivedSources-normal/armv7k -Xcc -I/Users/admin/builder/spi-builder-workspace/.derivedData/Build/Intermediates.noindex/BoostedLifecycleMethods.build/Debug-watchos/BoostedLifecycleMethods.build/DerivedSources/armv7k -Xcc -I/Users/admin/builder/spi-builder-workspace/.derivedData/Build/Intermediates.noindex/BoostedLifecycleMethods.build/Debug-watchos/BoostedLifecycleMethods.build/DerivedSources -Xcc -DSWIFT_PACKAGE -Xcc -DDEBUG\=1 -emit-objc-header -emit-objc-header-path /Users/admin/builder/spi-builder-workspace/.derivedData/Build/Intermediates.noindex/BoostedLifecycleMethods.build/Debug-watchos/BoostedLifecycleMethods.build/Objects-normal/armv7k/BoostedLifecycleMethods-Swift.h -working-directory /Users/admin/builder/spi-builder-workspace/.swiftpm/xcode -experimental-emit-module-separately -disable-cmo
SwiftDriver BoostedLifecycleMethods normal arm64 com.apple.xcode.tools.swift.compiler (in target 'BoostedLifecycleMethods' from project 'BoostedLifecycleMethods')
cd /Users/admin/builder/spi-builder-workspace/.swiftpm/xcode
builtin-SwiftDriver -- /Applications/Xcode-16.3.0.app/Contents/Developer/Toolchains/XcodeDefault.xctoolchain/usr/bin/swiftc -module-name BoostedLifecycleMethods -Onone -enforce-exclusivity\=checked @/Users/admin/builder/spi-builder-workspace/.derivedData/Build/Intermediates.noindex/BoostedLifecycleMethods.build/Debug-watchos/BoostedLifecycleMethods.build/Objects-normal/arm64/BoostedLifecycleMethods.SwiftFileList -DSWIFT_PACKAGE -DDEBUG -stats-output-dir .stats -strict-concurrency\=complete -enable-upcoming-feature StrictConcurrency -enable-upcoming-feature DisableOutwardActorInference -enable-upcoming-feature GlobalActorIsolatedTypesUsability -enable-upcoming-feature InferSendableFromCaptures -plugin-path /Applications/Xcode-16.3.0.app/Contents/Developer/Toolchains/XcodeDefault.xctoolchain/usr/lib/swift/host/plugins/testing -enable-experimental-feature DebugDescriptionMacro -sdk /Applications/Xcode-16.3.0.app/Contents/Developer/Platforms/WatchOS.platform/Developer/SDKs/WatchOS11.4.sdk -target arm64-apple-watchos5.0 -g -module-cache-path /Users/admin/builder/spi-builder-workspace/.derivedData/ModuleCache.noindex -Xfrontend -serialize-debugging-options -enable-testing -index-store-path /Users/admin/builder/spi-builder-workspace/.derivedData/Index.noindex/DataStore -swift-version 5 -I /Users/admin/builder/spi-builder-workspace/.derivedData/Build/Products/Debug-watchos -I /Applications/Xcode-16.3.0.app/Contents/Developer/Platforms/WatchOS.platform/Developer/usr/lib -F /Users/admin/builder/spi-builder-workspace/.derivedData/Build/Products/Debug-watchos -F /Applications/Xcode-16.3.0.app/Contents/Developer/Platforms/WatchOS.platform/Developer/Library/Frameworks -F /Applications/Xcode-16.3.0.app/Contents/Developer/Platforms/WatchOS.platform/Developer/SDKs/WatchOS11.4.sdk/Developer/Library/Frameworks -c -j10 -enable-batch-mode -incremental -Xcc -ivfsstatcache -Xcc /Users/admin/builder/spi-builder-workspace/.derivedData/SDKStatCaches.noindex/watchos11.4-22T246-43efb940ff07ba2497b70ec94253f576.sdkstatcache -output-file-map /Users/admin/builder/spi-builder-workspace/.derivedData/Build/Intermediates.noindex/BoostedLifecycleMethods.build/Debug-watchos/BoostedLifecycleMethods.build/Objects-normal/arm64/BoostedLifecycleMethods-OutputFileMap.json -use-frontend-parseable-output -save-temps -no-color-diagnostics -serialize-diagnostics -emit-dependencies -emit-module -emit-module-path /Users/admin/builder/spi-builder-workspace/.derivedData/Build/Intermediates.noindex/BoostedLifecycleMethods.build/Debug-watchos/BoostedLifecycleMethods.build/Objects-normal/arm64/BoostedLifecycleMethods.swiftmodule -validate-clang-modules-once -clang-build-session-file /Users/admin/builder/spi-builder-workspace/.derivedData/ModuleCache.noindex/Session.modulevalidation -Xcc -I/Users/admin/builder/spi-builder-workspace/.derivedData/Build/Intermediates.noindex/BoostedLifecycleMethods.build/Debug-watchos/BoostedLifecycleMethods.build/swift-overrides.hmap -emit-const-values -Xfrontend -const-gather-protocols-file -Xfrontend /Users/admin/builder/spi-builder-workspace/.derivedData/Build/Intermediates.noindex/BoostedLifecycleMethods.build/Debug-watchos/BoostedLifecycleMethods.build/Objects-normal/arm64/BoostedLifecycleMethods_const_extract_protocols.json -Xcc -I/Users/admin/builder/spi-builder-workspace/.derivedData/Build/Products/Debug-watchos/include -Xcc -I/Users/admin/builder/spi-builder-workspace/.derivedData/Build/Intermediates.noindex/BoostedLifecycleMethods.build/Debug-watchos/BoostedLifecycleMethods.build/DerivedSources-normal/arm64 -Xcc -I/Users/admin/builder/spi-builder-workspace/.derivedData/Build/Intermediates.noindex/BoostedLifecycleMethods.build/Debug-watchos/BoostedLifecycleMethods.build/DerivedSources/arm64 -Xcc -I/Users/admin/builder/spi-builder-workspace/.derivedData/Build/Intermediates.noindex/BoostedLifecycleMethods.build/Debug-watchos/BoostedLifecycleMethods.build/DerivedSources -Xcc -DSWIFT_PACKAGE -Xcc -DDEBUG\=1 -emit-objc-header -emit-objc-header-path /Users/admin/builder/spi-builder-workspace/.derivedData/Build/Intermediates.noindex/BoostedLifecycleMethods.build/Debug-watchos/BoostedLifecycleMethods.build/Objects-normal/arm64/BoostedLifecycleMethods-Swift.h -working-directory /Users/admin/builder/spi-builder-workspace/.swiftpm/xcode -experimental-emit-module-separately -disable-cmo
SwiftDriver BoostedLifecycleMethods normal arm64_32 com.apple.xcode.tools.swift.compiler (in target 'BoostedLifecycleMethods' from project 'BoostedLifecycleMethods')
cd /Users/admin/builder/spi-builder-workspace/.swiftpm/xcode
builtin-SwiftDriver -- /Applications/Xcode-16.3.0.app/Contents/Developer/Toolchains/XcodeDefault.xctoolchain/usr/bin/swiftc -module-name BoostedLifecycleMethods -Onone -enforce-exclusivity\=checked @/Users/admin/builder/spi-builder-workspace/.derivedData/Build/Intermediates.noindex/BoostedLifecycleMethods.build/Debug-watchos/BoostedLifecycleMethods.build/Objects-normal/arm64_32/BoostedLifecycleMethods.SwiftFileList -DSWIFT_PACKAGE -DDEBUG -stats-output-dir .stats -strict-concurrency\=complete -enable-upcoming-feature StrictConcurrency -enable-upcoming-feature DisableOutwardActorInference -enable-upcoming-feature GlobalActorIsolatedTypesUsability -enable-upcoming-feature InferSendableFromCaptures -plugin-path /Applications/Xcode-16.3.0.app/Contents/Developer/Toolchains/XcodeDefault.xctoolchain/usr/lib/swift/host/plugins/testing -enable-experimental-feature DebugDescriptionMacro -sdk /Applications/Xcode-16.3.0.app/Contents/Developer/Platforms/WatchOS.platform/Developer/SDKs/WatchOS11.4.sdk -target arm64_32-apple-watchos5.0 -g -module-cache-path /Users/admin/builder/spi-builder-workspace/.derivedData/ModuleCache.noindex -Xfrontend -serialize-debugging-options -enable-testing -index-store-path /Users/admin/builder/spi-builder-workspace/.derivedData/Index.noindex/DataStore -swift-version 5 -I /Users/admin/builder/spi-builder-workspace/.derivedData/Build/Products/Debug-watchos -I /Applications/Xcode-16.3.0.app/Contents/Developer/Platforms/WatchOS.platform/Developer/usr/lib -F /Users/admin/builder/spi-builder-workspace/.derivedData/Build/Products/Debug-watchos -F /Applications/Xcode-16.3.0.app/Contents/Developer/Platforms/WatchOS.platform/Developer/Library/Frameworks -F /Applications/Xcode-16.3.0.app/Contents/Developer/Platforms/WatchOS.platform/Developer/SDKs/WatchOS11.4.sdk/Developer/Library/Frameworks -c -j10 -enable-batch-mode -incremental -Xcc -ivfsstatcache -Xcc /Users/admin/builder/spi-builder-workspace/.derivedData/SDKStatCaches.noindex/watchos11.4-22T246-43efb940ff07ba2497b70ec94253f576.sdkstatcache -output-file-map /Users/admin/builder/spi-builder-workspace/.derivedData/Build/Intermediates.noindex/BoostedLifecycleMethods.build/Debug-watchos/BoostedLifecycleMethods.build/Objects-normal/arm64_32/BoostedLifecycleMethods-OutputFileMap.json -use-frontend-parseable-output -save-temps -no-color-diagnostics -serialize-diagnostics -emit-dependencies -emit-module -emit-module-path /Users/admin/builder/spi-builder-workspace/.derivedData/Build/Intermediates.noindex/BoostedLifecycleMethods.build/Debug-watchos/BoostedLifecycleMethods.build/Objects-normal/arm64_32/BoostedLifecycleMethods.swiftmodule -validate-clang-modules-once -clang-build-session-file /Users/admin/builder/spi-builder-workspace/.derivedData/ModuleCache.noindex/Session.modulevalidation -Xcc -I/Users/admin/builder/spi-builder-workspace/.derivedData/Build/Intermediates.noindex/BoostedLifecycleMethods.build/Debug-watchos/BoostedLifecycleMethods.build/swift-overrides.hmap -emit-const-values -Xfrontend -const-gather-protocols-file -Xfrontend /Users/admin/builder/spi-builder-workspace/.derivedData/Build/Intermediates.noindex/BoostedLifecycleMethods.build/Debug-watchos/BoostedLifecycleMethods.build/Objects-normal/arm64_32/BoostedLifecycleMethods_const_extract_protocols.json -Xcc -I/Users/admin/builder/spi-builder-workspace/.derivedData/Build/Products/Debug-watchos/include -Xcc -I/Users/admin/builder/spi-builder-workspace/.derivedData/Build/Intermediates.noindex/BoostedLifecycleMethods.build/Debug-watchos/BoostedLifecycleMethods.build/DerivedSources-normal/arm64_32 -Xcc -I/Users/admin/builder/spi-builder-workspace/.derivedData/Build/Intermediates.noindex/BoostedLifecycleMethods.build/Debug-watchos/BoostedLifecycleMethods.build/DerivedSources/arm64_32 -Xcc -I/Users/admin/builder/spi-builder-workspace/.derivedData/Build/Intermediates.noindex/BoostedLifecycleMethods.build/Debug-watchos/BoostedLifecycleMethods.build/DerivedSources -Xcc -DSWIFT_PACKAGE -Xcc -DDEBUG\=1 -emit-objc-header -emit-objc-header-path /Users/admin/builder/spi-builder-workspace/.derivedData/Build/Intermediates.noindex/BoostedLifecycleMethods.build/Debug-watchos/BoostedLifecycleMethods.build/Objects-normal/arm64_32/BoostedLifecycleMethods-Swift.h -working-directory /Users/admin/builder/spi-builder-workspace/.swiftpm/xcode -experimental-emit-module-separately -disable-cmo
SwiftEmitModule normal arm64_32 Emitting\ module\ for\ BoostedLifecycleMethods (in target 'BoostedLifecycleMethods' from project 'BoostedLifecycleMethods')
EmitSwiftModule normal arm64_32 (in target 'BoostedLifecycleMethods' from project 'BoostedLifecycleMethods')
cd /Users/admin/builder/spi-builder-workspace/.swiftpm/xcode
/Users/admin/builder/spi-builder-workspace/Sources/BoostedLifecycleMethods/AssociatedObject.swift:10:35: error: cannot find type 'UIAdaptivePresentationControllerDelegate' in scope
class AssociatedObject: NSObject, UIAdaptivePresentationControllerDelegate {
^~~~~~~~~~~~~~~~~~~~~~~~~~~~~~~~~~~~~~~~
/Users/admin/builder/spi-builder-workspace/Sources/BoostedLifecycleMethods/AssociatedObject.swift:14:30: error: cannot find type 'UIViewController' in scope
weak var viewController: UIViewController? { didSet {
^~~~~~~~~~~~~~~~
/Users/admin/builder/spi-builder-workspace/Sources/BoostedLifecycleMethods/AssociatedObject.swift:17:43: error: cannot infer contextual base in reference to member 'pageSheet'
pvc.modalPresentationStyle == .pageSheet || pvc.modalPresentationStyle == .formSheet
~^~~~~~~~~
/Users/admin/builder/spi-builder-workspace/Sources/BoostedLifecycleMethods/AssociatedObject.swift:17:87: error: cannot infer contextual base in reference to member 'formSheet'
pvc.modalPresentationStyle == .pageSheet || pvc.modalPresentationStyle == .formSheet
~^~~~~~~~~
/Users/admin/builder/spi-builder-workspace/Sources/BoostedLifecycleMethods/AssociatedObject.swift:33:30: error: cannot find type 'UIView' in scope
weak var firstResponder: UIView?
^~~~~~
/Applications/Xcode-16.3.0.app/Contents/Developer/Platforms/WatchOS.platform/Developer/SDKs/WatchOS11.4.sdk/System/Library/Frameworks/UIKit.framework/Headers/NSTextAttachment.h:23:1: note: interface 'UIView' forward declared here
@class UIView;
^
/Users/admin/builder/spi-builder-workspace/Sources/BoostedLifecycleMethods/AssociatedObject.swift:54:40: error: cannot find type 'UIViewController' in scope
weak var presentingViewController: UIViewController?
^~~~~~~~~~~~~~~~
/Users/admin/builder/spi-builder-workspace/Sources/BoostedLifecycleMethods/AssociatedObject.swift:55:39: error: cannot find type 'UIViewController' in scope
weak var presentedViewController: UIViewController?
^~~~~~~~~~~~~~~~
/Users/admin/builder/spi-builder-workspace/Sources/BoostedLifecycleMethods/AssociatedObject.swift:108:72: error: cannot find type 'UIPresentationController' in scope
func presentationControllerShouldDismiss(_ presentationController: UIPresentationController) -> Bool {
^~~~~~~~~~~~~~~~~~~~~~~~
/Users/admin/builder/spi-builder-workspace/Sources/BoostedLifecycleMethods/BoostedAlertController.swift:10:18: error: cannot find type 'UIAlertController' in scope
public extension UIAlertController {
^~~~~~~~~~~~~~~~~
/Users/admin/builder/spi-builder-workspace/Sources/BoostedLifecycleMethods/BoostedAlertController.swift:23:11: error: cannot find type 'UIAlertController' in scope
extension UIAlertController {
^~~~~~~~~~~~~~~~~
/Users/admin/builder/spi-builder-workspace/Sources/BoostedLifecycleMethods/BoostedLifeCycleMethodsPublic.swift:10:18: error: cannot find type 'UIViewController' in scope
public extension UIViewController {
^~~~~~~~~~~~~~~~
/Users/admin/builder/spi-builder-workspace/Sources/BoostedLifecycleMethods/BoostedLifecycleMethods.swift:9:11: error: cannot find type 'UIViewController' in scope
extension UIViewController {
^~~~~~~~~~~~~~~~
/Users/admin/builder/spi-builder-workspace/Sources/BoostedLifecycleMethods/UIView+findFirstResponder.swift:10:11: error: cannot find type 'UIView' in scope
extension UIView {
^~~~~~
/Applications/Xcode-16.3.0.app/Contents/Developer/Platforms/WatchOS.platform/Developer/SDKs/WatchOS11.4.sdk/System/Library/Frameworks/UIKit.framework/Headers/NSTextAttachment.h:23:1: note: interface 'UIView' forward declared here
@class UIView;
^
Failed frontend command:
/Applications/Xcode-16.3.0.app/Contents/Developer/Toolchains/XcodeDefault.xctoolchain/usr/bin/swift-frontend -frontend -emit-module -experimental-skip-non-inlinable-function-bodies-without-types /Users/admin/builder/spi-builder-workspace/Sources/BoostedLifecycleMethods/AssociatedObject.swift /Users/admin/builder/spi-builder-workspace/Sources/BoostedLifecycleMethods/BoostedAlertController.swift /Users/admin/builder/spi-builder-workspace/Sources/BoostedLifecycleMethods/BoostedLifeCycleMethodsPublic.swift /Users/admin/builder/spi-builder-workspace/Sources/BoostedLifecycleMethods/BoostedLifecycleMethods.swift /Users/admin/builder/spi-builder-workspace/Sources/BoostedLifecycleMethods/BoostedPrint.swift /Users/admin/builder/spi-builder-workspace/Sources/BoostedLifecycleMethods/UIView+findFirstResponder.swift -target arm64_32-apple-watchos5.0 -enable-objc-interop -sdk /Applications/Xcode-16.3.0.app/Contents/Developer/Platforms/WatchOS.platform/Developer/SDKs/WatchOS11.4.sdk -I /Users/admin/builder/spi-builder-workspace/.derivedData/Build/Products/Debug-watchos -I /Applications/Xcode-16.3.0.app/Contents/Developer/Platforms/WatchOS.platform/Developer/usr/lib -F /Users/admin/builder/spi-builder-workspace/.derivedData/Build/Products/Debug-watchos -F /Applications/Xcode-16.3.0.app/Contents/Developer/Platforms/WatchOS.platform/Developer/Library/Frameworks -F /Applications/Xcode-16.3.0.app/Contents/Developer/Platforms/WatchOS.platform/Developer/SDKs/WatchOS11.4.sdk/Developer/Library/Frameworks -no-color-diagnostics -enable-testing -g -debug-info-format\=dwarf -dwarf-version\=4 -module-cache-path /Users/admin/builder/spi-builder-workspace/.derivedData/ModuleCache.noindex -swift-version 5 -enforce-exclusivity\=checked -stats-output-dir /Users/admin/builder/spi-builder-workspace/.swiftpm/xcode/.stats -Onone -D SWIFT_PACKAGE -D DEBUG -serialize-debugging-options -const-gather-protocols-file /Users/admin/builder/spi-builder-workspace/.derivedData/Build/Intermediates.noindex/BoostedLifecycleMethods.build/Debug-watchos/BoostedLifecycleMethods.build/Objects-normal/arm64_32/BoostedLifecycleMethods_const_extract_protocols.json -enable-upcoming-feature StrictConcurrency -enable-upcoming-feature DisableOutwardActorInference -enable-upcoming-feature GlobalActorIsolatedTypesUsability -enable-upcoming-feature InferSendableFromCaptures -enable-experimental-feature DebugDescriptionMacro -strict-concurrency\=complete -empty-abi-descriptor -plugin-path /Applications/Xcode-16.3.0.app/Contents/Developer/Toolchains/XcodeDefault.xctoolchain/usr/lib/swift/host/plugins/testing -validate-clang-modules-once -clang-build-session-file /Users/admin/builder/spi-builder-workspace/.derivedData/ModuleCache.noindex/Session.modulevalidation -Xcc -working-directory -Xcc /Users/admin/builder/spi-builder-workspace/.swiftpm/xcode -resource-dir /Applications/Xcode-16.3.0.app/Contents/Developer/Toolchains/XcodeDefault.xctoolchain/usr/lib/swift -enable-anonymous-context-mangled-names -file-compilation-dir /Users/admin/builder/spi-builder-workspace/.swiftpm/xcode -Xcc -ivfsstatcache -Xcc /Users/admin/builder/spi-builder-workspace/.derivedData/SDKStatCaches.noindex/watchos11.4-22T246-43efb940ff07ba2497b70ec94253f576.sdkstatcache -Xcc -I/Users/admin/builder/spi-builder-workspace/.derivedData/Build/Intermediates.noindex/BoostedLifecycleMethods.build/Debug-watchos/BoostedLifecycleMethods.build/swift-overrides.hmap -Xcc -I/Users/admin/builder/spi-builder-workspace/.derivedData/Build/Products/Debug-watchos/include -Xcc -I/Users/admin/builder/spi-builder-workspace/.derivedData/Build/Intermediates.noindex/BoostedLifecycleMethods.build/Debug-watchos/BoostedLifecycleMethods.build/DerivedSources-normal/arm64_32 -Xcc -I/Users/admin/builder/spi-builder-workspace/.derivedData/Build/Intermediates.noindex/BoostedLifecycleMethods.build/Debug-watchos/BoostedLifecycleMethods.build/DerivedSources/arm64_32 -Xcc -I/Users/admin/builder/spi-builder-workspace/.derivedData/Build/Intermediates.noindex/BoostedLifecycleMethods.build/Debug-watchos/BoostedLifecycleMethods.build/DerivedSources -Xcc -DSWIFT_PACKAGE -Xcc -DDEBUG\=1 -module-name BoostedLifecycleMethods -frontend-parseable-output -disable-clang-spi -target-sdk-version 11.4 -target-sdk-name watchos11.4 -external-plugin-path /Applications/Xcode-16.3.0.app/Contents/Developer/Platforms/WatchOS.platform/Developer/usr/lib/swift/host/plugins\#/Applications/Xcode-16.3.0.app/Contents/Developer/Platforms/WatchOS.platform/Developer/usr/bin/swift-plugin-server -external-plugin-path /Applications/Xcode-16.3.0.app/Contents/Developer/Platforms/WatchOS.platform/Developer/usr/local/lib/swift/host/plugins\#/Applications/Xcode-16.3.0.app/Contents/Developer/Platforms/WatchOS.platform/Developer/usr/bin/swift-plugin-server -in-process-plugin-server-path /Applications/Xcode-16.3.0.app/Contents/Developer/Toolchains/XcodeDefault.xctoolchain/usr/lib/swift/host/libSwiftInProcPluginServer.dylib -plugin-path /Applications/Xcode-16.3.0.app/Contents/Developer/Toolchains/XcodeDefault.xctoolchain/usr/lib/swift/host/plugins -plugin-path /Applications/Xcode-16.3.0.app/Contents/Developer/Toolchains/XcodeDefault.xctoolchain/usr/local/lib/swift/host/plugins -emit-module-doc-path /Users/admin/builder/spi-builder-workspace/.derivedData/Build/Intermediates.noindex/BoostedLifecycleMethods.build/Debug-watchos/BoostedLifecycleMethods.build/Objects-normal/arm64_32/BoostedLifecycleMethods.swiftdoc -emit-module-source-info-path /Users/admin/builder/spi-builder-workspace/.derivedData/Build/Intermediates.noindex/BoostedLifecycleMethods.build/Debug-watchos/BoostedLifecycleMethods.build/Objects-normal/arm64_32/BoostedLifecycleMethods.swiftsourceinfo -emit-objc-header-path /Users/admin/builder/spi-builder-workspace/.derivedData/Build/Intermediates.noindex/BoostedLifecycleMethods.build/Debug-watchos/BoostedLifecycleMethods.build/Objects-normal/arm64_32/BoostedLifecycleMethods-Swift.h -serialize-diagnostics-path /Users/admin/builder/spi-builder-workspace/.derivedData/Build/Intermediates.noindex/BoostedLifecycleMethods.build/Debug-watchos/BoostedLifecycleMethods.build/Objects-normal/arm64_32/BoostedLifecycleMethods-master-emit-module.dia -emit-dependencies-path /Users/admin/builder/spi-builder-workspace/.derivedData/Build/Intermediates.noindex/BoostedLifecycleMethods.build/Debug-watchos/BoostedLifecycleMethods.build/Objects-normal/arm64_32/BoostedLifecycleMethods-master-emit-module.d -o /Users/admin/builder/spi-builder-workspace/.derivedData/Build/Intermediates.noindex/BoostedLifecycleMethods.build/Debug-watchos/BoostedLifecycleMethods.build/Objects-normal/arm64_32/BoostedLifecycleMethods.swiftmodule -emit-abi-descriptor-path /Users/admin/builder/spi-builder-workspace/.derivedData/Build/Intermediates.noindex/BoostedLifecycleMethods.build/Debug-watchos/BoostedLifecycleMethods.build/Objects-normal/arm64_32/BoostedLifecycleMethods.abi.json
SwiftCompile normal arm64_32 Compiling\ BoostedPrint.swift /Users/admin/builder/spi-builder-workspace/Sources/BoostedLifecycleMethods/BoostedPrint.swift (in target 'BoostedLifecycleMethods' from project 'BoostedLifecycleMethods')
SwiftCompile normal arm64_32 /Users/admin/builder/spi-builder-workspace/Sources/BoostedLifecycleMethods/BoostedPrint.swift (in target 'BoostedLifecycleMethods' from project 'BoostedLifecycleMethods')
cd /Users/admin/builder/spi-builder-workspace/.swiftpm/xcode
SwiftCompile normal arm64_32 Compiling\ BoostedLifecycleMethods.swift /Users/admin/builder/spi-builder-workspace/Sources/BoostedLifecycleMethods/BoostedLifecycleMethods.swift (in target 'BoostedLifecycleMethods' from project 'BoostedLifecycleMethods')
SwiftCompile normal arm64_32 /Users/admin/builder/spi-builder-workspace/Sources/BoostedLifecycleMethods/BoostedLifecycleMethods.swift (in target 'BoostedLifecycleMethods' from project 'BoostedLifecycleMethods')
cd /Users/admin/builder/spi-builder-workspace/.swiftpm/xcode
SwiftEmitModule normal arm64 Emitting\ module\ for\ BoostedLifecycleMethods (in target 'BoostedLifecycleMethods' from project 'BoostedLifecycleMethods')
EmitSwiftModule normal arm64 (in target 'BoostedLifecycleMethods' from project 'BoostedLifecycleMethods')
cd /Users/admin/builder/spi-builder-workspace/.swiftpm/xcode
SwiftEmitModule normal armv7k Emitting\ module\ for\ BoostedLifecycleMethods (in target 'BoostedLifecycleMethods' from project 'BoostedLifecycleMethods')
EmitSwiftModule normal armv7k (in target 'BoostedLifecycleMethods' from project 'BoostedLifecycleMethods')
cd /Users/admin/builder/spi-builder-workspace/.swiftpm/xcode
SwiftCompile normal armv7k Compiling\ BoostedAlertController.swift /Users/admin/builder/spi-builder-workspace/Sources/BoostedLifecycleMethods/BoostedAlertController.swift (in target 'BoostedLifecycleMethods' from project 'BoostedLifecycleMethods')
SwiftCompile normal armv7k /Users/admin/builder/spi-builder-workspace/Sources/BoostedLifecycleMethods/BoostedAlertController.swift (in target 'BoostedLifecycleMethods' from project 'BoostedLifecycleMethods')
cd /Users/admin/builder/spi-builder-workspace/.swiftpm/xcode
SwiftCompile normal arm64 Compiling\ BoostedPrint.swift /Users/admin/builder/spi-builder-workspace/Sources/BoostedLifecycleMethods/BoostedPrint.swift (in target 'BoostedLifecycleMethods' from project 'BoostedLifecycleMethods')
SwiftCompile normal arm64 /Users/admin/builder/spi-builder-workspace/Sources/BoostedLifecycleMethods/BoostedPrint.swift (in target 'BoostedLifecycleMethods' from project 'BoostedLifecycleMethods')
cd /Users/admin/builder/spi-builder-workspace/.swiftpm/xcode
SwiftCompile normal armv7k Compiling\ BoostedLifecycleMethods.swift /Users/admin/builder/spi-builder-workspace/Sources/BoostedLifecycleMethods/BoostedLifecycleMethods.swift (in target 'BoostedLifecycleMethods' from project 'BoostedLifecycleMethods')
SwiftCompile normal armv7k /Users/admin/builder/spi-builder-workspace/Sources/BoostedLifecycleMethods/BoostedLifecycleMethods.swift (in target 'BoostedLifecycleMethods' from project 'BoostedLifecycleMethods')
cd /Users/admin/builder/spi-builder-workspace/.swiftpm/xcode
SwiftCompile normal arm64 Compiling\ BoostedLifeCycleMethodsPublic.swift /Users/admin/builder/spi-builder-workspace/Sources/BoostedLifecycleMethods/BoostedLifeCycleMethodsPublic.swift (in target 'BoostedLifecycleMethods' from project 'BoostedLifecycleMethods')
SwiftCompile normal arm64 /Users/admin/builder/spi-builder-workspace/Sources/BoostedLifecycleMethods/BoostedLifeCycleMethodsPublic.swift (in target 'BoostedLifecycleMethods' from project 'BoostedLifecycleMethods')
cd /Users/admin/builder/spi-builder-workspace/.swiftpm/xcode
SwiftCompile normal arm64_32 Compiling\ BoostedAlertController.swift /Users/admin/builder/spi-builder-workspace/Sources/BoostedLifecycleMethods/BoostedAlertController.swift (in target 'BoostedLifecycleMethods' from project 'BoostedLifecycleMethods')
SwiftCompile normal arm64_32 /Users/admin/builder/spi-builder-workspace/Sources/BoostedLifecycleMethods/BoostedAlertController.swift (in target 'BoostedLifecycleMethods' from project 'BoostedLifecycleMethods')
cd /Users/admin/builder/spi-builder-workspace/.swiftpm/xcode
SwiftCompile normal arm64_32 Compiling\ UIView+findFirstResponder.swift /Users/admin/builder/spi-builder-workspace/Sources/BoostedLifecycleMethods/UIView+findFirstResponder.swift (in target 'BoostedLifecycleMethods' from project 'BoostedLifecycleMethods')
Command SwiftCompile failed with a nonzero exit code
** BUILD FAILED **
The following build commands failed:
EmitSwiftModule normal arm64_32 (in target 'BoostedLifecycleMethods' from project 'BoostedLifecycleMethods')
SwiftEmitModule normal arm64_32 Emitting\ module\ for\ BoostedLifecycleMethods (in target 'BoostedLifecycleMethods' from project 'BoostedLifecycleMethods')
SwiftCompile normal arm64_32 Compiling\ UIView+findFirstResponder.swift /Users/admin/builder/spi-builder-workspace/Sources/BoostedLifecycleMethods/UIView+findFirstResponder.swift (in target 'BoostedLifecycleMethods' from project 'BoostedLifecycleMethods')
Building workspace spi-builder-workspace with scheme BoostedLifecycleMethods
(4 failures)
Command line invocation:
/Applications/Xcode-16.3.0.app/Contents/Developer/usr/bin/xcodebuild -IDEClonedSourcePackagesDirPathOverride=/Users/admin/builder/spi-builder-workspace/.dependencies -resolvePackageDependencies
Resolve Package Graph
Resolved source packages:
BoostedLifecycleMethods: /Users/admin/builder/spi-builder-workspace
resolved source packages: BoostedLifecycleMethods
{
"dependencies" : [
],
"manifest_display_name" : "BoostedLifecycleMethods",
"name" : "BoostedLifecycleMethods",
"path" : "/Users/admin/builder/spi-builder-workspace",
"platforms" : [
{
"name" : "ios",
"version" : "12.0"
},
{
"name" : "tvos",
"version" : "12.0"
}
],
"products" : [
{
"name" : "BoostedLifecycleMethods",
"targets" : [
"InitializerBLM"
],
"type" : {
"library" : [
"automatic"
]
}
}
],
"targets" : [
{
"c99name" : "InitializerBLM",
"module_type" : "ClangTarget",
"name" : "InitializerBLM",
"path" : "Sources/InitializerBLM",
"product_memberships" : [
"BoostedLifecycleMethods"
],
"sources" : [
"InitializerBLM.m"
],
"target_dependencies" : [
"BoostedLifecycleMethods"
],
"type" : "library"
},
{
"c99name" : "BoostedLifecycleMethods",
"module_type" : "SwiftTarget",
"name" : "BoostedLifecycleMethods",
"path" : "Sources/BoostedLifecycleMethods",
"product_memberships" : [
"BoostedLifecycleMethods"
],
"sources" : [
"AssociatedObject.swift",
"BoostedAlertController.swift",
"BoostedLifeCycleMethodsPublic.swift",
"BoostedLifecycleMethods.swift",
"BoostedPrint.swift",
"UIView+findFirstResponder.swift"
],
"type" : "library"
}
],
"tools_version" : "5.6"
}
{
"workspace" : {
"name" : "spi-builder-workspace",
"schemes" : [
"BoostedLifecycleMethods"
]
}
}
Running build ...
env DEVELOPER_DIR=/Applications/Xcode-16.3.0.app xcrun xcodebuild -IDEClonedSourcePackagesDirPathOverride=$PWD/.dependencies -skipMacroValidation -skipPackagePluginValidation -derivedDataPath $PWD/.derivedData build -scheme BoostedLifecycleMethods -destination generic/platform=watchOS
Command line invocation:
/Applications/Xcode-16.3.0.app/Contents/Developer/usr/bin/xcodebuild -IDEClonedSourcePackagesDirPathOverride=/Users/admin/builder/spi-builder-workspace/.dependencies -skipMacroValidation -skipPackagePluginValidation -derivedDataPath /Users/admin/builder/spi-builder-workspace/.derivedData build -scheme BoostedLifecycleMethods -destination generic/platform=watchOS
Resolve Package Graph
Resolved source packages:
BoostedLifecycleMethods: /Users/admin/builder/spi-builder-workspace
ComputePackagePrebuildTargetDependencyGraph
Prepare packages
CreateBuildRequest
SendProjectDescription
CreateBuildOperation
ComputeTargetDependencyGraph
note: Building targets in dependency order
note: Target dependency graph (3 targets)
Target 'BoostedLifecycleMethods' in project 'BoostedLifecycleMethods'
➜ Explicit dependency on target 'InitializerBLM' in project 'BoostedLifecycleMethods'
➜ Explicit dependency on target 'BoostedLifecycleMethods' in project 'BoostedLifecycleMethods'
Target 'InitializerBLM' in project 'BoostedLifecycleMethods'
➜ Explicit dependency on target 'BoostedLifecycleMethods' in project 'BoostedLifecycleMethods'
Target 'BoostedLifecycleMethods' in project 'BoostedLifecycleMethods' (no dependencies)
GatherProvisioningInputs
CreateBuildDescription
ExecuteExternalTool /Applications/Xcode-16.3.0.app/Contents/Developer/Toolchains/XcodeDefault.xctoolchain/usr/bin/clang -v -E -dM -arch arm64 -isysroot /Applications/Xcode-16.3.0.app/Contents/Developer/Platforms/WatchOS.platform/Developer/SDKs/WatchOS11.4.sdk -x objective-c -c /dev/null
ExecuteExternalTool /Applications/Xcode-16.3.0.app/Contents/Developer/Toolchains/XcodeDefault.xctoolchain/usr/bin/swiftc --version
ExecuteExternalTool /Applications/Xcode-16.3.0.app/Contents/Developer/Toolchains/XcodeDefault.xctoolchain/usr/bin/clang -v -E -dM -isysroot /Applications/Xcode-16.3.0.app/Contents/Developer/Platforms/WatchOS.platform/Developer/SDKs/WatchOS11.4.sdk -x c -c /dev/null
ExecuteExternalTool /Applications/Xcode-16.3.0.app/Contents/Developer/Toolchains/XcodeDefault.xctoolchain/usr/bin/ld -version_details
ExecuteExternalTool /Applications/Xcode-16.3.0.app/Contents/Developer/Toolchains/XcodeDefault.xctoolchain/usr/bin/clang -v -E -dM -arch arm64 -isysroot /Applications/Xcode-16.3.0.app/Contents/Developer/Platforms/WatchOS.platform/Developer/SDKs/WatchOS11.4.sdk -x c -c /dev/null
ExecuteExternalTool /Applications/Xcode-16.3.0.app/Contents/Developer/Toolchains/XcodeDefault.xctoolchain/usr/bin/clang -v -E -dM -arch armv7k -isysroot /Applications/Xcode-16.3.0.app/Contents/Developer/Platforms/WatchOS.platform/Developer/SDKs/WatchOS11.4.sdk -x objective-c -c /dev/null
ExecuteExternalTool /Applications/Xcode-16.3.0.app/Contents/Developer/Toolchains/XcodeDefault.xctoolchain/usr/bin/clang -v -E -dM -arch armv7k -isysroot /Applications/Xcode-16.3.0.app/Contents/Developer/Platforms/WatchOS.platform/Developer/SDKs/WatchOS11.4.sdk -x c -c /dev/null
ExecuteExternalTool /Applications/Xcode-16.3.0.app/Contents/Developer/Toolchains/XcodeDefault.xctoolchain/usr/bin/clang -v -E -dM -arch arm64_32 -isysroot /Applications/Xcode-16.3.0.app/Contents/Developer/Platforms/WatchOS.platform/Developer/SDKs/WatchOS11.4.sdk -x objective-c -c /dev/null
ExecuteExternalTool /Applications/Xcode-16.3.0.app/Contents/Developer/Toolchains/XcodeDefault.xctoolchain/usr/bin/clang -v -E -dM -arch arm64_32 -isysroot /Applications/Xcode-16.3.0.app/Contents/Developer/Platforms/WatchOS.platform/Developer/SDKs/WatchOS11.4.sdk -x c -c /dev/null
Build description signature: 2d0d8320767a36af22b3cd47eaf80856
Build description path: /Users/admin/builder/spi-builder-workspace/.derivedData/Build/Intermediates.noindex/XCBuildData/2d0d8320767a36af22b3cd47eaf80856.xcbuilddata
ClangStatCache /Applications/Xcode-16.3.0.app/Contents/Developer/Toolchains/XcodeDefault.xctoolchain/usr/bin/clang-stat-cache /Applications/Xcode-16.3.0.app/Contents/Developer/Platforms/WatchOS.platform/Developer/SDKs/WatchOS11.4.sdk /Users/admin/builder/spi-builder-workspace/.derivedData/SDKStatCaches.noindex/watchos11.4-22T246-43efb940ff07ba2497b70ec94253f576.sdkstatcache
cd /Users/admin/builder/spi-builder-workspace/.swiftpm/xcode
/Applications/Xcode-16.3.0.app/Contents/Developer/Toolchains/XcodeDefault.xctoolchain/usr/bin/clang-stat-cache /Applications/Xcode-16.3.0.app/Contents/Developer/Platforms/WatchOS.platform/Developer/SDKs/WatchOS11.4.sdk -o /Users/admin/builder/spi-builder-workspace/.derivedData/SDKStatCaches.noindex/watchos11.4-22T246-43efb940ff07ba2497b70ec94253f576.sdkstatcache
SwiftDriver BoostedLifecycleMethods normal arm64_32 com.apple.xcode.tools.swift.compiler (in target 'BoostedLifecycleMethods' from project 'BoostedLifecycleMethods')
cd /Users/admin/builder/spi-builder-workspace/.swiftpm/xcode
builtin-SwiftDriver -- /Applications/Xcode-16.3.0.app/Contents/Developer/Toolchains/XcodeDefault.xctoolchain/usr/bin/swiftc -module-name BoostedLifecycleMethods -Onone -enforce-exclusivity\=checked @/Users/admin/builder/spi-builder-workspace/.derivedData/Build/Intermediates.noindex/BoostedLifecycleMethods.build/Debug-watchos/BoostedLifecycleMethods.build/Objects-normal/arm64_32/BoostedLifecycleMethods.SwiftFileList -DSWIFT_PACKAGE -DDEBUG -DXcode -plugin-path /Applications/Xcode-16.3.0.app/Contents/Developer/Toolchains/XcodeDefault.xctoolchain/usr/lib/swift/host/plugins/testing -enable-experimental-feature DebugDescriptionMacro -sdk /Applications/Xcode-16.3.0.app/Contents/Developer/Platforms/WatchOS.platform/Developer/SDKs/WatchOS11.4.sdk -target arm64_32-apple-watchos5.0 -g -module-cache-path /Users/admin/builder/spi-builder-workspace/.derivedData/ModuleCache.noindex -Xfrontend -serialize-debugging-options -enable-testing -index-store-path /Users/admin/builder/spi-builder-workspace/.derivedData/Index.noindex/DataStore -swift-version 5 -I /Users/admin/builder/spi-builder-workspace/.derivedData/Build/Products/Debug-watchos -I /Applications/Xcode-16.3.0.app/Contents/Developer/Platforms/WatchOS.platform/Developer/usr/lib -F /Users/admin/builder/spi-builder-workspace/.derivedData/Build/Products/Debug-watchos -F /Applications/Xcode-16.3.0.app/Contents/Developer/Platforms/WatchOS.platform/Developer/Library/Frameworks -F /Applications/Xcode-16.3.0.app/Contents/Developer/Platforms/WatchOS.platform/Developer/SDKs/WatchOS11.4.sdk/Developer/Library/Frameworks -c -j10 -enable-batch-mode -incremental -Xcc -ivfsstatcache -Xcc /Users/admin/builder/spi-builder-workspace/.derivedData/SDKStatCaches.noindex/watchos11.4-22T246-43efb940ff07ba2497b70ec94253f576.sdkstatcache -output-file-map /Users/admin/builder/spi-builder-workspace/.derivedData/Build/Intermediates.noindex/BoostedLifecycleMethods.build/Debug-watchos/BoostedLifecycleMethods.build/Objects-normal/arm64_32/BoostedLifecycleMethods-OutputFileMap.json -use-frontend-parseable-output -save-temps -no-color-diagnostics -serialize-diagnostics -emit-dependencies -emit-module -emit-module-path /Users/admin/builder/spi-builder-workspace/.derivedData/Build/Intermediates.noindex/BoostedLifecycleMethods.build/Debug-watchos/BoostedLifecycleMethods.build/Objects-normal/arm64_32/BoostedLifecycleMethods.swiftmodule -validate-clang-modules-once -clang-build-session-file /Users/admin/builder/spi-builder-workspace/.derivedData/ModuleCache.noindex/Session.modulevalidation -Xcc -I/Users/admin/builder/spi-builder-workspace/.derivedData/Build/Intermediates.noindex/BoostedLifecycleMethods.build/Debug-watchos/BoostedLifecycleMethods.build/swift-overrides.hmap -emit-const-values -Xfrontend -const-gather-protocols-file -Xfrontend /Users/admin/builder/spi-builder-workspace/.derivedData/Build/Intermediates.noindex/BoostedLifecycleMethods.build/Debug-watchos/BoostedLifecycleMethods.build/Objects-normal/arm64_32/BoostedLifecycleMethods_const_extract_protocols.json -Xcc -I/Users/admin/builder/spi-builder-workspace/.derivedData/Build/Products/Debug-watchos/include -Xcc -I/Users/admin/builder/spi-builder-workspace/.derivedData/Build/Intermediates.noindex/BoostedLifecycleMethods.build/Debug-watchos/BoostedLifecycleMethods.build/DerivedSources-normal/arm64_32 -Xcc -I/Users/admin/builder/spi-builder-workspace/.derivedData/Build/Intermediates.noindex/BoostedLifecycleMethods.build/Debug-watchos/BoostedLifecycleMethods.build/DerivedSources/arm64_32 -Xcc -I/Users/admin/builder/spi-builder-workspace/.derivedData/Build/Intermediates.noindex/BoostedLifecycleMethods.build/Debug-watchos/BoostedLifecycleMethods.build/DerivedSources -Xcc -DSWIFT_PACKAGE -Xcc -DDEBUG\=1 -emit-objc-header -emit-objc-header-path /Users/admin/builder/spi-builder-workspace/.derivedData/Build/Intermediates.noindex/BoostedLifecycleMethods.build/Debug-watchos/BoostedLifecycleMethods.build/Objects-normal/arm64_32/BoostedLifecycleMethods-Swift.h -working-directory /Users/admin/builder/spi-builder-workspace/.swiftpm/xcode -experimental-emit-module-separately -disable-cmo
SwiftDriver BoostedLifecycleMethods normal arm64 com.apple.xcode.tools.swift.compiler (in target 'BoostedLifecycleMethods' from project 'BoostedLifecycleMethods')
cd /Users/admin/builder/spi-builder-workspace/.swiftpm/xcode
builtin-SwiftDriver -- /Applications/Xcode-16.3.0.app/Contents/Developer/Toolchains/XcodeDefault.xctoolchain/usr/bin/swiftc -module-name BoostedLifecycleMethods -Onone -enforce-exclusivity\=checked @/Users/admin/builder/spi-builder-workspace/.derivedData/Build/Intermediates.noindex/BoostedLifecycleMethods.build/Debug-watchos/BoostedLifecycleMethods.build/Objects-normal/arm64/BoostedLifecycleMethods.SwiftFileList -DSWIFT_PACKAGE -DDEBUG -DXcode -plugin-path /Applications/Xcode-16.3.0.app/Contents/Developer/Toolchains/XcodeDefault.xctoolchain/usr/lib/swift/host/plugins/testing -enable-experimental-feature DebugDescriptionMacro -sdk /Applications/Xcode-16.3.0.app/Contents/Developer/Platforms/WatchOS.platform/Developer/SDKs/WatchOS11.4.sdk -target arm64-apple-watchos5.0 -g -module-cache-path /Users/admin/builder/spi-builder-workspace/.derivedData/ModuleCache.noindex -Xfrontend -serialize-debugging-options -enable-testing -index-store-path /Users/admin/builder/spi-builder-workspace/.derivedData/Index.noindex/DataStore -swift-version 5 -I /Users/admin/builder/spi-builder-workspace/.derivedData/Build/Products/Debug-watchos -I /Applications/Xcode-16.3.0.app/Contents/Developer/Platforms/WatchOS.platform/Developer/usr/lib -F /Users/admin/builder/spi-builder-workspace/.derivedData/Build/Products/Debug-watchos -F /Applications/Xcode-16.3.0.app/Contents/Developer/Platforms/WatchOS.platform/Developer/Library/Frameworks -F /Applications/Xcode-16.3.0.app/Contents/Developer/Platforms/WatchOS.platform/Developer/SDKs/WatchOS11.4.sdk/Developer/Library/Frameworks -c -j10 -enable-batch-mode -incremental -Xcc -ivfsstatcache -Xcc /Users/admin/builder/spi-builder-workspace/.derivedData/SDKStatCaches.noindex/watchos11.4-22T246-43efb940ff07ba2497b70ec94253f576.sdkstatcache -output-file-map /Users/admin/builder/spi-builder-workspace/.derivedData/Build/Intermediates.noindex/BoostedLifecycleMethods.build/Debug-watchos/BoostedLifecycleMethods.build/Objects-normal/arm64/BoostedLifecycleMethods-OutputFileMap.json -use-frontend-parseable-output -save-temps -no-color-diagnostics -serialize-diagnostics -emit-dependencies -emit-module -emit-module-path /Users/admin/builder/spi-builder-workspace/.derivedData/Build/Intermediates.noindex/BoostedLifecycleMethods.build/Debug-watchos/BoostedLifecycleMethods.build/Objects-normal/arm64/BoostedLifecycleMethods.swiftmodule -validate-clang-modules-once -clang-build-session-file /Users/admin/builder/spi-builder-workspace/.derivedData/ModuleCache.noindex/Session.modulevalidation -Xcc -I/Users/admin/builder/spi-builder-workspace/.derivedData/Build/Intermediates.noindex/BoostedLifecycleMethods.build/Debug-watchos/BoostedLifecycleMethods.build/swift-overrides.hmap -emit-const-values -Xfrontend -const-gather-protocols-file -Xfrontend /Users/admin/builder/spi-builder-workspace/.derivedData/Build/Intermediates.noindex/BoostedLifecycleMethods.build/Debug-watchos/BoostedLifecycleMethods.build/Objects-normal/arm64/BoostedLifecycleMethods_const_extract_protocols.json -Xcc -I/Users/admin/builder/spi-builder-workspace/.derivedData/Build/Products/Debug-watchos/include -Xcc -I/Users/admin/builder/spi-builder-workspace/.derivedData/Build/Intermediates.noindex/BoostedLifecycleMethods.build/Debug-watchos/BoostedLifecycleMethods.build/DerivedSources-normal/arm64 -Xcc -I/Users/admin/builder/spi-builder-workspace/.derivedData/Build/Intermediates.noindex/BoostedLifecycleMethods.build/Debug-watchos/BoostedLifecycleMethods.build/DerivedSources/arm64 -Xcc -I/Users/admin/builder/spi-builder-workspace/.derivedData/Build/Intermediates.noindex/BoostedLifecycleMethods.build/Debug-watchos/BoostedLifecycleMethods.build/DerivedSources -Xcc -DSWIFT_PACKAGE -Xcc -DDEBUG\=1 -emit-objc-header -emit-objc-header-path /Users/admin/builder/spi-builder-workspace/.derivedData/Build/Intermediates.noindex/BoostedLifecycleMethods.build/Debug-watchos/BoostedLifecycleMethods.build/Objects-normal/arm64/BoostedLifecycleMethods-Swift.h -working-directory /Users/admin/builder/spi-builder-workspace/.swiftpm/xcode -experimental-emit-module-separately -disable-cmo
SwiftDriver BoostedLifecycleMethods normal armv7k com.apple.xcode.tools.swift.compiler (in target 'BoostedLifecycleMethods' from project 'BoostedLifecycleMethods')
cd /Users/admin/builder/spi-builder-workspace/.swiftpm/xcode
builtin-SwiftDriver -- /Applications/Xcode-16.3.0.app/Contents/Developer/Toolchains/XcodeDefault.xctoolchain/usr/bin/swiftc -module-name BoostedLifecycleMethods -Onone -enforce-exclusivity\=checked @/Users/admin/builder/spi-builder-workspace/.derivedData/Build/Intermediates.noindex/BoostedLifecycleMethods.build/Debug-watchos/BoostedLifecycleMethods.build/Objects-normal/armv7k/BoostedLifecycleMethods.SwiftFileList -DSWIFT_PACKAGE -DDEBUG -DXcode -plugin-path /Applications/Xcode-16.3.0.app/Contents/Developer/Toolchains/XcodeDefault.xctoolchain/usr/lib/swift/host/plugins/testing -enable-experimental-feature DebugDescriptionMacro -sdk /Applications/Xcode-16.3.0.app/Contents/Developer/Platforms/WatchOS.platform/Developer/SDKs/WatchOS11.4.sdk -target armv7k-apple-watchos5.0 -g -module-cache-path /Users/admin/builder/spi-builder-workspace/.derivedData/ModuleCache.noindex -Xfrontend -serialize-debugging-options -enable-testing -index-store-path /Users/admin/builder/spi-builder-workspace/.derivedData/Index.noindex/DataStore -swift-version 5 -I /Users/admin/builder/spi-builder-workspace/.derivedData/Build/Products/Debug-watchos -I /Applications/Xcode-16.3.0.app/Contents/Developer/Platforms/WatchOS.platform/Developer/usr/lib -F /Users/admin/builder/spi-builder-workspace/.derivedData/Build/Products/Debug-watchos -F /Applications/Xcode-16.3.0.app/Contents/Developer/Platforms/WatchOS.platform/Developer/Library/Frameworks -F /Applications/Xcode-16.3.0.app/Contents/Developer/Platforms/WatchOS.platform/Developer/SDKs/WatchOS11.4.sdk/Developer/Library/Frameworks -c -j10 -enable-batch-mode -incremental -Xcc -ivfsstatcache -Xcc /Users/admin/builder/spi-builder-workspace/.derivedData/SDKStatCaches.noindex/watchos11.4-22T246-43efb940ff07ba2497b70ec94253f576.sdkstatcache -output-file-map /Users/admin/builder/spi-builder-workspace/.derivedData/Build/Intermediates.noindex/BoostedLifecycleMethods.build/Debug-watchos/BoostedLifecycleMethods.build/Objects-normal/armv7k/BoostedLifecycleMethods-OutputFileMap.json -use-frontend-parseable-output -save-temps -no-color-diagnostics -serialize-diagnostics -emit-dependencies -emit-module -emit-module-path /Users/admin/builder/spi-builder-workspace/.derivedData/Build/Intermediates.noindex/BoostedLifecycleMethods.build/Debug-watchos/BoostedLifecycleMethods.build/Objects-normal/armv7k/BoostedLifecycleMethods.swiftmodule -validate-clang-modules-once -clang-build-session-file /Users/admin/builder/spi-builder-workspace/.derivedData/ModuleCache.noindex/Session.modulevalidation -Xcc -I/Users/admin/builder/spi-builder-workspace/.derivedData/Build/Intermediates.noindex/BoostedLifecycleMethods.build/Debug-watchos/BoostedLifecycleMethods.build/swift-overrides.hmap -emit-const-values -Xfrontend -const-gather-protocols-file -Xfrontend /Users/admin/builder/spi-builder-workspace/.derivedData/Build/Intermediates.noindex/BoostedLifecycleMethods.build/Debug-watchos/BoostedLifecycleMethods.build/Objects-normal/armv7k/BoostedLifecycleMethods_const_extract_protocols.json -Xcc -I/Users/admin/builder/spi-builder-workspace/.derivedData/Build/Products/Debug-watchos/include -Xcc -I/Users/admin/builder/spi-builder-workspace/.derivedData/Build/Intermediates.noindex/BoostedLifecycleMethods.build/Debug-watchos/BoostedLifecycleMethods.build/DerivedSources-normal/armv7k -Xcc -I/Users/admin/builder/spi-builder-workspace/.derivedData/Build/Intermediates.noindex/BoostedLifecycleMethods.build/Debug-watchos/BoostedLifecycleMethods.build/DerivedSources/armv7k -Xcc -I/Users/admin/builder/spi-builder-workspace/.derivedData/Build/Intermediates.noindex/BoostedLifecycleMethods.build/Debug-watchos/BoostedLifecycleMethods.build/DerivedSources -Xcc -DSWIFT_PACKAGE -Xcc -DDEBUG\=1 -emit-objc-header -emit-objc-header-path /Users/admin/builder/spi-builder-workspace/.derivedData/Build/Intermediates.noindex/BoostedLifecycleMethods.build/Debug-watchos/BoostedLifecycleMethods.build/Objects-normal/armv7k/BoostedLifecycleMethods-Swift.h -working-directory /Users/admin/builder/spi-builder-workspace/.swiftpm/xcode -experimental-emit-module-separately -disable-cmo
SwiftCompile normal arm64_32 Compiling\ BoostedLifecycleMethods.swift /Users/admin/builder/spi-builder-workspace/Sources/BoostedLifecycleMethods/BoostedLifecycleMethods.swift (in target 'BoostedLifecycleMethods' from project 'BoostedLifecycleMethods')
SwiftCompile normal arm64_32 /Users/admin/builder/spi-builder-workspace/Sources/BoostedLifecycleMethods/BoostedLifecycleMethods.swift (in target 'BoostedLifecycleMethods' from project 'BoostedLifecycleMethods')
cd /Users/admin/builder/spi-builder-workspace/.swiftpm/xcode
SwiftCompile normal arm64_32 Compiling\ BoostedLifeCycleMethodsPublic.swift /Users/admin/builder/spi-builder-workspace/Sources/BoostedLifecycleMethods/BoostedLifeCycleMethodsPublic.swift (in target 'BoostedLifecycleMethods' from project 'BoostedLifecycleMethods')
SwiftCompile normal arm64_32 /Users/admin/builder/spi-builder-workspace/Sources/BoostedLifecycleMethods/BoostedLifeCycleMethodsPublic.swift (in target 'BoostedLifecycleMethods' from project 'BoostedLifecycleMethods')
cd /Users/admin/builder/spi-builder-workspace/.swiftpm/xcode
SwiftEmitModule normal arm64_32 Emitting\ module\ for\ BoostedLifecycleMethods (in target 'BoostedLifecycleMethods' from project 'BoostedLifecycleMethods')
Failed frontend command:
/Applications/Xcode-16.3.0.app/Contents/Developer/Toolchains/XcodeDefault.xctoolchain/usr/bin/swift-frontend -frontend -emit-module -experimental-skip-non-inlinable-function-bodies-without-types /Users/admin/builder/spi-builder-workspace/Sources/BoostedLifecycleMethods/AssociatedObject.swift /Users/admin/builder/spi-builder-workspace/Sources/BoostedLifecycleMethods/BoostedAlertController.swift /Users/admin/builder/spi-builder-workspace/Sources/BoostedLifecycleMethods/BoostedLifeCycleMethodsPublic.swift /Users/admin/builder/spi-builder-workspace/Sources/BoostedLifecycleMethods/BoostedLifecycleMethods.swift /Users/admin/builder/spi-builder-workspace/Sources/BoostedLifecycleMethods/BoostedPrint.swift /Users/admin/builder/spi-builder-workspace/Sources/BoostedLifecycleMethods/UIView+findFirstResponder.swift -target arm64_32-apple-watchos5.0 -enable-objc-interop -sdk /Applications/Xcode-16.3.0.app/Contents/Developer/Platforms/WatchOS.platform/Developer/SDKs/WatchOS11.4.sdk -I /Users/admin/builder/spi-builder-workspace/.derivedData/Build/Products/Debug-watchos -I /Applications/Xcode-16.3.0.app/Contents/Developer/Platforms/WatchOS.platform/Developer/usr/lib -F /Users/admin/builder/spi-builder-workspace/.derivedData/Build/Products/Debug-watchos -F /Applications/Xcode-16.3.0.app/Contents/Developer/Platforms/WatchOS.platform/Developer/Library/Frameworks -F /Applications/Xcode-16.3.0.app/Contents/Developer/Platforms/WatchOS.platform/Developer/SDKs/WatchOS11.4.sdk/Developer/Library/Frameworks -no-color-diagnostics -enable-testing -g -debug-info-format\=dwarf -dwarf-version\=4 -module-cache-path /Users/admin/builder/spi-builder-workspace/.derivedData/ModuleCache.noindex -swift-version 5 -enforce-exclusivity\=checked -Onone -D SWIFT_PACKAGE -D DEBUG -D Xcode -serialize-debugging-options -const-gather-protocols-file /Users/admin/builder/spi-builder-workspace/.derivedData/Build/Intermediates.noindex/BoostedLifecycleMethods.build/Debug-watchos/BoostedLifecycleMethods.build/Objects-normal/arm64_32/BoostedLifecycleMethods_const_extract_protocols.json -enable-experimental-feature DebugDescriptionMacro -empty-abi-descriptor -plugin-path /Applications/Xcode-16.3.0.app/Contents/Developer/Toolchains/XcodeDefault.xctoolchain/usr/lib/swift/host/plugins/testing -validate-clang-modules-once -clang-build-session-file /Users/admin/builder/spi-builder-workspace/.derivedData/ModuleCache.noindex/Session.modulevalidation -Xcc -working-directory -Xcc /Users/admin/builder/spi-builder-workspace/.swiftpm/xcode -resource-dir /Applications/Xcode-16.3.0.app/Contents/Developer/Toolchains/XcodeDefault.xctoolchain/usr/lib/swift -enable-anonymous-context-mangled-names -file-compilation-dir /Users/admin/builder/spi-builder-workspace/.swiftpm/xcode -Xcc -ivfsstatcache -Xcc /Users/admin/builder/spi-builder-workspace/.derivedData/SDKStatCaches.noindex/watchos11.4-22T246-43efb940ff07ba2497b70ec94253f576.sdkstatcache -Xcc -I/Users/admin/builder/spi-builder-workspace/.derivedData/Build/Intermediates.noindex/BoostedLifecycleMethods.build/Debug-watchos/BoostedLifecycleMethods.build/swift-overrides.hmap -Xcc -I/Users/admin/builder/spi-builder-workspace/.derivedData/Build/Products/Debug-watchos/include -Xcc -I/Users/admin/builder/spi-builder-workspace/.derivedData/Build/Intermediates.noindex/BoostedLifecycleMethods.build/Debug-watchos/BoostedLifecycleMethods.build/DerivedSources-normal/arm64_32 -Xcc -I/Users/admin/builder/spi-builder-workspace/.derivedData/Build/Intermediates.noindex/BoostedLifecycleMethods.build/Debug-watchos/BoostedLifecycleMethods.build/DerivedSources/arm64_32 -Xcc -I/Users/admin/builder/spi-builder-workspace/.derivedData/Build/Intermediates.noindex/BoostedLifecycleMethods.build/Debug-watchos/BoostedLifecycleMethods.build/DerivedSources -Xcc -DSWIFT_PACKAGE -Xcc -DDEBUG\=1 -module-name BoostedLifecycleMethods -frontend-parseable-output -disable-clang-spi -target-sdk-version 11.4 -target-sdk-name watchos11.4 -external-plugin-path /Applications/Xcode-16.3.0.app/Contents/Developer/Platforms/WatchOS.platform/Developer/usr/lib/swift/host/plugins\#/Applications/Xcode-16.3.0.app/Contents/Developer/Platforms/WatchOS.platform/Developer/usr/bin/swift-plugin-server -external-plugin-path /Applications/Xcode-16.3.0.app/Contents/Developer/Platforms/WatchOS.platform/Developer/usr/local/lib/swift/host/plugins\#/Applications/Xcode-16.3.0.app/Contents/Developer/Platforms/WatchOS.platform/Developer/usr/bin/swift-plugin-server -in-process-plugin-server-path /Applications/Xcode-16.3.0.app/Contents/Developer/Toolchains/XcodeDefault.xctoolchain/usr/lib/swift/host/libSwiftInProcPluginServer.dylib -plugin-path /Applications/Xcode-16.3.0.app/Contents/Developer/Toolchains/XcodeDefault.xctoolchain/usr/lib/swift/host/plugins -plugin-path /Applications/Xcode-16.3.0.app/Contents/Developer/Toolchains/XcodeDefault.xctoolchain/usr/local/lib/swift/host/plugins -emit-module-doc-path /Users/admin/builder/spi-builder-workspace/.derivedData/Build/Intermediates.noindex/BoostedLifecycleMethods.build/Debug-watchos/BoostedLifecycleMethods.build/Objects-normal/arm64_32/BoostedLifecycleMethods.swiftdoc -emit-module-source-info-path /Users/admin/builder/spi-builder-workspace/.derivedData/Build/Intermediates.noindex/BoostedLifecycleMethods.build/Debug-watchos/BoostedLifecycleMethods.build/Objects-normal/arm64_32/BoostedLifecycleMethods.swiftsourceinfo -emit-objc-header-path /Users/admin/builder/spi-builder-workspace/.derivedData/Build/Intermediates.noindex/BoostedLifecycleMethods.build/Debug-watchos/BoostedLifecycleMethods.build/Objects-normal/arm64_32/BoostedLifecycleMethods-Swift.h -serialize-diagnostics-path /Users/admin/builder/spi-builder-workspace/.derivedData/Build/Intermediates.noindex/BoostedLifecycleMethods.build/Debug-watchos/BoostedLifecycleMethods.build/Objects-normal/arm64_32/BoostedLifecycleMethods-master-emit-module.dia -emit-dependencies-path /Users/admin/builder/spi-builder-workspace/.derivedData/Build/Intermediates.noindex/BoostedLifecycleMethods.build/Debug-watchos/BoostedLifecycleMethods.build/Objects-normal/arm64_32/BoostedLifecycleMethods-master-emit-module.d -o /Users/admin/builder/spi-builder-workspace/.derivedData/Build/Intermediates.noindex/BoostedLifecycleMethods.build/Debug-watchos/BoostedLifecycleMethods.build/Objects-normal/arm64_32/BoostedLifecycleMethods.swiftmodule -emit-abi-descriptor-path /Users/admin/builder/spi-builder-workspace/.derivedData/Build/Intermediates.noindex/BoostedLifecycleMethods.build/Debug-watchos/BoostedLifecycleMethods.build/Objects-normal/arm64_32/BoostedLifecycleMethods.abi.json
EmitSwiftModule normal arm64_32 (in target 'BoostedLifecycleMethods' from project 'BoostedLifecycleMethods')
cd /Users/admin/builder/spi-builder-workspace/.swiftpm/xcode
/Users/admin/builder/spi-builder-workspace/Sources/BoostedLifecycleMethods/AssociatedObject.swift:10:35: error: cannot find type 'UIAdaptivePresentationControllerDelegate' in scope
class AssociatedObject: NSObject, UIAdaptivePresentationControllerDelegate {
^~~~~~~~~~~~~~~~~~~~~~~~~~~~~~~~~~~~~~~~
/Users/admin/builder/spi-builder-workspace/Sources/BoostedLifecycleMethods/AssociatedObject.swift:14:30: error: cannot find type 'UIViewController' in scope
weak var viewController: UIViewController? { didSet {
^~~~~~~~~~~~~~~~
/Users/admin/builder/spi-builder-workspace/Sources/BoostedLifecycleMethods/AssociatedObject.swift:17:43: error: cannot infer contextual base in reference to member 'pageSheet'
pvc.modalPresentationStyle == .pageSheet || pvc.modalPresentationStyle == .formSheet
~^~~~~~~~~
/Users/admin/builder/spi-builder-workspace/Sources/BoostedLifecycleMethods/AssociatedObject.swift:17:87: error: cannot infer contextual base in reference to member 'formSheet'
pvc.modalPresentationStyle == .pageSheet || pvc.modalPresentationStyle == .formSheet
~^~~~~~~~~
/Users/admin/builder/spi-builder-workspace/Sources/BoostedLifecycleMethods/AssociatedObject.swift:33:30: error: cannot find type 'UIView' in scope
weak var firstResponder: UIView?
^~~~~~
/Applications/Xcode-16.3.0.app/Contents/Developer/Platforms/WatchOS.platform/Developer/SDKs/WatchOS11.4.sdk/System/Library/Frameworks/UIKit.framework/Headers/NSTextAttachment.h:23:1: note: interface 'UIView' forward declared here
@class UIView;
^
/Users/admin/builder/spi-builder-workspace/Sources/BoostedLifecycleMethods/AssociatedObject.swift:54:40: error: cannot find type 'UIViewController' in scope
weak var presentingViewController: UIViewController?
^~~~~~~~~~~~~~~~
/Users/admin/builder/spi-builder-workspace/Sources/BoostedLifecycleMethods/AssociatedObject.swift:55:39: error: cannot find type 'UIViewController' in scope
weak var presentedViewController: UIViewController?
^~~~~~~~~~~~~~~~
/Users/admin/builder/spi-builder-workspace/Sources/BoostedLifecycleMethods/AssociatedObject.swift:108:72: error: cannot find type 'UIPresentationController' in scope
func presentationControllerShouldDismiss(_ presentationController: UIPresentationController) -> Bool {
^~~~~~~~~~~~~~~~~~~~~~~~
/Users/admin/builder/spi-builder-workspace/Sources/BoostedLifecycleMethods/BoostedAlertController.swift:10:18: error: cannot find type 'UIAlertController' in scope
public extension UIAlertController {
^~~~~~~~~~~~~~~~~
/Users/admin/builder/spi-builder-workspace/Sources/BoostedLifecycleMethods/BoostedAlertController.swift:23:11: error: cannot find type 'UIAlertController' in scope
extension UIAlertController {
^~~~~~~~~~~~~~~~~
/Users/admin/builder/spi-builder-workspace/Sources/BoostedLifecycleMethods/BoostedLifeCycleMethodsPublic.swift:10:18: error: cannot find type 'UIViewController' in scope
public extension UIViewController {
^~~~~~~~~~~~~~~~
/Users/admin/builder/spi-builder-workspace/Sources/BoostedLifecycleMethods/BoostedLifecycleMethods.swift:9:11: error: cannot find type 'UIViewController' in scope
extension UIViewController {
^~~~~~~~~~~~~~~~
/Users/admin/builder/spi-builder-workspace/Sources/BoostedLifecycleMethods/UIView+findFirstResponder.swift:10:11: error: cannot find type 'UIView' in scope
extension UIView {
^~~~~~
/Applications/Xcode-16.3.0.app/Contents/Developer/Platforms/WatchOS.platform/Developer/SDKs/WatchOS11.4.sdk/System/Library/Frameworks/UIKit.framework/Headers/NSTextAttachment.h:23:1: note: interface 'UIView' forward declared here
@class UIView;
^
SwiftCompile normal arm64_32 Compiling\ BoostedPrint.swift /Users/admin/builder/spi-builder-workspace/Sources/BoostedLifecycleMethods/BoostedPrint.swift (in target 'BoostedLifecycleMethods' from project 'BoostedLifecycleMethods')
SwiftCompile normal arm64_32 /Users/admin/builder/spi-builder-workspace/Sources/BoostedLifecycleMethods/BoostedPrint.swift (in target 'BoostedLifecycleMethods' from project 'BoostedLifecycleMethods')
cd /Users/admin/builder/spi-builder-workspace/.swiftpm/xcode
SwiftCompile normal arm64_32 Compiling\ AssociatedObject.swift /Users/admin/builder/spi-builder-workspace/Sources/BoostedLifecycleMethods/AssociatedObject.swift (in target 'BoostedLifecycleMethods' from project 'BoostedLifecycleMethods')
SwiftCompile normal arm64_32 /Users/admin/builder/spi-builder-workspace/Sources/BoostedLifecycleMethods/AssociatedObject.swift (in target 'BoostedLifecycleMethods' from project 'BoostedLifecycleMethods')
cd /Users/admin/builder/spi-builder-workspace/.swiftpm/xcode
SwiftCompile normal arm64_32 Compiling\ BoostedAlertController.swift /Users/admin/builder/spi-builder-workspace/Sources/BoostedLifecycleMethods/BoostedAlertController.swift (in target 'BoostedLifecycleMethods' from project 'BoostedLifecycleMethods')
SwiftCompile normal arm64_32 /Users/admin/builder/spi-builder-workspace/Sources/BoostedLifecycleMethods/BoostedAlertController.swift (in target 'BoostedLifecycleMethods' from project 'BoostedLifecycleMethods')
cd /Users/admin/builder/spi-builder-workspace/.swiftpm/xcode
SwiftEmitModule normal armv7k Emitting\ module\ for\ BoostedLifecycleMethods (in target 'BoostedLifecycleMethods' from project 'BoostedLifecycleMethods')
EmitSwiftModule normal armv7k (in target 'BoostedLifecycleMethods' from project 'BoostedLifecycleMethods')
cd /Users/admin/builder/spi-builder-workspace/.swiftpm/xcode
SwiftEmitModule normal arm64 Emitting\ module\ for\ BoostedLifecycleMethods (in target 'BoostedLifecycleMethods' from project 'BoostedLifecycleMethods')
EmitSwiftModule normal arm64 (in target 'BoostedLifecycleMethods' from project 'BoostedLifecycleMethods')
cd /Users/admin/builder/spi-builder-workspace/.swiftpm/xcode
SwiftCompile normal arm64 Compiling\ BoostedLifecycleMethods.swift /Users/admin/builder/spi-builder-workspace/Sources/BoostedLifecycleMethods/BoostedLifecycleMethods.swift (in target 'BoostedLifecycleMethods' from project 'BoostedLifecycleMethods')
SwiftCompile normal arm64 /Users/admin/builder/spi-builder-workspace/Sources/BoostedLifecycleMethods/BoostedLifecycleMethods.swift (in target 'BoostedLifecycleMethods' from project 'BoostedLifecycleMethods')
cd /Users/admin/builder/spi-builder-workspace/.swiftpm/xcode
SwiftCompile normal arm64 Compiling\ BoostedLifeCycleMethodsPublic.swift /Users/admin/builder/spi-builder-workspace/Sources/BoostedLifecycleMethods/BoostedLifeCycleMethodsPublic.swift (in target 'BoostedLifecycleMethods' from project 'BoostedLifecycleMethods')
SwiftCompile normal arm64 /Users/admin/builder/spi-builder-workspace/Sources/BoostedLifecycleMethods/BoostedLifeCycleMethodsPublic.swift (in target 'BoostedLifecycleMethods' from project 'BoostedLifecycleMethods')
cd /Users/admin/builder/spi-builder-workspace/.swiftpm/xcode
SwiftCompile normal armv7k Compiling\ BoostedAlertController.swift /Users/admin/builder/spi-builder-workspace/Sources/BoostedLifecycleMethods/BoostedAlertController.swift (in target 'BoostedLifecycleMethods' from project 'BoostedLifecycleMethods')
Command SwiftCompile failed with a nonzero exit code
** BUILD FAILED **
The following build commands failed:
SwiftEmitModule normal arm64_32 Emitting\ module\ for\ BoostedLifecycleMethods (in target 'BoostedLifecycleMethods' from project 'BoostedLifecycleMethods')
EmitSwiftModule normal arm64_32 (in target 'BoostedLifecycleMethods' from project 'BoostedLifecycleMethods')
SwiftCompile normal armv7k Compiling\ BoostedAlertController.swift /Users/admin/builder/spi-builder-workspace/Sources/BoostedLifecycleMethods/BoostedAlertController.swift (in target 'BoostedLifecycleMethods' from project 'BoostedLifecycleMethods')
Building workspace spi-builder-workspace with scheme BoostedLifecycleMethods
(4 failures)
BUILD FAILURE 6.1 watchOS