Build Information
Failed to build swift-nio-oblivious-http, reference main (897feb), with Swift 6.3 for Wasm on 10 Oct 2026 00:03:48 UTC.
Build Command
bash -c docker run --pull=always --rm -v "checkouts-54344847-0":/host -w "$PWD" -e JAVA_HOME="/root/.sdkman/candidates/java/current" -e SPI_BUILD="1" -e SPI_PROCESSING="1" registry.gitlab.com/saguaro1/spi-images:wasm-6.3-latest swift build --swift-sdk swift-6.3.2-RELEASE_wasm 2>&1Build Log
========================================
RunAll
========================================
Builder version: 5.1.1
Interrupt handler set up.
========================================
Checkout
========================================
Clone URL: https://github.com/apple/swift-nio-oblivious-http.git
Reference: main
Initialized empty Git repository in /host/spi-builder-workspace/.git/
hint: Using 'master' as the name for the initial branch. This default branch name
hint: is subject to change. To configure the initial branch name to use in all
hint: of your new repositories, which will suppress this warning, call:
hint:
hint: git config --global init.defaultBranch <name>
hint:
hint: Names commonly chosen instead of 'master' are 'main', 'trunk' and
hint: 'development'. The just-created branch can be renamed via this command:
hint:
hint: git branch -m <name>
From https://github.com/apple/swift-nio-oblivious-http
* branch main -> FETCH_HEAD
* [new branch] main -> origin/main
HEAD is now at 897feb9 Housekeeping: replace repo-level CODE_OF_CONDUCT (#60)
Cloned https://github.com/apple/swift-nio-oblivious-http.git
Revision (git rev-parse @):
897feb9d2a4e65fe8a4894f0c28e2bc43faa3de9
SPI manifest file found: $PWD/.spi.yml
SUCCESS checkout https://github.com/apple/swift-nio-oblivious-http.git at main
========================================
Build
========================================
Selected platform: wasm
Swift version: 6.3
Building package at path: $PWD
https://github.com/apple/swift-nio-oblivious-http.git
Running build ...
bash -c docker run --pull=always --rm -v "checkouts-54344847-0":/host -w "$PWD" -e JAVA_HOME="/root/.sdkman/candidates/java/current" -e SPI_BUILD="1" -e SPI_PROCESSING="1" registry.gitlab.com/saguaro1/spi-images:wasm-6.3-latest swift build --swift-sdk swift-6.3.2-RELEASE_wasm 2>&1
wasm-6.3-latest: Pulling from saguaro1/spi-images
Digest: sha256:df2e9038ff906af397ec7b7e13902ccb183f8867606bc33419e44453a9abdb4b
Status: Image is up to date for registry.gitlab.com/saguaro1/spi-images:wasm-6.3-latest
Fetching https://github.com/apple/swift-nio.git
Fetching https://github.com/apple/swift-crypto.git
[1/18620] Fetching swift-crypto
[18621/104982] Fetching swift-crypto, swift-nio
Fetched https://github.com/apple/swift-crypto.git from cache (3.73s)
Fetched https://github.com/apple/swift-nio.git from cache (3.75s)
Computing version for https://github.com/apple/swift-crypto.git
Computed https://github.com/apple/swift-crypto.git at 4.5.2 (4.00s)
Fetching https://github.com/apple/swift-asn1.git
[1/2009] Fetching swift-asn1
Fetched https://github.com/apple/swift-asn1.git from cache (0.44s)
Computing version for https://github.com/apple/swift-asn1.git
Computed https://github.com/apple/swift-asn1.git at 1.7.3 (0.62s)
Computing version for https://github.com/apple/swift-nio.git
Computed https://github.com/apple/swift-nio.git at 2.104.0 (0.26s)
Fetching https://github.com/apple/swift-system.git
Fetching https://github.com/apple/swift-collections.git
Fetching https://github.com/apple/swift-atomics.git
[1/1889] Fetching swift-atomics
[1890/9130] Fetching swift-atomics, swift-system
[5004/37825] Fetching swift-atomics, swift-system, swift-collections
Fetched https://github.com/apple/swift-atomics.git from cache (0.72s)
Fetched https://github.com/apple/swift-system.git from cache (0.72s)
[6026/28695] Fetching swift-collections
Fetched https://github.com/apple/swift-collections.git from cache (1.27s)
Computing version for https://github.com/apple/swift-atomics.git
Computed https://github.com/apple/swift-atomics.git at 1.3.1 (1.44s)
Computing version for https://github.com/apple/swift-collections.git
Computed https://github.com/apple/swift-collections.git at 1.7.2 (0.23s)
Computing version for https://github.com/apple/swift-system.git
Computed https://github.com/apple/swift-system.git at 1.8.1 (0.17s)
Creating working copy for https://github.com/apple/swift-atomics.git
Working copy of https://github.com/apple/swift-atomics.git resolved at 1.3.1
Creating working copy for https://github.com/apple/swift-nio.git
Working copy of https://github.com/apple/swift-nio.git resolved at 2.104.0
Creating working copy for https://github.com/apple/swift-system.git
Working copy of https://github.com/apple/swift-system.git resolved at 1.8.1
Creating working copy for https://github.com/apple/swift-collections.git
Working copy of https://github.com/apple/swift-collections.git resolved at 1.7.2
Creating working copy for https://github.com/apple/swift-asn1.git
Working copy of https://github.com/apple/swift-asn1.git resolved at 1.7.3
Creating working copy for https://github.com/apple/swift-crypto.git
Working copy of https://github.com/apple/swift-crypto.git resolved at 4.5.2
Building for debugging...
[0/402] Write sources
[14/402] Compiling _AtomicsShims.c
[15/402] Compiling CXKCPShims shims.c
[16/402] Compiling SimpleFIPS202.c
[17/402] Compiling KeccakSponge.c
[18/402] Compiling CNIOWindows WSAStartup.c
[19/402] Compiling KeccakHash.c
[20/402] Compiling CNIOWindows shim.c
[21/402] Compiling CNIOWASI CNIOWASI.c
[22/402] Compiling CNIOOpenBSD shim.c
[23/402] Compiling CNIOLinux shim.c
[24/402] Compiling CNIOLinux liburing_shims.c
[25/402] Compiling CNIODarwin shim.c
[26/402] Compiling CNIOLLHTTP c_nio_http.c
[27/402] Compiling CNIOFreeBSD shim.c
[28/402] Write swift-version-24593BA9C3E375BF.txt
[29/402] Compiling CNIOLLHTTP c_nio_api.c
[30/402] Compiling fiat_p256_adx_sqr.S
[30/402] Compiling fiat_p256_adx_mul.S
[32/436] Compiling CCryptoBoringSSLShims shims.c
[33/436] Compiling fiat_curve25519_adx_square.S
[34/436] Compiling fiat_curve25519_adx_mul.S
[35/436] Compiling md5-x86_64-linux.S
[36/436] Compiling md5-x86_64-apple.S
[37/436] Compiling md5-586-linux.S
[38/436] Compiling md5-586-apple.S
[39/436] Compiling CNIOLLHTTP c_nio_llhttp.c
[40/436] Compiling chacha20_poly1305_x86_64-linux.S
[41/436] Compiling chacha20_poly1305_x86_64-apple.S
[42/436] Compiling chacha20_poly1305_armv8-win.S
[43/436] Compiling err_data.cc
[44/436] Compiling chacha20_poly1305_armv8-apple.S
[45/436] Compiling chacha20_poly1305_armv8-linux.S
[46/436] Compiling chacha-x86_64-apple.S
[47/436] Compiling chacha-x86_64-linux.S
[48/436] Compiling chacha-x86-linux.S
[49/436] Compiling chacha-x86-apple.S
[50/436] Compiling chacha-armv8-win.S
[51/436] Compiling chacha-armv8-linux.S
[52/436] Compiling chacha-armv8-apple.S
[53/436] Compiling chacha-armv4-linux.S
[54/436] Compiling aes128gcmsiv-x86_64-linux.S
[55/436] Compiling x86_64-mont5-linux.S
[56/436] Compiling x86_64-mont5-apple.S
[57/436] Compiling aes128gcmsiv-x86_64-apple.S
[58/436] Compiling x86_64-mont-linux.S
[59/436] Compiling x86_64-mont-apple.S
[60/436] Compiling x86-mont-linux.S
[61/436] Compiling x86-mont-apple.S
[62/436] Compiling vpaes-x86_64-linux.S
[63/436] Compiling vpaes-x86_64-apple.S
[64/436] Compiling vpaes-x86-linux.S
[65/436] Compiling vpaes-x86-apple.S
[66/436] Compiling vpaes-armv8-win.S
[67/436] Compiling vpaes-armv8-linux.S
[68/436] Compiling vpaes-armv8-apple.S
[68/436] Compiling vpaes-armv7-linux.S
[70/436] Compiling sha512-x86_64-apple.S
[71/436] Compiling sha512-x86_64-linux.S
[72/436] Compiling sha512-armv8-win.S
[73/436] Compiling sha512-armv8-linux.S
[74/436] Compiling sha512-armv8-apple.S
[75/436] Compiling sha512-armv4-linux.S
[76/436] Compiling sha512-586-apple.S
[77/436] Compiling sha512-586-linux.S
[78/436] Compiling sha256-x86_64-linux.S
[79/436] Compiling sha256-x86_64-apple.S
[80/436] Compiling sha256-armv8-win.S
[81/436] Compiling sha256-armv8-linux.S
[82/436] Compiling sha256-armv8-apple.S
[83/436] Compiling sha256-armv4-linux.S
[84/436] Compiling sha256-586-linux.S
[85/436] Compiling sha256-586-apple.S
[86/436] Compiling sha1-x86_64-linux.S
[87/436] Compiling sha1-x86_64-apple.S
[88/436] Compiling sha1-armv8-win.S
[89/436] Compiling sha1-armv8-linux.S
[90/436] Compiling sha1-armv8-apple.S
[91/436] Compiling sha1-armv4-large-linux.S
[92/436] Compiling c-nioatomics.c
[93/436] Compiling sha1-586-apple.S
[94/436] Compiling sha1-586-linux.S
[95/436] Compiling rsaz-avx2-linux.S
[96/436] Compiling rdrand-x86_64-linux.S
[97/436] Compiling rsaz-avx2-apple.S
[98/436] Compiling rdrand-x86_64-apple.S
[99/436] Compiling p256_beeu-x86_64-asm-linux.S
[100/436] Compiling p256_beeu-x86_64-asm-apple.S
[101/436] Compiling p256_beeu-armv8-asm-win.S
[102/436] Compiling p256_beeu-armv8-asm-linux.S
[103/436] Compiling p256_beeu-armv8-asm-apple.S
[104/436] Compiling p256-x86_64-asm-linux.S
[105/436] Compiling p256-x86_64-asm-apple.S
[106/436] Compiling p256-armv8-asm-win.S
[107/436] Compiling p256-armv8-asm-linux.S
[108/436] Compiling p256-armv8-asm-apple.S
[109/436] Compiling ghashv8-armv8-win.S
[110/436] Compiling ghashv8-armv8-linux.S
[111/436] Compiling ghashv8-armv8-apple.S
[112/436] Compiling ghashv8-armv7-linux.S
[113/436] Compiling ghash-x86_64-linux.S
[114/436] Compiling ghash-x86-linux.S
[115/436] Compiling ghash-x86_64-apple.S
[116/436] Compiling ghash-x86-apple.S
[117/436] Compiling ghash-ssse3-x86_64-linux.S
[118/436] Compiling ghash-ssse3-x86-linux.S
[119/436] Compiling ghash-ssse3-x86_64-apple.S
[120/436] Compiling c-atomics.c
[121/436] Compiling ghash-ssse3-x86-apple.S
[122/436] Compiling ghash-neon-armv8-win.S
[123/436] Compiling ghash-neon-armv8-linux.S
[124/436] Compiling ghash-neon-armv8-apple.S
[125/436] Compiling ghash-armv4-linux.S
[126/436] Compiling co-586-linux.S
[127/442] Compiling co-586-apple.S
[128/443] Compiling bsaes-armv7-linux.S
[129/443] Compiling bn-armv8-win.S
[130/443] Compiling bn-armv8-linux.S
[130/443] Compiling bn-armv8-apple.S
[132/443] Compiling bn-586-linux.S
[133/443] Compiling bn-586-apple.S
[134/443] Compiling armv8-mont-linux.S
[135/443] Compiling armv8-mont-win.S
[136/443] Compiling armv8-mont-apple.S
[137/443] Compiling aesv8-gcm-armv8-win.S
[138/443] Compiling armv4-mont-linux.S
[139/443] Compiling aesv8-gcm-armv8-linux.S
[140/443] Compiling aesv8-gcm-armv8-apple.S
[141/443] Compiling aesv8-armv8-win.S
[142/443] Compiling aesv8-armv8-linux.S
[143/443] Compiling aesv8-armv8-apple.S
[144/443] Compiling aesv8-armv7-linux.S
[145/443] Compiling aesni-x86_64-linux.S
[146/443] Compiling aesni-x86_64-apple.S
[147/443] Compiling aesni-x86-linux.S
[148/443] Compiling aesni-x86-apple.S
[149/443] Compiling aesni-gcm-x86_64-linux.S
[150/443] Compiling aesni-gcm-x86_64-apple.S
[151/443] Compiling aes-gcm-avx512-x86_64-linux.S
[152/443] Compiling aes-gcm-avx512-x86_64-apple.S
[153/443] Compiling aes-gcm-avx2-x86_64-apple.S
[154/443] Compiling aes-gcm-avx2-x86_64-linux.S
[156/443] Compiling InternalCollectionsUtilities UnsafeMutablePointer+Extras.swift
[157/443] Compiling InternalCollectionsUtilities UnsafeMutableRawBufferPointer+Extras.swift
[158/443] Compiling InternalCollectionsUtilities UnsafePointer+Extras.swift
[159/446] Emitting module _NIOBase64
[160/446] Compiling _NIOBase64 Base64.swift
[161/447] Compiling InternalCollectionsUtilities Iterable+CopyContents.swift
[162/447] Compiling InternalCollectionsUtilities Iterable+Equality.swift
[163/447] Compiling InternalCollectionsUtilities LifetimeOverride.swift
[164/447] Compiling InternalCollectionsUtilities MutableRef.swift
[166/447] Compiling InternalCollectionsUtilities UnsafeRawBufferPointer+Extras.swift
[167/447] Compiling InternalCollectionsUtilities _SortedCollection.swift
[168/447] Compiling InternalCollectionsUtilities _UniqueCollection.swift
[169/447] Compiling InternalCollectionsUtilities Strideable+LimitHelpers.swift
[170/447] Compiling InternalCollectionsUtilities String+Padding.swift
[171/447] Compiling InternalCollectionsUtilities TemporaryAllocation.swift
[172/447] Compiling InternalCollectionsUtilities _UnsafeBitSet+Index.swift
[172/447] Compiling xwing.cc
[174/447] Compiling InternalCollectionsUtilities BorrowingIteratorProtocol+Equality.swift
[175/447] Compiling InternalCollectionsUtilities BorrowingIteratorProtocol+Extras.swift
[176/447] Compiling InternalCollectionsUtilities Debugging.swift
[177/447] Compiling InternalCollectionsUtilities Descriptions.swift
[178/447] Emitting module InternalCollectionsUtilities
[179/447] Compiling InternalCollectionsUtilities _UnsafeBitSet+_Word.swift
[180/447] Compiling InternalCollectionsUtilities _UnsafeBitSet.swift
[181/447] Compiling InternalCollectionsUtilities UnsafeBufferPointer+Extras.swift
[182/447] Compiling InternalCollectionsUtilities UnsafeMutableBufferPointer+Extras.swift
[183/447] Compiling InternalCollectionsUtilities MutableSpan+Extras.swift
[184/447] Compiling InternalCollectionsUtilities OutputSpan+Extras.swift
[185/447] Compiling InternalCollectionsUtilities RandomAccessCollection+Offsets.swift
[186/447] Compiling InternalCollectionsUtilities Span+Extras.swift
[187/447] Compiling InternalCollectionsUtilities FixedWidthInteger+roundUpToPowerOfTwo.swift
[188/447] Compiling InternalCollectionsUtilities Integer rank.swift
[189/447] Compiling InternalCollectionsUtilities UInt+first and last set bit.swift
[190/447] Compiling InternalCollectionsUtilities UInt+reversed.swift
[191/447] Compiling _NIODataStructures PriorityQueue.swift
[192/448] Compiling NIOConcurrencyHelpers NIOAtomic.swift
[193/448] Emitting module NIOConcurrencyHelpers
[194/448] Compiling _NIODataStructures _TinyArray.swift
[196/452] Compiling SpanPreview OutputSpan+InputSpanHelpers.swift
[197/452] Compiling SpanPreview MutableSpan+InputSpanHelpers.swift
[198/452] Emitting module SpanPreview
[199/452] Compiling SpanPreview InputSpan.swift
[200/453] Compiling x_x509a.cc
[202/453] Compiling NIOConcurrencyHelpers lock.swift
[203/453] Compiling NIOConcurrencyHelpers NIOLockedValueBox.swift
[204/453] Compiling NIOConcurrencyHelpers NIOLock.swift
[205/453] Compiling NIOConcurrencyHelpers NIOThreadPoolWorkAvailable.swift
[206/453] Compiling NIOConcurrencyHelpers atomics.swift
[206/453] Compiling x_spki.cc
[208/454] Compiling x_x509.cc
[209/461] Compiling x_sig.cc
[211/496] Emitting module _NIODataStructures
[212/496] Compiling _NIODataStructures Heap.swift
[214/497] Compiling DequeModule RigidDeque+Descriptions.swift
[215/497] Compiling DequeModule RigidDeque+Equatable.swift
[216/497] Compiling DequeModule RigidDeque+Hashable.swift
[217/497] Compiling DequeModule RigidDeque+Initializers.swift
[218/497] Compiling DequeModule RigidDeque+Insertions.swift
[219/497] Compiling DequeModule RigidDeque+Iterable.swift
[220/502] Compiling DequeModule UniqueDeque+Initializers.swift
[221/502] Compiling DequeModule UniqueDeque+Insertions.swift
[222/502] Compiling DequeModule UniqueDeque+Iterable.swift
[223/502] Compiling DequeModule UniqueDeque+Prepend.swift
[224/502] Compiling DequeModule UniqueDeque+Removals.swift
[225/502] Compiling DequeModule UniqueDeque+Consumption.swift
[226/502] Compiling DequeModule UniqueDeque+ContainerOperations.swift
[227/502] Compiling DequeModule UniqueDeque+Deprecations.swift
[228/502] Compiling DequeModule UniqueDeque+Descriptions.swift
[229/502] Compiling DequeModule UniqueDeque+Equatable.swift
[230/502] Compiling DequeModule UniqueDeque+Hashable.swift
[230/502] Compiling x_req.cc
[231/502] Compiling x_name.cc
[233/502] Compiling DequeModule RigidDeque+Prepend.swift
[234/502] Compiling DequeModule RigidDeque+Removals.swift
[235/502] Compiling DequeModule RigidDeque+Replacements.swift
[236/502] Compiling DequeModule RigidDeque+Testing.swift
[237/502] Compiling DequeModule RigidDeque.swift
[238/502] Compiling DequeModule UniqueDeque+Append.swift
[238/502] Compiling x_exten.cc
[240/502] Compiling DequeModule _DequeBuffer.swift
[241/502] Compiling DequeModule _DequeBufferHeader.swift
[242/502] Compiling DequeModule RigidDeque+Append.swift
[243/502] Compiling DequeModule RigidDeque+Consumption.swift
[244/502] Compiling DequeModule RigidDeque+ContainerOperations.swift
[245/502] Compiling DequeModule RigidDeque+Deprecations.swift
[245/502] Compiling x_pubkey.cc
[246/502] Compiling x_all.cc
[247/502] Compiling x_crl.cc
[248/502] Compiling x_algor.cc
[249/502] Compiling x_attrib.cc
[251/502] Compiling DequeModule Deque+Extras.swift
[252/502] Compiling DequeModule Deque+Hashable.swift
[253/502] Compiling DequeModule Deque+Testing.swift
[254/502] Compiling DequeModule Deque._Storage.swift
[255/502] Compiling DequeModule Deque._UnsafeHandle.swift
[256/502] Compiling DequeModule Deque.swift
[256/502] Compiling x509spki.cc
[258/502] Compiling DequeModule Deque+Codable.swift
[259/502] Compiling DequeModule Deque+Collection.swift
[260/502] Compiling DequeModule Deque+CustomReflectable.swift
[261/502] Compiling DequeModule Deque+Descriptions.swift
[262/502] Compiling DequeModule Deque+Equatable.swift
[263/502] Compiling DequeModule Deque+ExpressibleByArrayLiteral.swift
[263/502] Compiling x509rset.cc
[264/502] Compiling x509cset.cc
[265/502] Compiling x509_vfy.cc
[266/502] Compiling x509_vpm.cc
[267/502] Compiling x509name.cc
[268/502] Compiling x509_v3.cc
[269/502] Compiling x509_trs.cc
[270/502] Compiling x509_txt.cc
[271/502] Compiling x509_set.cc
[273/502] Emitting module DequeModule
[273/502] Compiling x509_req.cc
[274/502] Compiling KeccakP-1600-opt64.c
[275/502] Compiling x509_ext.cc
[276/502] Compiling x509_obj.cc
[277/502] Compiling x509_def.cc
[278/502] Compiling x509_lu.cc
[279/502] Compiling x509_d2.cc
[281/502] Compiling DequeModule UniqueDeque+Replacements.swift
[282/502] Compiling DequeModule UniqueDeque.swift
[283/502] Compiling DequeModule _DequeSlot.swift
[284/502] Compiling DequeModule _UnsafeDequeHandle.swift
[285/502] Compiling DequeModule _UnsafeDequeSegments.swift
[285/503] Compiling x509.cc
[287/503] Compiling x509_cmp.cc
[288/503] Compiling v3_skey.cc
[289/503] Compiling x509_att.cc
[290/503] Compiling v3_prn.cc
[291/503] Compiling v3_purp.cc
[292/503] Compiling v3_utl.cc
[293/503] Compiling v3_pmaps.cc
[294/503] Compiling v3_ocsp.cc
[295/503] Compiling v3_lib.cc
[296/503] Compiling v3_ncons.cc
[297/503] Compiling v3_ia5.cc
[298/503] Compiling v3_pcons.cc
[299/503] Compiling v3_int.cc
[300/503] Compiling v3_info.cc
[301/503] Compiling v3_enum.cc
[302/503] Compiling v3_extku.cc
[303/503] Compiling v3_genn.cc
[304/503] Compiling v3_crld.cc
[305/503] Compiling v3_cpols.cc
[306/503] Compiling v3_bitst.cc
[307/503] Compiling v3_bcons.cc
[308/503] Compiling v3_alt.cc
[309/503] Compiling v3_akeya.cc
[310/503] Compiling v3_conf.cc
[311/503] Compiling v3_akey.cc
[312/503] Compiling t_x509a.cc
[313/503] Compiling t_x509.cc
[314/503] Compiling rsa_pss.cc
[315/503] Compiling i2d_pr.cc
[316/503] Compiling name_print.cc
[317/503] Compiling t_crl.cc
[318/503] Compiling t_req.cc
[319/503] Compiling by_file.cc
[320/503] Compiling policy.cc
[321/503] Compiling by_dir.cc
[322/503] Compiling asn1_gen.cc
[323/503] Compiling algorithm.cc
[324/503] Compiling a_digest.cc
[325/503] Compiling a_verify.cc
[326/503] Compiling thread_win.cc
[327/503] Compiling a_sign.cc
[328/503] Compiling voprf.cc
[329/503] Compiling thread_pthread.cc
[330/503] Compiling thread_none.cc
[331/503] Compiling pmbtoken.cc
[332/503] Compiling trust_token.cc
[333/503] Compiling stack.cc
[334/503] Compiling siphash.cc
[335/503] Compiling thread.cc
[336/503] Compiling slhdsa.cc
[337/503] Compiling sha256.cc
[338/503] Compiling spake2plus.cc
[339/503] Compiling sha1.cc
[340/503] Compiling rsa_print.cc
[341/503] Compiling sha512.cc
[342/503] Compiling rsa_extra.cc
[343/503] Compiling refcount.cc
[344/503] Compiling rc4.cc
[345/503] Compiling rsa_crypt.cc
[346/503] Compiling urandom.cc
[347/503] Compiling windows.cc
[348/503] Compiling rand.cc
[349/503] Compiling rsa_asn1.cc
[350/503] Compiling passive.cc
[351/503] Compiling getentropy.cc
[352/503] Compiling poly1305_arm_asm.S
[353/503] Compiling trusty.cc
[354/503] Compiling forkunsafe.cc
[355/503] Compiling deterministic.cc
[356/503] Compiling ios.cc
[357/503] Compiling fork_detect.cc
[358/503] Compiling pool.cc
[359/503] Compiling poly1305_vec.cc
[360/503] Compiling poly1305_arm.cc
[361/503] Compiling poly1305.cc
[362/503] Compiling pkcs8.cc
[363/503] Compiling pem_xaux.cc
[364/503] Compiling pkcs7.cc
[365/503] Compiling pkcs8_x509.cc
[366/503] Compiling pkcs7_x509.cc
[367/503] Compiling p5_pbev2.cc
[368/503] Compiling pem_x509.cc
[369/503] Compiling pem_pkey.cc
[370/503] Compiling pem_pk8.cc
[371/503] Compiling pem_oth.cc
[372/503] Compiling obj_xref.cc
[373/503] Compiling pem_lib.cc
[374/503] Compiling mlkem.cc
[375/503] Compiling pem_all.cc
[376/503] Compiling obj.cc
[377/503] Compiling mem.cc
[378/503] Compiling pem_info.cc
[379/503] Compiling poly_rq_mul.S
[380/503] Compiling mldsa.cc
[381/503] Compiling fips_shared_support.cc
[382/503] Compiling lhash.cc
[383/503] Compiling md4.cc
[384/503] Compiling kyber.cc
[385/503] Compiling fuzzer_mode.cc
[386/503] Compiling md5.cc
[387/503] Compiling hrss.cc
[388/503] Compiling ex_data.cc
[389/503] Compiling hpke.cc
[390/503] Compiling scrypt.cc
[391/503] Compiling print.cc
[392/503] Compiling p_x25519.cc
[393/503] Compiling sign.cc
[394/503] Compiling pbkdf.cc
[395/503] Compiling p_x25519_asn1.cc
[396/503] Compiling p_rsa_asn1.cc
[397/503] Compiling p_ed25519_asn1.cc
[398/503] Compiling p_hkdf.cc
[399/503] Compiling p_rsa.cc
[400/503] Compiling p_ec.cc
[401/503] Compiling p_dsa_asn1.cc
[402/503] Compiling p_ec_asn1.cc
[403/503] Compiling p_ed25519.cc
[404/503] Compiling p_dh_asn1.cc
[405/503] Compiling p_dh.cc
[406/503] Compiling ecdsa_p1363.cc
[407/503] Compiling engine.cc
[408/503] Compiling evp.cc
[409/503] Compiling evp_ctx.cc
[410/503] Compiling err.cc
[411/503] Compiling evp_asn1.cc
[412/503] Compiling ecdsa_asn1.cc
[413/503] Compiling ecdh.cc
[414/503] Compiling hash_to_curve.cc
[415/503] Compiling ec_derive.cc
[416/503] Compiling dsa_asn1.cc
[417/503] Compiling params.cc
[418/503] Compiling bcm.cc
[419/503] Compiling dsa.cc
[420/503] Compiling digest_extra.cc
[421/503] Compiling x25519-asm-arm.S
[422/503] Compiling ec_asn1.cc
[423/503] Compiling curve25519_64_adx.cc
[423/503] Compiling des.cc
[425/503] Compiling dh_asn1.cc
[426/503] Compiling spake25519.cc
[427/503] Compiling crypto.cc
[428/503] Compiling cpu_intel.cc
[429/503] Compiling cpu_aarch64_win.cc
[430/503] Compiling curve25519.cc
[431/503] Compiling cpu_arm_linux.cc
[432/503] Compiling cpu_aarch64_openbsd.cc
[433/503] Compiling cpu_arm_freebsd.cc
[434/503] Compiling cpu_aarch64_sysreg.cc
[435/503] Compiling cpu_aarch64_fuchsia.cc
[436/503] Compiling cpu_aarch64_linux.cc
[437/503] Compiling cpu_aarch64_apple.cc
[438/503] Compiling conf.cc
[439/503] Compiling tls_cbc.cc
[440/503] Compiling e_null.cc
[440/503] Compiling e_rc2.cc
[442/503] Compiling e_rc4.cc
[443/503] Compiling cms.cc
[444/503] Compiling get_cipher.cc
[445/503] Compiling e_tls.cc
[446/503] Compiling e_des.cc
[447/503] Compiling e_chacha20poly1305.cc
[448/503] Compiling e_aesgcmsiv.cc
[449/503] Compiling e_aeseax.cc
[450/503] Compiling e_aesctrhmac.cc
[451/503] Compiling derive_key.cc
[452/503] Compiling chacha.cc
[453/503] Compiling ber.cc
[454/503] Compiling cbb.cc
[455/503] Compiling unicode.cc
[456/503] Compiling buf.cc
[457/503] Compiling sqrt.cc
[458/503] Compiling asn1_compat.cc
[459/503] Compiling cbs.cc
[460/503] Compiling div.cc
[461/503] Compiling exponentiation.cc
[462/503] Compiling printf.cc
[463/503] Compiling blake2.cc
[464/503] Compiling bn_asn1.cc
[465/503] Compiling hexdump.cc
[466/503] Compiling pair.cc
[467/503] Compiling file.cc
[467/503] Compiling convert.cc
[469/503] Compiling bio_mem.cc
[470/503] Compiling fd.cc
[471/503] Compiling errno.cc
[472/503] Compiling base64.cc
[473/503] Compiling tasn_typ.cc
[474/503] Compiling bio.cc
[475/503] Compiling tasn_utl.cc
[476/503] Compiling tasn_enc.cc
[477/503] Compiling tasn_new.cc
[478/503] Compiling posix_time.cc
[479/503] Compiling f_string.cc
[480/503] Compiling tasn_dec.cc
[481/503] Compiling f_int.cc
[482/503] Compiling tasn_fre.cc
[483/503] Compiling asn_pack.cc
[484/503] Compiling asn1_par.cc
[485/503] Compiling a_utctm.cc
[486/503] Compiling a_time.cc
[487/503] Compiling a_octet.cc
[488/503] Compiling asn1_lib.cc
[489/503] Compiling a_type.cc
[490/503] Compiling a_strex.cc
[491/503] Compiling a_object.cc
[492/503] Compiling a_strnid.cc
[493/503] Compiling a_mbstr.cc
[494/503] Compiling a_dup.cc
[495/503] Write sources
[496/503] Compiling a_d2i_fp.cc
[497/503] Compiling a_i2d_fp.cc
[498/503] Compiling a_int.cc
[499/521] Compiling a_gentm.cc
[500/521] Compiling aes.cc
[501/521] Compiling a_bool.cc
[503/521] Compiling Atomics AtomicStorage.swift
[504/521] Compiling Atomics AtomicValue.swift
[505/523] Compiling Atomics UnsafeAtomic.swift
[506/523] Compiling Atomics UnsafeAtomicLazyReference.swift
[507/523] Compiling Atomics AtomicMemoryOrderings.swift
[508/523] Compiling Atomics DoubleWord.swift
[508/523] Compiling a_bitstr.cc
[510/531] Compiling Atomics OptionalRawRepresentable.swift
[511/531] Compiling Atomics RawRepresentable.swift
[512/531] Compiling Atomics AtomicBool.swift
[513/531] Compiling Atomics IntegerOperations.swift
[514/531] Compiling Atomics Unmanaged extensions.swift
[515/531] Compiling Atomics AtomicInteger.swift
[516/531] Compiling Atomics AtomicOptionalWrappable.swift
[517/531] Compiling Atomics AtomicReference.swift
[518/531] Compiling Atomics ManagedAtomic.swift
[519/531] Compiling Atomics ManagedAtomicLazyReference.swift
[520/531] Emitting module Atomics
[521/531] Compiling Atomics IntegerConformances.swift
[522/531] Compiling Atomics PointerConformances.swift
[523/531] Compiling Atomics Primitives.native.swift
[524/532] Emitting module CryptoBoringWrapper
[526/533] Compiling CryptoBoringWrapper RandomBytes.swift
[527/596] Compiling CryptoBoringWrapper EllipticCurve.swift
[528/596] Compiling CryptoBoringWrapper ArbitraryPrecisionInteger.swift
[529/596] Compiling CryptoBoringWrapper EllipticCurvePoint.swift
[530/596] Compiling CryptoBoringWrapper CryptoKitErrors_boring.swift
[531/596] Compiling CryptoBoringWrapper FiniteFieldArithmeticContext.swift
[532/596] Compiling CryptoBoringWrapper BoringSSLAEAD.swift
[534/598] Compiling NIOCore NIOCoreSendableMetatype.swift
[535/598] Compiling NIOCore NIODecodedAsyncSequence.swift
[536/598] Compiling NIOCore NIOLoopBound.swift
[537/598] Compiling NIOCore NIOPooledRecvBufferAllocator.swift
[538/598] Compiling NIOCore NIOScheduledCallback.swift
[539/598] Compiling NIOCore NIOSendable.swift
[540/598] Compiling NIOCore NIOSplitLinesMessageDecoder.swift
[541/598] Compiling NIOCore NIOTransportAccessibleChannelCore.swift
[542/598] Compiling NIOCore RecvByteBufferAllocator.swift
[543/598] Compiling NIOCore IPProtocol.swift
[544/598] Compiling NIOCore IntegerBitPacking.swift
[545/598] Compiling NIOCore IntegerTypes.swift
[546/598] Compiling NIOCore Interfaces.swift
[547/598] Compiling NIOCore Linux.swift
[548/598] Compiling NIOCore MarkedCircularBuffer.swift
[549/598] Compiling NIOCore MulticastChannel.swift
[550/598] Compiling NIOCore NIOAny.swift
[551/598] Compiling NIOCore NIOCloseOnErrorHandler.swift
[552/606] Compiling NIOCore EventLoopFuture+Deprecated.swift
[553/606] Compiling NIOCore EventLoopFuture+WithEventLoop.swift
[554/606] Compiling NIOCore EventLoopFuture.swift
[555/606] Compiling NIOCore FileDescriptor.swift
[556/606] Compiling NIOCore FileHandle.swift
[557/606] Compiling NIOCore FileRegion.swift
[558/606] Compiling NIOCore GlobalSingletons.swift
[559/606] Compiling NIOCore IO.swift
[560/606] Compiling NIOCore IOData.swift
[561/689] Compiling Crypto ASN1Null.swift
[562/689] Emitting module Crypto
[563/689] Compiling Crypto ASN1OctetString.swift
[564/689] Compiling Crypto ASN1Strings.swift
[565/689] Compiling Crypto ArraySliceBigint.swift
[566/689] Compiling Crypto GeneralizedTime.swift
[567/689] Compiling Crypto ObjectIdentifier.swift
[568/689] Compiling Crypto ECDSASignature.swift
[569/689] Compiling Crypto PEMDocument.swift
[570/689] Compiling Crypto PKCS8PrivateKey.swift
[571/689] Compiling Crypto AES-GCM.swift
[572/689] Compiling Crypto AES-GCM_boring.swift
[573/689] Compiling Crypto ChaChaPoly_boring.swift
[574/689] Compiling Crypto ChaChaPoly.swift
[575/689] Compiling Crypto Cipher.swift
[576/689] Compiling Crypto Nonces.swift
[577/689] Compiling Crypto ASN1.swift
[578/689] Compiling Crypto ASN1Any.swift
[579/689] Compiling Crypto ASN1BitString.swift
[580/700] Compiling Crypto XWing_boring.swift
[581/700] Compiling Crypto KEM-Errors.swift
[582/700] Compiling Crypto KEM.swift
[583/700] Compiling Crypto MLKEM.swift
[584/700] Compiling Crypto XWing.swift
[585/700] Compiling Crypto ECDH_boring.swift
[586/700] Compiling Crypto DH.swift
[587/700] Compiling Crypto ECDH.swift
[588/700] Compiling Crypto Ed25519_boring.swift
[589/700] Compiling Crypto NISTCurvesKeys_boring.swift
[590/700] Compiling Crypto X25519Keys_boring.swift
[591/700] Compiling Crypto Curve25519.swift
[592/700] Compiling Crypto Ed25519Keys.swift
[593/700] Compiling Crypto NISTCurvesKeys.swift
[594/700] Compiling Crypto X25519Keys.swift
[595/700] Compiling Crypto SymmetricKeys.swift
[596/700] Compiling Crypto HMAC.swift
[597/700] Compiling Crypto HPKE-LabeledExtract.swift
[598/700] Compiling Crypto HPKE-Utils.swift
[599/700] Compiling Crypto DHKEM.swift
[600/700] Compiling Crypto HPKE-KEM-Curve25519.swift
[601/700] Compiling Crypto HPKE-NIST-EC-KEMs.swift
[602/700] Compiling Crypto HPKE-KEM.swift
[603/700] Compiling Crypto HPKE-Errors.swift
[604/700] Compiling Crypto HPKE.swift
[605/700] Compiling Crypto HPKE-Context.swift
[606/700] Compiling Crypto HPKE-KeySchedule.swift
[607/700] Compiling Crypto HPKE-Modes.swift
[608/700] Compiling Crypto Insecure.swift
[609/700] Compiling Crypto HKDF.swift
[610/700] Compiling Crypto AESWrap.swift
[611/700] Compiling Crypto AESWrap_boring.swift
[630/700] Compiling Crypto SEC1PrivateKey.swift
[631/700] Compiling Crypto SubjectPublicKeyInfo.swift
[632/700] Compiling Crypto CryptoError_boring.swift
[633/700] Compiling Crypto CryptoKitErrors.swift
[634/700] Compiling Crypto Digest_boring.swift
[635/700] Compiling Crypto Digest.swift
[636/700] Compiling Crypto Digests.swift
[637/700] Compiling Crypto HashFunctions.swift
[638/700] Compiling Crypto HashFunctions_SHA2.swift
[639/700] Compiling Crypto HashFunctions_SHA3.swift
[640/700] Compiling Crypto Digest_xkcp.swift
[641/700] Compiling Crypto HPKE-AEAD.swift
[642/700] Compiling Crypto HPKE-Ciphersuite.swift
[643/700] Compiling Crypto HPKE-KDF.swift
[644/700] Compiling Crypto HPKE-KexKeyDerivation.swift
[654/700] Compiling Crypto ASN1Boolean.swift
[655/700] Compiling Crypto ASN1Identifier.swift
[656/700] Compiling Crypto ASN1Integer.swift
[657/700] Compiling Crypto Signature.swift
[658/700] Compiling Crypto CryptoKitErrors_boring.swift
[659/700] Compiling Crypto Optional+withUnsafeBytes_boring.swift
[660/700] Compiling Crypto RNG_boring.swift
[661/700] Compiling Crypto SafeCompare_boring.swift
[662/700] Compiling Crypto Zeroization_boring.swift
[663/700] Compiling Crypto _CryptoModuleAnchor.swift
[664/700] Compiling Crypto PrettyBytes.swift
[665/700] Compiling Crypto SafeCompare.swift
[666/700] Compiling Crypto SecureBytes.swift
[667/700] Compiling Crypto Zeroization.swift
[668/700] Emitting module NIOCore
[669/700] Compiling Crypto MACFunctions.swift
[670/700] Compiling Crypto MessageAuthenticationCode.swift
[671/700] Compiling Crypto AES.swift
[672/700] Compiling Crypto ECDSASignature_boring.swift
[673/700] Compiling Crypto ECDSA_boring.swift
[674/700] Compiling Crypto EdDSA_boring.swift
[675/700] Compiling Crypto MLDSA_boring.swift
[676/700] Compiling Crypto MLDSA_wrapper.swift
[677/700] Compiling Crypto ECDSA.swift
[678/700] Compiling Crypto Ed25519.swift
[679/700] Compiling Crypto MLDSA.swift
[680/700] Compiling Crypto Insecure_HashFunctions.swift
[681/700] Compiling Crypto MLKEM_boring.swift
[682/700] Compiling Crypto MLKEM_wrapper.swift
[691/700] Compiling Crypto ANSIx963.swift
[703/721] Emitting module ObliviousXHelpers
[704/721] Compiling ObliviousXHelpers Helpers.swift
/host/spi-builder-workspace/Sources/ObliviousXHelpers/Helpers.swift:480:29: error: cannot find 'ceil' in scope
478 | precondition(value >= 0, "I2OSP requires a non-null value.")
479 |
480 | let requiredBytes = Int(ceil(log2(Double(max(value, 1) + 1)) / 8))
| `- error: cannot find 'ceil' in scope
481 | precondition(outputByteCount >= requiredBytes)
482 |
/host/spi-builder-workspace/Sources/ObliviousXHelpers/Helpers.swift:480:34: error: cannot find 'log2' in scope
478 | precondition(value >= 0, "I2OSP requires a non-null value.")
479 |
480 | let requiredBytes = Int(ceil(log2(Double(max(value, 1) + 1)) / 8))
| `- error: cannot find 'log2' in scope
481 | precondition(outputByteCount >= requiredBytes)
482 |
BUILD FAILURE 6.3 wasm