The Swift Package Index logo.Swift Package Index

Build Information

Failed to build Superhighway, reference 2.0.1 (7e942d), with Swift 6.4 for Wasm on 19 Sep 2026 07:38:35 UTC.

Build Command

bash -c docker run --pull=always --rm -v "checkouts-53886769-0":/host -w "$PWD" -e JAVA_HOME="/root/.sdkman/candidates/java/current" -e SPI_BUILD="1" -e SPI_PROCESSING="1" registry.gitlab.com/saguaro1/spi-images:wasm-6.4-latest swift build --swift-sdk swift-6.4.x-DEVELOPMENT-SNAPSHOT-2026-09-04-a_wasm 2>&1

Build Log

========================================
RunAll
========================================
Builder version: 5.1.0
Interrupt handler set up.
========================================
Checkout
========================================
Clone URL: https://github.com/rhysforyou/Superhighway.git
Reference: 2.0.1
Initialized empty Git repository in /host/spi-builder-workspace/.git/
hint: Using 'master' as the name for the initial branch. This default branch name
hint: is subject to change. To configure the initial branch name to use in all
hint: of your new repositories, which will suppress this warning, call:
hint:
hint: 	git config --global init.defaultBranch <name>
hint:
hint: Names commonly chosen instead of 'master' are 'main', 'trunk' and
hint: 'development'. The just-created branch can be renamed via this command:
hint:
hint: 	git branch -m <name>
From https://github.com/rhysforyou/Superhighway
 * tag               2.0.1      -> FETCH_HEAD
HEAD is now at 7e942df update CHANGELOG links
Cloned https://github.com/rhysforyou/Superhighway.git
Revision (git rev-parse @):
7e942dfbc799f9c0ea231490a2ce99b8ff78b2d5
SPI manifest file found: $PWD/.spi.yml
SUCCESS checkout https://github.com/rhysforyou/Superhighway.git at 2.0.1
========================================
Build
========================================
Selected platform:         wasm
Swift version:             6.4
Building package at path:  $PWD
https://github.com/rhysforyou/Superhighway.git
Running build ...
bash -c docker run --pull=always --rm -v "checkouts-53886769-0":/host -w "$PWD" -e JAVA_HOME="/root/.sdkman/candidates/java/current" -e SPI_BUILD="1" -e SPI_PROCESSING="1" registry.gitlab.com/saguaro1/spi-images:wasm-6.4-latest swift build --swift-sdk swift-6.4.x-DEVELOPMENT-SNAPSHOT-2026-09-04-a_wasm 2>&1
wasm-6.4-latest: Pulling from saguaro1/spi-images
Digest: sha256:4328fdb43c680d205c1d6761b1e3267aa38277eefdda9ddfb17b6a0f1a77857a
Status: Image is up to date for registry.gitlab.com/saguaro1/spi-images:wasm-6.4-latest
Fetching https://github.com/apple/swift-docc-plugin
[1/2345] Fetching swift-docc-plugin
Fetched https://github.com/apple/swift-docc-plugin (0.62s)
Computing version for https://github.com/apple/swift-docc-plugin
Computed https://github.com/apple/swift-docc-plugin at 1.5.0 (0.82s)
Fetching https://github.com/swiftlang/swift-docc-symbolkit
[1/3823] Fetching swift-docc-symbolkit
Fetched https://github.com/swiftlang/swift-docc-symbolkit (0.52s)
Computing version for https://github.com/swiftlang/swift-docc-symbolkit
Computed https://github.com/swiftlang/swift-docc-symbolkit at 1.0.0 (0.73s)
Creating working copy for https://github.com/apple/swift-docc-plugin
Working copy of https://github.com/apple/swift-docc-plugin resolved at 1.5.0
Creating working copy for https://github.com/swiftlang/swift-docc-symbolkit
Working copy of https://github.com/swiftlang/swift-docc-symbolkit resolved at 1.0.0
Building for debugging...
[Pre-planning 1 / 66]
[17 / 25] Superhighway
error: SwiftCompile normal wasm32 failed with a nonzero exit code. Command line:     cd /host

/host/spi-builder-workspace/Sources/Superhighway/Endpoint.swift:76:23: error: cannot find type 'URLRequest' in scope
 74 | public struct Endpoint<Response> {
 75 |   /// The underlying `URLRequest` for this endpoint
 76 |   public let request: URLRequest
    |                       `- error: cannot find type 'URLRequest' in scope
 77 |
 78 |   /// Closure responsible for translating a URL response into the endpoint's `Response` type
/host/spi-builder-workspace/Sources/Superhighway/Endpoint.swift:79:22: error: 'URLResponse' is unavailable: This type has moved to the FoundationNetworking module. Import that module to use it.
 77 |
 78 |   /// Closure responsible for translating a URL response into the endpoint's `Response` type
 79 |   let parse: (Data?, URLResponse?) throws -> Response
    |                      `- error: 'URLResponse' is unavailable: This type has moved to the FoundationNetworking module. Import that module to use it.
 80 |
 81 |   /// This is used to check the status code of a response.
Foundation.URLResponse:2:18: note: 'URLResponse' has been explicitly marked unavailable here
1 | @available(*, unavailable, message: "This type has moved to the FoundationNetworking module. Import that module to use it.")
2 | public typealias URLResponse = AnyObject
  |                  `- note: 'URLResponse' has been explicitly marked unavailable here
/host/spi-builder-workspace/Sources/Superhighway/Endpoint.swift:108:30: error: 'URLResponse' is unavailable: This type has moved to the FoundationNetworking module. Import that module to use it.
106 |     timeOutInterval: TimeInterval = 10,
107 |     query: [String: String] = [:],
108 |     parse: @escaping (Data?, URLResponse?) throws -> Response
    |                              `- error: 'URLResponse' is unavailable: This type has moved to the FoundationNetworking module. Import that module to use it.
109 |   ) {
110 |     var requestURL: URL
Foundation.URLResponse:2:18: note: 'URLResponse' has been explicitly marked unavailable here
1 | @available(*, unavailable, message: "This type has moved to the FoundationNetworking module. Import that module to use it.")
2 | public typealias URLResponse = AnyObject
  |                  `- note: 'URLResponse' has been explicitly marked unavailable here
/host/spi-builder-workspace/Sources/Superhighway/Endpoint.swift:150:14: error: cannot find type 'URLRequest' in scope
148 |   ///   - parse: this converts a response into an `A`.
149 |   public init(
150 |     request: URLRequest,
    |              `- error: cannot find type 'URLRequest' in scope
151 |     expectedStatusCode: @escaping (Int) -> Bool = expected200to300,
152 |     parse: @escaping (Data?, URLResponse?) throws -> Response
/host/spi-builder-workspace/Sources/Superhighway/Endpoint.swift:152:30: error: 'URLResponse' is unavailable: This type has moved to the FoundationNetworking module. Import that module to use it.
150 |     request: URLRequest,
151 |     expectedStatusCode: @escaping (Int) -> Bool = expected200to300,
152 |     parse: @escaping (Data?, URLResponse?) throws -> Response
    |                              `- error: 'URLResponse' is unavailable: This type has moved to the FoundationNetworking module. Import that module to use it.
153 |   ) {
154 |     self.request = request
Foundation.URLResponse:2:18: note: 'URLResponse' has been explicitly marked unavailable here
1 | @available(*, unavailable, message: "This type has moved to the FoundationNetworking module. Import that module to use it.")
2 | public typealias URLResponse = AnyObject
  |                  `- note: 'URLResponse' has been explicitly marked unavailable here
/host/spi-builder-workspace/Sources/Superhighway/Endpoint.swift:338:24: error: 'HTTPURLResponse' is unavailable: This type has moved to the FoundationNetworking module. Import that module to use it.
336 | public struct WrongStatusCodeError: Error {
337 |   public let statusCode: Int
338 |   public let response: HTTPURLResponse?
    |                        `- error: 'HTTPURLResponse' is unavailable: This type has moved to the FoundationNetworking module. Import that module to use it.
339 |
340 |   public init(statusCode: Int, response: HTTPURLResponse?) {
Foundation.HTTPURLResponse:2:18: note: 'HTTPURLResponse' has been explicitly marked unavailable here
1 | @available(*, unavailable, message: "This type has moved to the FoundationNetworking module. Import that module to use it.")
2 | public typealias HTTPURLResponse = AnyObject
  |                  `- note: 'HTTPURLResponse' has been explicitly marked unavailable here
/host/spi-builder-workspace/Sources/Superhighway/Endpoint.swift:340:42: error: 'HTTPURLResponse' is unavailable: This type has moved to the FoundationNetworking module. Import that module to use it.
338 |   public let response: HTTPURLResponse?
339 |
340 |   public init(statusCode: Int, response: HTTPURLResponse?) {
    |                                          `- error: 'HTTPURLResponse' is unavailable: This type has moved to the FoundationNetworking module. Import that module to use it.
341 |     self.statusCode = statusCode
342 |     self.response = response
Foundation.HTTPURLResponse:2:18: note: 'HTTPURLResponse' has been explicitly marked unavailable here
1 | @available(*, unavailable, message: "This type has moved to the FoundationNetworking module. Import that module to use it.")
2 | public typealias HTTPURLResponse = AnyObject
  |                  `- note: 'HTTPURLResponse' has been explicitly marked unavailable here
/host/spi-builder-workspace/Sources/Superhighway/URLSession+Endpoint.swift:3:8: error: non-nominal type 'URLSession' (aka 'AnyObject') cannot be extended [#]8;;https://docs.swift.org/compiler/documentation/diagnostics/nominal-types\NominalTypes]8;;\]
  1 | import Foundation
  2 |
  3 | public extension URLSession {
    |        `- error: non-nominal type 'URLSession' (aka 'AnyObject') cannot be extended [#]8;;https://docs.swift.org/compiler/documentation/diagnostics/nominal-types\NominalTypes]8;;\]
  4 |   /// Loads an endpoint by creating (and directly resuming) a data task.
  5 |   ///
[#NominalTypes]: <https://docs.swift.org/compiler/documentation/diagnostics/nominal-types>
Failed frontend command:
/usr/bin/swift-frontend -frontend -emit-module -experimental-skip-non-inlinable-function-bodies-without-types /host/spi-builder-workspace/Sources/Superhighway/Endpoint.swift /host/spi-builder-workspace/Sources/Superhighway/URLSession+Endpoint.swift -target wasm32-unknown-wasip1 -disable-objc-interop -sdk /root/.swiftpm/swift-sdks/swift-6.4.x-DEVELOPMENT-SNAPSHOT-2026-09-04-a_wasm.artifactbundle/swift-6.4.x-DEVELOPMENT-SNAPSHOT-2026-09-04-a_wasm/wasm32-unknown-wasip1/WASI.sdk -sysroot /root/.swiftpm/swift-sdks/swift-6.4.x-DEVELOPMENT-SNAPSHOT-2026-09-04-a_wasm.artifactbundle/swift-6.4.x-DEVELOPMENT-SNAPSHOT-2026-09-04-a_wasm/wasm32-unknown-wasip1/WASI.sdk -I /host/spi-builder-workspace/.build/out/Products/Debug-webassembly-wasm32 -module-cache-path /host/spi-builder-workspace/.build/out/ModuleCache.noindex -color-diagnostics -Xcc -fcolor-diagnostics -enable-testing -g -debug-info-format\=dwarf -dwarf-version\=4 -swift-version 5 -Onone -D SWIFT_PACKAGE -D DEBUG -D SWIFT_MODULE_RESOURCE_BUNDLE_UNAVAILABLE -D Xcode -serialize-debugging-options -enable-experimental-feature DebugDescriptionMacro -empty-abi-descriptor -external-plugin-path /usr/lib/swift/host/plugins/testing\#/usr/bin/swift-plugin-server -validate-clang-modules-once -clang-build-session-file /host/spi-builder-workspace/.build/out/ModuleCache.noindex/Session.modulevalidation -Xcc -working-directory -Xcc /host -resource-dir /root/.swiftpm/swift-sdks/swift-6.4.x-DEVELOPMENT-SNAPSHOT-2026-09-04-a_wasm.artifactbundle/swift-6.4.x-DEVELOPMENT-SNAPSHOT-2026-09-04-a_wasm/wasm32-unknown-wasip1/swift.xctoolchain/usr/lib/swift_static -use-static-resource-dir -enable-anonymous-context-mangled-names -file-compilation-dir /host -Xcc -resource-dir -Xcc /root/.swiftpm/swift-sdks/swift-6.4.x-DEVELOPMENT-SNAPSHOT-2026-09-04-a_wasm.artifactbundle/swift-6.4.x-DEVELOPMENT-SNAPSHOT-2026-09-04-a_wasm/wasm32-unknown-wasip1/swift.xctoolchain/usr/lib/swift_static/clang -Xcc -D_LIBCPP_HARDENING_MODE\=_LIBCPP_HARDENING_MODE_DEBUG -Xcc -fmodules-prune-interval\=86400 -Xcc -fmodules-prune-after\=345600 -Xcc -I/host/spi-builder-workspace/.build/out/Products/Debug-webassembly-wasm32/include -Xcc -I/host/spi-builder-workspace/.build/out/Intermediates.noindex/Superhighway.build/Debug-webassembly-wasm32/Superhighway-t.build/DerivedSources-normal/wasm32 -Xcc -I/host/spi-builder-workspace/.build/out/Intermediates.noindex/Superhighway.build/Debug-webassembly-wasm32/Superhighway-t.build/DerivedSources/wasm32 -Xcc -I/host/spi-builder-workspace/.build/out/Intermediates.noindex/Superhighway.build/Debug-webassembly-wasm32/Superhighway-t.build/DerivedSources -Xcc -DSWIFT_PACKAGE -Xcc -DDEBUG\=1 -no-auto-bridging-header-chaining -module-name Superhighway -const-gather-protocols-file /host/spi-builder-workspace/.build/out/Intermediates.noindex/Superhighway.build/Debug-webassembly-wasm32/Superhighway-t.build/Objects-normal/wasm32/Superhighway_const_extract_protocols.json -in-process-plugin-server-path /usr/lib/swift/host/libSwiftInProcPluginServer.so -plugin-path /usr/lib/swift/host/plugins -plugin-path /usr/local/lib/swift/host/plugins -emit-module-doc-path /host/spi-builder-workspace/.build/out/Intermediates.noindex/Superhighway.build/Debug-webassembly-wasm32/Superhighway-t.build/Objects-normal/wasm32/Modules/Superhighway.swiftdoc -emit-module-source-info-path /host/spi-builder-workspace/.build/out/Intermediates.noindex/Superhighway.build/Debug-webassembly-wasm32/Superhighway-t.build/Objects-normal/wasm32/Modules/Superhighway.swiftsourceinfo -emit-objc-header-path /host/spi-builder-workspace/.build/out/Intermediates.noindex/Superhighway.build/Debug-webassembly-wasm32/Superhighway-t.build/Objects-normal/wasm32/Superhighway-Swift.h -serialize-diagnostics-path /host/spi-builder-workspace/.build/out/Intermediates.noindex/Superhighway.build/Debug-webassembly-wasm32/Superhighway-t.build/Objects-normal/wasm32/Superhighway-primary-emit-module.dia -emit-dependencies-path /host/spi-builder-workspace/.build/out/Intermediates.noindex/Superhighway.build/Debug-webassembly-wasm32/Superhighway-t.build/Objects-normal/wasm32/Superhighway-primary-emit-module.d -parse-as-library -o /host/spi-builder-workspace/.build/out/Intermediates.noindex/Superhighway.build/Debug-webassembly-wasm32/Superhighway-t.build/Objects-normal/wasm32/Modules/Superhighway.swiftmodule
error: Build failed
BUILD FAILURE 6.4 wasm