The Swift Package Index logo.Swift Package Index

Build Information

Failed to build Wink, reference v1.0.0 (dce368), with Swift 6.4 for visionOS using Xcode 27.0 on 17 Sep 2026 13:38:47 UTC.

Build Command

env DEVELOPER_DIR=/Applications/Xcode-27.0.0-Release.Candidate.app xcrun xcodebuild -IDEClonedSourcePackagesDirPathOverride=$PWD/.dependencies -skipMacroValidation -skipPackagePluginValidation -derivedDataPath $PWD/.derivedData build -scheme Wink -destination generic/platform=xrOS

Build Log

========================================
RunAll
========================================
Builder version: 5.1.0
Interrupt handler set up.
========================================
Checkout
========================================
Clone URL: https://github.com/toupper/Wink.git
Reference: v1.0.0
Initialized empty Git repository in /Users/admin/builder/spi-builder-workspace/.git/
From https://github.com/toupper/Wink
 * tag               v1.0.0     -> FETCH_HEAD
HEAD is now at dce3682 Better format, add debug mode
Cloned https://github.com/toupper/Wink.git
Revision (git rev-parse @):
dce36823c49b6e726dd4a6e4f365e1c54e200908
SUCCESS checkout https://github.com/toupper/Wink.git at v1.0.0
========================================
Build
========================================
Selected platform:         visionOS
Swift version:             6.4
Building package at path:  $PWD
https://github.com/toupper/Wink.git
Command line invocation:
    /Applications/Xcode-27.0.0-Release.Candidate.app/Contents/Developer/usr/bin/xcodebuild -IDEClonedSourcePackagesDirPathOverride=/Users/admin/builder/spi-builder-workspace/.dependencies -resolvePackageDependencies
Resolve Package Graph
Resolve Package Graph
Resolved source packages:
  Wink: /Users/admin/builder/spi-builder-workspace
resolved source packages: Wink
{
  "dependencies" : [
  ],
  "manifest_display_name" : "Wink",
  "name" : "Wink",
  "path" : "/Users/admin/builder/spi-builder-workspace",
  "platforms" : [
    {
      "name" : "ios",
      "version" : "13.0"
    }
  ],
  "products" : [
    {
      "name" : "Wink",
      "targets" : [
        "Wink"
      ],
      "type" : {
        "library" : [
          "automatic"
        ]
      }
    }
  ],
  "targets" : [
    {
      "c99name" : "Wink",
      "module_type" : "SwiftTarget",
      "name" : "Wink",
      "path" : "Sources/Wink",
      "product_memberships" : [
        "Wink"
      ],
      "sources" : [
        "FacialExpression.swift",
        "FacialExpressionDetectorViewController.swift"
      ],
      "type" : "library"
    }
  ],
  "tools_version" : "5.3"
}
{
  "workspace" : {
    "name" : "Wink",
    "schemes" : [
      "Sample",
      "Wink"
    ]
  }
}
{
  "workspace" : {
    "name" : "Wink",
    "schemes" : [
      "Wink"
    ]
  }
}
2026-09-17 09:38:34.748 xcodebuild[654:4231] [MT] IDERunDestination: Supported platforms for the buildables in the current scheme is empty.
Running build ...
env DEVELOPER_DIR=/Applications/Xcode-27.0.0-Release.Candidate.app xcrun xcodebuild -IDEClonedSourcePackagesDirPathOverride=$PWD/.dependencies -skipMacroValidation -skipPackagePluginValidation -derivedDataPath $PWD/.derivedData build -scheme Wink -destination generic/platform=xrOS
Command line invocation:
    /Applications/Xcode-27.0.0-Release.Candidate.app/Contents/Developer/usr/bin/xcodebuild -IDEClonedSourcePackagesDirPathOverride=/Users/admin/builder/spi-builder-workspace/.dependencies -skipMacroValidation -skipPackagePluginValidation -derivedDataPath /Users/admin/builder/spi-builder-workspace/.derivedData build -scheme Wink -destination generic/platform=xrOS
Resolve Package Graph
Resolved source packages:
  Wink: /Users/admin/builder/spi-builder-workspace
ComputePackagePrebuildTargetDependencyGraph
Prepare packages
CreateBuildRequest
SendProjectDescription
CreateBuildOperation
ComputeTargetDependencyGraph
note: Building targets in dependency order
note: Target dependency graph (2 targets)
    Target 'Wink-product' in project 'Wink'
        ➜ Explicit dependency on target 'Wink' in project 'Wink'
    Target 'Wink' in project 'Wink' (no dependencies)
GatherProvisioningInputs
CreateBuildDescription
ExecuteExternalTool /Applications/Xcode-27.0.0-Release.Candidate.app/Contents/Developer/Toolchains/XcodeDefault.xctoolchain/usr/bin/clang -v -E -dM -isysroot /Applications/Xcode-27.0.0-Release.Candidate.app/Contents/Developer/Platforms/XROS.platform/Developer/SDKs/XROS27.0.sdk -x c -c /dev/null
ExecuteExternalTool /Applications/Xcode-27.0.0-Release.Candidate.app/Contents/Developer/Toolchains/XcodeDefault.xctoolchain/usr/bin/swiftc --version
ExecuteExternalTool /Applications/Xcode-27.0.0-Release.Candidate.app/Contents/Developer/Toolchains/XcodeDefault.xctoolchain/usr/bin/ld -version_details
Build description signature: 9b8f2b440f332a84506892ba1acb91ce
Build description path: /Users/admin/builder/spi-builder-workspace/.derivedData/Build/Intermediates.noindex/XCBuildData/9b8f2b440f332a84506892ba1acb91ce.xcbuilddata
CreateBuildDirectory /Users/admin/builder/spi-builder-workspace/.derivedData/SDKExplicitPrecompiledModules
    cd /Users/admin/builder/spi-builder-workspace/.swiftpm/xcode
    builtin-create-build-directory /Users/admin/builder/spi-builder-workspace/.derivedData/SDKExplicitPrecompiledModules
CreateBuildDirectory /Users/admin/builder/spi-builder-workspace/.derivedData/ModuleCache.noindex
    cd /Users/admin/builder/spi-builder-workspace/.swiftpm/xcode
    builtin-create-build-directory /Users/admin/builder/spi-builder-workspace/.derivedData/ModuleCache.noindex
CreateBuildDirectory /Users/admin/builder/spi-builder-workspace/.derivedData/CompilationCache.noindex
    cd /Users/admin/builder/spi-builder-workspace/.swiftpm/xcode
    builtin-create-build-directory /Users/admin/builder/spi-builder-workspace/.derivedData/CompilationCache.noindex
CreateBuildDirectory /Users/admin/builder/spi-builder-workspace/.derivedData/Build/Products
    cd /Users/admin/builder/spi-builder-workspace/.swiftpm/xcode
    builtin-create-build-directory /Users/admin/builder/spi-builder-workspace/.derivedData/Build/Products
ClangStatCache /Applications/Xcode-27.0.0-Release.Candidate.app/Contents/Developer/Toolchains/XcodeDefault.xctoolchain/usr/bin/clang-stat-cache /Applications/Xcode-27.0.0-Release.Candidate.app/Contents/Developer/Platforms/XROS.platform/Developer/SDKs/XROS27.0.sdk /Users/admin/builder/spi-builder-workspace/.derivedData/SDKStatCaches.noindex/xros27.0-24M361-e829b21a6f8c9b70876ba0858053c044735bd543db762f57723cac368afd1ce4.sdkstatcache
    cd /Users/admin/builder/spi-builder-workspace/.swiftpm/xcode
    /Applications/Xcode-27.0.0-Release.Candidate.app/Contents/Developer/Toolchains/XcodeDefault.xctoolchain/usr/bin/clang-stat-cache /Applications/Xcode-27.0.0-Release.Candidate.app/Contents/Developer/Platforms/XROS.platform/Developer/SDKs/XROS27.0.sdk -o /Users/admin/builder/spi-builder-workspace/.derivedData/SDKStatCaches.noindex/xros27.0-24M361-e829b21a6f8c9b70876ba0858053c044735bd543db762f57723cac368afd1ce4.sdkstatcache
CreateBuildDirectory /Users/admin/builder/spi-builder-workspace/.derivedData/Build/Intermediates.noindex
    cd /Users/admin/builder/spi-builder-workspace/.swiftpm/xcode
    builtin-create-build-directory /Users/admin/builder/spi-builder-workspace/.derivedData/Build/Intermediates.noindex
CreateBuildDirectory /Users/admin/builder/spi-builder-workspace/.derivedData/Build/Intermediates.noindex/SwiftExplicitPrecompiledModules
    cd /Users/admin/builder/spi-builder-workspace/.swiftpm/xcode
    builtin-create-build-directory /Users/admin/builder/spi-builder-workspace/.derivedData/Build/Intermediates.noindex/SwiftExplicitPrecompiledModules
CreateBuildDirectory /Users/admin/builder/spi-builder-workspace/.derivedData/Build/Products/Debug-xros
    cd /Users/admin/builder/spi-builder-workspace/.swiftpm/xcode
    builtin-create-build-directory /Users/admin/builder/spi-builder-workspace/.derivedData/Build/Products/Debug-xros
CreateBuildDirectory /Users/admin/builder/spi-builder-workspace/.derivedData/Build/Intermediates.noindex/PrecompiledHeaders
    cd /Users/admin/builder/spi-builder-workspace/.swiftpm/xcode
    builtin-create-build-directory /Users/admin/builder/spi-builder-workspace/.derivedData/Build/Intermediates.noindex/PrecompiledHeaders
CreateBuildDirectory /Users/admin/builder/spi-builder-workspace/.derivedData/Build/Intermediates.noindex/ExplicitPrecompiledModules
    cd /Users/admin/builder/spi-builder-workspace/.swiftpm/xcode
    builtin-create-build-directory /Users/admin/builder/spi-builder-workspace/.derivedData/Build/Intermediates.noindex/ExplicitPrecompiledModules
CreateBuildDirectory /Users/admin/builder/spi-builder-workspace/.derivedData/Build/Intermediates.noindex/EagerLinkingTBDs/Debug-xros
    cd /Users/admin/builder/spi-builder-workspace/.swiftpm/xcode
    builtin-create-build-directory /Users/admin/builder/spi-builder-workspace/.derivedData/Build/Intermediates.noindex/EagerLinkingTBDs/Debug-xros
CreateBuildDirectory /Users/admin/builder/spi-builder-workspace/.derivedData/Build/Products/Debug-xros/PackageFrameworks
    cd /Users/admin/builder/spi-builder-workspace/.swiftpm/xcode
    builtin-create-build-directory /Users/admin/builder/spi-builder-workspace/.derivedData/Build/Products/Debug-xros/PackageFrameworks
WriteAuxiliaryFile /Users/admin/builder/spi-builder-workspace/.derivedData/Build/Intermediates.noindex/Wink.build/Debug-xros/Wink-t.build/Wink.DependencyStaticMetadataFileList (in target 'Wink' from project 'Wink')
    cd /Users/admin/builder/spi-builder-workspace
    write-file /Users/admin/builder/spi-builder-workspace/.derivedData/Build/Intermediates.noindex/Wink.build/Debug-xros/Wink-t.build/Wink.DependencyStaticMetadataFileList
WriteAuxiliaryFile /Users/admin/builder/spi-builder-workspace/.derivedData/Build/Intermediates.noindex/Wink.build/Debug-xros/Wink-t.build/Wink.modulemap (in target 'Wink' from project 'Wink')
    cd /Users/admin/builder/spi-builder-workspace
    write-file /Users/admin/builder/spi-builder-workspace/.derivedData/Build/Intermediates.noindex/Wink.build/Debug-xros/Wink-t.build/Wink.modulemap
WriteAuxiliaryFile /Users/admin/builder/spi-builder-workspace/.derivedData/Build/Intermediates.noindex/Wink.build/Debug-xros/Wink-t.build/Wink.DependencyMetadataFileList (in target 'Wink' from project 'Wink')
    cd /Users/admin/builder/spi-builder-workspace
    write-file /Users/admin/builder/spi-builder-workspace/.derivedData/Build/Intermediates.noindex/Wink.build/Debug-xros/Wink-t.build/Wink.DependencyMetadataFileList
WriteAuxiliaryFile /Users/admin/builder/spi-builder-workspace/.derivedData/Build/Intermediates.noindex/Wink.build/Debug-xros/Wink-t.build/Objects-normal/arm64/Wink.SwiftConstValuesFileList (in target 'Wink' from project 'Wink')
    cd /Users/admin/builder/spi-builder-workspace
    write-file /Users/admin/builder/spi-builder-workspace/.derivedData/Build/Intermediates.noindex/Wink.build/Debug-xros/Wink-t.build/Objects-normal/arm64/Wink.SwiftConstValuesFileList
WriteAuxiliaryFile /Users/admin/builder/spi-builder-workspace/.derivedData/Build/Intermediates.noindex/Wink.build/Debug-xros/Wink-t.build/Objects-normal/arm64/Wink-OutputFileMap.json (in target 'Wink' from project 'Wink')
    cd /Users/admin/builder/spi-builder-workspace
    write-file /Users/admin/builder/spi-builder-workspace/.derivedData/Build/Intermediates.noindex/Wink.build/Debug-xros/Wink-t.build/Objects-normal/arm64/Wink-OutputFileMap.json
WriteAuxiliaryFile /Users/admin/builder/spi-builder-workspace/.derivedData/Build/Intermediates.noindex/Wink.build/Debug-xros/Wink-t.build/Objects-normal/arm64/Wink.LinkFileList (in target 'Wink' from project 'Wink')
    cd /Users/admin/builder/spi-builder-workspace
    write-file /Users/admin/builder/spi-builder-workspace/.derivedData/Build/Intermediates.noindex/Wink.build/Debug-xros/Wink-t.build/Objects-normal/arm64/Wink.LinkFileList
WriteAuxiliaryFile /Users/admin/builder/spi-builder-workspace/.derivedData/Build/Intermediates.noindex/Wink.build/Debug-xros/Wink-t.build/Objects-normal/arm64/Wink_const_extract_protocols.json (in target 'Wink' from project 'Wink')
    cd /Users/admin/builder/spi-builder-workspace
    write-file /Users/admin/builder/spi-builder-workspace/.derivedData/Build/Intermediates.noindex/Wink.build/Debug-xros/Wink-t.build/Objects-normal/arm64/Wink_const_extract_protocols.json
WriteAuxiliaryFile /Users/admin/builder/spi-builder-workspace/.derivedData/Build/Intermediates.noindex/Wink.build/Debug-xros/Wink-t.build/Objects-normal/arm64/Wink.SwiftFileList (in target 'Wink' from project 'Wink')
    cd /Users/admin/builder/spi-builder-workspace
    write-file /Users/admin/builder/spi-builder-workspace/.derivedData/Build/Intermediates.noindex/Wink.build/Debug-xros/Wink-t.build/Objects-normal/arm64/Wink.SwiftFileList
Copy /Users/admin/builder/spi-builder-workspace/.derivedData/Build/Intermediates.noindex/GeneratedModuleMaps-xros/Wink.modulemap /Users/admin/builder/spi-builder-workspace/.derivedData/Build/Intermediates.noindex/Wink.build/Debug-xros/Wink-t.build/Wink.modulemap (in target 'Wink' from project 'Wink')
    cd /Users/admin/builder/spi-builder-workspace
    builtin-copy -exclude .DS_Store -exclude CVS -exclude .svn -exclude .git -exclude .hg -resolve-src-symlinks /Users/admin/builder/spi-builder-workspace/.derivedData/Build/Intermediates.noindex/Wink.build/Debug-xros/Wink-t.build/Wink.modulemap /Users/admin/builder/spi-builder-workspace/.derivedData/Build/Intermediates.noindex/GeneratedModuleMaps-xros
SwiftDriver Wink normal arm64 com.apple.xcode.tools.swift.compiler (in target 'Wink' from project 'Wink')
    cd /Users/admin/builder/spi-builder-workspace/.swiftpm/xcode
    builtin-SwiftDriver -- /Applications/Xcode-27.0.0-Release.Candidate.app/Contents/Developer/Toolchains/XcodeDefault.xctoolchain/usr/bin/swiftc -parse-as-library -module-name Wink -Onone @/Users/admin/builder/spi-builder-workspace/.derivedData/Build/Intermediates.noindex/Wink.build/Debug-xros/Wink-t.build/Objects-normal/arm64/Wink.SwiftFileList -DSWIFT_PACKAGE -DDEBUG -DSWIFT_MODULE_RESOURCE_BUNDLE_UNAVAILABLE -DXcode -plugin-path /Applications/Xcode-27.0.0-Release.Candidate.app/Contents/Developer/Toolchains/XcodeDefault.xctoolchain/usr/lib/swift/host/plugins/testing -enable-experimental-feature DebugDescriptionMacro -sdk /Applications/Xcode-27.0.0-Release.Candidate.app/Contents/Developer/Platforms/XROS.platform/Developer/SDKs/XROS27.0.sdk -target arm64-apple-xros1.0 -g -module-cache-path /Users/admin/builder/spi-builder-workspace/.derivedData/ModuleCache.noindex -Xfrontend -serialize-debugging-options -enable-testing -index-store-path /Users/admin/builder/spi-builder-workspace/.derivedData/Index.noindex/DataStore -Xcc -D_LIBCPP_HARDENING_MODE\=_LIBCPP_HARDENING_MODE_DEBUG -swift-version 5 -I /Users/admin/builder/spi-builder-workspace/.derivedData/Build/Products/Debug-xros -Isystem /Applications/Xcode-27.0.0-Release.Candidate.app/Contents/Developer/Platforms/XROS.platform/Developer/usr/lib -F /Users/admin/builder/spi-builder-workspace/.derivedData/Build/Products/Debug-xros -F /Applications/Xcode-27.0.0-Release.Candidate.app/Contents/Developer/Platforms/XROS.platform/Developer/Library/Frameworks -F /Applications/Xcode-27.0.0-Release.Candidate.app/Contents/Developer/Platforms/XROS.platform/Developer/SDKs/XROS27.0.sdk/Developer/Library/Frameworks -c -j10 -enable-batch-mode -incremental -Xcc -ivfsstatcache -Xcc /Users/admin/builder/spi-builder-workspace/.derivedData/SDKStatCaches.noindex/xros27.0-24M361-e829b21a6f8c9b70876ba0858053c044735bd543db762f57723cac368afd1ce4.sdkstatcache -output-file-map /Users/admin/builder/spi-builder-workspace/.derivedData/Build/Intermediates.noindex/Wink.build/Debug-xros/Wink-t.build/Objects-normal/arm64/Wink-OutputFileMap.json -save-temps -no-color-diagnostics -explicit-module-build -module-cache-path /Users/admin/builder/spi-builder-workspace/.derivedData/Build/Intermediates.noindex/SwiftExplicitPrecompiledModules -clang-scanner-module-cache-path /Users/admin/builder/spi-builder-workspace/.derivedData/ModuleCache.noindex -sdk-module-cache-path /Users/admin/builder/spi-builder-workspace/.derivedData/SDKExplicitPrecompiledModules -emit-dependencies -emit-module -emit-module-path /Users/admin/builder/spi-builder-workspace/.derivedData/Build/Intermediates.noindex/Wink.build/Debug-xros/Wink-t.build/Objects-normal/arm64/Wink.swiftmodule -serialize-diagnostics -dependency-scan-serialize-diagnostics-path /Users/admin/builder/spi-builder-workspace/.derivedData/Build/Intermediates.noindex/Wink.build/Debug-xros/Wink-t.build/Objects-normal/arm64/Wink-dependency-scan.dia -validate-clang-modules-once -clang-build-session-file /Users/admin/builder/spi-builder-workspace/.derivedData/ModuleCache.noindex/Session.modulevalidation -Xcc -fmodules-prune-interval\=86400 -Xcc -fmodules-prune-after\=345600 -emit-const-values -const-gather-protocols-list /Users/admin/builder/spi-builder-workspace/.derivedData/Build/Intermediates.noindex/Wink.build/Debug-xros/Wink-t.build/Objects-normal/arm64/Wink_const_extract_protocols.json -Xcc -I/Users/admin/builder/spi-builder-workspace/.derivedData/Build/Products/Debug-xros/include -Xcc -I/Users/admin/builder/spi-builder-workspace/.derivedData/Build/Intermediates.noindex/Wink.build/Debug-xros/Wink-t.build/DerivedSources-normal/arm64 -Xcc -I/Users/admin/builder/spi-builder-workspace/.derivedData/Build/Intermediates.noindex/Wink.build/Debug-xros/Wink-t.build/DerivedSources/arm64 -Xcc -I/Users/admin/builder/spi-builder-workspace/.derivedData/Build/Intermediates.noindex/Wink.build/Debug-xros/Wink-t.build/DerivedSources -Xcc -DSWIFT_PACKAGE -Xcc -DDEBUG\=1 -emit-objc-header -emit-objc-header-path /Users/admin/builder/spi-builder-workspace/.derivedData/Build/Intermediates.noindex/Wink.build/Debug-xros/Wink-t.build/Objects-normal/arm64/Wink-Swift.h -working-directory /Users/admin/builder/spi-builder-workspace/.swiftpm/xcode -experimental-emit-module-separately -disable-cmo
SwiftExplicitDependencyGeneratePcm arm64 /Users/admin/builder/spi-builder-workspace/.derivedData/SDKExplicitPrecompiledModules/ptrcheck-BXA97MNLI4BB0HF5I8MJE403D.pcm
SwiftExplicitDependencyGeneratePcm arm64 /Users/admin/builder/spi-builder-workspace/.derivedData/SDKExplicitPrecompiledModules/_Builtin_float-6WKHNW5S40U2QGHXXGETUDIRA.pcm
SwiftExplicitDependencyGeneratePcm arm64 /Users/admin/builder/spi-builder-workspace/.derivedData/SDKExplicitPrecompiledModules/_AvailabilityInternal-1Q8IQP6M38UWSGZ95UCEY2M44.pcm
SwiftExplicitDependencyGeneratePcm arm64 /Users/admin/builder/spi-builder-workspace/.derivedData/SDKExplicitPrecompiledModules/_SwiftConcurrencyShims-C8XHKSHX96D5YYALNM4W70Z0O.pcm
SwiftExplicitDependencyGeneratePcm arm64 /Users/admin/builder/spi-builder-workspace/.derivedData/SDKExplicitPrecompiledModules/_Builtin_stddef-5NQ9Z1GV07GBSRQGAQCGXGVRI.pcm
SwiftExplicitDependencyGeneratePcm arm64 /Users/admin/builder/spi-builder-workspace/.derivedData/SDKExplicitPrecompiledModules/ptrauth-1WBA714DZSVUL5JQDJ08CLKZ.pcm
SwiftExplicitDependencyGeneratePcm arm64 /Users/admin/builder/spi-builder-workspace/.derivedData/SDKExplicitPrecompiledModules/DeveloperToolsSupport-46GOQP8J1QTHLYQSJW81T8UZ3.pcm
SwiftExplicitDependencyGeneratePcm arm64 /Users/admin/builder/spi-builder-workspace/.derivedData/SDKExplicitPrecompiledModules/_Builtin_stdarg-CDA349K2K4US766844K8E0PVA.pcm
SwiftExplicitDependencyGeneratePcm arm64 /Users/admin/builder/spi-builder-workspace/.derivedData/SDKExplicitPrecompiledModules/SwiftShims-CI4H5RO9IYFFWQ2COB512Q2S9.pcm
SwiftExplicitDependencyGeneratePcm arm64 /Users/admin/builder/spi-builder-workspace/.derivedData/SDKExplicitPrecompiledModules/_Builtin_stdbool-5BU2ADS7JXQMYENKQHW9X8XOU.pcm
SwiftExplicitDependencyGeneratePcm arm64 /Users/admin/builder/spi-builder-workspace/.derivedData/SDKExplicitPrecompiledModules/_DarwinFoundation1-5RGRVV2TZ6WC4WZW5IXF8NQ04.pcm
SwiftExplicitDependencyGeneratePcm arm64 /Users/admin/builder/spi-builder-workspace/.derivedData/SDKExplicitPrecompiledModules/_Builtin_limits-425JDMN5HPM3D0UEI8LEHP6NM.pcm
SwiftExplicitDependencyGeneratePcm arm64 /Users/admin/builder/spi-builder-workspace/.derivedData/SDKExplicitPrecompiledModules/_DarwinFoundation2-ENTECK156YEWITZRRBTOCE4KR.pcm
SwiftExplicitDependencyGeneratePcm arm64 /Users/admin/builder/spi-builder-workspace/.derivedData/SDKExplicitPrecompiledModules/_Builtin_tgmath-BPYSMHWI520EQRL2HW519ZY7Z.pcm
SwiftExplicitDependencyGeneratePcm arm64 /Users/admin/builder/spi-builder-workspace/.derivedData/SDKExplicitPrecompiledModules/_Builtin_stdint-8OR6T47OOYJA90ZBO3N1USDE.pcm
SwiftExplicitDependencyGeneratePcm arm64 /Users/admin/builder/spi-builder-workspace/.derivedData/SDKExplicitPrecompiledModules/string_h-2GT67HHHHK5CF1V1S31LH0PU2.pcm
SwiftExplicitDependencyGeneratePcm arm64 /Users/admin/builder/spi-builder-workspace/.derivedData/SDKExplicitPrecompiledModules/sys_types-AYM0BHR77VKMWZCO2T0XGV2HF.pcm
SwiftExplicitDependencyGeneratePcm arm64 /Users/admin/builder/spi-builder-workspace/.derivedData/SDKExplicitPrecompiledModules/_DarwinFoundation3-9ZHN6JKBS40BBA81RQMV8H0IC.pcm
SwiftExplicitDependencyGeneratePcm arm64 /Users/admin/builder/spi-builder-workspace/.derivedData/SDKExplicitPrecompiledModules/_Builtin_intrinsics-BC5IJI3YI34RQ61ZNVDRDZ6RN.pcm
SwiftExplicitDependencyGeneratePcm arm64 /Users/admin/builder/spi-builder-workspace/.derivedData/SDKExplicitPrecompiledModules/_Builtin_stdatomic-1VUZPM79PNCAHXVBERD53WRSF.pcm
SwiftExplicitDependencyGeneratePcm arm64 /Users/admin/builder/spi-builder-workspace/.derivedData/SDKExplicitPrecompiledModules/_Builtin_inttypes-11B64KJD36B3YOHBR1BBXBJY8.pcm
SwiftExplicitDependencyGeneratePcm arm64 /Users/admin/builder/spi-builder-workspace/.derivedData/SDKExplicitPrecompiledModules/Darwin-60P5LVNQO3ESRRM5DCJ05PFNK.pcm
SwiftExplicitDependencyGeneratePcm arm64 /Users/admin/builder/spi-builder-workspace/.derivedData/SDKExplicitPrecompiledModules/simd-9XXAB17Y6E4BBPQADD61NZ23.pcm
SwiftExplicitDependencyGeneratePcm arm64 /Users/admin/builder/spi-builder-workspace/.derivedData/SDKExplicitPrecompiledModules/ObjectiveC-26TIBFYCEJZVP216ZZAU1X8KN.pcm
SwiftExplicitDependencyGeneratePcm arm64 /Users/admin/builder/spi-builder-workspace/.derivedData/SDKExplicitPrecompiledModules/MachO-3XTHY7HWV6RF3KXKYQVHUBUXK.pcm
SwiftExplicitDependencyGeneratePcm arm64 /Users/admin/builder/spi-builder-workspace/.derivedData/SDKExplicitPrecompiledModules/os_object-692CJ8BG6RE5H04487EJJOVXW.pcm
SwiftExplicitDependencyGeneratePcm arm64 /Users/admin/builder/spi-builder-workspace/.derivedData/SDKExplicitPrecompiledModules/os_workgroup-4U1VXMWIZD80E7PRUQF2G7P9X.pcm
SwiftExplicitDependencyGeneratePcm arm64 /Users/admin/builder/spi-builder-workspace/.derivedData/SDKExplicitPrecompiledModules/Dispatch-CLT3466HKC22GCKAWSCNG0H7T.pcm
SwiftExplicitDependencyGeneratePcm arm64 /Users/admin/builder/spi-builder-workspace/.derivedData/SDKExplicitPrecompiledModules/Spatial-5E0I2846LO3ZE24CSVR2O57TI.pcm
SwiftExplicitDependencyGeneratePcm arm64 /Users/admin/builder/spi-builder-workspace/.derivedData/SDKExplicitPrecompiledModules/XPC-EP5EU7FNGP4VOA3EDM18P1KHO.pcm
SwiftExplicitDependencyGeneratePcm arm64 /Users/admin/builder/spi-builder-workspace/.derivedData/SDKExplicitPrecompiledModules/dnssd-CCUV1M8EULNEQJUXO7L0PJAL4.pcm
SwiftExplicitDependencyGeneratePcm arm64 /Users/admin/builder/spi-builder-workspace/.derivedData/SDKExplicitPrecompiledModules/CoreFoundation-AVLTZVCXBU2TO75JCN4AGU8XJ.pcm
SwiftExplicitDependencyGeneratePcm arm64 /Users/admin/builder/spi-builder-workspace/.derivedData/SDKExplicitPrecompiledModules/os-1004XEJ3IXOOAU0KL58SM3D0K.pcm
SwiftExplicitDependencyGeneratePcm arm64 /Users/admin/builder/spi-builder-workspace/.derivedData/SDKExplicitPrecompiledModules/CoreGraphics-BFUJ177R223UT2ZI327ZTZY91.pcm
SwiftExplicitDependencyGeneratePcm arm64 /Users/admin/builder/spi-builder-workspace/.derivedData/SDKExplicitPrecompiledModules/CoreAudioTypes-45UXYEQRN95KG6BF2CW0QIYK9.pcm
SwiftExplicitDependencyGeneratePcm arm64 /Users/admin/builder/spi-builder-workspace/.derivedData/SDKExplicitPrecompiledModules/CFNetwork-5MI70N1VLDQSWTX4COWLMSIRO.pcm
SwiftExplicitDependencyGeneratePcm arm64 /Users/admin/builder/spi-builder-workspace/.derivedData/SDKExplicitPrecompiledModules/Security-8TH2M8WJIQMET4SADWX0N8372.pcm
SwiftExplicitDependencyGeneratePcm arm64 /Users/admin/builder/spi-builder-workspace/.derivedData/SDKExplicitPrecompiledModules/CoreAudio-CXS3C78T5TQDGLEGXIBJ04WJ4.pcm
SwiftExplicitDependencyGeneratePcm arm64 /Users/admin/builder/spi-builder-workspace/.derivedData/SDKExplicitPrecompiledModules/Foundation-8GON1KVEKRN3NOQI8RETBRWJP.pcm
SwiftExplicitDependencyGeneratePcm arm64 /Users/admin/builder/spi-builder-workspace/.derivedData/SDKExplicitPrecompiledModules/ImageIO-5CC6COR9KJYI1UBL7CSHLU2OG.pcm
SwiftExplicitDependencyGeneratePcm arm64 /Users/admin/builder/spi-builder-workspace/.derivedData/SDKExplicitPrecompiledModules/CoreText-6F9TY5TEPCCZ1K2KYM4GMEGHD.pcm
SwiftExplicitDependencyGeneratePcm arm64 /Users/admin/builder/spi-builder-workspace/.derivedData/SDKExplicitPrecompiledModules/_LocationEssentials-8GQGFVARUE99D8VJX3TINY0VP.pcm
SwiftExplicitDependencyGeneratePcm arm64 /Users/admin/builder/spi-builder-workspace/.derivedData/SDKExplicitPrecompiledModules/OSLog-BNGT87TS0GMBFF7TY70HHB69.pcm
SwiftExplicitDependencyGeneratePcm arm64 /Users/admin/builder/spi-builder-workspace/.derivedData/SDKExplicitPrecompiledModules/CoreTransferable-8TBYAKHCX6UC8QQSS7BD8GQK5.pcm
SwiftExplicitDependencyGeneratePcm arm64 /Users/admin/builder/spi-builder-workspace/.derivedData/SDKExplicitPrecompiledModules/UserNotifications-8IIV1V1FPNAPA4LY1Y23LOM2N.pcm
SwiftExplicitDependencyGeneratePcm arm64 /Users/admin/builder/spi-builder-workspace/.derivedData/SDKExplicitPrecompiledModules/Network-EQPZZF3W6BWG89K0PY9NZO3T0.pcm
SwiftExplicitDependencyGeneratePcm arm64 /Users/admin/builder/spi-builder-workspace/.derivedData/SDKExplicitPrecompiledModules/Symbols-8G2XC01RPQ5HYIZE6JNUT864I.pcm
SwiftExplicitDependencyGeneratePcm arm64 /Users/admin/builder/spi-builder-workspace/.derivedData/SDKExplicitPrecompiledModules/UIUtilities-AOVGLUWEAN6CG2UZFNESGSP6C.pcm
SwiftExplicitDependencyGeneratePcm arm64 /Users/admin/builder/spi-builder-workspace/.derivedData/SDKExplicitPrecompiledModules/CoreMIDI-7L19IC4ZH9BPYLVTD8IIFWN9R.pcm
SwiftExplicitDependencyGeneratePcm arm64 /Users/admin/builder/spi-builder-workspace/.derivedData/SDKExplicitPrecompiledModules/UniformTypeIdentifiers-E5KMWDZEKS4QW9RO1KBRDEXV6.pcm
SwiftExplicitDependencyGeneratePcm arm64 /Users/admin/builder/spi-builder-workspace/.derivedData/SDKExplicitPrecompiledModules/IOSurface-5FE9U89GVFF9A7X7AGO2R8ENI.pcm
SwiftExplicitDependencyGeneratePcm arm64 /Users/admin/builder/spi-builder-workspace/.derivedData/SDKExplicitPrecompiledModules/Accessibility-1DR4J4YDVDGAYQTZ0FKZ1PU09.pcm
SwiftExplicitDependencyGeneratePcm arm64 /Users/admin/builder/spi-builder-workspace/.derivedData/SDKExplicitPrecompiledModules/FileProvider-C9I28SI56F2SEVH1BCWTKGODO.pcm
SwiftExplicitDependencyGeneratePcm arm64 /Users/admin/builder/spi-builder-workspace/.derivedData/SDKExplicitPrecompiledModules/CoreLocation-1SN37095DAPVJ068LLP9TBDQX.pcm
SwiftExplicitDependencyGeneratePcm arm64 /Users/admin/builder/spi-builder-workspace/.derivedData/SDKExplicitPrecompiledModules/DataDetection-BANTQ3WXXGKZJYC0LLB3MD9K0.pcm
SwiftExplicitDependencyGeneratePcm arm64 /Users/admin/builder/spi-builder-workspace/.derivedData/SDKExplicitPrecompiledModules/Metal-EKNUM9P3PRIBHZK1ZBD6BA2T7.pcm
SwiftExplicitDependencyGeneratePcm arm64 /Users/admin/builder/spi-builder-workspace/.derivedData/SDKExplicitPrecompiledModules/OpenGLES-56BKSYXNVAP91BYZRWAKQZKGI.pcm
SwiftExplicitDependencyGeneratePcm arm64 /Users/admin/builder/spi-builder-workspace/.derivedData/SDKExplicitPrecompiledModules/AudioToolbox-2K3S8EA590EB3GMH6D6784BWZ.pcm
SwiftExplicitDependencyGeneratePcm arm64 /Users/admin/builder/spi-builder-workspace/.derivedData/SDKExplicitPrecompiledModules/AVRouting-55P8FRNK50AFZOMMB2LBBOX33.pcm
SwiftExplicitDependencyGeneratePcm arm64 /Users/admin/builder/spi-builder-workspace/.derivedData/SDKExplicitPrecompiledModules/CoreMotion-10LV922UPGE28QX2SOIO7ALIZ.pcm
SwiftExplicitDependencyGeneratePcm arm64 /Users/admin/builder/spi-builder-workspace/.derivedData/SDKExplicitPrecompiledModules/CoreVideo-E12HJSJSLO0YKWYBES11UKJ02.pcm
SwiftExplicitDependencyGeneratePcm arm64 /Users/admin/builder/spi-builder-workspace/.derivedData/SDKExplicitPrecompiledModules/ARKitFoundation-3N77COW7DLP77CM0PWZXSR9BD.pcm
SwiftExplicitDependencyGeneratePcm arm64 /Users/admin/builder/spi-builder-workspace/.derivedData/SDKExplicitPrecompiledModules/CoreMedia-D1IBHC28BRHWLNUG1Q75G5YN0.pcm
SwiftExplicitDependencyGeneratePcm arm64 /Users/admin/builder/spi-builder-workspace/.derivedData/SDKExplicitPrecompiledModules/QuartzCore-12T8WVKUNCL1N7VXH87MM4YOB.pcm
SwiftExplicitDependencyGeneratePcm arm64 /Users/admin/builder/spi-builder-workspace/.derivedData/SDKExplicitPrecompiledModules/CoreML-37QYERWC0RQN4IY4377UD0TY1.pcm
SwiftExplicitDependencyGeneratePcm arm64 /Users/admin/builder/spi-builder-workspace/.derivedData/SDKExplicitPrecompiledModules/CoreImage-8WF1P230U10QM666EQMNV7OF1.pcm
SwiftExplicitDependencyGeneratePcm arm64 /Users/admin/builder/spi-builder-workspace/.derivedData/SDKExplicitPrecompiledModules/SwiftUICore-6OBBMA39VFD4CB6SG2PE41FAP.pcm
SwiftExplicitDependencyGeneratePcm arm64 /Users/admin/builder/spi-builder-workspace/.derivedData/SDKExplicitPrecompiledModules/UIKit-2D2PMAAE45TMO6S28UCGCO5BR.pcm
SwiftExplicitDependencyGeneratePcm arm64 /Users/admin/builder/spi-builder-workspace/.derivedData/SDKExplicitPrecompiledModules/AVFAudio-E8GATWFYYBEBB41O9N0LRRGYC.pcm
SwiftExplicitDependencyGeneratePcm arm64 /Users/admin/builder/spi-builder-workspace/.derivedData/SDKExplicitPrecompiledModules/Vision-DVVG9MQGC3IMTVPTC1691MQ6Z.pcm
SwiftExplicitDependencyGeneratePcm arm64 /Users/admin/builder/spi-builder-workspace/.derivedData/SDKExplicitPrecompiledModules/VideoToolbox-7I4MDYIPJ4IWU1ZSL4JE3I7M6.pcm
SwiftExplicitDependencyGeneratePcm arm64 /Users/admin/builder/spi-builder-workspace/.derivedData/SDKExplicitPrecompiledModules/MediaToolbox-1J5U29ERBPNPI1HKEJHXOP8EV.pcm
SwiftExplicitDependencyGeneratePcm arm64 /Users/admin/builder/spi-builder-workspace/.derivedData/SDKExplicitPrecompiledModules/AVFoundation-DFCX8GQJWVA3CZBITWEHAZEFX.pcm
SwiftExplicitDependencyGeneratePcm arm64 /Users/admin/builder/spi-builder-workspace/.derivedData/SDKExplicitPrecompiledModules/ARKitCore-307YVPJLQNB66BTBIONHZNP86.pcm
SwiftExplicitDependencyGeneratePcm arm64 /Users/admin/builder/spi-builder-workspace/.derivedData/SDKExplicitPrecompiledModules/GameController-7QL0VMQHE24OWQFUR0UFT89DW.pcm
SwiftExplicitDependencyGeneratePcm arm64 /Users/admin/builder/spi-builder-workspace/.derivedData/SDKExplicitPrecompiledModules/ARKit-27VDPOZ50FG2MJG7OFV6IFQYQ.pcm
SwiftEmitModule normal arm64 Emitting\ module\ for\ Wink (in target 'Wink' from project 'Wink')
/Users/admin/builder/spi-builder-workspace/Sources/Wink/FacialExpression.swift:36:27: error: 'ARFaceAnchor' is unavailable in visionOS
34 | public struct FacialExpressionAnalyzer: Equatable {
35 |   public let facialExpression: FacialExpression
36 |   let blendShapeLocation: ARFaceAnchor.BlendShapeLocation
   |                           `- error: 'ARFaceAnchor' is unavailable in visionOS
37 |   let minimumValidCoefficient: Decimal
38 |
/Applications/Xcode-27.0.0-Release.Candidate.app/Contents/Developer/Platforms/XROS.platform/Developer/SDKs/XROS27.0.sdk/System/Library/SubFrameworks/ARKitCore.framework/Headers/ARFaceAnchor.h:86:12: note: 'ARFaceAnchor' has been explicitly marked unavailable here
 84 | API_AVAILABLE(ios(11.0))
 85 | NS_SWIFT_SENDABLE
 86 | @interface ARFaceAnchor : ARAnchor <ARTrackable>
    |            `- note: 'ARFaceAnchor' has been explicitly marked unavailable here
 87 |
 88 | /**
/Users/admin/builder/spi-builder-workspace/Sources/Wink/FacialExpression.swift:40:28: error: 'ARFaceAnchor' is unavailable in visionOS
38 |
39 |   public init(facialExpression: FacialExpression,
40 |        blendShapeLocation: ARFaceAnchor.BlendShapeLocation,
   |                            `- error: 'ARFaceAnchor' is unavailable in visionOS
41 |        minimumValidCoefficient: Decimal = 0.5) {
42 |     self.facialExpression = facialExpression
/Applications/Xcode-27.0.0-Release.Candidate.app/Contents/Developer/Platforms/XROS.platform/Developer/SDKs/XROS27.0.sdk/System/Library/SubFrameworks/ARKitCore.framework/Headers/ARFaceAnchor.h:86:12: note: 'ARFaceAnchor' has been explicitly marked unavailable here
 84 | API_AVAILABLE(ios(11.0))
 85 | NS_SWIFT_SENDABLE
 86 | @interface ARFaceAnchor : ARAnchor <ARTrackable>
    |            `- note: 'ARFaceAnchor' has been explicitly marked unavailable here
 87 |
 88 | /**
/Users/admin/builder/spi-builder-workspace/Sources/Wink/FacialExpressionDetectorViewController.swift:14:18: error: cannot find type 'ARSCNView' in scope
 12 |
 13 | public class FacialExpressionDetectorViewController: UIViewController {
 14 |   var sceneView: ARSCNView!
    |                  `- error: cannot find type 'ARSCNView' in scope
 15 |
 16 |   /// Array of `FacialExpressionAnalyzer` responsible of detecting the new expressions
/Users/admin/builder/spi-builder-workspace/Sources/Wink/FacialExpressionDetectorViewController.swift:71:44: error: 'ARFaceAnchor' is unavailable in visionOS
 69 |
 70 |
 71 |   func detectFacialExpression(from anchor: ARFaceAnchor) {
    |                                            `- error: 'ARFaceAnchor' is unavailable in visionOS
 72 |     let facialExpressions: [FacialExpression] = analyzers.compactMap {
 73 |       let blendShape = anchor.blendShapes[$0.blendShapeLocation]
/Applications/Xcode-27.0.0-Release.Candidate.app/Contents/Developer/Platforms/XROS.platform/Developer/SDKs/XROS27.0.sdk/System/Library/SubFrameworks/ARKitCore.framework/Headers/ARFaceAnchor.h:86:12: note: 'ARFaceAnchor' has been explicitly marked unavailable here
 84 | API_AVAILABLE(ios(11.0))
 85 | NS_SWIFT_SENDABLE
 86 | @interface ARFaceAnchor : ARAnchor <ARTrackable>
    |            `- note: 'ARFaceAnchor' has been explicitly marked unavailable here
 87 |
 88 | /**
/Users/admin/builder/spi-builder-workspace/Sources/Wink/FacialExpressionDetectorViewController.swift:82:51: error: cannot find type 'ARSCNViewDelegate' in scope
 80 | }
 81 |
 82 | extension FacialExpressionDetectorViewController: ARSCNViewDelegate {
    |                                                   `- error: cannot find type 'ARSCNViewDelegate' in scope
 83 |   public func renderer(_ renderer: SCNSceneRenderer, nodeFor anchor: ARAnchor) -> SCNNode? {
 84 |     let faceMesh = ARSCNFaceGeometry(device: sceneView.device!)
/Users/admin/builder/spi-builder-workspace/Sources/Wink/FacialExpressionDetectorViewController.swift:83:83: error: cannot find type 'SCNNode' in scope
 81 |
 82 | extension FacialExpressionDetectorViewController: ARSCNViewDelegate {
 83 |   public func renderer(_ renderer: SCNSceneRenderer, nodeFor anchor: ARAnchor) -> SCNNode? {
    |                                                                                   `- error: cannot find type 'SCNNode' in scope
 84 |     let faceMesh = ARSCNFaceGeometry(device: sceneView.device!)
 85 |     let node = SCNNode(geometry: faceMesh)
/Users/admin/builder/spi-builder-workspace/Sources/Wink/FacialExpressionDetectorViewController.swift:83:36: error: cannot find type 'SCNSceneRenderer' in scope
 81 |
 82 | extension FacialExpressionDetectorViewController: ARSCNViewDelegate {
 83 |   public func renderer(_ renderer: SCNSceneRenderer, nodeFor anchor: ARAnchor) -> SCNNode? {
    |                                    `- error: cannot find type 'SCNSceneRenderer' in scope
 84 |     let faceMesh = ARSCNFaceGeometry(device: sceneView.device!)
 85 |     let node = SCNNode(geometry: faceMesh)
/Users/admin/builder/spi-builder-workspace/Sources/Wink/FacialExpressionDetectorViewController.swift:83:70: error: 'ARAnchor' is unavailable in visionOS
 81 |
 82 | extension FacialExpressionDetectorViewController: ARSCNViewDelegate {
 83 |   public func renderer(_ renderer: SCNSceneRenderer, nodeFor anchor: ARAnchor) -> SCNNode? {
    |                                                                      `- error: 'ARAnchor' is unavailable in visionOS
 84 |     let faceMesh = ARSCNFaceGeometry(device: sceneView.device!)
 85 |     let node = SCNNode(geometry: faceMesh)
/Applications/Xcode-27.0.0-Release.Candidate.app/Contents/Developer/Platforms/XROS.platform/Developer/SDKs/XROS27.0.sdk/System/Library/SubFrameworks/ARKitCore.framework/Headers/ARAnchor.h:57:12: note: 'ARAnchor' has been explicitly marked unavailable here
 55 | API_AVAILABLE(ios(11.0))
 56 | NS_SWIFT_SENDABLE
 57 | @interface ARAnchor : NSObject <ARAnchorCopying,
    |            `- note: 'ARAnchor' has been explicitly marked unavailable here
 58 |                                 NSSecureCoding
 59 |                                 >
/Users/admin/builder/spi-builder-workspace/Sources/Wink/FacialExpressionDetectorViewController.swift:95:36: error: cannot find type 'SCNSceneRenderer' in scope
 93 |   }
 94 |
 95 |   public func renderer(_ renderer: SCNSceneRenderer, didUpdate node: SCNNode, for anchor: ARAnchor) {
    |                                    `- error: cannot find type 'SCNSceneRenderer' in scope
 96 |     if let faceAnchor = anchor as? ARFaceAnchor, let faceGeometry = node.geometry as? ARSCNFaceGeometry {
 97 |       faceGeometry.update(from: faceAnchor.geometry)
/Users/admin/builder/spi-builder-workspace/Sources/Wink/FacialExpressionDetectorViewController.swift:95:70: error: cannot find type 'SCNNode' in scope
 93 |   }
 94 |
 95 |   public func renderer(_ renderer: SCNSceneRenderer, didUpdate node: SCNNode, for anchor: ARAnchor) {
    |                                                                      `- error: cannot find type 'SCNNode' in scope
 96 |     if let faceAnchor = anchor as? ARFaceAnchor, let faceGeometry = node.geometry as? ARSCNFaceGeometry {
 97 |       faceGeometry.update(from: faceAnchor.geometry)
/Users/admin/builder/spi-builder-workspace/Sources/Wink/FacialExpressionDetectorViewController.swift:95:91: error: 'ARAnchor' is unavailable in visionOS
 93 |   }
 94 |
 95 |   public func renderer(_ renderer: SCNSceneRenderer, didUpdate node: SCNNode, for anchor: ARAnchor) {
    |                                                                                           `- error: 'ARAnchor' is unavailable in visionOS
 96 |     if let faceAnchor = anchor as? ARFaceAnchor, let faceGeometry = node.geometry as? ARSCNFaceGeometry {
 97 |       faceGeometry.update(from: faceAnchor.geometry)
/Applications/Xcode-27.0.0-Release.Candidate.app/Contents/Developer/Platforms/XROS.platform/Developer/SDKs/XROS27.0.sdk/System/Library/SubFrameworks/ARKitCore.framework/Headers/ARAnchor.h:57:12: note: 'ARAnchor' has been explicitly marked unavailable here
 55 | API_AVAILABLE(ios(11.0))
 56 | NS_SWIFT_SENDABLE
 57 | @interface ARAnchor : NSObject <ARAnchorCopying,
    |            `- note: 'ARAnchor' has been explicitly marked unavailable here
 58 |                                 NSSecureCoding
 59 |                                 >
Failed frontend command:
SwiftCompile normal arm64 (in target 'Wink' from project 'Wink')
    cd /Users/admin/builder/spi-builder-workspace/.swiftpm/xcode

/Applications/Xcode-27.0.0-Release.Candidate.app/Contents/Developer/Toolchains/XcodeDefault.xctoolchain/usr/bin/swift-frontend -frontend -emit-module -experimental-skip-non-inlinable-function-bodies-without-types /Users/admin/builder/spi-builder-workspace/Sources/Wink/FacialExpression.swift /Users/admin/builder/spi-builder-workspace/Sources/Wink/FacialExpressionDetectorViewController.swift -target arm64-apple-xros1.0 -disable-cross-import-overlay-search -load-resolved-plugin /Applications/Xcode-27.0.0-Release.Candidate.app/Contents/Developer/Platforms/XROS.platform/Developer/usr/lib/swift/host/plugins/libFoundationMacros.dylib\#/Applications/Xcode-27.0.0-Release.Candidate.app/Contents/Developer/Platforms/XROS.platform/Developer/usr/bin/swift-plugin-server\#FoundationMacros -load-resolved-plugin /Applications/Xcode-27.0.0-Release.Candidate.app/Contents/Developer/Platforms/XROS.platform/Developer/usr/lib/swift/host/plugins/libObservationMacros.dylib\#/Applications/Xcode-27.0.0-Release.Candidate.app/Contents/Developer/Platforms/XROS.platform/Developer/usr/bin/swift-plugin-server\#ObservationMacros -load-resolved-plugin /Applications/Xcode-27.0.0-Release.Candidate.app/Contents/Developer/Platforms/XROS.platform/Developer/usr/lib/swift/host/plugins/libPreviewsMacros.dylib\#/Applications/Xcode-27.0.0-Release.Candidate.app/Contents/Developer/Platforms/XROS.platform/Developer/usr/bin/swift-plugin-server\#PreviewsMacros -load-resolved-plugin /Applications/Xcode-27.0.0-Release.Candidate.app/Contents/Developer/Platforms/XROS.platform/Developer/usr/lib/swift/host/plugins/libSwiftMacros.dylib\#/Applications/Xcode-27.0.0-Release.Candidate.app/Contents/Developer/Platforms/XROS.platform/Developer/usr/bin/swift-plugin-server\#SwiftMacros -load-resolved-plugin /Applications/Xcode-27.0.0-Release.Candidate.app/Contents/Developer/Platforms/XROS.platform/Developer/usr/lib/swift/host/plugins/libSwiftUIMacros.dylib\#/Applications/Xcode-27.0.0-Release.Candidate.app/Contents/Developer/Platforms/XROS.platform/Developer/usr/bin/swift-plugin-server\#SwiftUIMacros -disable-implicit-swift-modules -Xcc -fno-implicit-modules -Xcc -fno-implicit-module-maps -explicit-swift-module-map-file /Users/admin/builder/spi-builder-workspace/.derivedData/Build/Intermediates.noindex/Wink.build/Debug-xros/Wink-t.build/Objects-normal/arm64/Wink-dependencies-1.json -Xllvm -aarch64-use-tbi -enable-objc-interop -stack-check -sdk /Applications/Xcode-27.0.0-Release.Candidate.app/Contents/Developer/Platforms/XROS.platform/Developer/SDKs/XROS27.0.sdk -I /Users/admin/builder/spi-builder-workspace/.derivedData/Build/Products/Debug-xros -Isystem /Applications/Xcode-27.0.0-Release.Candidate.app/Contents/Developer/Platforms/XROS.platform/Developer/usr/lib -F /Users/admin/builder/spi-builder-workspace/.derivedData/Build/Products/Debug-xros -F /Applications/Xcode-27.0.0-Release.Candidate.app/Contents/Developer/Platforms/XROS.platform/Developer/Library/Frameworks -F /Applications/Xcode-27.0.0-Release.Candidate.app/Contents/Developer/Platforms/XROS.platform/Developer/SDKs/XROS27.0.sdk/Developer/Library/Frameworks -module-cache-path /Users/admin/builder/spi-builder-workspace/.derivedData/Build/Intermediates.noindex/SwiftExplicitPrecompiledModules -no-color-diagnostics -Xcc -fno-color-diagnostics -enable-testing -g -debug-info-format\=dwarf -dwarf-version\=4 -swift-version 5 -Onone -D SWIFT_PACKAGE -D DEBUG -D SWIFT_MODULE_RESOURCE_BUNDLE_UNAVAILABLE -D Xcode -serialize-debugging-options -enable-experimental-feature DebugDescriptionMacro -empty-abi-descriptor -validate-clang-modules-once -clang-build-session-file /Users/admin/builder/spi-builder-workspace/.derivedData/ModuleCache.noindex/Session.modulevalidation -Xcc -working-directory -Xcc /Users/admin/builder/spi-builder-workspace/.swiftpm/xcode -enable-anonymous-context-mangled-names -file-compilation-dir /Users/admin/builder/spi-builder-workspace/.swiftpm/xcode -Xcc -D_LIBCPP_HARDENING_MODE\=_LIBCPP_HARDENING_MODE_DEBUG -Xcc -ivfsstatcache -Xcc /Users/admin/builder/spi-builder-workspace/.derivedData/SDKStatCaches.noindex/xros27.0-24M361-e829b21a6f8c9b70876ba0858053c044735bd543db762f57723cac368afd1ce4.sdkstatcache -Xcc -fmodules-prune-interval\=86400 -Xcc -fmodules-prune-after\=345600 -Xcc -I/Users/admin/builder/spi-builder-workspace/.derivedData/Build/Products/Debug-xros/include -Xcc -I/Users/admin/builder/spi-builder-workspace/.derivedData/Build/Intermediates.noindex/Wink.build/Debug-xros/Wink-t.build/DerivedSources-normal/arm64 -Xcc -I/Users/admin/builder/spi-builder-workspace/.derivedData/Build/Intermediates.noindex/Wink.build/Debug-xros/Wink-t.build/DerivedSources/arm64 -Xcc -I/Users/admin/builder/spi-builder-workspace/.derivedData/Build/Intermediates.noindex/Wink.build/Debug-xros/Wink-t.build/DerivedSources -Xcc -DSWIFT_PACKAGE -Xcc -DDEBUG\=1 -no-auto-bridging-header-chaining -module-name Wink -const-gather-protocols-file /Users/admin/builder/spi-builder-workspace/.derivedData/Build/Intermediates.noindex/Wink.build/Debug-xros/Wink-t.build/Objects-normal/arm64/Wink_const_extract_protocols.json -disable-clang-spi -clang-target arm64-apple-xros27.0 -target-sdk-version 27.0 -target-sdk-name xros27.0 -in-process-plugin-server-path /Applications/Xcode-27.0.0-Release.Candidate.app/Contents/Developer/Toolchains/XcodeDefault.xctoolchain/usr/lib/swift/host/libSwiftInProcPluginServer.dylib -emit-module-doc-path /Users/admin/builder/spi-builder-workspace/.derivedData/Build/Intermediates.noindex/Wink.build/Debug-xros/Wink-t.build/Objects-normal/arm64/Wink.swiftdoc -emit-module-source-info-path /Users/admin/builder/spi-builder-workspace/.derivedData/Build/Intermediates.noindex/Wink.build/Debug-xros/Wink-t.build/Objects-normal/arm64/Wink.swiftsourceinfo -emit-objc-header-path /Users/admin/builder/spi-builder-workspace/.derivedData/Build/Intermediates.noindex/Wink.build/Debug-xros/Wink-t.build/Objects-normal/arm64/Wink-Swift.h -serialize-diagnostics-path /Users/admin/builder/spi-builder-workspace/.derivedData/Build/Intermediates.noindex/Wink.build/Debug-xros/Wink-t.build/Objects-normal/arm64/Wink-primary-emit-module.dia -emit-dependencies-path /Users/admin/builder/spi-builder-workspace/.derivedData/Build/Intermediates.noindex/Wink.build/Debug-xros/Wink-t.build/Objects-normal/arm64/Wink-primary-emit-module.d -parse-as-library -o /Users/admin/builder/spi-builder-workspace/.derivedData/Build/Intermediates.noindex/Wink.build/Debug-xros/Wink-t.build/Objects-normal/arm64/Wink.swiftmodule -emit-abi-descriptor-path /Users/admin/builder/spi-builder-workspace/.derivedData/Build/Intermediates.noindex/Wink.build/Debug-xros/Wink-t.build/Objects-normal/arm64/Wink.abi.json
SwiftCompile normal arm64 Compiling\ FacialExpression.swift /Users/admin/builder/spi-builder-workspace/Sources/Wink/FacialExpression.swift (in target 'Wink' from project 'Wink')
/Users/admin/builder/spi-builder-workspace/Sources/Wink/FacialExpression.swift:36:27: error: 'ARFaceAnchor' is unavailable in visionOS
34 | public struct FacialExpressionAnalyzer: Equatable {
35 |   public let facialExpression: FacialExpression
36 |   let blendShapeLocation: ARFaceAnchor.BlendShapeLocation
   |                           `- error: 'ARFaceAnchor' is unavailable in visionOS
37 |   let minimumValidCoefficient: Decimal
38 |
/Applications/Xcode-27.0.0-Release.Candidate.app/Contents/Developer/Platforms/XROS.platform/Developer/SDKs/XROS27.0.sdk/System/Library/SubFrameworks/ARKitCore.framework/Headers/ARFaceAnchor.h:86:12: note: 'ARFaceAnchor' has been explicitly marked unavailable here
 84 | API_AVAILABLE(ios(11.0))
 85 | NS_SWIFT_SENDABLE
 86 | @interface ARFaceAnchor : ARAnchor <ARTrackable>
    |            `- note: 'ARFaceAnchor' has been explicitly marked unavailable here
 87 |
 88 | /**
/Users/admin/builder/spi-builder-workspace/Sources/Wink/FacialExpression.swift:40:28: error: 'ARFaceAnchor' is unavailable in visionOS
38 |
39 |   public init(facialExpression: FacialExpression,
40 |        blendShapeLocation: ARFaceAnchor.BlendShapeLocation,
   |                            `- error: 'ARFaceAnchor' is unavailable in visionOS
41 |        minimumValidCoefficient: Decimal = 0.5) {
42 |     self.facialExpression = facialExpression
/Applications/Xcode-27.0.0-Release.Candidate.app/Contents/Developer/Platforms/XROS.platform/Developer/SDKs/XROS27.0.sdk/System/Library/SubFrameworks/ARKitCore.framework/Headers/ARFaceAnchor.h:86:12: note: 'ARFaceAnchor' has been explicitly marked unavailable here
 84 | API_AVAILABLE(ios(11.0))
 85 | NS_SWIFT_SENDABLE
 86 | @interface ARFaceAnchor : ARAnchor <ARTrackable>
    |            `- note: 'ARFaceAnchor' has been explicitly marked unavailable here
 87 |
 88 | /**
/Users/admin/builder/spi-builder-workspace/Sources/Wink/FacialExpression.swift:50:103: error: 'mouthSmileLeft' is unavailable in visionOS
48 | final class DefaultFacialExpressionAnalyzersProvider {
49 |   func defaultFacialExpressionAnalyzers() -> [FacialExpressionAnalyzer] {
50 |     [FacialExpressionAnalyzer(facialExpression: FacialExpression.mouthSmileLeft, blendShapeLocation: .mouthSmileLeft),
   |                                                                                                       `- error: 'mouthSmileLeft' is unavailable in visionOS
51 |      FacialExpressionAnalyzer(facialExpression: FacialExpression.mouthSmileRight, blendShapeLocation: .mouthSmileRight),
52 |      FacialExpressionAnalyzer(facialExpression: FacialExpression.browInnerUp, blendShapeLocation: .browInnerUp),
/Applications/Xcode-27.0.0-Release.Candidate.app/Contents/Developer/Platforms/XROS.platform/Developer/SDKs/XROS27.0.sdk/System/Library/SubFrameworks/ARKitCore.framework/Headers/ARFaceAnchor.h:69:46: note: 'mouthSmileLeft' has been explicitly marked unavailable here
 67 | FOUNDATION_EXTERN ARBlendShapeLocation const ARBlendShapeLocationMouthShrugLower API_AVAILABLE(ios(11.0));
 68 | FOUNDATION_EXTERN ARBlendShapeLocation const ARBlendShapeLocationMouthShrugUpper API_AVAILABLE(ios(11.0));
 69 | FOUNDATION_EXTERN ARBlendShapeLocation const ARBlendShapeLocationMouthSmileLeft API_AVAILABLE(ios(11.0));
    |                                              `- note: 'mouthSmileLeft' has been explicitly marked unavailable here
 70 | FOUNDATION_EXTERN ARBlendShapeLocation const ARBlendShapeLocationMouthSmileRight API_AVAILABLE(ios(11.0));
 71 | FOUNDATION_EXTERN ARBlendShapeLocation const ARBlendShapeLocationMouthStretchLeft API_AVAILABLE(ios(11.0));
/Users/admin/builder/spi-builder-workspace/Sources/Wink/FacialExpression.swift:51:104: error: 'mouthSmileRight' is unavailable in visionOS
49 |   func defaultFacialExpressionAnalyzers() -> [FacialExpressionAnalyzer] {
50 |     [FacialExpressionAnalyzer(facialExpression: FacialExpression.mouthSmileLeft, blendShapeLocation: .mouthSmileLeft),
51 |      FacialExpressionAnalyzer(facialExpression: FacialExpression.mouthSmileRight, blendShapeLocation: .mouthSmileRight),
   |                                                                                                        `- error: 'mouthSmileRight' is unavailable in visionOS
52 |      FacialExpressionAnalyzer(facialExpression: FacialExpression.browInnerUp, blendShapeLocation: .browInnerUp),
53 |      FacialExpressionAnalyzer(facialExpression: FacialExpression.tongueOut, blendShapeLocation: .tongueOut),
/Applications/Xcode-27.0.0-Release.Candidate.app/Contents/Developer/Platforms/XROS.platform/Developer/SDKs/XROS27.0.sdk/System/Library/SubFrameworks/ARKitCore.framework/Headers/ARFaceAnchor.h:70:46: note: 'mouthSmileRight' has been explicitly marked unavailable here
 68 | FOUNDATION_EXTERN ARBlendShapeLocation const ARBlendShapeLocationMouthShrugUpper API_AVAILABLE(ios(11.0));
 69 | FOUNDATION_EXTERN ARBlendShapeLocation const ARBlendShapeLocationMouthSmileLeft API_AVAILABLE(ios(11.0));
 70 | FOUNDATION_EXTERN ARBlendShapeLocation const ARBlendShapeLocationMouthSmileRight API_AVAILABLE(ios(11.0));
    |                                              `- note: 'mouthSmileRight' has been explicitly marked unavailable here
 71 | FOUNDATION_EXTERN ARBlendShapeLocation const ARBlendShapeLocationMouthStretchLeft API_AVAILABLE(ios(11.0));
 72 | FOUNDATION_EXTERN ARBlendShapeLocation const ARBlendShapeLocationMouthStretchRight API_AVAILABLE(ios(11.0));
/Users/admin/builder/spi-builder-workspace/Sources/Wink/FacialExpression.swift:52:100: error: 'browInnerUp' is unavailable in visionOS
50 |     [FacialExpressionAnalyzer(facialExpression: FacialExpression.mouthSmileLeft, blendShapeLocation: .mouthSmileLeft),
51 |      FacialExpressionAnalyzer(facialExpression: FacialExpression.mouthSmileRight, blendShapeLocation: .mouthSmileRight),
52 |      FacialExpressionAnalyzer(facialExpression: FacialExpression.browInnerUp, blendShapeLocation: .browInnerUp),
   |                                                                                                    `- error: 'browInnerUp' is unavailable in visionOS
53 |      FacialExpressionAnalyzer(facialExpression: FacialExpression.tongueOut, blendShapeLocation: .tongueOut),
54 |      FacialExpressionAnalyzer(facialExpression: FacialExpression.cheekPuff, blendShapeLocation: .cheekPuff),
/Applications/Xcode-27.0.0-Release.Candidate.app/Contents/Developer/Platforms/XROS.platform/Developer/SDKs/XROS27.0.sdk/System/Library/SubFrameworks/ARKitCore.framework/Headers/ARFaceAnchor.h:28:46: note: 'browInnerUp' has been explicitly marked unavailable here
 26 | FOUNDATION_EXTERN ARBlendShapeLocation const ARBlendShapeLocationBrowDownLeft API_AVAILABLE(ios(11.0));
 27 | FOUNDATION_EXTERN ARBlendShapeLocation const ARBlendShapeLocationBrowDownRight API_AVAILABLE(ios(11.0));
 28 | FOUNDATION_EXTERN ARBlendShapeLocation const ARBlendShapeLocationBrowInnerUp API_AVAILABLE(ios(11.0));
    |                                              `- note: 'browInnerUp' has been explicitly marked unavailable here
 29 | FOUNDATION_EXTERN ARBlendShapeLocation const ARBlendShapeLocationBrowOuterUpLeft API_AVAILABLE(ios(11.0));
 30 | FOUNDATION_EXTERN ARBlendShapeLocation const ARBlendShapeLocationBrowOuterUpRight API_AVAILABLE(ios(11.0));
/Users/admin/builder/spi-builder-workspace/Sources/Wink/FacialExpression.swift:53:98: error: 'tongueOut' is unavailable in visionOS
51 |      FacialExpressionAnalyzer(facialExpression: FacialExpression.mouthSmileRight, blendShapeLocation: .mouthSmileRight),
52 |      FacialExpressionAnalyzer(facialExpression: FacialExpression.browInnerUp, blendShapeLocation: .browInnerUp),
53 |      FacialExpressionAnalyzer(facialExpression: FacialExpression.tongueOut, blendShapeLocation: .tongueOut),
   |                                                                                                  `- error: 'tongueOut' is unavailable in visionOS
54 |      FacialExpressionAnalyzer(facialExpression: FacialExpression.cheekPuff, blendShapeLocation: .cheekPuff),
55 |      FacialExpressionAnalyzer(facialExpression: FacialExpression.eyeBlinkLeft, blendShapeLocation: .eyeBlinkLeft),
/Applications/Xcode-27.0.0-Release.Candidate.app/Contents/Developer/Platforms/XROS.platform/Developer/SDKs/XROS27.0.sdk/System/Library/SubFrameworks/ARKitCore.framework/Headers/ARFaceAnchor.h:77:46: note: 'tongueOut' has been explicitly marked unavailable here
 75 | FOUNDATION_EXTERN ARBlendShapeLocation const ARBlendShapeLocationNoseSneerLeft API_AVAILABLE(ios(11.0));
 76 | FOUNDATION_EXTERN ARBlendShapeLocation const ARBlendShapeLocationNoseSneerRight API_AVAILABLE(ios(11.0));
 77 | FOUNDATION_EXTERN ARBlendShapeLocation const ARBlendShapeLocationTongueOut API_AVAILABLE(ios(12.0));
    |                                              `- note: 'tongueOut' has been explicitly marked unavailable here
 78 |
 79 | @class ARFaceGeometry;
SwiftCompile normal arm64 /Users/admin/builder/spi-builder-workspace/Sources/Wink/FacialExpression.swift (in target 'Wink' from project 'Wink')
    cd /Users/admin/builder/spi-builder-workspace/.swiftpm/xcode
    builtin-SwiftPerFileCompile FacialExpression.swift
/Users/admin/builder/spi-builder-workspace/Sources/Wink/FacialExpression.swift:54:98: error: 'cheekPuff' is unavailable in visionOS
52 |      FacialExpressionAnalyzer(facialExpression: FacialExpression.browInnerUp, blendShapeLocation: .browInnerUp),
53 |      FacialExpressionAnalyzer(facialExpression: FacialExpression.tongueOut, blendShapeLocation: .tongueOut),
54 |      FacialExpressionAnalyzer(facialExpression: FacialExpression.cheekPuff, blendShapeLocation: .cheekPuff),
   |                                                                                                  `- error: 'cheekPuff' is unavailable in visionOS
55 |      FacialExpressionAnalyzer(facialExpression: FacialExpression.eyeBlinkLeft, blendShapeLocation: .eyeBlinkLeft),
56 |      FacialExpressionAnalyzer(facialExpression: FacialExpression.eyeBlinkRight, blendShapeLocation: .eyeBlinkRight),
/Applications/Xcode-27.0.0-Release.Candidate.app/Contents/Developer/Platforms/XROS.platform/Developer/SDKs/XROS27.0.sdk/System/Library/SubFrameworks/ARKitCore.framework/Headers/ARFaceAnchor.h:31:46: note: 'cheekPuff' has been explicitly marked unavailable here
 29 | FOUNDATION_EXTERN ARBlendShapeLocation const ARBlendShapeLocationBrowOuterUpLeft API_AVAILABLE(ios(11.0));
 30 | FOUNDATION_EXTERN ARBlendShapeLocation const ARBlendShapeLocationBrowOuterUpRight API_AVAILABLE(ios(11.0));
 31 | FOUNDATION_EXTERN ARBlendShapeLocation const ARBlendShapeLocationCheekPuff API_AVAILABLE(ios(11.0));
    |                                              `- note: 'cheekPuff' has been explicitly marked unavailable here
 32 | FOUNDATION_EXTERN ARBlendShapeLocation const ARBlendShapeLocationCheekSquintLeft API_AVAILABLE(ios(11.0));
 33 | FOUNDATION_EXTERN ARBlendShapeLocation const ARBlendShapeLocationCheekSquintRight API_AVAILABLE(ios(11.0));
/Users/admin/builder/spi-builder-workspace/Sources/Wink/FacialExpression.swift:55:101: error: 'eyeBlinkLeft' is unavailable in visionOS
53 |      FacialExpressionAnalyzer(facialExpression: FacialExpression.tongueOut, blendShapeLocation: .tongueOut),
54 |      FacialExpressionAnalyzer(facialExpression: FacialExpression.cheekPuff, blendShapeLocation: .cheekPuff),
55 |      FacialExpressionAnalyzer(facialExpression: FacialExpression.eyeBlinkLeft, blendShapeLocation: .eyeBlinkLeft),
   |                                                                                                     `- error: 'eyeBlinkLeft' is unavailable in visionOS
56 |      FacialExpressionAnalyzer(facialExpression: FacialExpression.eyeBlinkRight, blendShapeLocation: .eyeBlinkRight),
57 |      FacialExpressionAnalyzer(facialExpression: FacialExpression.jawOpen, blendShapeLocation: .jawOpen)]
/Applications/Xcode-27.0.0-Release.Candidate.app/Contents/Developer/Platforms/XROS.platform/Developer/SDKs/XROS27.0.sdk/System/Library/SubFrameworks/ARKitCore.framework/Headers/ARFaceAnchor.h:34:46: note: 'eyeBlinkLeft' has been explicitly marked unavailable here
 32 | FOUNDATION_EXTERN ARBlendShapeLocation const ARBlendShapeLocationCheekSquintLeft API_AVAILABLE(ios(11.0));
 33 | FOUNDATION_EXTERN ARBlendShapeLocation const ARBlendShapeLocationCheekSquintRight API_AVAILABLE(ios(11.0));
 34 | FOUNDATION_EXTERN ARBlendShapeLocation const ARBlendShapeLocationEyeBlinkLeft API_AVAILABLE(ios(11.0));
    |                                              `- note: 'eyeBlinkLeft' has been explicitly marked unavailable here
 35 | FOUNDATION_EXTERN ARBlendShapeLocation const ARBlendShapeLocationEyeBlinkRight API_AVAILABLE(ios(11.0));
 36 | FOUNDATION_EXTERN ARBlendShapeLocation const ARBlendShapeLocationEyeLookDownLeft API_AVAILABLE(ios(11.0));
/Users/admin/builder/spi-builder-workspace/Sources/Wink/FacialExpression.swift:56:102: error: 'eyeBlinkRight' is unavailable in visionOS
54 |      FacialExpressionAnalyzer(facialExpression: FacialExpression.cheekPuff, blendShapeLocation: .cheekPuff),
55 |      FacialExpressionAnalyzer(facialExpression: FacialExpression.eyeBlinkLeft, blendShapeLocation: .eyeBlinkLeft),
56 |      FacialExpressionAnalyzer(facialExpression: FacialExpression.eyeBlinkRight, blendShapeLocation: .eyeBlinkRight),
   |                                                                                                      `- error: 'eyeBlinkRight' is unavailable in visionOS
57 |      FacialExpressionAnalyzer(facialExpression: FacialExpression.jawOpen, blendShapeLocation: .jawOpen)]
58 |   }
/Applications/Xcode-27.0.0-Release.Candidate.app/Contents/Developer/Platforms/XROS.platform/Developer/SDKs/XROS27.0.sdk/System/Library/SubFrameworks/ARKitCore.framework/Headers/ARFaceAnchor.h:35:46: note: 'eyeBlinkRight' has been explicitly marked unavailable here
 33 | FOUNDATION_EXTERN ARBlendShapeLocation const ARBlendShapeLocationCheekSquintRight API_AVAILABLE(ios(11.0));
 34 | FOUNDATION_EXTERN ARBlendShapeLocation const ARBlendShapeLocationEyeBlinkLeft API_AVAILABLE(ios(11.0));
 35 | FOUNDATION_EXTERN ARBlendShapeLocation const ARBlendShapeLocationEyeBlinkRight API_AVAILABLE(ios(11.0));
    |                                              `- note: 'eyeBlinkRight' has been explicitly marked unavailable here
 36 | FOUNDATION_EXTERN ARBlendShapeLocation const ARBlendShapeLocationEyeLookDownLeft API_AVAILABLE(ios(11.0));
 37 | FOUNDATION_EXTERN ARBlendShapeLocation const ARBlendShapeLocationEyeLookDownRight API_AVAILABLE(ios(11.0));
SwiftCompile normal arm64 Compiling\ FacialExpressionDetectorViewController.swift /Users/admin/builder/spi-builder-workspace/Sources/Wink/FacialExpressionDetectorViewController.swift (in target 'Wink' from project 'Wink')
/Users/admin/builder/spi-builder-workspace/Sources/Wink/FacialExpressionDetectorViewController.swift:14:18: error: cannot find type 'ARSCNView' in scope
 12 |
 13 | public class FacialExpressionDetectorViewController: UIViewController {
 14 |   var sceneView: ARSCNView!
    |                  `- error: cannot find type 'ARSCNView' in scope
 15 |
 16 |   /// Array of `FacialExpressionAnalyzer` responsible of detecting the new expressions
/Users/admin/builder/spi-builder-workspace/Sources/Wink/FacialExpressionDetectorViewController.swift:71:44: error: 'ARFaceAnchor' is unavailable in visionOS
 69 |
 70 |
 71 |   func detectFacialExpression(from anchor: ARFaceAnchor) {
    |                                            `- error: 'ARFaceAnchor' is unavailable in visionOS
 72 |     let facialExpressions: [FacialExpression] = analyzers.compactMap {
 73 |       let blendShape = anchor.blendShapes[$0.blendShapeLocation]
/Applications/Xcode-27.0.0-Release.Candidate.app/Contents/Developer/Platforms/XROS.platform/Developer/SDKs/XROS27.0.sdk/System/Library/SubFrameworks/ARKitCore.framework/Headers/ARFaceAnchor.h:86:12: note: 'ARFaceAnchor' has been explicitly marked unavailable here
 84 | API_AVAILABLE(ios(11.0))
 85 | NS_SWIFT_SENDABLE
 86 | @interface ARFaceAnchor : ARAnchor <ARTrackable>
    |            `- note: 'ARFaceAnchor' has been explicitly marked unavailable here
 87 |
 88 | /**
/Users/admin/builder/spi-builder-workspace/Sources/Wink/FacialExpressionDetectorViewController.swift:82:51: error: cannot find type 'ARSCNViewDelegate' in scope
 80 | }
 81 |
 82 | extension FacialExpressionDetectorViewController: ARSCNViewDelegate {
    |                                                   `- error: cannot find type 'ARSCNViewDelegate' in scope
 83 |   public func renderer(_ renderer: SCNSceneRenderer, nodeFor anchor: ARAnchor) -> SCNNode? {
 84 |     let faceMesh = ARSCNFaceGeometry(device: sceneView.device!)
/Users/admin/builder/spi-builder-workspace/Sources/Wink/FacialExpressionDetectorViewController.swift:83:83: error: cannot find type 'SCNNode' in scope
 81 |
 82 | extension FacialExpressionDetectorViewController: ARSCNViewDelegate {
 83 |   public func renderer(_ renderer: SCNSceneRenderer, nodeFor anchor: ARAnchor) -> SCNNode? {
    |                                                                                   `- error: cannot find type 'SCNNode' in scope
 84 |     let faceMesh = ARSCNFaceGeometry(device: sceneView.device!)
 85 |     let node = SCNNode(geometry: faceMesh)
/Users/admin/builder/spi-builder-workspace/Sources/Wink/FacialExpressionDetectorViewController.swift:83:36: error: cannot find type 'SCNSceneRenderer' in scope
 81 |
 82 | extension FacialExpressionDetectorViewController: ARSCNViewDelegate {
 83 |   public func renderer(_ renderer: SCNSceneRenderer, nodeFor anchor: ARAnchor) -> SCNNode? {
    |                                    `- error: cannot find type 'SCNSceneRenderer' in scope
 84 |     let faceMesh = ARSCNFaceGeometry(device: sceneView.device!)
 85 |     let node = SCNNode(geometry: faceMesh)
/Users/admin/builder/spi-builder-workspace/Sources/Wink/FacialExpressionDetectorViewController.swift:83:70: error: 'ARAnchor' is unavailable in visionOS
 81 |
 82 | extension FacialExpressionDetectorViewController: ARSCNViewDelegate {
 83 |   public func renderer(_ renderer: SCNSceneRenderer, nodeFor anchor: ARAnchor) -> SCNNode? {
    |                                                                      `- error: 'ARAnchor' is unavailable in visionOS
 84 |     let faceMesh = ARSCNFaceGeometry(device: sceneView.device!)
 85 |     let node = SCNNode(geometry: faceMesh)
/Applications/Xcode-27.0.0-Release.Candidate.app/Contents/Developer/Platforms/XROS.platform/Developer/SDKs/XROS27.0.sdk/System/Library/SubFrameworks/ARKitCore.framework/Headers/ARAnchor.h:57:12: note: 'ARAnchor' has been explicitly marked unavailable here
 55 | API_AVAILABLE(ios(11.0))
 56 | NS_SWIFT_SENDABLE
 57 | @interface ARAnchor : NSObject <ARAnchorCopying,
    |            `- note: 'ARAnchor' has been explicitly marked unavailable here
 58 |                                 NSSecureCoding
 59 |                                 >
/Users/admin/builder/spi-builder-workspace/Sources/Wink/FacialExpressionDetectorViewController.swift:95:36: error: cannot find type 'SCNSceneRenderer' in scope
 93 |   }
 94 |
 95 |   public func renderer(_ renderer: SCNSceneRenderer, didUpdate node: SCNNode, for anchor: ARAnchor) {
    |                                    `- error: cannot find type 'SCNSceneRenderer' in scope
 96 |     if let faceAnchor = anchor as? ARFaceAnchor, let faceGeometry = node.geometry as? ARSCNFaceGeometry {
 97 |       faceGeometry.update(from: faceAnchor.geometry)
/Users/admin/builder/spi-builder-workspace/Sources/Wink/FacialExpressionDetectorViewController.swift:95:70: error: cannot find type 'SCNNode' in scope
 93 |   }
 94 |
 95 |   public func renderer(_ renderer: SCNSceneRenderer, didUpdate node: SCNNode, for anchor: ARAnchor) {
    |                                                                      `- error: cannot find type 'SCNNode' in scope
 96 |     if let faceAnchor = anchor as? ARFaceAnchor, let faceGeometry = node.geometry as? ARSCNFaceGeometry {
 97 |       faceGeometry.update(from: faceAnchor.geometry)
/Users/admin/builder/spi-builder-workspace/Sources/Wink/FacialExpressionDetectorViewController.swift:95:91: error: 'ARAnchor' is unavailable in visionOS
 93 |   }
 94 |
 95 |   public func renderer(_ renderer: SCNSceneRenderer, didUpdate node: SCNNode, for anchor: ARAnchor) {
    |                                                                                           `- error: 'ARAnchor' is unavailable in visionOS
 96 |     if let faceAnchor = anchor as? ARFaceAnchor, let faceGeometry = node.geometry as? ARSCNFaceGeometry {
 97 |       faceGeometry.update(from: faceAnchor.geometry)
/Applications/Xcode-27.0.0-Release.Candidate.app/Contents/Developer/Platforms/XROS.platform/Developer/SDKs/XROS27.0.sdk/System/Library/SubFrameworks/ARKitCore.framework/Headers/ARAnchor.h:57:12: note: 'ARAnchor' has been explicitly marked unavailable here
 55 | API_AVAILABLE(ios(11.0))
 56 | NS_SWIFT_SENDABLE
 57 | @interface ARAnchor : NSObject <ARAnchorCopying,
    |            `- note: 'ARAnchor' has been explicitly marked unavailable here
 58 |                                 NSSecureCoding
 59 |                                 >
/Users/admin/builder/spi-builder-workspace/Sources/Wink/FacialExpressionDetectorViewController.swift:30:17: error: cannot find 'ARSCNView' in scope
 28 |     checkFaceTrackingSupport()
 29 |
 30 |     sceneView = ARSCNView()
    |                 `- error: cannot find 'ARSCNView' in scope
 31 |     self.view.addSubview(sceneView)
 32 |
/Users/admin/builder/spi-builder-workspace/Sources/Wink/FacialExpressionDetectorViewController.swift:31:15: error: failed to produce diagnostic for expression; please submit a bug report (https://swift.org/contributing/#reporting-bugs)
 29 |
 30 |     sceneView = ARSCNView()
 31 |     self.view.addSubview(sceneView)
    |               `- error: failed to produce diagnostic for expression; please submit a bug report (https://swift.org/contributing/#reporting-bugs)
 32 |
 33 |     adjustSceneViewConstraints()
/Users/admin/builder/spi-builder-workspace/Sources/Wink/FacialExpressionDetectorViewController.swift:43:11: error: 'ARFaceTrackingConfiguration' is unavailable in visionOS
 41 |
 42 |   private func checkFaceTrackingSupport() {
 43 |     guard ARFaceTrackingConfiguration.isSupported else {
    |           `- error: 'ARFaceTrackingConfiguration' is unavailable in visionOS
 44 |       fatalError("Error: This device model does not support face tracking")
 45 |     }
/Applications/Xcode-27.0.0-Release.Candidate.app/Contents/Developer/Platforms/XROS.platform/Developer/SDKs/XROS27.0.sdk/System/Library/SubFrameworks/ARKitCore.framework/Headers/ARConfiguration.h:464:12: note: 'ARFaceTrackingConfiguration' has been explicitly marked unavailable here
462 | */
463 | API_AVAILABLE(ios(11.0))
464 | @interface ARFaceTrackingConfiguration : ARConfiguration
    |            `- note: 'ARFaceTrackingConfiguration' has been explicitly marked unavailable here
465 |
466 | /**
/Users/admin/builder/spi-builder-workspace/Sources/Wink/FacialExpressionDetectorViewController.swift:43:39: error: 'isSupported' is unavailable in visionOS
 41 |
 42 |   private func checkFaceTrackingSupport() {
 43 |     guard ARFaceTrackingConfiguration.isSupported else {
    |                                       `- error: 'isSupported' is unavailable in visionOS
 44 |       fatalError("Error: This device model does not support face tracking")
 45 |     }
/Applications/Xcode-27.0.0-Release.Candidate.app/Contents/Developer/Platforms/XROS.platform/Developer/SDKs/XROS27.0.sdk/System/Library/SubFrameworks/ARKitCore.framework/Headers/ARConfiguration.h:138:45: note: 'isSupported' has been explicitly marked unavailable here
136 |  Determines whether this device supports the ARConfiguration.
137 |  */
138 | @property (class, nonatomic, readonly) BOOL isSupported;
    |                                             `- note: 'isSupported' has been explicitly marked unavailable here
139 |
140 | /**
/Users/admin/builder/spi-builder-workspace/Sources/Wink/FacialExpressionDetectorViewController.swift:50:75: error: failed to produce diagnostic for expression; please submit a bug report (https://swift.org/contributing/#reporting-bugs)
 48 |   private func adjustSceneViewConstraints() {
 49 |     sceneView.translatesAutoresizingMaskIntoConstraints = false
 50 |     sceneView.topAnchor.constraint(equalTo: self.view.topAnchor).isActive = true
    |                                                                           `- error: failed to produce diagnostic for expression; please submit a bug report (https://swift.org/contributing/#reporting-bugs)
 51 |     sceneView.leftAnchor.constraint(equalTo: self.view.leftAnchor).isActive = true
 52 |     sceneView.rightAnchor.constraint(equalTo: self.view.rightAnchor).isActive = true
SwiftCompile normal arm64 /Users/admin/builder/spi-builder-workspace/Sources/Wink/FacialExpressionDetectorViewController.swift (in target 'Wink' from project 'Wink')
    cd /Users/admin/builder/spi-builder-workspace/.swiftpm/xcode
    builtin-SwiftPerFileCompile FacialExpressionDetectorViewController.swift
/Users/admin/builder/spi-builder-workspace/Sources/Wink/FacialExpressionDetectorViewController.swift:51:77: error: failed to produce diagnostic for expression; please submit a bug report (https://swift.org/contributing/#reporting-bugs)
 49 |     sceneView.translatesAutoresizingMaskIntoConstraints = false
 50 |     sceneView.topAnchor.constraint(equalTo: self.view.topAnchor).isActive = true
 51 |     sceneView.leftAnchor.constraint(equalTo: self.view.leftAnchor).isActive = true
    |                                                                             `- error: failed to produce diagnostic for expression; please submit a bug report (https://swift.org/contributing/#reporting-bugs)
 52 |     sceneView.rightAnchor.constraint(equalTo: self.view.rightAnchor).isActive = true
 53 |     sceneView.bottomAnchor.constraint(equalTo: self.view.bottomAnchor).isActive = true
/Users/admin/builder/spi-builder-workspace/Sources/Wink/FacialExpressionDetectorViewController.swift:52:79: error: failed to produce diagnostic for expression; please submit a bug report (https://swift.org/contributing/#reporting-bugs)
 50 |     sceneView.topAnchor.constraint(equalTo: self.view.topAnchor).isActive = true
 51 |     sceneView.leftAnchor.constraint(equalTo: self.view.leftAnchor).isActive = true
 52 |     sceneView.rightAnchor.constraint(equalTo: self.view.rightAnchor).isActive = true
    |                                                                               `- error: failed to produce diagnostic for expression; please submit a bug report (https://swift.org/contributing/#reporting-bugs)
 53 |     sceneView.bottomAnchor.constraint(equalTo: self.view.bottomAnchor).isActive = true
 54 |   }
/Users/admin/builder/spi-builder-workspace/Sources/Wink/FacialExpressionDetectorViewController.swift:53:81: error: failed to produce diagnostic for expression; please submit a bug report (https://swift.org/contributing/#reporting-bugs)
 51 |     sceneView.leftAnchor.constraint(equalTo: self.view.leftAnchor).isActive = true
 52 |     sceneView.rightAnchor.constraint(equalTo: self.view.rightAnchor).isActive = true
 53 |     sceneView.bottomAnchor.constraint(equalTo: self.view.bottomAnchor).isActive = true
    |                                                                                 `- error: failed to produce diagnostic for expression; please submit a bug report (https://swift.org/contributing/#reporting-bugs)
 54 |   }
 55 |
/Users/admin/builder/spi-builder-workspace/Sources/Wink/FacialExpressionDetectorViewController.swift:59:25: error: 'ARFaceTrackingConfiguration' is unavailable in visionOS
 57 |     super.viewWillAppear(animated)
 58 |
 59 |     let configuration = ARFaceTrackingConfiguration()
    |                         `- error: 'ARFaceTrackingConfiguration' is unavailable in visionOS
 60 |     sceneView.session.run(configuration)
 61 |   }
/Applications/Xcode-27.0.0-Release.Candidate.app/Contents/Developer/Platforms/XROS.platform/Developer/SDKs/XROS27.0.sdk/System/Library/SubFrameworks/ARKitCore.framework/Headers/ARConfiguration.h:464:12: note: 'ARFaceTrackingConfiguration' has been explicitly marked unavailable here
462 | */
463 | API_AVAILABLE(ios(11.0))
464 | @interface ARFaceTrackingConfiguration : ARConfiguration
    |            `- note: 'ARFaceTrackingConfiguration' has been explicitly marked unavailable here
465 |
466 | /**
/Users/admin/builder/spi-builder-workspace/Sources/Wink/FacialExpressionDetectorViewController.swift:59:25: error: 'init()' is unavailable in visionOS
 57 |     super.viewWillAppear(animated)
 58 |
 59 |     let configuration = ARFaceTrackingConfiguration()
    |                         `- error: 'init()' is unavailable in visionOS
 60 |     sceneView.session.run(configuration)
 61 |   }
/Applications/Xcode-27.0.0-Release.Candidate.app/Contents/Developer/Platforms/XROS.platform/Developer/SDKs/XROS27.0.sdk/System/Library/SubFrameworks/ARKitCore.framework/Headers/ARConfiguration.h:505:1: note: 'init()' has been explicitly marked unavailable here
503 |  - Returns: An initialized face tracking configuration.
504 | */
505 | - (instancetype)init;
    | `- note: 'init()' has been explicitly marked unavailable here
506 |
507 | /**
/Users/admin/builder/spi-builder-workspace/Sources/Wink/FacialExpressionDetectorViewController.swift:73:31: error: 'blendShapes' is unavailable in visionOS
 71 |   func detectFacialExpression(from anchor: ARFaceAnchor) {
 72 |     let facialExpressions: [FacialExpression] = analyzers.compactMap {
 73 |       let blendShape = anchor.blendShapes[$0.blendShapeLocation]
    |                               `- error: 'blendShapes' is unavailable in visionOS
 74 |
 75 |       return blendShape?.decimalValue ?? 0.0 > $0.minimumValidCoefficient ? $0.facialExpression : nil
/Applications/Xcode-27.0.0-Release.Candidate.app/Contents/Developer/Platforms/XROS.platform/Developer/SDKs/XROS27.0.sdk/System/Library/SubFrameworks/ARKitCore.framework/Headers/ARFaceAnchor.h:113:89: note: 'blendShapes' has been explicitly marked unavailable here
111 |  Blend shapes coefficients define the amount of displacement of a neutral shape at a specific location on the face.
112 | */
113 | @property (nonatomic, strong, readonly) NSDictionary<ARBlendShapeLocation, NSNumber *> *blendShapes;
    |                                                                                         `- note: 'blendShapes' has been explicitly marked unavailable here
114 |
115 | /**
/Users/admin/builder/spi-builder-workspace/Sources/Wink/FacialExpressionDetectorViewController.swift:84:20: error: cannot find 'ARSCNFaceGeometry' in scope
 82 | extension FacialExpressionDetectorViewController: ARSCNViewDelegate {
 83 |   public func renderer(_ renderer: SCNSceneRenderer, nodeFor anchor: ARAnchor) -> SCNNode? {
 84 |     let faceMesh = ARSCNFaceGeometry(device: sceneView.device!)
    |                    `- error: cannot find 'ARSCNFaceGeometry' in scope
 85 |     let node = SCNNode(geometry: faceMesh)
 86 |
/Users/admin/builder/spi-builder-workspace/Sources/Wink/FacialExpressionDetectorViewController.swift:85:16: error: cannot find 'SCNNode' in scope
 83 |   public func renderer(_ renderer: SCNSceneRenderer, nodeFor anchor: ARAnchor) -> SCNNode? {
 84 |     let faceMesh = ARSCNFaceGeometry(device: sceneView.device!)
 85 |     let node = SCNNode(geometry: faceMesh)
    |                `- error: cannot find 'SCNNode' in scope
 86 |
 87 |     if debugMode {
/Users/admin/builder/spi-builder-workspace/Sources/Wink/FacialExpressionDetectorViewController.swift:88:49: error: cannot infer contextual base in reference to member 'lines'
 86 |
 87 |     if debugMode {
 88 |       node.geometry?.firstMaterial?.fillMode = .lines
    |                                                 `- error: cannot infer contextual base in reference to member 'lines'
 89 |
 90 |     }
/Users/admin/builder/spi-builder-workspace/Sources/Wink/FacialExpressionDetectorViewController.swift:96:36: error: 'ARFaceAnchor' is unavailable in visionOS
 94 |
 95 |   public func renderer(_ renderer: SCNSceneRenderer, didUpdate node: SCNNode, for anchor: ARAnchor) {
 96 |     if let faceAnchor = anchor as? ARFaceAnchor, let faceGeometry = node.geometry as? ARSCNFaceGeometry {
    |                                    `- error: 'ARFaceAnchor' is unavailable in visionOS
 97 |       faceGeometry.update(from: faceAnchor.geometry)
 98 |       detectFacialExpression(from: faceAnchor)
/Applications/Xcode-27.0.0-Release.Candidate.app/Contents/Developer/Platforms/XROS.platform/Developer/SDKs/XROS27.0.sdk/System/Library/SubFrameworks/ARKitCore.framework/Headers/ARFaceAnchor.h:86:12: note: 'ARFaceAnchor' has been explicitly marked unavailable here
 84 | API_AVAILABLE(ios(11.0))
 85 | NS_SWIFT_SENDABLE
 86 | @interface ARFaceAnchor : ARAnchor <ARTrackable>
    |            `- note: 'ARFaceAnchor' has been explicitly marked unavailable here
 87 |
 88 | /**
PruneExplicitPrecompiledModules /Users/admin/builder/spi-builder-workspace/.derivedData/SDKExplicitPrecompiledModules
PruneExplicitPrecompiledModules /Users/admin/builder/spi-builder-workspace/.derivedData/Build/Intermediates.noindex/ExplicitPrecompiledModules
PruneExplicitPrecompiledModules /Users/admin/builder/spi-builder-workspace/.derivedData/Build/Intermediates.noindex/SwiftExplicitPrecompiledModules
2026-09-17 09:38:36.340 xcodebuild[655:4262] [MT] IDERunDestination: Supported platforms for the buildables in the current scheme is empty.
** BUILD FAILED **
The following build commands failed:
	SwiftCompile normal arm64 (in target 'Wink' from project 'Wink')
	SwiftEmitModule normal arm64 Emitting\ module\ for\ Wink (in target 'Wink' from project 'Wink')
	Building workspace Wink with scheme Wink
(3 failures)
Command line invocation:
    /Applications/Xcode-27.0.0-Release.Candidate.app/Contents/Developer/usr/bin/xcodebuild -IDEClonedSourcePackagesDirPathOverride=/Users/admin/builder/spi-builder-workspace/.dependencies -resolvePackageDependencies
Resolve Package Graph
Resolved source packages:
  Wink: /Users/admin/builder/spi-builder-workspace
resolved source packages: Wink
2026-09-17 09:38:44.457 xcodebuild[758:4670] [MT] IDERunDestination: Supported platforms for the buildables in the current scheme is empty.
{
  "dependencies" : [
  ],
  "manifest_display_name" : "Wink",
  "name" : "Wink",
  "path" : "/Users/admin/builder/spi-builder-workspace",
  "platforms" : [
    {
      "name" : "ios",
      "version" : "13.0"
    }
  ],
  "products" : [
    {
      "name" : "Wink",
      "targets" : [
        "Wink"
      ],
      "type" : {
        "library" : [
          "automatic"
        ]
      }
    }
  ],
  "targets" : [
    {
      "c99name" : "Wink",
      "module_type" : "SwiftTarget",
      "name" : "Wink",
      "path" : "Sources/Wink",
      "product_memberships" : [
        "Wink"
      ],
      "sources" : [
        "FacialExpression.swift",
        "FacialExpressionDetectorViewController.swift"
      ],
      "type" : "library"
    }
  ],
  "tools_version" : "5.3"
}
{
  "workspace" : {
    "name" : "Wink",
    "schemes" : [
      "Wink"
    ]
  }
}
2026-09-17 09:38:45.689 xcodebuild[766:4735] [MT] IDERunDestination: Supported platforms for the buildables in the current scheme is empty.
Running build ...
env DEVELOPER_DIR=/Applications/Xcode-27.0.0-Release.Candidate.app xcrun xcodebuild -IDEClonedSourcePackagesDirPathOverride=$PWD/.dependencies -skipMacroValidation -skipPackagePluginValidation -derivedDataPath $PWD/.derivedData build -scheme Wink -destination generic/platform=xrOS
Command line invocation:
    /Applications/Xcode-27.0.0-Release.Candidate.app/Contents/Developer/usr/bin/xcodebuild -IDEClonedSourcePackagesDirPathOverride=/Users/admin/builder/spi-builder-workspace/.dependencies -skipMacroValidation -skipPackagePluginValidation -derivedDataPath /Users/admin/builder/spi-builder-workspace/.derivedData build -scheme Wink -destination generic/platform=xrOS
Resolve Package Graph
Resolved source packages:
  Wink: /Users/admin/builder/spi-builder-workspace
ComputePackagePrebuildTargetDependencyGraph
Prepare packages
CreateBuildRequest
SendProjectDescription
CreateBuildOperation
ComputeTargetDependencyGraph
note: Building targets in dependency order
note: Target dependency graph (2 targets)
    Target 'Wink-product' in project 'Wink'
        ➜ Explicit dependency on target 'Wink' in project 'Wink'
    Target 'Wink' in project 'Wink' (no dependencies)
GatherProvisioningInputs
CreateBuildDescription
ClangStatCache /Applications/Xcode-27.0.0-Release.Candidate.app/Contents/Developer/Toolchains/XcodeDefault.xctoolchain/usr/bin/clang-stat-cache /Applications/Xcode-27.0.0-Release.Candidate.app/Contents/Developer/Platforms/XROS.platform/Developer/SDKs/XROS27.0.sdk /Users/admin/builder/spi-builder-workspace/.derivedData/SDKStatCaches.noindex/xros27.0-24M361-e829b21a6f8c9b70876ba0858053c044735bd543db762f57723cac368afd1ce4.sdkstatcache
    cd /Users/admin/builder/spi-builder-workspace/.swiftpm/xcode
    /Applications/Xcode-27.0.0-Release.Candidate.app/Contents/Developer/Toolchains/XcodeDefault.xctoolchain/usr/bin/clang-stat-cache /Applications/Xcode-27.0.0-Release.Candidate.app/Contents/Developer/Platforms/XROS.platform/Developer/SDKs/XROS27.0.sdk -o /Users/admin/builder/spi-builder-workspace/.derivedData/SDKStatCaches.noindex/xros27.0-24M361-e829b21a6f8c9b70876ba0858053c044735bd543db762f57723cac368afd1ce4.sdkstatcache
SwiftDriver Wink normal arm64 com.apple.xcode.tools.swift.compiler (in target 'Wink' from project 'Wink')
    cd /Users/admin/builder/spi-builder-workspace/.swiftpm/xcode
    builtin-SwiftDriver -- /Applications/Xcode-27.0.0-Release.Candidate.app/Contents/Developer/Toolchains/XcodeDefault.xctoolchain/usr/bin/swiftc -parse-as-library -module-name Wink -Onone @/Users/admin/builder/spi-builder-workspace/.derivedData/Build/Intermediates.noindex/Wink.build/Debug-xros/Wink-t.build/Objects-normal/arm64/Wink.SwiftFileList -DSWIFT_PACKAGE -DDEBUG -DSWIFT_MODULE_RESOURCE_BUNDLE_UNAVAILABLE -DXcode -plugin-path /Applications/Xcode-27.0.0-Release.Candidate.app/Contents/Developer/Toolchains/XcodeDefault.xctoolchain/usr/lib/swift/host/plugins/testing -enable-experimental-feature DebugDescriptionMacro -sdk /Applications/Xcode-27.0.0-Release.Candidate.app/Contents/Developer/Platforms/XROS.platform/Developer/SDKs/XROS27.0.sdk -target arm64-apple-xros1.0 -g -module-cache-path /Users/admin/builder/spi-builder-workspace/.derivedData/ModuleCache.noindex -Xfrontend -serialize-debugging-options -enable-testing -index-store-path /Users/admin/builder/spi-builder-workspace/.derivedData/Index.noindex/DataStore -Xcc -D_LIBCPP_HARDENING_MODE\=_LIBCPP_HARDENING_MODE_DEBUG -swift-version 5 -I /Users/admin/builder/spi-builder-workspace/.derivedData/Build/Products/Debug-xros -Isystem /Applications/Xcode-27.0.0-Release.Candidate.app/Contents/Developer/Platforms/XROS.platform/Developer/usr/lib -F /Users/admin/builder/spi-builder-workspace/.derivedData/Build/Products/Debug-xros -F /Applications/Xcode-27.0.0-Release.Candidate.app/Contents/Developer/Platforms/XROS.platform/Developer/Library/Frameworks -F /Applications/Xcode-27.0.0-Release.Candidate.app/Contents/Developer/Platforms/XROS.platform/Developer/SDKs/XROS27.0.sdk/Developer/Library/Frameworks -c -j10 -enable-batch-mode -incremental -Xcc -ivfsstatcache -Xcc /Users/admin/builder/spi-builder-workspace/.derivedData/SDKStatCaches.noindex/xros27.0-24M361-e829b21a6f8c9b70876ba0858053c044735bd543db762f57723cac368afd1ce4.sdkstatcache -output-file-map /Users/admin/builder/spi-builder-workspace/.derivedData/Build/Intermediates.noindex/Wink.build/Debug-xros/Wink-t.build/Objects-normal/arm64/Wink-OutputFileMap.json -save-temps -no-color-diagnostics -explicit-module-build -module-cache-path /Users/admin/builder/spi-builder-workspace/.derivedData/Build/Intermediates.noindex/SwiftExplicitPrecompiledModules -clang-scanner-module-cache-path /Users/admin/builder/spi-builder-workspace/.derivedData/ModuleCache.noindex -sdk-module-cache-path /Users/admin/builder/spi-builder-workspace/.derivedData/SDKExplicitPrecompiledModules -emit-dependencies -emit-module -emit-module-path /Users/admin/builder/spi-builder-workspace/.derivedData/Build/Intermediates.noindex/Wink.build/Debug-xros/Wink-t.build/Objects-normal/arm64/Wink.swiftmodule -serialize-diagnostics -dependency-scan-serialize-diagnostics-path /Users/admin/builder/spi-builder-workspace/.derivedData/Build/Intermediates.noindex/Wink.build/Debug-xros/Wink-t.build/Objects-normal/arm64/Wink-dependency-scan.dia -validate-clang-modules-once -clang-build-session-file /Users/admin/builder/spi-builder-workspace/.derivedData/ModuleCache.noindex/Session.modulevalidation -Xcc -fmodules-prune-interval\=86400 -Xcc -fmodules-prune-after\=345600 -emit-const-values -const-gather-protocols-list /Users/admin/builder/spi-builder-workspace/.derivedData/Build/Intermediates.noindex/Wink.build/Debug-xros/Wink-t.build/Objects-normal/arm64/Wink_const_extract_protocols.json -Xcc -I/Users/admin/builder/spi-builder-workspace/.derivedData/Build/Products/Debug-xros/include -Xcc -I/Users/admin/builder/spi-builder-workspace/.derivedData/Build/Intermediates.noindex/Wink.build/Debug-xros/Wink-t.build/DerivedSources-normal/arm64 -Xcc -I/Users/admin/builder/spi-builder-workspace/.derivedData/Build/Intermediates.noindex/Wink.build/Debug-xros/Wink-t.build/DerivedSources/arm64 -Xcc -I/Users/admin/builder/spi-builder-workspace/.derivedData/Build/Intermediates.noindex/Wink.build/Debug-xros/Wink-t.build/DerivedSources -Xcc -DSWIFT_PACKAGE -Xcc -DDEBUG\=1 -emit-objc-header -emit-objc-header-path /Users/admin/builder/spi-builder-workspace/.derivedData/Build/Intermediates.noindex/Wink.build/Debug-xros/Wink-t.build/Objects-normal/arm64/Wink-Swift.h -working-directory /Users/admin/builder/spi-builder-workspace/.swiftpm/xcode -experimental-emit-module-separately -disable-cmo
SwiftCompile normal arm64 Compiling\ FacialExpression.swift /Users/admin/builder/spi-builder-workspace/Sources/Wink/FacialExpression.swift (in target 'Wink' from project 'Wink')
/Users/admin/builder/spi-builder-workspace/Sources/Wink/FacialExpression.swift:36:27: error: 'ARFaceAnchor' is unavailable in visionOS
34 | public struct FacialExpressionAnalyzer: Equatable {
35 |   public let facialExpression: FacialExpression
36 |   let blendShapeLocation: ARFaceAnchor.BlendShapeLocation
   |                           `- error: 'ARFaceAnchor' is unavailable in visionOS
37 |   let minimumValidCoefficient: Decimal
38 |
/Applications/Xcode-27.0.0-Release.Candidate.app/Contents/Developer/Platforms/XROS.platform/Developer/SDKs/XROS27.0.sdk/System/Library/SubFrameworks/ARKitCore.framework/Headers/ARFaceAnchor.h:86:12: note: 'ARFaceAnchor' has been explicitly marked unavailable here
 84 | API_AVAILABLE(ios(11.0))
 85 | NS_SWIFT_SENDABLE
 86 | @interface ARFaceAnchor : ARAnchor <ARTrackable>
    |            `- note: 'ARFaceAnchor' has been explicitly marked unavailable here
 87 |
 88 | /**
/Users/admin/builder/spi-builder-workspace/Sources/Wink/FacialExpression.swift:40:28: error: 'ARFaceAnchor' is unavailable in visionOS
38 |
39 |   public init(facialExpression: FacialExpression,
40 |        blendShapeLocation: ARFaceAnchor.BlendShapeLocation,
   |                            `- error: 'ARFaceAnchor' is unavailable in visionOS
41 |        minimumValidCoefficient: Decimal = 0.5) {
42 |     self.facialExpression = facialExpression
/Applications/Xcode-27.0.0-Release.Candidate.app/Contents/Developer/Platforms/XROS.platform/Developer/SDKs/XROS27.0.sdk/System/Library/SubFrameworks/ARKitCore.framework/Headers/ARFaceAnchor.h:86:12: note: 'ARFaceAnchor' has been explicitly marked unavailable here
 84 | API_AVAILABLE(ios(11.0))
 85 | NS_SWIFT_SENDABLE
 86 | @interface ARFaceAnchor : ARAnchor <ARTrackable>
    |            `- note: 'ARFaceAnchor' has been explicitly marked unavailable here
 87 |
 88 | /**
/Users/admin/builder/spi-builder-workspace/Sources/Wink/FacialExpression.swift:50:103: error: 'mouthSmileLeft' is unavailable in visionOS
48 | final class DefaultFacialExpressionAnalyzersProvider {
49 |   func defaultFacialExpressionAnalyzers() -> [FacialExpressionAnalyzer] {
50 |     [FacialExpressionAnalyzer(facialExpression: FacialExpression.mouthSmileLeft, blendShapeLocation: .mouthSmileLeft),
   |                                                                                                       `- error: 'mouthSmileLeft' is unavailable in visionOS
51 |      FacialExpressionAnalyzer(facialExpression: FacialExpression.mouthSmileRight, blendShapeLocation: .mouthSmileRight),
52 |      FacialExpressionAnalyzer(facialExpression: FacialExpression.browInnerUp, blendShapeLocation: .browInnerUp),
/Applications/Xcode-27.0.0-Release.Candidate.app/Contents/Developer/Platforms/XROS.platform/Developer/SDKs/XROS27.0.sdk/System/Library/SubFrameworks/ARKitCore.framework/Headers/ARFaceAnchor.h:69:46: note: 'mouthSmileLeft' has been explicitly marked unavailable here
 67 | FOUNDATION_EXTERN ARBlendShapeLocation const ARBlendShapeLocationMouthShrugLower API_AVAILABLE(ios(11.0));
 68 | FOUNDATION_EXTERN ARBlendShapeLocation const ARBlendShapeLocationMouthShrugUpper API_AVAILABLE(ios(11.0));
 69 | FOUNDATION_EXTERN ARBlendShapeLocation const ARBlendShapeLocationMouthSmileLeft API_AVAILABLE(ios(11.0));
    |                                              `- note: 'mouthSmileLeft' has been explicitly marked unavailable here
 70 | FOUNDATION_EXTERN ARBlendShapeLocation const ARBlendShapeLocationMouthSmileRight API_AVAILABLE(ios(11.0));
 71 | FOUNDATION_EXTERN ARBlendShapeLocation const ARBlendShapeLocationMouthStretchLeft API_AVAILABLE(ios(11.0));
/Users/admin/builder/spi-builder-workspace/Sources/Wink/FacialExpression.swift:51:104: error: 'mouthSmileRight' is unavailable in visionOS
49 |   func defaultFacialExpressionAnalyzers() -> [FacialExpressionAnalyzer] {
50 |     [FacialExpressionAnalyzer(facialExpression: FacialExpression.mouthSmileLeft, blendShapeLocation: .mouthSmileLeft),
51 |      FacialExpressionAnalyzer(facialExpression: FacialExpression.mouthSmileRight, blendShapeLocation: .mouthSmileRight),
   |                                                                                                        `- error: 'mouthSmileRight' is unavailable in visionOS
52 |      FacialExpressionAnalyzer(facialExpression: FacialExpression.browInnerUp, blendShapeLocation: .browInnerUp),
53 |      FacialExpressionAnalyzer(facialExpression: FacialExpression.tongueOut, blendShapeLocation: .tongueOut),
/Applications/Xcode-27.0.0-Release.Candidate.app/Contents/Developer/Platforms/XROS.platform/Developer/SDKs/XROS27.0.sdk/System/Library/SubFrameworks/ARKitCore.framework/Headers/ARFaceAnchor.h:70:46: note: 'mouthSmileRight' has been explicitly marked unavailable here
 68 | FOUNDATION_EXTERN ARBlendShapeLocation const ARBlendShapeLocationMouthShrugUpper API_AVAILABLE(ios(11.0));
 69 | FOUNDATION_EXTERN ARBlendShapeLocation const ARBlendShapeLocationMouthSmileLeft API_AVAILABLE(ios(11.0));
 70 | FOUNDATION_EXTERN ARBlendShapeLocation const ARBlendShapeLocationMouthSmileRight API_AVAILABLE(ios(11.0));
    |                                              `- note: 'mouthSmileRight' has been explicitly marked unavailable here
 71 | FOUNDATION_EXTERN ARBlendShapeLocation const ARBlendShapeLocationMouthStretchLeft API_AVAILABLE(ios(11.0));
 72 | FOUNDATION_EXTERN ARBlendShapeLocation const ARBlendShapeLocationMouthStretchRight API_AVAILABLE(ios(11.0));
/Users/admin/builder/spi-builder-workspace/Sources/Wink/FacialExpression.swift:52:100: error: 'browInnerUp' is unavailable in visionOS
50 |     [FacialExpressionAnalyzer(facialExpression: FacialExpression.mouthSmileLeft, blendShapeLocation: .mouthSmileLeft),
51 |      FacialExpressionAnalyzer(facialExpression: FacialExpression.mouthSmileRight, blendShapeLocation: .mouthSmileRight),
52 |      FacialExpressionAnalyzer(facialExpression: FacialExpression.browInnerUp, blendShapeLocation: .browInnerUp),
   |                                                                                                    `- error: 'browInnerUp' is unavailable in visionOS
53 |      FacialExpressionAnalyzer(facialExpression: FacialExpression.tongueOut, blendShapeLocation: .tongueOut),
54 |      FacialExpressionAnalyzer(facialExpression: FacialExpression.cheekPuff, blendShapeLocation: .cheekPuff),
/Applications/Xcode-27.0.0-Release.Candidate.app/Contents/Developer/Platforms/XROS.platform/Developer/SDKs/XROS27.0.sdk/System/Library/SubFrameworks/ARKitCore.framework/Headers/ARFaceAnchor.h:28:46: note: 'browInnerUp' has been explicitly marked unavailable here
 26 | FOUNDATION_EXTERN ARBlendShapeLocation const ARBlendShapeLocationBrowDownLeft API_AVAILABLE(ios(11.0));
 27 | FOUNDATION_EXTERN ARBlendShapeLocation const ARBlendShapeLocationBrowDownRight API_AVAILABLE(ios(11.0));
 28 | FOUNDATION_EXTERN ARBlendShapeLocation const ARBlendShapeLocationBrowInnerUp API_AVAILABLE(ios(11.0));
    |                                              `- note: 'browInnerUp' has been explicitly marked unavailable here
 29 | FOUNDATION_EXTERN ARBlendShapeLocation const ARBlendShapeLocationBrowOuterUpLeft API_AVAILABLE(ios(11.0));
 30 | FOUNDATION_EXTERN ARBlendShapeLocation const ARBlendShapeLocationBrowOuterUpRight API_AVAILABLE(ios(11.0));
/Users/admin/builder/spi-builder-workspace/Sources/Wink/FacialExpression.swift:53:98: error: 'tongueOut' is unavailable in visionOS
51 |      FacialExpressionAnalyzer(facialExpression: FacialExpression.mouthSmileRight, blendShapeLocation: .mouthSmileRight),
52 |      FacialExpressionAnalyzer(facialExpression: FacialExpression.browInnerUp, blendShapeLocation: .browInnerUp),
53 |      FacialExpressionAnalyzer(facialExpression: FacialExpression.tongueOut, blendShapeLocation: .tongueOut),
   |                                                                                                  `- error: 'tongueOut' is unavailable in visionOS
54 |      FacialExpressionAnalyzer(facialExpression: FacialExpression.cheekPuff, blendShapeLocation: .cheekPuff),
55 |      FacialExpressionAnalyzer(facialExpression: FacialExpression.eyeBlinkLeft, blendShapeLocation: .eyeBlinkLeft),
/Applications/Xcode-27.0.0-Release.Candidate.app/Contents/Developer/Platforms/XROS.platform/Developer/SDKs/XROS27.0.sdk/System/Library/SubFrameworks/ARKitCore.framework/Headers/ARFaceAnchor.h:77:46: note: 'tongueOut' has been explicitly marked unavailable here
 75 | FOUNDATION_EXTERN ARBlendShapeLocation const ARBlendShapeLocationNoseSneerLeft API_AVAILABLE(ios(11.0));
 76 | FOUNDATION_EXTERN ARBlendShapeLocation const ARBlendShapeLocationNoseSneerRight API_AVAILABLE(ios(11.0));
 77 | FOUNDATION_EXTERN ARBlendShapeLocation const ARBlendShapeLocationTongueOut API_AVAILABLE(ios(12.0));
    |                                              `- note: 'tongueOut' has been explicitly marked unavailable here
 78 |
 79 | @class ARFaceGeometry;
SwiftCompile normal arm64 /Users/admin/builder/spi-builder-workspace/Sources/Wink/FacialExpression.swift (in target 'Wink' from project 'Wink')
    cd /Users/admin/builder/spi-builder-workspace/.swiftpm/xcode
    builtin-SwiftPerFileCompile FacialExpression.swift
/Users/admin/builder/spi-builder-workspace/Sources/Wink/FacialExpression.swift:54:98: error: 'cheekPuff' is unavailable in visionOS
52 |      FacialExpressionAnalyzer(facialExpression: FacialExpression.browInnerUp, blendShapeLocation: .browInnerUp),
53 |      FacialExpressionAnalyzer(facialExpression: FacialExpression.tongueOut, blendShapeLocation: .tongueOut),
54 |      FacialExpressionAnalyzer(facialExpression: FacialExpression.cheekPuff, blendShapeLocation: .cheekPuff),
   |                                                                                                  `- error: 'cheekPuff' is unavailable in visionOS
55 |      FacialExpressionAnalyzer(facialExpression: FacialExpression.eyeBlinkLeft, blendShapeLocation: .eyeBlinkLeft),
56 |      FacialExpressionAnalyzer(facialExpression: FacialExpression.eyeBlinkRight, blendShapeLocation: .eyeBlinkRight),
/Applications/Xcode-27.0.0-Release.Candidate.app/Contents/Developer/Platforms/XROS.platform/Developer/SDKs/XROS27.0.sdk/System/Library/SubFrameworks/ARKitCore.framework/Headers/ARFaceAnchor.h:31:46: note: 'cheekPuff' has been explicitly marked unavailable here
 29 | FOUNDATION_EXTERN ARBlendShapeLocation const ARBlendShapeLocationBrowOuterUpLeft API_AVAILABLE(ios(11.0));
 30 | FOUNDATION_EXTERN ARBlendShapeLocation const ARBlendShapeLocationBrowOuterUpRight API_AVAILABLE(ios(11.0));
 31 | FOUNDATION_EXTERN ARBlendShapeLocation const ARBlendShapeLocationCheekPuff API_AVAILABLE(ios(11.0));
    |                                              `- note: 'cheekPuff' has been explicitly marked unavailable here
 32 | FOUNDATION_EXTERN ARBlendShapeLocation const ARBlendShapeLocationCheekSquintLeft API_AVAILABLE(ios(11.0));
 33 | FOUNDATION_EXTERN ARBlendShapeLocation const ARBlendShapeLocationCheekSquintRight API_AVAILABLE(ios(11.0));
/Users/admin/builder/spi-builder-workspace/Sources/Wink/FacialExpression.swift:55:101: error: 'eyeBlinkLeft' is unavailable in visionOS
53 |      FacialExpressionAnalyzer(facialExpression: FacialExpression.tongueOut, blendShapeLocation: .tongueOut),
54 |      FacialExpressionAnalyzer(facialExpression: FacialExpression.cheekPuff, blendShapeLocation: .cheekPuff),
55 |      FacialExpressionAnalyzer(facialExpression: FacialExpression.eyeBlinkLeft, blendShapeLocation: .eyeBlinkLeft),
   |                                                                                                     `- error: 'eyeBlinkLeft' is unavailable in visionOS
56 |      FacialExpressionAnalyzer(facialExpression: FacialExpression.eyeBlinkRight, blendShapeLocation: .eyeBlinkRight),
57 |      FacialExpressionAnalyzer(facialExpression: FacialExpression.jawOpen, blendShapeLocation: .jawOpen)]
/Applications/Xcode-27.0.0-Release.Candidate.app/Contents/Developer/Platforms/XROS.platform/Developer/SDKs/XROS27.0.sdk/System/Library/SubFrameworks/ARKitCore.framework/Headers/ARFaceAnchor.h:34:46: note: 'eyeBlinkLeft' has been explicitly marked unavailable here
 32 | FOUNDATION_EXTERN ARBlendShapeLocation const ARBlendShapeLocationCheekSquintLeft API_AVAILABLE(ios(11.0));
 33 | FOUNDATION_EXTERN ARBlendShapeLocation const ARBlendShapeLocationCheekSquintRight API_AVAILABLE(ios(11.0));
 34 | FOUNDATION_EXTERN ARBlendShapeLocation const ARBlendShapeLocationEyeBlinkLeft API_AVAILABLE(ios(11.0));
    |                                              `- note: 'eyeBlinkLeft' has been explicitly marked unavailable here
 35 | FOUNDATION_EXTERN ARBlendShapeLocation const ARBlendShapeLocationEyeBlinkRight API_AVAILABLE(ios(11.0));
 36 | FOUNDATION_EXTERN ARBlendShapeLocation const ARBlendShapeLocationEyeLookDownLeft API_AVAILABLE(ios(11.0));
/Users/admin/builder/spi-builder-workspace/Sources/Wink/FacialExpression.swift:56:102: error: 'eyeBlinkRight' is unavailable in visionOS
54 |      FacialExpressionAnalyzer(facialExpression: FacialExpression.cheekPuff, blendShapeLocation: .cheekPuff),
55 |      FacialExpressionAnalyzer(facialExpression: FacialExpression.eyeBlinkLeft, blendShapeLocation: .eyeBlinkLeft),
56 |      FacialExpressionAnalyzer(facialExpression: FacialExpression.eyeBlinkRight, blendShapeLocation: .eyeBlinkRight),
   |                                                                                                      `- error: 'eyeBlinkRight' is unavailable in visionOS
57 |      FacialExpressionAnalyzer(facialExpression: FacialExpression.jawOpen, blendShapeLocation: .jawOpen)]
58 |   }
/Applications/Xcode-27.0.0-Release.Candidate.app/Contents/Developer/Platforms/XROS.platform/Developer/SDKs/XROS27.0.sdk/System/Library/SubFrameworks/ARKitCore.framework/Headers/ARFaceAnchor.h:35:46: note: 'eyeBlinkRight' has been explicitly marked unavailable here
 33 | FOUNDATION_EXTERN ARBlendShapeLocation const ARBlendShapeLocationCheekSquintRight API_AVAILABLE(ios(11.0));
 34 | FOUNDATION_EXTERN ARBlendShapeLocation const ARBlendShapeLocationEyeBlinkLeft API_AVAILABLE(ios(11.0));
 35 | FOUNDATION_EXTERN ARBlendShapeLocation const ARBlendShapeLocationEyeBlinkRight API_AVAILABLE(ios(11.0));
    |                                              `- note: 'eyeBlinkRight' has been explicitly marked unavailable here
 36 | FOUNDATION_EXTERN ARBlendShapeLocation const ARBlendShapeLocationEyeLookDownLeft API_AVAILABLE(ios(11.0));
 37 | FOUNDATION_EXTERN ARBlendShapeLocation const ARBlendShapeLocationEyeLookDownRight API_AVAILABLE(ios(11.0));
SwiftEmitModule normal arm64 Emitting\ module\ for\ Wink (in target 'Wink' from project 'Wink')
/Users/admin/builder/spi-builder-workspace/Sources/Wink/FacialExpression.swift:36:27: error: 'ARFaceAnchor' is unavailable in visionOS
34 | public struct FacialExpressionAnalyzer: Equatable {
35 |   public let facialExpression: FacialExpression
36 |   let blendShapeLocation: ARFaceAnchor.BlendShapeLocation
   |                           `- error: 'ARFaceAnchor' is unavailable in visionOS
37 |   let minimumValidCoefficient: Decimal
38 |
/Applications/Xcode-27.0.0-Release.Candidate.app/Contents/Developer/Platforms/XROS.platform/Developer/SDKs/XROS27.0.sdk/System/Library/SubFrameworks/ARKitCore.framework/Headers/ARFaceAnchor.h:86:12: note: 'ARFaceAnchor' has been explicitly marked unavailable here
 84 | API_AVAILABLE(ios(11.0))
 85 | NS_SWIFT_SENDABLE
 86 | @interface ARFaceAnchor : ARAnchor <ARTrackable>
    |            `- note: 'ARFaceAnchor' has been explicitly marked unavailable here
 87 |
 88 | /**
/Users/admin/builder/spi-builder-workspace/Sources/Wink/FacialExpression.swift:40:28: error: 'ARFaceAnchor' is unavailable in visionOS
38 |
39 |   public init(facialExpression: FacialExpression,
40 |        blendShapeLocation: ARFaceAnchor.BlendShapeLocation,
   |                            `- error: 'ARFaceAnchor' is unavailable in visionOS
41 |        minimumValidCoefficient: Decimal = 0.5) {
42 |     self.facialExpression = facialExpression
/Applications/Xcode-27.0.0-Release.Candidate.app/Contents/Developer/Platforms/XROS.platform/Developer/SDKs/XROS27.0.sdk/System/Library/SubFrameworks/ARKitCore.framework/Headers/ARFaceAnchor.h:86:12: note: 'ARFaceAnchor' has been explicitly marked unavailable here
 84 | API_AVAILABLE(ios(11.0))
 85 | NS_SWIFT_SENDABLE
 86 | @interface ARFaceAnchor : ARAnchor <ARTrackable>
    |            `- note: 'ARFaceAnchor' has been explicitly marked unavailable here
 87 |
 88 | /**
/Users/admin/builder/spi-builder-workspace/Sources/Wink/FacialExpressionDetectorViewController.swift:14:18: error: cannot find type 'ARSCNView' in scope
 12 |
 13 | public class FacialExpressionDetectorViewController: UIViewController {
 14 |   var sceneView: ARSCNView!
    |                  `- error: cannot find type 'ARSCNView' in scope
 15 |
 16 |   /// Array of `FacialExpressionAnalyzer` responsible of detecting the new expressions
/Users/admin/builder/spi-builder-workspace/Sources/Wink/FacialExpressionDetectorViewController.swift:71:44: error: 'ARFaceAnchor' is unavailable in visionOS
 69 |
 70 |
 71 |   func detectFacialExpression(from anchor: ARFaceAnchor) {
    |                                            `- error: 'ARFaceAnchor' is unavailable in visionOS
 72 |     let facialExpressions: [FacialExpression] = analyzers.compactMap {
 73 |       let blendShape = anchor.blendShapes[$0.blendShapeLocation]
/Applications/Xcode-27.0.0-Release.Candidate.app/Contents/Developer/Platforms/XROS.platform/Developer/SDKs/XROS27.0.sdk/System/Library/SubFrameworks/ARKitCore.framework/Headers/ARFaceAnchor.h:86:12: note: 'ARFaceAnchor' has been explicitly marked unavailable here
 84 | API_AVAILABLE(ios(11.0))
 85 | NS_SWIFT_SENDABLE
 86 | @interface ARFaceAnchor : ARAnchor <ARTrackable>
    |            `- note: 'ARFaceAnchor' has been explicitly marked unavailable here
 87 |
 88 | /**
/Users/admin/builder/spi-builder-workspace/Sources/Wink/FacialExpressionDetectorViewController.swift:82:51: error: cannot find type 'ARSCNViewDelegate' in scope
 80 | }
 81 |
 82 | extension FacialExpressionDetectorViewController: ARSCNViewDelegate {
    |                                                   `- error: cannot find type 'ARSCNViewDelegate' in scope
 83 |   public func renderer(_ renderer: SCNSceneRenderer, nodeFor anchor: ARAnchor) -> SCNNode? {
 84 |     let faceMesh = ARSCNFaceGeometry(device: sceneView.device!)
/Users/admin/builder/spi-builder-workspace/Sources/Wink/FacialExpressionDetectorViewController.swift:83:83: error: cannot find type 'SCNNode' in scope
 81 |
 82 | extension FacialExpressionDetectorViewController: ARSCNViewDelegate {
 83 |   public func renderer(_ renderer: SCNSceneRenderer, nodeFor anchor: ARAnchor) -> SCNNode? {
    |                                                                                   `- error: cannot find type 'SCNNode' in scope
 84 |     let faceMesh = ARSCNFaceGeometry(device: sceneView.device!)
 85 |     let node = SCNNode(geometry: faceMesh)
/Users/admin/builder/spi-builder-workspace/Sources/Wink/FacialExpressionDetectorViewController.swift:83:36: error: cannot find type 'SCNSceneRenderer' in scope
 81 |
 82 | extension FacialExpressionDetectorViewController: ARSCNViewDelegate {
 83 |   public func renderer(_ renderer: SCNSceneRenderer, nodeFor anchor: ARAnchor) -> SCNNode? {
    |                                    `- error: cannot find type 'SCNSceneRenderer' in scope
 84 |     let faceMesh = ARSCNFaceGeometry(device: sceneView.device!)
 85 |     let node = SCNNode(geometry: faceMesh)
/Users/admin/builder/spi-builder-workspace/Sources/Wink/FacialExpressionDetectorViewController.swift:83:70: error: 'ARAnchor' is unavailable in visionOS
 81 |
 82 | extension FacialExpressionDetectorViewController: ARSCNViewDelegate {
 83 |   public func renderer(_ renderer: SCNSceneRenderer, nodeFor anchor: ARAnchor) -> SCNNode? {
    |                                                                      `- error: 'ARAnchor' is unavailable in visionOS
 84 |     let faceMesh = ARSCNFaceGeometry(device: sceneView.device!)
 85 |     let node = SCNNode(geometry: faceMesh)
/Applications/Xcode-27.0.0-Release.Candidate.app/Contents/Developer/Platforms/XROS.platform/Developer/SDKs/XROS27.0.sdk/System/Library/SubFrameworks/ARKitCore.framework/Headers/ARAnchor.h:57:12: note: 'ARAnchor' has been explicitly marked unavailable here
 55 | API_AVAILABLE(ios(11.0))
 56 | NS_SWIFT_SENDABLE
 57 | @interface ARAnchor : NSObject <ARAnchorCopying,
    |            `- note: 'ARAnchor' has been explicitly marked unavailable here
 58 |                                 NSSecureCoding
 59 |                                 >
/Users/admin/builder/spi-builder-workspace/Sources/Wink/FacialExpressionDetectorViewController.swift:95:36: error: cannot find type 'SCNSceneRenderer' in scope
 93 |   }
 94 |
 95 |   public func renderer(_ renderer: SCNSceneRenderer, didUpdate node: SCNNode, for anchor: ARAnchor) {
    |                                    `- error: cannot find type 'SCNSceneRenderer' in scope
 96 |     if let faceAnchor = anchor as? ARFaceAnchor, let faceGeometry = node.geometry as? ARSCNFaceGeometry {
 97 |       faceGeometry.update(from: faceAnchor.geometry)
/Users/admin/builder/spi-builder-workspace/Sources/Wink/FacialExpressionDetectorViewController.swift:95:70: error: cannot find type 'SCNNode' in scope
 93 |   }
 94 |
 95 |   public func renderer(_ renderer: SCNSceneRenderer, didUpdate node: SCNNode, for anchor: ARAnchor) {
    |                                                                      `- error: cannot find type 'SCNNode' in scope
 96 |     if let faceAnchor = anchor as? ARFaceAnchor, let faceGeometry = node.geometry as? ARSCNFaceGeometry {
 97 |       faceGeometry.update(from: faceAnchor.geometry)
/Users/admin/builder/spi-builder-workspace/Sources/Wink/FacialExpressionDetectorViewController.swift:95:91: error: 'ARAnchor' is unavailable in visionOS
 93 |   }
 94 |
 95 |   public func renderer(_ renderer: SCNSceneRenderer, didUpdate node: SCNNode, for anchor: ARAnchor) {
    |                                                                                           `- error: 'ARAnchor' is unavailable in visionOS
 96 |     if let faceAnchor = anchor as? ARFaceAnchor, let faceGeometry = node.geometry as? ARSCNFaceGeometry {
 97 |       faceGeometry.update(from: faceAnchor.geometry)
/Applications/Xcode-27.0.0-Release.Candidate.app/Contents/Developer/Platforms/XROS.platform/Developer/SDKs/XROS27.0.sdk/System/Library/SubFrameworks/ARKitCore.framework/Headers/ARAnchor.h:57:12: note: 'ARAnchor' has been explicitly marked unavailable here
 55 | API_AVAILABLE(ios(11.0))
 56 | NS_SWIFT_SENDABLE
 57 | @interface ARAnchor : NSObject <ARAnchorCopying,
    |            `- note: 'ARAnchor' has been explicitly marked unavailable here
 58 |                                 NSSecureCoding
 59 |                                 >
Failed frontend command:
/Applications/Xcode-27.0.0-Release.Candidate.app/Contents/Developer/Toolchains/XcodeDefault.xctoolchain/usr/bin/swift-frontend -frontend -emit-module -experimental-skip-non-inlinable-function-bodies-without-types /Users/admin/builder/spi-builder-workspace/Sources/Wink/FacialExpression.swift /Users/admin/builder/spi-builder-workspace/Sources/Wink/FacialExpressionDetectorViewController.swift -target arm64-apple-xros1.0 -disable-cross-import-overlay-search -load-resolved-plugin /Applications/Xcode-27.0.0-Release.Candidate.app/Contents/Developer/Platforms/XROS.platform/Developer/usr/lib/swift/host/plugins/libFoundationMacros.dylib\#/Applications/Xcode-27.0.0-Release.Candidate.app/Contents/Developer/Platforms/XROS.platform/Developer/usr/bin/swift-plugin-server\#FoundationMacros -load-resolved-plugin /Applications/Xcode-27.0.0-Release.Candidate.app/Contents/Developer/Platforms/XROS.platform/Developer/usr/lib/swift/host/plugins/libObservationMacros.dylib\#/Applications/Xcode-27.0.0-Release.Candidate.app/Contents/Developer/Platforms/XROS.platform/Developer/usr/bin/swift-plugin-server\#ObservationMacros -load-resolved-plugin /Applications/Xcode-27.0.0-Release.Candidate.app/Contents/Developer/Platforms/XROS.platform/Developer/usr/lib/swift/host/plugins/libPreviewsMacros.dylib\#/Applications/Xcode-27.0.0-Release.Candidate.app/Contents/Developer/Platforms/XROS.platform/Developer/usr/bin/swift-plugin-server\#PreviewsMacros -load-resolved-plugin /Applications/Xcode-27.0.0-Release.Candidate.app/Contents/Developer/Platforms/XROS.platform/Developer/usr/lib/swift/host/plugins/libSwiftMacros.dylib\#/Applications/Xcode-27.0.0-Release.Candidate.app/Contents/Developer/Platforms/XROS.platform/Developer/usr/bin/swift-plugin-server\#SwiftMacros -load-resolved-plugin /Applications/Xcode-27.0.0-Release.Candidate.app/Contents/Developer/Platforms/XROS.platform/Developer/usr/lib/swift/host/plugins/libSwiftUIMacros.dylib\#/Applications/Xcode-27.0.0-Release.Candidate.app/Contents/Developer/Platforms/XROS.platform/Developer/usr/bin/swift-plugin-server\#SwiftUIMacros -disable-implicit-swift-modules -Xcc -fno-implicit-modules -Xcc -fno-implicit-module-maps -explicit-swift-module-map-file /Users/admin/builder/spi-builder-workspace/.derivedData/Build/Intermediates.noindex/Wink.build/Debug-xros/Wink-t.build/Objects-normal/arm64/Wink-dependencies-1.json -Xllvm -aarch64-use-tbi -enable-objc-interop -stack-check -sdk /Applications/Xcode-27.0.0-Release.Candidate.app/Contents/Developer/Platforms/XROS.platform/Developer/SDKs/XROS27.0.sdk -I /Users/admin/builder/spi-builder-workspace/.derivedData/Build/Products/Debug-xros -Isystem /Applications/Xcode-27.0.0-Release.Candidate.app/Contents/Developer/Platforms/XROS.platform/Developer/usr/lib -F /Users/admin/builder/spi-builder-workspace/.derivedData/Build/Products/Debug-xros -F /Applications/Xcode-27.0.0-Release.Candidate.app/Contents/Developer/Platforms/XROS.platform/Developer/Library/Frameworks -F /Applications/Xcode-27.0.0-Release.Candidate.app/Contents/Developer/Platforms/XROS.platform/Developer/SDKs/XROS27.0.sdk/Developer/Library/Frameworks -module-cache-path /Users/admin/builder/spi-builder-workspace/.derivedData/Build/Intermediates.noindex/SwiftExplicitPrecompiledModules -no-color-diagnostics -Xcc -fno-color-diagnostics -enable-testing -g -debug-info-format\=dwarf -dwarf-version\=4 -swift-version 5 -Onone -D SWIFT_PACKAGE -D DEBUG -D SWIFT_MODULE_RESOURCE_BUNDLE_UNAVAILABLE -D Xcode -serialize-debugging-options -enable-experimental-feature DebugDescriptionMacro -empty-abi-descriptor -validate-clang-modules-once -clang-build-session-file /Users/admin/builder/spi-builder-workspace/.derivedData/ModuleCache.noindex/Session.modulevalidation -Xcc -working-directory -Xcc /Users/admin/builder/spi-builder-workspace/.swiftpm/xcode -enable-anonymous-context-mangled-names -file-compilation-dir /Users/admin/builder/spi-builder-workspace/.swiftpm/xcode -Xcc -D_LIBCPP_HARDENING_MODE\=_LIBCPP_HARDENING_MODE_DEBUG -Xcc -ivfsstatcache -Xcc /Users/admin/builder/spi-builder-workspace/.derivedData/SDKStatCaches.noindex/xros27.0-24M361-e829b21a6f8c9b70876ba0858053c044735bd543db762f57723cac368afd1ce4.sdkstatcache -Xcc -fmodules-prune-interval\=86400 -Xcc -fmodules-prune-after\=345600 -Xcc -I/Users/admin/builder/spi-builder-workspace/.derivedData/Build/Products/Debug-xros/include -Xcc -I/Users/admin/builder/spi-builder-workspace/.derivedData/Build/Intermediates.noindex/Wink.build/Debug-xros/Wink-t.build/DerivedSources-normal/arm64 -Xcc -I/Users/admin/builder/spi-builder-workspace/.derivedData/Build/Intermediates.noindex/Wink.build/Debug-xros/Wink-t.build/DerivedSources/arm64 -Xcc -I/Users/admin/builder/spi-builder-workspace/.derivedData/Build/Intermediates.noindex/Wink.build/Debug-xros/Wink-t.build/DerivedSources -Xcc -DSWIFT_PACKAGE -Xcc -DDEBUG\=1 -no-auto-bridging-header-chaining -module-name Wink -const-gather-protocols-file /Users/admin/builder/spi-builder-workspace/.derivedData/Build/Intermediates.noindex/Wink.build/Debug-xros/Wink-t.build/Objects-normal/arm64/Wink_const_extract_protocols.json -disable-clang-spi -clang-target arm64-apple-xros27.0 -target-sdk-version 27.0 -target-sdk-name xros27.0 -in-process-plugin-server-path /Applications/Xcode-27.0.0-Release.Candidate.app/Contents/Developer/Toolchains/XcodeDefault.xctoolchain/usr/lib/swift/host/libSwiftInProcPluginServer.dylib -emit-module-doc-path /Users/admin/builder/spi-builder-workspace/.derivedData/Build/Intermediates.noindex/Wink.build/Debug-xros/Wink-t.build/Objects-normal/arm64/Wink.swiftdoc -emit-module-source-info-path /Users/admin/builder/spi-builder-workspace/.derivedData/Build/Intermediates.noindex/Wink.build/Debug-xros/Wink-t.build/Objects-normal/arm64/Wink.swiftsourceinfo -emit-objc-header-path /Users/admin/builder/spi-builder-workspace/.derivedData/Build/Intermediates.noindex/Wink.build/Debug-xros/Wink-t.build/Objects-normal/arm64/Wink-Swift.h -serialize-diagnostics-path /Users/admin/builder/spi-builder-workspace/.derivedData/Build/Intermediates.noindex/Wink.build/Debug-xros/Wink-t.build/Objects-normal/arm64/Wink-primary-emit-module.dia -emit-dependencies-path /Users/admin/builder/spi-builder-workspace/.derivedData/Build/Intermediates.noindex/Wink.build/Debug-xros/Wink-t.build/Objects-normal/arm64/Wink-primary-emit-module.d -parse-as-library -o /Users/admin/builder/spi-builder-workspace/.derivedData/Build/Intermediates.noindex/Wink.build/Debug-xros/Wink-t.build/Objects-normal/arm64/Wink.swiftmodule -emit-abi-descriptor-path /Users/admin/builder/spi-builder-workspace/.derivedData/Build/Intermediates.noindex/Wink.build/Debug-xros/Wink-t.build/Objects-normal/arm64/Wink.abi.json
SwiftCompile normal arm64 (in target 'Wink' from project 'Wink')
    cd /Users/admin/builder/spi-builder-workspace/.swiftpm/xcode

SwiftCompile normal arm64 Compiling\ FacialExpressionDetectorViewController.swift /Users/admin/builder/spi-builder-workspace/Sources/Wink/FacialExpressionDetectorViewController.swift (in target 'Wink' from project 'Wink')
/Users/admin/builder/spi-builder-workspace/Sources/Wink/FacialExpressionDetectorViewController.swift:14:18: error: cannot find type 'ARSCNView' in scope
 12 |
 13 | public class FacialExpressionDetectorViewController: UIViewController {
 14 |   var sceneView: ARSCNView!
    |                  `- error: cannot find type 'ARSCNView' in scope
 15 |
 16 |   /// Array of `FacialExpressionAnalyzer` responsible of detecting the new expressions
/Users/admin/builder/spi-builder-workspace/Sources/Wink/FacialExpressionDetectorViewController.swift:71:44: error: 'ARFaceAnchor' is unavailable in visionOS
 69 |
 70 |
 71 |   func detectFacialExpression(from anchor: ARFaceAnchor) {
    |                                            `- error: 'ARFaceAnchor' is unavailable in visionOS
 72 |     let facialExpressions: [FacialExpression] = analyzers.compactMap {
 73 |       let blendShape = anchor.blendShapes[$0.blendShapeLocation]
/Applications/Xcode-27.0.0-Release.Candidate.app/Contents/Developer/Platforms/XROS.platform/Developer/SDKs/XROS27.0.sdk/System/Library/SubFrameworks/ARKitCore.framework/Headers/ARFaceAnchor.h:86:12: note: 'ARFaceAnchor' has been explicitly marked unavailable here
 84 | API_AVAILABLE(ios(11.0))
 85 | NS_SWIFT_SENDABLE
 86 | @interface ARFaceAnchor : ARAnchor <ARTrackable>
    |            `- note: 'ARFaceAnchor' has been explicitly marked unavailable here
 87 |
 88 | /**
/Users/admin/builder/spi-builder-workspace/Sources/Wink/FacialExpressionDetectorViewController.swift:82:51: error: cannot find type 'ARSCNViewDelegate' in scope
 80 | }
 81 |
 82 | extension FacialExpressionDetectorViewController: ARSCNViewDelegate {
    |                                                   `- error: cannot find type 'ARSCNViewDelegate' in scope
 83 |   public func renderer(_ renderer: SCNSceneRenderer, nodeFor anchor: ARAnchor) -> SCNNode? {
 84 |     let faceMesh = ARSCNFaceGeometry(device: sceneView.device!)
/Users/admin/builder/spi-builder-workspace/Sources/Wink/FacialExpressionDetectorViewController.swift:83:83: error: cannot find type 'SCNNode' in scope
 81 |
 82 | extension FacialExpressionDetectorViewController: ARSCNViewDelegate {
 83 |   public func renderer(_ renderer: SCNSceneRenderer, nodeFor anchor: ARAnchor) -> SCNNode? {
    |                                                                                   `- error: cannot find type 'SCNNode' in scope
 84 |     let faceMesh = ARSCNFaceGeometry(device: sceneView.device!)
 85 |     let node = SCNNode(geometry: faceMesh)
/Users/admin/builder/spi-builder-workspace/Sources/Wink/FacialExpressionDetectorViewController.swift:83:36: error: cannot find type 'SCNSceneRenderer' in scope
 81 |
 82 | extension FacialExpressionDetectorViewController: ARSCNViewDelegate {
 83 |   public func renderer(_ renderer: SCNSceneRenderer, nodeFor anchor: ARAnchor) -> SCNNode? {
    |                                    `- error: cannot find type 'SCNSceneRenderer' in scope
 84 |     let faceMesh = ARSCNFaceGeometry(device: sceneView.device!)
 85 |     let node = SCNNode(geometry: faceMesh)
/Users/admin/builder/spi-builder-workspace/Sources/Wink/FacialExpressionDetectorViewController.swift:83:70: error: 'ARAnchor' is unavailable in visionOS
 81 |
 82 | extension FacialExpressionDetectorViewController: ARSCNViewDelegate {
 83 |   public func renderer(_ renderer: SCNSceneRenderer, nodeFor anchor: ARAnchor) -> SCNNode? {
    |                                                                      `- error: 'ARAnchor' is unavailable in visionOS
 84 |     let faceMesh = ARSCNFaceGeometry(device: sceneView.device!)
 85 |     let node = SCNNode(geometry: faceMesh)
/Applications/Xcode-27.0.0-Release.Candidate.app/Contents/Developer/Platforms/XROS.platform/Developer/SDKs/XROS27.0.sdk/System/Library/SubFrameworks/ARKitCore.framework/Headers/ARAnchor.h:57:12: note: 'ARAnchor' has been explicitly marked unavailable here
 55 | API_AVAILABLE(ios(11.0))
 56 | NS_SWIFT_SENDABLE
 57 | @interface ARAnchor : NSObject <ARAnchorCopying,
    |            `- note: 'ARAnchor' has been explicitly marked unavailable here
 58 |                                 NSSecureCoding
 59 |                                 >
/Users/admin/builder/spi-builder-workspace/Sources/Wink/FacialExpressionDetectorViewController.swift:95:36: error: cannot find type 'SCNSceneRenderer' in scope
 93 |   }
 94 |
 95 |   public func renderer(_ renderer: SCNSceneRenderer, didUpdate node: SCNNode, for anchor: ARAnchor) {
    |                                    `- error: cannot find type 'SCNSceneRenderer' in scope
 96 |     if let faceAnchor = anchor as? ARFaceAnchor, let faceGeometry = node.geometry as? ARSCNFaceGeometry {
 97 |       faceGeometry.update(from: faceAnchor.geometry)
/Users/admin/builder/spi-builder-workspace/Sources/Wink/FacialExpressionDetectorViewController.swift:95:70: error: cannot find type 'SCNNode' in scope
 93 |   }
 94 |
 95 |   public func renderer(_ renderer: SCNSceneRenderer, didUpdate node: SCNNode, for anchor: ARAnchor) {
    |                                                                      `- error: cannot find type 'SCNNode' in scope
 96 |     if let faceAnchor = anchor as? ARFaceAnchor, let faceGeometry = node.geometry as? ARSCNFaceGeometry {
 97 |       faceGeometry.update(from: faceAnchor.geometry)
/Users/admin/builder/spi-builder-workspace/Sources/Wink/FacialExpressionDetectorViewController.swift:95:91: error: 'ARAnchor' is unavailable in visionOS
 93 |   }
 94 |
 95 |   public func renderer(_ renderer: SCNSceneRenderer, didUpdate node: SCNNode, for anchor: ARAnchor) {
    |                                                                                           `- error: 'ARAnchor' is unavailable in visionOS
 96 |     if let faceAnchor = anchor as? ARFaceAnchor, let faceGeometry = node.geometry as? ARSCNFaceGeometry {
 97 |       faceGeometry.update(from: faceAnchor.geometry)
/Applications/Xcode-27.0.0-Release.Candidate.app/Contents/Developer/Platforms/XROS.platform/Developer/SDKs/XROS27.0.sdk/System/Library/SubFrameworks/ARKitCore.framework/Headers/ARAnchor.h:57:12: note: 'ARAnchor' has been explicitly marked unavailable here
 55 | API_AVAILABLE(ios(11.0))
 56 | NS_SWIFT_SENDABLE
 57 | @interface ARAnchor : NSObject <ARAnchorCopying,
    |            `- note: 'ARAnchor' has been explicitly marked unavailable here
 58 |                                 NSSecureCoding
 59 |                                 >
/Users/admin/builder/spi-builder-workspace/Sources/Wink/FacialExpressionDetectorViewController.swift:30:17: error: cannot find 'ARSCNView' in scope
 28 |     checkFaceTrackingSupport()
 29 |
 30 |     sceneView = ARSCNView()
    |                 `- error: cannot find 'ARSCNView' in scope
 31 |     self.view.addSubview(sceneView)
 32 |
/Users/admin/builder/spi-builder-workspace/Sources/Wink/FacialExpressionDetectorViewController.swift:31:15: error: failed to produce diagnostic for expression; please submit a bug report (https://swift.org/contributing/#reporting-bugs)
 29 |
 30 |     sceneView = ARSCNView()
 31 |     self.view.addSubview(sceneView)
    |               `- error: failed to produce diagnostic for expression; please submit a bug report (https://swift.org/contributing/#reporting-bugs)
 32 |
 33 |     adjustSceneViewConstraints()
/Users/admin/builder/spi-builder-workspace/Sources/Wink/FacialExpressionDetectorViewController.swift:43:11: error: 'ARFaceTrackingConfiguration' is unavailable in visionOS
 41 |
 42 |   private func checkFaceTrackingSupport() {
 43 |     guard ARFaceTrackingConfiguration.isSupported else {
    |           `- error: 'ARFaceTrackingConfiguration' is unavailable in visionOS
 44 |       fatalError("Error: This device model does not support face tracking")
 45 |     }
/Applications/Xcode-27.0.0-Release.Candidate.app/Contents/Developer/Platforms/XROS.platform/Developer/SDKs/XROS27.0.sdk/System/Library/SubFrameworks/ARKitCore.framework/Headers/ARConfiguration.h:464:12: note: 'ARFaceTrackingConfiguration' has been explicitly marked unavailable here
462 | */
463 | API_AVAILABLE(ios(11.0))
464 | @interface ARFaceTrackingConfiguration : ARConfiguration
    |            `- note: 'ARFaceTrackingConfiguration' has been explicitly marked unavailable here
465 |
466 | /**
/Users/admin/builder/spi-builder-workspace/Sources/Wink/FacialExpressionDetectorViewController.swift:43:39: error: 'isSupported' is unavailable in visionOS
 41 |
 42 |   private func checkFaceTrackingSupport() {
 43 |     guard ARFaceTrackingConfiguration.isSupported else {
    |                                       `- error: 'isSupported' is unavailable in visionOS
 44 |       fatalError("Error: This device model does not support face tracking")
 45 |     }
/Applications/Xcode-27.0.0-Release.Candidate.app/Contents/Developer/Platforms/XROS.platform/Developer/SDKs/XROS27.0.sdk/System/Library/SubFrameworks/ARKitCore.framework/Headers/ARConfiguration.h:138:45: note: 'isSupported' has been explicitly marked unavailable here
136 |  Determines whether this device supports the ARConfiguration.
137 |  */
138 | @property (class, nonatomic, readonly) BOOL isSupported;
    |                                             `- note: 'isSupported' has been explicitly marked unavailable here
139 |
140 | /**
/Users/admin/builder/spi-builder-workspace/Sources/Wink/FacialExpressionDetectorViewController.swift:50:75: error: failed to produce diagnostic for expression; please submit a bug report (https://swift.org/contributing/#reporting-bugs)
 48 |   private func adjustSceneViewConstraints() {
 49 |     sceneView.translatesAutoresizingMaskIntoConstraints = false
 50 |     sceneView.topAnchor.constraint(equalTo: self.view.topAnchor).isActive = true
    |                                                                           `- error: failed to produce diagnostic for expression; please submit a bug report (https://swift.org/contributing/#reporting-bugs)
 51 |     sceneView.leftAnchor.constraint(equalTo: self.view.leftAnchor).isActive = true
 52 |     sceneView.rightAnchor.constraint(equalTo: self.view.rightAnchor).isActive = true
SwiftCompile normal arm64 /Users/admin/builder/spi-builder-workspace/Sources/Wink/FacialExpressionDetectorViewController.swift (in target 'Wink' from project 'Wink')
    cd /Users/admin/builder/spi-builder-workspace/.swiftpm/xcode
    builtin-SwiftPerFileCompile FacialExpressionDetectorViewController.swift
/Users/admin/builder/spi-builder-workspace/Sources/Wink/FacialExpressionDetectorViewController.swift:51:77: error: failed to produce diagnostic for expression; please submit a bug report (https://swift.org/contributing/#reporting-bugs)
 49 |     sceneView.translatesAutoresizingMaskIntoConstraints = false
 50 |     sceneView.topAnchor.constraint(equalTo: self.view.topAnchor).isActive = true
 51 |     sceneView.leftAnchor.constraint(equalTo: self.view.leftAnchor).isActive = true
    |                                                                             `- error: failed to produce diagnostic for expression; please submit a bug report (https://swift.org/contributing/#reporting-bugs)
 52 |     sceneView.rightAnchor.constraint(equalTo: self.view.rightAnchor).isActive = true
 53 |     sceneView.bottomAnchor.constraint(equalTo: self.view.bottomAnchor).isActive = true
/Users/admin/builder/spi-builder-workspace/Sources/Wink/FacialExpressionDetectorViewController.swift:52:79: error: failed to produce diagnostic for expression; please submit a bug report (https://swift.org/contributing/#reporting-bugs)
 50 |     sceneView.topAnchor.constraint(equalTo: self.view.topAnchor).isActive = true
 51 |     sceneView.leftAnchor.constraint(equalTo: self.view.leftAnchor).isActive = true
 52 |     sceneView.rightAnchor.constraint(equalTo: self.view.rightAnchor).isActive = true
    |                                                                               `- error: failed to produce diagnostic for expression; please submit a bug report (https://swift.org/contributing/#reporting-bugs)
 53 |     sceneView.bottomAnchor.constraint(equalTo: self.view.bottomAnchor).isActive = true
 54 |   }
/Users/admin/builder/spi-builder-workspace/Sources/Wink/FacialExpressionDetectorViewController.swift:53:81: error: failed to produce diagnostic for expression; please submit a bug report (https://swift.org/contributing/#reporting-bugs)
 51 |     sceneView.leftAnchor.constraint(equalTo: self.view.leftAnchor).isActive = true
 52 |     sceneView.rightAnchor.constraint(equalTo: self.view.rightAnchor).isActive = true
 53 |     sceneView.bottomAnchor.constraint(equalTo: self.view.bottomAnchor).isActive = true
    |                                                                                 `- error: failed to produce diagnostic for expression; please submit a bug report (https://swift.org/contributing/#reporting-bugs)
 54 |   }
 55 |
/Users/admin/builder/spi-builder-workspace/Sources/Wink/FacialExpressionDetectorViewController.swift:59:25: error: 'ARFaceTrackingConfiguration' is unavailable in visionOS
 57 |     super.viewWillAppear(animated)
 58 |
 59 |     let configuration = ARFaceTrackingConfiguration()
    |                         `- error: 'ARFaceTrackingConfiguration' is unavailable in visionOS
 60 |     sceneView.session.run(configuration)
 61 |   }
/Applications/Xcode-27.0.0-Release.Candidate.app/Contents/Developer/Platforms/XROS.platform/Developer/SDKs/XROS27.0.sdk/System/Library/SubFrameworks/ARKitCore.framework/Headers/ARConfiguration.h:464:12: note: 'ARFaceTrackingConfiguration' has been explicitly marked unavailable here
462 | */
463 | API_AVAILABLE(ios(11.0))
464 | @interface ARFaceTrackingConfiguration : ARConfiguration
    |            `- note: 'ARFaceTrackingConfiguration' has been explicitly marked unavailable here
465 |
466 | /**
/Users/admin/builder/spi-builder-workspace/Sources/Wink/FacialExpressionDetectorViewController.swift:59:25: error: 'init()' is unavailable in visionOS
 57 |     super.viewWillAppear(animated)
 58 |
 59 |     let configuration = ARFaceTrackingConfiguration()
    |                         `- error: 'init()' is unavailable in visionOS
 60 |     sceneView.session.run(configuration)
 61 |   }
/Applications/Xcode-27.0.0-Release.Candidate.app/Contents/Developer/Platforms/XROS.platform/Developer/SDKs/XROS27.0.sdk/System/Library/SubFrameworks/ARKitCore.framework/Headers/ARConfiguration.h:505:1: note: 'init()' has been explicitly marked unavailable here
503 |  - Returns: An initialized face tracking configuration.
504 | */
505 | - (instancetype)init;
    | `- note: 'init()' has been explicitly marked unavailable here
506 |
507 | /**
/Users/admin/builder/spi-builder-workspace/Sources/Wink/FacialExpressionDetectorViewController.swift:73:31: error: 'blendShapes' is unavailable in visionOS
 71 |   func detectFacialExpression(from anchor: ARFaceAnchor) {
 72 |     let facialExpressions: [FacialExpression] = analyzers.compactMap {
 73 |       let blendShape = anchor.blendShapes[$0.blendShapeLocation]
    |                               `- error: 'blendShapes' is unavailable in visionOS
 74 |
 75 |       return blendShape?.decimalValue ?? 0.0 > $0.minimumValidCoefficient ? $0.facialExpression : nil
/Applications/Xcode-27.0.0-Release.Candidate.app/Contents/Developer/Platforms/XROS.platform/Developer/SDKs/XROS27.0.sdk/System/Library/SubFrameworks/ARKitCore.framework/Headers/ARFaceAnchor.h:113:89: note: 'blendShapes' has been explicitly marked unavailable here
111 |  Blend shapes coefficients define the amount of displacement of a neutral shape at a specific location on the face.
112 | */
113 | @property (nonatomic, strong, readonly) NSDictionary<ARBlendShapeLocation, NSNumber *> *blendShapes;
    |                                                                                         `- note: 'blendShapes' has been explicitly marked unavailable here
114 |
115 | /**
/Users/admin/builder/spi-builder-workspace/Sources/Wink/FacialExpressionDetectorViewController.swift:84:20: error: cannot find 'ARSCNFaceGeometry' in scope
 82 | extension FacialExpressionDetectorViewController: ARSCNViewDelegate {
 83 |   public func renderer(_ renderer: SCNSceneRenderer, nodeFor anchor: ARAnchor) -> SCNNode? {
 84 |     let faceMesh = ARSCNFaceGeometry(device: sceneView.device!)
    |                    `- error: cannot find 'ARSCNFaceGeometry' in scope
 85 |     let node = SCNNode(geometry: faceMesh)
 86 |
/Users/admin/builder/spi-builder-workspace/Sources/Wink/FacialExpressionDetectorViewController.swift:85:16: error: cannot find 'SCNNode' in scope
 83 |   public func renderer(_ renderer: SCNSceneRenderer, nodeFor anchor: ARAnchor) -> SCNNode? {
 84 |     let faceMesh = ARSCNFaceGeometry(device: sceneView.device!)
 85 |     let node = SCNNode(geometry: faceMesh)
    |                `- error: cannot find 'SCNNode' in scope
 86 |
 87 |     if debugMode {
/Users/admin/builder/spi-builder-workspace/Sources/Wink/FacialExpressionDetectorViewController.swift:88:49: error: cannot infer contextual base in reference to member 'lines'
 86 |
 87 |     if debugMode {
 88 |       node.geometry?.firstMaterial?.fillMode = .lines
    |                                                 `- error: cannot infer contextual base in reference to member 'lines'
 89 |
 90 |     }
/Users/admin/builder/spi-builder-workspace/Sources/Wink/FacialExpressionDetectorViewController.swift:96:36: error: 'ARFaceAnchor' is unavailable in visionOS
 94 |
 95 |   public func renderer(_ renderer: SCNSceneRenderer, didUpdate node: SCNNode, for anchor: ARAnchor) {
 96 |     if let faceAnchor = anchor as? ARFaceAnchor, let faceGeometry = node.geometry as? ARSCNFaceGeometry {
    |                                    `- error: 'ARFaceAnchor' is unavailable in visionOS
 97 |       faceGeometry.update(from: faceAnchor.geometry)
 98 |       detectFacialExpression(from: faceAnchor)
/Applications/Xcode-27.0.0-Release.Candidate.app/Contents/Developer/Platforms/XROS.platform/Developer/SDKs/XROS27.0.sdk/System/Library/SubFrameworks/ARKitCore.framework/Headers/ARFaceAnchor.h:86:12: note: 'ARFaceAnchor' has been explicitly marked unavailable here
 84 | API_AVAILABLE(ios(11.0))
 85 | NS_SWIFT_SENDABLE
 86 | @interface ARFaceAnchor : ARAnchor <ARTrackable>
    |            `- note: 'ARFaceAnchor' has been explicitly marked unavailable here
 87 |
 88 | /**
PruneExplicitPrecompiledModules /Users/admin/builder/spi-builder-workspace/.derivedData/Build/Intermediates.noindex/ExplicitPrecompiledModules
PruneExplicitPrecompiledModules /Users/admin/builder/spi-builder-workspace/.derivedData/Build/Intermediates.noindex/SwiftExplicitPrecompiledModules
PruneExplicitPrecompiledModules /Users/admin/builder/spi-builder-workspace/.derivedData/SDKExplicitPrecompiledModules
2026-09-17 09:38:46.629 xcodebuild[767:4765] [MT] IDERunDestination: Supported platforms for the buildables in the current scheme is empty.
** BUILD FAILED **
The following build commands failed:
	SwiftEmitModule normal arm64 Emitting\ module\ for\ Wink (in target 'Wink' from project 'Wink')
	SwiftCompile normal arm64 (in target 'Wink' from project 'Wink')
	Building workspace Wink with scheme Wink
(3 failures)
BUILD FAILURE 6.4 visionOS