The Swift Package Index logo.Swift Package Index

Build Information

Failed to build GoogleStorageTransferV1, reference 0.5.0 (ae954d), with Swift 6.2 for Android on 12 Oct 2026 01:02:05 UTC.

Build Command

bash -c docker run --pull=always --rm -v "checkouts-54344843-0":/host -w "$PWD" -e JAVA_HOME="/root/.sdkman/candidates/java/current" -e SPI_BUILD="1" -e SPI_PROCESSING="1" registry.gitlab.com/saguaro1/spi-images:android-6.2-latest swift build --swift-sdk aarch64-unknown-linux-android28 2>&1

Build Log

========================================
RunAll
========================================
Builder version: 5.1.1
Interrupt handler set up.
========================================
Checkout
========================================
Clone URL: https://github.com/googleapis/swift-google-storagetransfer-v1.git
Reference: 0.5.0
Initialized empty Git repository in /host/spi-builder-workspace/.git/
hint: Using 'master' as the name for the initial branch. This default branch name
hint: is subject to change. To configure the initial branch name to use in all
hint: of your new repositories, which will suppress this warning, call:
hint:
hint: 	git config --global init.defaultBranch <name>
hint:
hint: Names commonly chosen instead of 'master' are 'main', 'trunk' and
hint: 'development'. The just-created branch can be renamed via this command:
hint:
hint: 	git branch -m <name>
From https://github.com/googleapis/swift-google-storagetransfer-v1
 * tag               0.5.0      -> FETCH_HEAD
HEAD is now at ae954d2 chore: release circa 2026-10-07 (#1382)
Cloned https://github.com/googleapis/swift-google-storagetransfer-v1.git
Revision (git rev-parse @):
ae954d2aaebca0d719c8f0e36d351754513ca5fe
SPI manifest file found: $PWD/.spi.yml
SUCCESS checkout https://github.com/googleapis/swift-google-storagetransfer-v1.git at 0.5.0
========================================
Build
========================================
Selected platform:         android
Swift version:             6.2
Building package at path:  $PWD
https://github.com/googleapis/swift-google-storagetransfer-v1.git
Running build ...
bash -c docker run --pull=always --rm -v "checkouts-54344843-0":/host -w "$PWD" -e JAVA_HOME="/root/.sdkman/candidates/java/current" -e SPI_BUILD="1" -e SPI_PROCESSING="1" registry.gitlab.com/saguaro1/spi-images:android-6.2-latest swift build --swift-sdk aarch64-unknown-linux-android28 2>&1
android-6.2-latest: Pulling from saguaro1/spi-images
Digest: sha256:a839c9ce201f1dacc8eb056626ec7ab0a1c6d53d7b77c83feda395f4507c51be
Status: Image is up to date for registry.gitlab.com/saguaro1/spi-images:android-6.2-latest
Fetching https://github.com/googleapis/swift-google-wkt
Fetching https://github.com/googleapis/swift-google-rpc
Fetching https://github.com/apple/swift-log
Fetching https://github.com/googleapis/swift-google-type
Fetching https://github.com/googleapis/swift-google-longrunning
Fetching https://github.com/googleapis/swift-google-gax
[1/437] Fetching swift-google-type
[50/859] Fetching swift-google-type, swift-google-rpc
[191/9116] Fetching swift-google-type, swift-google-rpc, swift-log
[280/9735] Fetching swift-google-type, swift-google-rpc, swift-log, swift-google-longrunning
[1827/10758] Fetching swift-google-type, swift-google-rpc, swift-log, swift-google-longrunning, swift-google-wkt
[3201/12506] Fetching swift-google-type, swift-google-rpc, swift-log, swift-google-longrunning, swift-google-wkt, swift-google-gax
Fetched https://github.com/googleapis/swift-google-wkt from cache (0.41s)
[10355/11483] Fetching swift-google-type, swift-google-rpc, swift-log, swift-google-longrunning, swift-google-gax
Fetching https://github.com/googleapis/swift-google-auth
Fetched https://github.com/googleapis/swift-google-longrunning from cache (0.46s)
Fetched https://github.com/googleapis/swift-google-gax from cache (0.46s)
Fetched https://github.com/googleapis/swift-google-rpc from cache (0.46s)
Fetched https://github.com/googleapis/swift-google-type from cache (0.50s)
Fetched https://github.com/apple/swift-log from cache (0.50s)
[1/1023] Fetching swift-google-auth
Fetched https://github.com/googleapis/swift-google-auth from cache (0.50s)
Computing version for https://github.com/googleapis/swift-google-wkt
Computed https://github.com/googleapis/swift-google-wkt at 0.5.0 (1.07s)
Fetching https://github.com/swift-extras/swift-extras-base64
[1/954] Fetching swift-extras-base64
Fetched https://github.com/swift-extras/swift-extras-base64 from cache (0.38s)
Computing version for https://github.com/googleapis/swift-google-type
Computed https://github.com/googleapis/swift-google-type at 0.5.0 (0.55s)
Computing version for https://github.com/googleapis/swift-google-rpc
Computed https://github.com/googleapis/swift-google-rpc at 0.5.0 (0.15s)
Computing version for https://github.com/googleapis/swift-google-longrunning
Computed https://github.com/googleapis/swift-google-longrunning at 0.5.0 (0.16s)
Computing version for https://github.com/googleapis/swift-google-gax
Computed https://github.com/googleapis/swift-google-gax at 0.5.0 (0.17s)
Fetching https://github.com/apple/swift-nio
Fetching https://github.com/swift-server/async-http-client.git
[1/16464] Fetching async-http-client
[16465/102838] Fetching async-http-client, swift-nio
Fetched https://github.com/swift-server/async-http-client.git from cache (3.31s)
Fetched https://github.com/apple/swift-nio from cache (3.34s)
Computing version for https://github.com/googleapis/swift-google-auth
Computed https://github.com/googleapis/swift-google-auth at 0.5.0 (3.50s)
Fetching https://github.com/apple/swift-system.git
Fetching https://github.com/vapor/jwt-kit.git
[1/7241] Fetching swift-system
[1088/17495] Fetching swift-system, jwt-kit
Fetched https://github.com/apple/swift-system.git from cache (0.65s)
[2769/10254] Fetching jwt-kit
Fetched https://github.com/vapor/jwt-kit.git from cache (0.87s)
Computing version for https://github.com/swift-extras/swift-extras-base64
Computed https://github.com/swift-extras/swift-extras-base64 at 1.2.0 (1.02s)
Computing version for https://github.com/swift-server/async-http-client.git
Computed https://github.com/swift-server/async-http-client.git at 1.36.2 (0.18s)
Fetching https://github.com/apple/swift-service-context.git
Fetching https://github.com/apple/swift-atomics.git
Fetching https://github.com/apple/swift-distributed-tracing.git
Fetching https://github.com/apple/swift-nio-transport-services.git
Fetching https://github.com/apple/swift-algorithms.git
Fetching https://github.com/apple/swift-configuration.git
[1/2867] Fetching swift-nio-transport-services
[2/4368] Fetching swift-nio-transport-services, swift-service-context
[190/10532] Fetching swift-nio-transport-services, swift-service-context, swift-algorithms
[191/14460] Fetching swift-nio-transport-services, swift-service-context, swift-algorithms, swift-configuration
[732/21011] Fetching swift-nio-transport-services, swift-service-context, swift-algorithms, swift-configuration, swift-distributed-tracing
[1114/22900] Fetching swift-nio-transport-services, swift-service-context, swift-algorithms, swift-configuration, swift-distributed-tracing, swift-atomics
Fetched https://github.com/apple/swift-configuration.git from cache (0.54s)
Fetching https://github.com/apple/swift-nio-extras.git
Fetched https://github.com/apple/swift-service-context.git from cache (0.58s)
Fetched https://github.com/apple/swift-nio-transport-services.git from cache (0.58s)
Fetched https://github.com/apple/swift-atomics.git from cache (0.58s)
Fetched https://github.com/apple/swift-algorithms.git from cache (0.58s)
Fetching https://github.com/apple/swift-nio-ssl.git
Fetching https://github.com/apple/swift-nio-http2.git
Fetched https://github.com/apple/swift-distributed-tracing.git from cache (0.59s)
[1/6703] Fetching swift-nio-extras
[2281/23583] Fetching swift-nio-extras, swift-nio-ssl
[7380/35877] Fetching swift-nio-extras, swift-nio-ssl, swift-nio-http2
Fetched https://github.com/apple/swift-nio-extras.git from cache (0.55s)
[1797/29174] Fetching swift-nio-ssl, swift-nio-http2
Fetched https://github.com/apple/swift-nio-http2.git from cache (0.98s)
Fetched https://github.com/apple/swift-nio-ssl.git from cache (1.28s)
Computing version for https://github.com/apple/swift-service-context.git
Computed https://github.com/apple/swift-service-context.git at 1.3.0 (2.03s)
Computing version for https://github.com/apple/swift-algorithms.git
Computed https://github.com/apple/swift-algorithms.git at 1.2.1 (0.89s)
Fetching https://github.com/apple/swift-numerics.git
[1/6742] Fetching swift-numerics
Fetched https://github.com/apple/swift-numerics.git from cache (0.53s)
Computing version for https://github.com/apple/swift-log
Computed https://github.com/apple/swift-log at 1.16.1 (0.70s)
Computing version for https://github.com/apple/swift-distributed-tracing.git
Computed https://github.com/apple/swift-distributed-tracing.git at 1.5.0 (0.16s)
Computing version for https://github.com/apple/swift-atomics.git
Computed https://github.com/apple/swift-atomics.git at 1.3.1 (0.15s)
Computing version for https://github.com/apple/swift-numerics.git
Computed https://github.com/apple/swift-numerics.git at 1.1.1 (0.14s)
Computing version for https://github.com/apple/swift-nio
Computed https://github.com/apple/swift-nio at 2.104.0 (0.35s)
Fetching https://github.com/apple/swift-collections.git
[1/28703] Fetching swift-collections
Fetched https://github.com/apple/swift-collections.git from cache (1.20s)
Computing version for https://github.com/apple/swift-configuration.git
Computed https://github.com/apple/swift-configuration.git at 1.2.2 (2.02s)
Fetching https://github.com/swift-server/swift-service-lifecycle
[1/2867] Fetching swift-service-lifecycle
Fetched https://github.com/swift-server/swift-service-lifecycle from cache (0.47s)
Computing version for https://github.com/apple/swift-nio-transport-services.git
Computed https://github.com/apple/swift-nio-transport-services.git at 1.28.0 (0.64s)
Computing version for https://github.com/swift-server/swift-service-lifecycle
Computed https://github.com/swift-server/swift-service-lifecycle at 2.12.1 (0.15s)
Fetching https://github.com/apple/swift-async-algorithms.git
[1/6820] Fetching swift-async-algorithms
Fetched https://github.com/apple/swift-async-algorithms.git from cache (0.52s)
Computing version for https://github.com/apple/swift-async-algorithms.git
Computed https://github.com/apple/swift-async-algorithms.git at 1.1.7 (0.74s)
Computing version for https://github.com/apple/swift-collections.git
Computed https://github.com/apple/swift-collections.git at 1.7.2 (0.25s)
Computing version for https://github.com/apple/swift-nio-http2.git
Computed https://github.com/apple/swift-nio-http2.git at 1.46.0 (0.17s)
Computing version for https://github.com/vapor/jwt-kit.git
Computed https://github.com/vapor/jwt-kit.git at 5.7.1 (0.15s)
Fetching https://github.com/apple/swift-crypto.git
Fetching https://github.com/apple/swift-certificates.git
[1/18629] Fetching swift-crypto
[560/26242] Fetching swift-crypto, swift-certificates
Fetched https://github.com/apple/swift-certificates.git from cache (0.55s)
[2050/18629] Fetching swift-crypto
Fetched https://github.com/apple/swift-crypto.git from cache (1.24s)
Computing version for https://github.com/apple/swift-crypto.git
Computed https://github.com/apple/swift-crypto.git at 4.5.2 (1.86s)
Fetching https://github.com/apple/swift-asn1.git
[1/2009] Fetching swift-asn1
Fetched https://github.com/apple/swift-asn1.git from cache (0.40s)
Computing version for https://github.com/apple/swift-asn1.git
Computed https://github.com/apple/swift-asn1.git at 1.7.3 (0.60s)
Computing version for https://github.com/apple/swift-certificates.git
Computed https://github.com/apple/swift-certificates.git at 1.21.0 (0.22s)
Computing version for https://github.com/apple/swift-nio-ssl.git
Computed https://github.com/apple/swift-nio-ssl.git at 2.37.5 (0.19s)
Computing version for https://github.com/apple/swift-system.git
Computed https://github.com/apple/swift-system.git at 1.8.1 (0.18s)
Computing version for https://github.com/apple/swift-nio-extras.git
Computed https://github.com/apple/swift-nio-extras.git at 1.35.1 (0.28s)
Fetching https://github.com/apple/swift-http-structured-headers.git
Fetching https://github.com/apple/swift-http-types.git
[1/1253] Fetching swift-http-structured-headers
[52/3192] Fetching swift-http-structured-headers, swift-http-types
Fetched https://github.com/apple/swift-http-types.git from cache (0.38s)
Fetched https://github.com/apple/swift-http-structured-headers.git from cache (0.38s)
Computing version for https://github.com/apple/swift-http-structured-headers.git
Computed https://github.com/apple/swift-http-structured-headers.git at 1.7.0 (0.55s)
Computing version for https://github.com/apple/swift-http-types.git
Computed https://github.com/apple/swift-http-types.git at 1.8.0 (0.18s)
Creating working copy for https://github.com/apple/swift-nio-ssl.git
Working copy of https://github.com/apple/swift-nio-ssl.git resolved at 2.37.5
Creating working copy for https://github.com/apple/swift-http-types.git
Working copy of https://github.com/apple/swift-http-types.git resolved at 1.8.0
Creating working copy for https://github.com/apple/swift-service-context.git
Working copy of https://github.com/apple/swift-service-context.git resolved at 1.3.0
Creating working copy for https://github.com/apple/swift-async-algorithms.git
Working copy of https://github.com/apple/swift-async-algorithms.git resolved at 1.1.7
Creating working copy for https://github.com/apple/swift-asn1.git
Working copy of https://github.com/apple/swift-asn1.git resolved at 1.7.3
Creating working copy for https://github.com/googleapis/swift-google-type
Working copy of https://github.com/googleapis/swift-google-type resolved at 0.5.0
Creating working copy for https://github.com/apple/swift-system.git
Working copy of https://github.com/apple/swift-system.git resolved at 1.8.1
Creating working copy for https://github.com/swift-server/async-http-client.git
Working copy of https://github.com/swift-server/async-http-client.git resolved at 1.36.2
Creating working copy for https://github.com/apple/swift-configuration.git
Working copy of https://github.com/apple/swift-configuration.git resolved at 1.2.2
Creating working copy for https://github.com/googleapis/swift-google-rpc
Working copy of https://github.com/googleapis/swift-google-rpc resolved at 0.5.0
Creating working copy for https://github.com/apple/swift-atomics.git
Working copy of https://github.com/apple/swift-atomics.git resolved at 1.3.1
Creating working copy for https://github.com/swift-extras/swift-extras-base64
Working copy of https://github.com/swift-extras/swift-extras-base64 resolved at 1.2.0
Creating working copy for https://github.com/apple/swift-nio-transport-services.git
Working copy of https://github.com/apple/swift-nio-transport-services.git resolved at 1.28.0
Creating working copy for https://github.com/googleapis/swift-google-gax
Working copy of https://github.com/googleapis/swift-google-gax resolved at 0.5.0
Creating working copy for https://github.com/apple/swift-collections.git
Working copy of https://github.com/apple/swift-collections.git resolved at 1.7.2
Creating working copy for https://github.com/apple/swift-nio-http2.git
Working copy of https://github.com/apple/swift-nio-http2.git resolved at 1.46.0
Creating working copy for https://github.com/googleapis/swift-google-auth
Working copy of https://github.com/googleapis/swift-google-auth resolved at 0.5.0
Creating working copy for https://github.com/apple/swift-log
Working copy of https://github.com/apple/swift-log resolved at 1.16.1
Creating working copy for https://github.com/googleapis/swift-google-wkt
Working copy of https://github.com/googleapis/swift-google-wkt resolved at 0.5.0
Creating working copy for https://github.com/apple/swift-numerics.git
Working copy of https://github.com/apple/swift-numerics.git resolved at 1.1.1
Creating working copy for https://github.com/googleapis/swift-google-longrunning
Working copy of https://github.com/googleapis/swift-google-longrunning resolved at 0.5.0
Creating working copy for https://github.com/apple/swift-distributed-tracing.git
Working copy of https://github.com/apple/swift-distributed-tracing.git resolved at 1.5.0
Creating working copy for https://github.com/apple/swift-nio
Working copy of https://github.com/apple/swift-nio resolved at 2.104.0
Creating working copy for https://github.com/vapor/jwt-kit.git
Working copy of https://github.com/vapor/jwt-kit.git resolved at 5.7.1
Creating working copy for https://github.com/apple/swift-crypto.git
Working copy of https://github.com/apple/swift-crypto.git resolved at 4.5.2
Creating working copy for https://github.com/swift-server/swift-service-lifecycle
Working copy of https://github.com/swift-server/swift-service-lifecycle resolved at 2.12.1
Creating working copy for https://github.com/apple/swift-nio-extras.git
Working copy of https://github.com/apple/swift-nio-extras.git resolved at 1.35.1
Creating working copy for https://github.com/apple/swift-certificates.git
Working copy of https://github.com/apple/swift-certificates.git resolved at 1.21.0
Creating working copy for https://github.com/apple/swift-http-structured-headers.git
Working copy of https://github.com/apple/swift-http-structured-headers.git resolved at 1.7.0
Creating working copy for https://github.com/apple/swift-algorithms.git
Working copy of https://github.com/apple/swift-algorithms.git resolved at 1.2.1
Building for debugging...
[0/958] Write sources
[29/958] Compiling chacha20_poly1305_armv8-win.S
[30/958] Write sources
[31/958] Compiling _AtomicsShims.c
[33/958] Write sources
[61/958] Compiling _NumericsShims _NumericsShims.c
[62/958] Compiling chacha20_poly1305_armv8-apple.S
[63/958] Compiling chacha20_poly1305_x86_64-linux.S
[64/958] Compiling chacha20_poly1305_x86_64-apple.S
[65/958] Compiling SimpleFIPS202.c
[66/958] Compiling CXKCPShims shims.c
[67/958] Compiling chacha20_poly1305_armv8-linux.S
[68/958] Compiling CNIOWindows shim.c
[68/958] Write swift-version--11D90AFD9DD3AB2.txt
[70/958] Compiling CNIOWindows WSAStartup.c
[71/958] Compiling KeccakHash.c
[71/958] Compiling CNIOWASI CNIOWASI.c
[73/958] Compiling KeccakSponge.c
[74/958] Compiling CNIOPosix event_loop_id.c
[75/958] Compiling CSystem shims.c
[76/958] Compiling CNIOOpenBSD shim.c
[77/1034] Compiling KeccakP-1600-opt64.c
[79/1045] Emitting module _NIODataStructures
[80/1045] Compiling SystemPackage IOCompletion.swift
[81/1045] Compiling SystemPackage IORequest.swift
[82/1045] Compiling SystemPackage IORing+Util.swift
[83/1045] Compiling SystemPackage IORing.swift
[84/1045] Compiling SystemPackage RawIORequest.swift
[85/1050] Compiling RealModule Float80+Real.swift
[86/1051] Emitting module RealModule
[87/1051] Compiling ServiceContextModule ServiceContextKey.swift
[88/1051] Compiling RealModule Float16+Real.swift
[89/1051] Compiling RealModule RelaxedArithmetic.swift
[90/1051] Compiling Logging LogEvent.swift
[91/1051] Compiling Logging LogHandler.swift
[92/1051] Compiling Logging SwiftLogNoOpLogHandler.swift
[93/1051] Compiling Logging Locks.swift
[94/1051] Compiling Logging MultiplexLogHandler.swift
[95/1051] Compiling Logging StreamLogHandler.swift
[96/1051] Compiling _NIOBase64 Base64.swift
[97/1051] Emitting module _NIOBase64
[98/1052] Emitting module ServiceContextModule
[99/1052] Compiling ServiceContextModule ServiceContext.swift
[101/1053] Compiling RealModule Real.swift
[102/1053] Compiling RealModule RealFunctions.swift
[103/1053] Compiling _CertificateInternals _TinyArray.swift
[104/1053] Emitting module _CertificateInternals
[107/1055] Emitting module SystemPackage
[109/1055] Compiling Logging Logger+Attributes.swift
[110/1055] Compiling Logging Logger+With.swift
[113/1056] Compiling _NIODataStructures Heap.swift
[114/1056] Compiling _NIODataStructures PriorityQueue.swift
[115/1056] Compiling _NIODataStructures _TinyArray.swift
[115/1057] Wrapping AST for _NIOBase64 for debugging
[116/1057] Wrapping AST for _CertificateInternals for debugging
[117/1087] Wrapping AST for ServiceContextModule for debugging
[120/1096] Compiling Instrumentation NoOpInstrument.swift
[121/1096] Compiling Logging Logger.swift
[122/1096] Compiling Logging LoggingSystem.swift
[122/1096] Wrapping AST for RealModule for debugging
[123/1096] Wrapping AST for _NIODataStructures for debugging
[124/1096] Compiling CNIOLinux liburing_shims.c
[125/1096] Compiling CNIOLinux shim.c
[127/1096] Compiling InternalCollectionsUtilities RandomAccessCollection+Offsets.swift
[128/1096] Compiling InternalCollectionsUtilities Span+Extras.swift
[129/1098] Compiling InternalCollectionsUtilities Iterable+CopyContents.swift
[130/1098] Compiling InternalCollectionsUtilities Iterable+Equality.swift
[131/1098] Compiling InternalCollectionsUtilities LifetimeOverride.swift
[132/1098] Compiling InternalCollectionsUtilities MutableRef.swift
[133/1101] Compiling Instrumentation Instrument.swift
[134/1101] Compiling Instrumentation MultiplexInstrument.swift
[135/1101] Emitting module Instrumentation
[135/1101] Compiling CNIOLLHTTP c_nio_http.c
[136/1101] Compiling CNIOLLHTTP c_nio_llhttp.c
[138/1101] Compiling InternalCollectionsUtilities BorrowingIteratorProtocol+Extras.swift
[139/1101] Compiling InternalCollectionsUtilities Debugging.swift
[140/1101] Compiling InternalCollectionsUtilities Descriptions.swift
[142/1101] Compiling InternalCollectionsUtilities BorrowingIteratorProtocol+Equality.swift
[143/1101] Compiling InternalCollectionsUtilities FixedWidthInteger+roundUpToPowerOfTwo.swift
[144/1101] Compiling InternalCollectionsUtilities Integer rank.swift
[144/1101] Compiling CNIOFreeBSD shim.c
[145/1101] Compiling CNIOExtrasZlib zutil.c
[147/1101] Compiling InternalCollectionsUtilities UnsafeMutablePointer+Extras.swift
[148/1101] Compiling InternalCollectionsUtilities UnsafeMutableRawBufferPointer+Extras.swift
[149/1101] Compiling InternalCollectionsUtilities UnsafePointer+Extras.swift
[149/1101] Compiling CNIOExtrasZlib trees.c
[150/1101] Compiling CNIOExtrasZlib inftrees.c
[152/1101] Compiling InternalCollectionsUtilities MutableSpan+Extras.swift
[153/1101] Compiling InternalCollectionsUtilities OutputSpan+Extras.swift
[156/1101] Compiling SystemPackage SystemString.swift
[157/1101] Compiling SystemPackage Util+StringArray.swift
[158/1101] Compiling SystemPackage Util.swift
[159/1101] Compiling SystemPackage UtilConsumers.swift
[160/1101] Compiling SystemPackage WinSDK+Overlay.swift
[160/1101] Compiling CNIOLLHTTP c_nio_api.c
[162/1101] Compiling InternalCollectionsUtilities UnsafeRawBufferPointer+Extras.swift
[163/1101] Compiling InternalCollectionsUtilities _SortedCollection.swift
[164/1101] Compiling InternalCollectionsUtilities _UniqueCollection.swift
[164/1101] Compiling CNIOExtrasZlib inffast.c
[165/1101] Compiling CNIOExtrasZlib inflate.c
[166/1101] Compiling CNIOExtrasZlib crc32.c
[167/1101] Compiling CNIOExtrasZlib deflate.c
[168/1101] Compiling CNIODarwin shim.c
[170/1101] Compiling InternalCollectionsUtilities _UnsafeBitSet+_Word.swift
[171/1101] Compiling InternalCollectionsUtilities _UnsafeBitSet.swift
[172/1101] Compiling InternalCollectionsUtilities UnsafeBufferPointer+Extras.swift
[173/1101] Compiling InternalCollectionsUtilities UnsafeMutableBufferPointer+Extras.swift
[174/1101] Compiling SwiftASN1 DER.swift
[175/1101] Compiling SwiftASN1 Errors.swift
[175/1101] Compiling CNIOExtrasZlib adler32.c
[176/1101] Compiling fiat_p256_adx_sqr.S
[180/1101] Compiling InternalCollectionsUtilities TemporaryAllocation.swift
[181/1101] Compiling InternalCollectionsUtilities _UnsafeBitSet+Index.swift
[181/1101] Compiling fiat_p256_adx_mul.S
[182/1101] Compiling fiat_curve25519_adx_square.S
[183/1101] Compiling CNIOBoringSSLShims shims.c
[184/1101] Compiling fiat_curve25519_adx_mul.S
[188/1101] Compiling InternalCollectionsUtilities UInt+first and last set bit.swift
[189/1101] Compiling InternalCollectionsUtilities UInt+reversed.swift
[194/1101] Compiling ExtrasBase64 Base32+Span.swift
[195/1101] Compiling ExtrasBase64 Base32.swift
[212/1101] Emitting module Logging
[219/1101] Compiling SystemPackage PlatformString.swift
[220/1101] Compiling SystemPackage Backcompat.swift
[221/1101] Compiling SystemPackage CInterop.swift
[222/1101] Compiling SystemPackage Constants.swift
[223/1101] Compiling SystemPackage Exports.swift
[224/1101] Compiling SystemPackage Mocking.swift
[225/1101] Emitting module SwiftASN1
[236/1101] Emitting module InternalCollectionsUtilities
[244/1104] Compiling Instrumentation Locks.swift
[245/1104] Compiling Instrumentation InstrumentationSystem.swift
[246/1105] Compiling Logging MetadataProvider.swift
[248/1106] Wrapping AST for SwiftASN1 for debugging
[249/1106] Wrapping AST for SystemPackage for debugging
[250/1110] Wrapping AST for Logging for debugging
[252/1113] Compiling SpanPreview OutputSpan+InputSpanHelpers.swift
[252/1113] Wrapping AST for InternalCollectionsUtilities for debugging
[254/1117] Emitting module SpanPreview
[254/1118] Wrapping AST for Instrumentation for debugging
[256/1118] Compiling SpanPreview MutableSpan+InputSpanHelpers.swift
[257/1118] Compiling SpanPreview InputSpan.swift
[259/1161] Compiling Tracing InstrumentationSystem+Tracing.swift
[260/1161] Compiling Tracing NoOpTracer.swift
[261/1162] Compiling Tracing TracingTime.swift
[262/1162] Emitting module Tracing
[263/1162] Compiling Tracing WithTracer.swift
[264/1162] Compiling Tracing TracerProtocol.swift
[265/1162] Compiling DequeModule UniqueDeque+Consumption.swift
[266/1162] Compiling DequeModule UniqueDeque+ContainerOperations.swift
[267/1162] Compiling DequeModule UniqueDeque+Deprecations.swift
[268/1162] Compiling DequeModule UniqueDeque+Descriptions.swift
[269/1162] Compiling DequeModule UniqueDeque+Equatable.swift
[270/1162] Compiling DequeModule UniqueDeque+Hashable.swift
[271/1167] Compiling DequeModule UniqueDeque+Initializers.swift
[272/1167] Compiling DequeModule UniqueDeque+Insertions.swift
[273/1167] Compiling DequeModule UniqueDeque+Iterable.swift
[274/1167] Compiling DequeModule UniqueDeque+Prepend.swift
[275/1167] Compiling DequeModule UniqueDeque+Removals.swift
[275/1167] Compiling tls_method.cc
[276/1167] Compiling tls_record.cc
[277/1167] Wrapping AST for SpanPreview for debugging
[279/1167] Compiling Tracing TracerProtocol+Legacy.swift
[280/1167] Compiling Tracing Tracer.swift
[281/1167] Compiling Tracing SpanProtocol.swift
[283/1168] Compiling DequeModule _DequeBuffer.swift
[284/1168] Compiling DequeModule _DequeBufferHeader.swift
[285/1168] Compiling DequeModule RigidDeque+Append.swift
[286/1168] Compiling DequeModule RigidDeque+Consumption.swift
[287/1168] Compiling DequeModule RigidDeque+ContainerOperations.swift
[288/1168] Compiling DequeModule RigidDeque+Deprecations.swift
[289/1168] Compiling DequeModule RigidDeque+Prepend.swift
[290/1168] Compiling DequeModule RigidDeque+Removals.swift
[291/1168] Compiling DequeModule RigidDeque+Replacements.swift
[292/1168] Compiling DequeModule RigidDeque+Testing.swift
[293/1168] Compiling DequeModule RigidDeque.swift
[294/1168] Compiling DequeModule UniqueDeque+Append.swift
[295/1168] Compiling DequeModule RigidDeque+Descriptions.swift
[296/1168] Compiling DequeModule RigidDeque+Equatable.swift
[297/1168] Compiling DequeModule RigidDeque+Hashable.swift
[298/1168] Compiling DequeModule RigidDeque+Initializers.swift
[299/1168] Compiling DequeModule RigidDeque+Insertions.swift
[300/1168] Compiling DequeModule RigidDeque+Iterable.swift
[301/1168] Compiling DequeModule Deque+Extras.swift
[302/1168] Compiling DequeModule Deque+Hashable.swift
[303/1168] Compiling DequeModule Deque+Testing.swift
[304/1168] Compiling DequeModule Deque._Storage.swift
[305/1168] Compiling DequeModule Deque._UnsafeHandle.swift
[306/1168] Compiling DequeModule Deque.swift
[307/1168] Compiling DequeModule Deque+Codable.swift
[308/1168] Compiling DequeModule Deque+Collection.swift
[309/1168] Compiling DequeModule Deque+CustomReflectable.swift
[310/1168] Compiling DequeModule Deque+Descriptions.swift
[311/1168] Compiling DequeModule Deque+Equatable.swift
[312/1168] Compiling DequeModule Deque+ExpressibleByArrayLiteral.swift
[312/1168] Compiling t1_enc.cc
[313/1168] Wrapping AST for Tracing for debugging
[314/1168] Compiling tls13_enc.cc
[315/1168] Compiling tls13_server.cc
[316/1168] Compiling tls13_client.cc
[317/1168] Compiling ssl_versions.cc
[318/1168] Compiling ssl_x509.cc
[319/1168] Compiling tls13_both.cc
[320/1168] Compiling ssl_session.cc
[321/1168] Compiling ssl_transcript.cc
[322/1168] Compiling ssl_privkey.cc
[323/1168] Compiling ssl_key_share.cc
[325/1168] Compiling DequeModule UniqueDeque+Replacements.swift
[326/1168] Compiling DequeModule UniqueDeque.swift
[327/1168] Compiling DequeModule _DequeSlot.swift
[328/1168] Compiling DequeModule _UnsafeDequeHandle.swift
[329/1168] Compiling DequeModule _UnsafeDequeSegments.swift
[329/1168] Compiling ssl_stat.cc
[330/1168] Compiling ssl_lib.cc
[331/1168] Compiling ssl_file.cc
[332/1168] Compiling ssl_cipher.cc
[333/1168] Compiling ssl_credential.cc
[335/1168] Emitting module DequeModule
[336/1169] Emitting module ExtrasBase64
[337/1169] Compiling ssl_asn1.cc
[338/1169] Compiling ssl_cert.cc
[339/1169] Compiling ssl_buffer.cc
[340/1169] Wrapping AST for DequeModule for debugging
[341/1212] Compiling s3_lib.cc
[342/1212] Compiling ssl_aead_ctx.cc
[343/1212] Compiling s3_pkt.cc
[345/1212] Compiling ExtrasBase64 Base64+Span.swift
[346/1212] Compiling ExtrasBase64 Base64.swift
[348/1213] Compiling Configuration Deprecations.swift
[349/1213] Compiling Configuration ExpressibleByConfigInt.swift
[350/1213] Compiling Configuration ExpressibleByConfigString.swift
[351/1213] Compiling Configuration CLIKeyEncoder.swift
[352/1213] Compiling Configuration ConfigKeyEncoder.swift
[353/1213] Compiling Configuration DotSeparatorKeyDecoder.swift
[353/1218] Compiling s3_both.cc
[354/1249] Compiling handshake_client.cc
[355/1249] Wrapping AST for ExtrasBase64 for debugging
[356/1249] Compiling handoff.cc
[357/1249] Compiling handshake.cc
[358/1249] Compiling handshake_server.cc
[360/1249] Compiling GoogleWKT UnknownFields.swift
[361/1249] Compiling GoogleWKT WKTAny.swift
[362/1249] Compiling GoogleWKT WKTAnyError.swift
[363/1249] Compiling GoogleWKT WKTBoolValue.swift
[364/1249] Compiling GoogleWKT WKTBytesValue.swift
[365/1253] Compiling GoogleWKT WKTField.swift
[366/1253] Compiling GoogleWKT WKTMethod.swift
[367/1253] Compiling GoogleWKT WKTMixin.swift
[368/1253] Compiling GoogleWKT WKTOption.swift
[369/1253] Emitting module GoogleWKT
[370/1253] Compiling GoogleWKT WKTFloatValue.swift
[371/1253] Compiling GoogleWKT WKTInt32Value.swift
[372/1253] Compiling GoogleWKT WKTInt64Value.swift
[373/1253] Compiling GoogleWKT WKTRecursive.swift
[373/1253] Compiling dtls_record.cc
[375/1253] Compiling GoogleWKT WKTStringValue.swift
[376/1253] Compiling GoogleWKT WKTTimestamp.swift
[377/1253] Compiling GoogleWKT WKTUInt32Value.swift
[378/1253] Compiling GoogleWKT WKTUInt64Value.swift
[379/1253] Compiling GoogleWKT WKTValue.swift
[380/1253] Compiling GoogleWKT WKTApi.swift
[381/1253] Compiling GoogleWKT WKTEnum.swift
[382/1253] Compiling GoogleWKT WKTEnumValue.swift
[383/1253] Compiling GoogleWKT WKTDoubleValue.swift
[384/1253] Compiling GoogleWKT WKTDuration.swift
[385/1253] Compiling GoogleWKT WKTEmpty.swift
[386/1253] Compiling GoogleWKT WKTFieldMask.swift
[386/1253] Compiling encrypted_client_hello.cc
[393/1253] Compiling extensions.cc
[395/1253] Compiling GoogleWKT WKTSourceContext.swift
[396/1253] Compiling GoogleWKT WKTSyntax.swift
[397/1253] Compiling GoogleWKT WKTType.swift
[398/1253] Compiling GoogleWKT PackageVersion.swift
[399/1253] Compiling Configuration FileProvider.swift
[400/1253] Compiling Configuration FileProviderSnapshot.swift
[407/1253] Compiling Configuration MutableInMemoryProvider.swift
[408/1253] Compiling Configuration ConfigProvider+Operators.swift
[409/1253] Compiling Configuration KeyMappingProvider.swift
[410/1253] Compiling Configuration SecretsSpecifier.swift
[411/1253] Compiling Configuration AsyncCombineLatestManySequence.swift
[412/1253] Compiling Configuration CombineLatestManyStateMachine.swift
[413/1253] Compiling Configuration CombineLatestManyStorage.swift
[414/1253] Compiling Configuration AsyncSequences.swift
[415/1253] Compiling Configuration FoundationExtensions.swift
[416/1253] Compiling Configuration Span.swift
[417/1253] Compiling Configuration ConfigBytesFromStringDecoder.swift
[421/1253] Compiling d1_pkt.cc
[422/1253] Compiling md5-x86_64-linux.S
[423/1253] Compiling md5-x86_64-apple.S
[424/1253] Compiling md5-586-linux.S
[425/1253] Compiling d1_srtp.cc
[426/1253] Compiling md5-586-apple.S
[427/1253] Compiling dtls_method.cc
[428/1253] Compiling GoogleWKT AnyPackable.swift
[429/1253] Compiling GoogleWKT DecodeToDefault.swift
[430/1253] Compiling GoogleWKT DiscoveryBase64.swift
[432/1253] Compiling GoogleWKT ProtoJSONDecoder.swift
[433/1253] Compiling GoogleWKT ProtoJSONEncoder.swift
[433/1254] Compiling chacha-x86_64-linux.S
[434/1254] Compiling chacha-x86_64-apple.S
[436/1254] Compiling chacha-x86-linux.S
[437/1254] Compiling chacha-x86-apple.S
[438/1254] Compiling chacha-armv8-win.S
[439/1254] Compiling chacha-armv8-linux.S
[440/1254] Compiling chacha-armv8-apple.S
[441/1285] Compiling bio_ssl.cc
[442/1287] Compiling d1_lib.cc
[443/1287] Wrapping AST for GoogleWKT for debugging
[444/1287] Compiling chacha-armv4-linux.S
[445/1287] Compiling aes128gcmsiv-x86_64-apple.S
[446/1287] Compiling x86_64-mont5-linux.S
[447/1287] Compiling aes128gcmsiv-x86_64-linux.S
[448/1287] Compiling x86_64-mont-apple.S
[449/1287] Compiling x86_64-mont5-apple.S
[450/1287] Compiling x86_64-mont-linux.S
[451/1287] Compiling x86-mont-apple.S
[452/1287] Compiling x86-mont-linux.S
[453/1287] Compiling vpaes-x86_64-linux.S
[454/1287] Compiling vpaes-x86_64-apple.S
[455/1287] Compiling vpaes-x86-apple.S
[456/1287] Compiling vpaes-x86-linux.S
[457/1287] Compiling vpaes-armv8-win.S
[458/1287] Compiling vpaes-armv8-apple.S
[459/1287] Compiling vpaes-armv7-linux.S
[460/1287] Compiling vpaes-armv8-linux.S
[461/1287] Compiling sha512-x86_64-apple.S
[462/1287] Compiling sha512-x86_64-linux.S
[463/1287] Compiling d1_both.cc
[464/1287] Compiling sha512-armv8-apple.S
[466/1287] Compiling GoogleRpc HttpRequest.swift
[467/1287] Compiling GoogleRpc HttpResponse.swift
[467/1289] Compiling sha512-armv4-linux.S
[468/1289] Compiling sha512-armv8-linux.S
[469/1289] Compiling sha512-armv8-win.S
[470/1289] Compiling sha512-586-linux.S
[471/1289] Compiling sha256-x86_64-apple.S
[472/1289] Compiling sha256-x86_64-linux.S
[473/1289] Compiling sha512-586-apple.S
[475/1289] Compiling GoogleRpc ResourceInfo.swift
[476/1289] Compiling GoogleRpc RetryInfo.swift
[477/1289] Compiling GoogleRpc Status.swift
[478/1289] Compiling GoogleType Quaternion.swift
[478/1291] Compiling sha256-armv8-win.S
[479/1291] Compiling sha256-armv8-linux.S
[480/1291] Compiling sha256-armv8-apple.S
[481/1291] Compiling sha256-586-linux.S
[482/1291] Compiling sha256-armv4-linux.S
[484/1291] Compiling GoogleRpc BadRequest.swift
[485/1291] Compiling GoogleRpc Code.swift
[485/1291] Compiling sha1-x86_64-apple.S
[486/1291] Compiling sha1-x86_64-linux.S
[488/1291] Compiling GoogleRpc LocalizedMessage.swift
[489/1291] Compiling GoogleRpc PackageVersion.swift
[489/1291] Compiling sha256-586-apple.S
[490/1291] Compiling sha1-armv8-win.S
[492/1291] Emitting module GoogleType
[492/1291] Compiling sha1-armv8-apple.S
[493/1291] Compiling sha1-armv4-large-linux.S
[494/1291] Compiling err_data.cc
[495/1291] Compiling sha1-586-linux.S
[496/1291] Compiling sha1-armv8-linux.S
[497/1291] Compiling rsaz-avx2-linux.S
[498/1291] Compiling rsaz-avx2-apple.S
[498/1291] Compiling sha1-586-apple.S
[500/1291] Compiling rdrand-x86_64-linux.S
[501/1291] Compiling rdrand-x86_64-apple.S
[502/1291] Compiling p256_beeu-x86_64-asm-linux.S
[503/1291] Compiling p256_beeu-armv8-asm-win.S
[504/1291] Compiling p256_beeu-x86_64-asm-apple.S
[505/1291] Compiling p256_beeu-armv8-asm-linux.S
[506/1291] Compiling p256-x86_64-asm-linux.S
[510/1291] Emitting module GoogleRpc
[511/1291] Compiling GoogleRpc DebugInfo.swift
[512/1291] Compiling GoogleRpc ErrorInfo.swift
[513/1291] Compiling GoogleRpc Help.swift
[514/1291] Compiling GoogleRpc HttpHeader.swift
[514/1291] Compiling p256_beeu-armv8-asm-apple.S
[515/1291] Compiling p256-x86_64-asm-apple.S
[516/1291] Compiling p256-armv8-asm-win.S
[520/1291] Compiling GoogleType TimeOfDay.swift
[521/1291] Compiling GoogleType TimeZone.swift
[521/1291] Compiling p256-armv8-asm-linux.S
[522/1291] Compiling p256-armv8-asm-apple.S
[523/1291] Compiling ghashv8-armv8-win.S
[523/1291] Compiling ghashv8-armv8-apple.S
[524/1291] Compiling GoogleRpc RequestInfo.swift
[527/1291] Compiling ghashv8-armv8-linux.S
[528/1291] Compiling ghash-x86_64-linux.S
[528/1291] Compiling ghash-x86-linux.S
[528/1291] Compiling ghashv8-armv7-linux.S
[531/1291] Compiling ghash-x86-apple.S
[532/1291] Compiling ghash-x86_64-apple.S
[533/1291] Compiling ghash-ssse3-x86-apple.S
[534/1291] Compiling ghash-ssse3-x86_64-linux.S
[535/1291] Compiling ghash-ssse3-x86_64-apple.S
[535/1291] Compiling ghash-ssse3-x86-linux.S
[537/1291] Compiling ghash-neon-armv8-win.S
[538/1291] Compiling ghash-neon-armv8-apple.S
[539/1291] Compiling ghash-armv4-linux.S
[540/1291] Compiling co-586-apple.S
[541/1291] Compiling co-586-linux.S
[542/1291] Compiling ghash-neon-armv8-linux.S
[543/1291] Compiling bsaes-armv7-linux.S
[547/1291] Compiling GoogleRpc PreconditionFailure.swift
[548/1291] Compiling GoogleRpc QuotaFailure.swift
[549/1291] Compiling bn-armv8-linux.S
[550/1291] Compiling bn-armv8-win.S
[551/1291] Compiling bn-armv8-apple.S
[552/1291] Compiling bn-586-apple.S
[553/1291] Compiling bn-586-linux.S
[554/1291] Compiling armv8-mont-linux.S
[555/1291] Compiling armv8-mont-win.S
[556/1291] Compiling armv8-mont-apple.S
[559/1292] Compiling armv4-mont-linux.S
[567/1292] Emitting module Configuration
[573/1292] Compiling aesv8-gcm-armv8-win.S
[575/1293] Compiling aesv8-gcm-armv8-apple.S
[582/1293] Compiling aesv8-armv8-win.S
[582/1293] Compiling aesv8-gcm-armv8-linux.S
[584/1293] Compiling aesv8-armv8-linux.S
[585/1294] Compiling aesv8-armv8-apple.S
[587/1294] Compiling aesni-x86_64-apple.S
[588/1294] Compiling aesni-x86-linux.S
[589/1294] Compiling aesv8-armv7-linux.S
[589/1294] Compiling aesni-x86_64-linux.S
[592/1294] Wrapping AST for GoogleRpc for debugging
[593/1294] Compiling aesni-x86-apple.S
[594/1294] Compiling aesni-gcm-x86_64-apple.S
[595/1294] Compiling aes-gcm-avx10-x86_64-linux.S
[596/1294] Compiling aes-gcm-avx2-x86_64-apple.S
[597/1294] Compiling aesni-gcm-x86_64-linux.S
[598/1294] Compiling aes-gcm-avx2-x86_64-linux.S
[599/1294] Compiling aes-gcm-avx10-x86_64-apple.S
[600/1294] Wrapping AST for GoogleType for debugging
[601/1294] Wrapping AST for Configuration for debugging
[602/1294] Compiling x_x509.cc
[603/1294] Compiling x_pubkey.cc
[604/1294] Compiling x_sig.cc
[605/1294] Compiling x_x509a.cc
[606/1294] Compiling x_name.cc
[607/1294] Compiling x_val.cc
[608/1294] Compiling x_spki.cc
[608/1294] Compiling x_req.cc
[610/1294] Compiling x_attrib.cc
[611/1294] Compiling x_crl.cc
[612/1294] Compiling x_algor.cc
[613/1294] Compiling x_all.cc
[614/1294] Compiling x_exten.cc
[615/1294] Compiling x509name.cc
[616/1294] Compiling x509cset.cc
[617/1294] Compiling x509spki.cc
[618/1294] Compiling x509rset.cc
[619/1294] Compiling x509_v3.cc
[620/1294] Compiling x509_txt.cc
[621/1294] Compiling x509_trs.cc
[622/1294] Compiling x509_set.cc
[623/1294] Compiling x509_vpm.cc
[624/1294] Compiling x509_vfy.cc
[625/1294] Compiling x509_req.cc
[626/1294] Compiling x509_obj.cc
[627/1294] Compiling x509_ext.cc
[628/1294] Compiling x509_def.cc
[629/1294] Compiling x509_cmp.cc
[630/1294] Compiling x509_lu.cc
[631/1294] Compiling x509_att.cc
[632/1294] Compiling x509_d2.cc
[633/1294] Compiling v3_utl.cc
[634/1294] Compiling x509.cc
[635/1294] Compiling v3_purp.cc
[636/1294] Compiling v3_prn.cc
[637/1294] Compiling v3_skey.cc
[638/1294] Compiling v3_pmaps.cc
[639/1294] Compiling v3_ncons.cc
[640/1294] Compiling v3_ocsp.cc
[641/1294] Compiling v3_pcons.cc
[642/1294] Compiling v3_lib.cc
[643/1294] Compiling v3_int.cc
[644/1294] Compiling v3_extku.cc
[645/1294] Compiling v3_enum.cc
[646/1294] Compiling v3_info.cc
[647/1294] Compiling v3_ia5.cc
[648/1294] Compiling v3_bitst.cc
[649/1294] Compiling v3_genn.cc
[650/1294] Compiling v3_crld.cc
[651/1294] Compiling v3_cpols.cc
[652/1294] Compiling v3_akey.cc
[653/1294] Compiling v3_bcons.cc
[654/1294] Compiling t_x509a.cc
[655/1294] Compiling v3_conf.cc
[656/1294] Compiling v3_akeya.cc
[657/1294] Compiling v3_alt.cc
[658/1294] Compiling t_req.cc
[659/1294] Compiling t_crl.cc
[660/1294] Compiling t_x509.cc
[661/1294] Compiling i2d_pr.cc
[662/1294] Compiling asn1_gen.cc
[663/1294] Compiling rsa_pss.cc
[664/1294] Compiling algorithm.cc
[665/1294] Compiling a_verify.cc
[666/1294] Compiling name_print.cc
[667/1294] Compiling policy.cc
[668/1294] Compiling by_file.cc
[669/1294] Compiling by_dir.cc
[670/1294] Compiling a_sign.cc
[671/1294] Compiling voprf.cc
[672/1294] Compiling thread.cc
[673/1294] Compiling thread_none.cc
[674/1294] Compiling thread_win.cc
[675/1294] Compiling pmbtoken.cc
[676/1294] Compiling a_digest.cc
[677/1294] Compiling thread_pthread.cc
[678/1294] Compiling trust_token.cc
[679/1294] Compiling spake2plus.cc
[680/1294] Compiling stack.cc
[681/1294] Compiling siphash.cc
[682/1294] Compiling sha512.cc
[683/1294] Compiling slhdsa.cc
[684/1294] Compiling rsa_extra.cc
[685/1294] Compiling sha256.cc
[686/1294] Compiling rsa_print.cc
[687/1294] Compiling sha1.cc
[688/1294] Compiling trusty.cc
[689/1294] Compiling urandom.cc
[690/1294] Compiling rsa_crypt.cc
[691/1294] Compiling refcount.cc
[692/1294] Compiling passive.cc
[692/1294] Compiling ios.cc
[694/1294] Compiling rsa_asn1.cc
[695/1294] Compiling forkunsafe.cc
[696/1294] Compiling rc4.cc
[697/1294] Compiling windows.cc
[698/1294] Compiling poly1305_arm_asm.S
[699/1294] Compiling rand.cc
[700/1294] Compiling getentropy.cc
[701/1294] Compiling deterministic.cc
[702/1294] Compiling poly1305_vec.cc
[703/1294] Compiling fork_detect.cc
[704/1294] Compiling poly1305.cc
[705/1294] Compiling poly1305_arm.cc
[706/1294] Compiling pool.cc
[707/1294] Compiling pkcs7_x509.cc
[708/1294] Compiling pem_pkey.cc
[709/1294] Compiling pkcs7.cc
[710/1294] Compiling pem_x509.cc
[711/1294] Compiling p5_pbev2.cc
[712/1294] Compiling pkcs8.cc
[713/1294] Compiling pkcs8_x509.cc
[714/1294] Compiling pem_pk8.cc
[715/1294] Compiling pem_xaux.cc
[716/1294] Compiling pem_oth.cc
[717/1294] Compiling pem_lib.cc
[718/1294] Compiling mem.cc
[719/1294] Compiling pem_info.cc
[720/1294] Compiling mlkem.cc
[721/1294] Compiling md5.cc
[722/1294] Compiling mldsa.cc
[723/1294] Compiling obj_xref.cc
[724/1294] Compiling poly_rq_mul.S
[725/1294] Compiling fips_shared_support.cc
[726/1294] Compiling lhash.cc
[727/1294] Compiling obj.cc
[728/1294] Compiling md4.cc
[729/1294] Compiling pem_all.cc
[730/1294] Compiling kyber.cc
[731/1294] Compiling ex_data.cc
[732/1294] Compiling pbkdf.cc
[733/1294] Compiling sign.cc
[734/1294] Compiling print.cc
[735/1294] Compiling hrss.cc
[736/1294] Compiling scrypt.cc
[737/1294] Compiling hpke.cc
[738/1294] Compiling p_x25519.cc
[739/1294] Compiling p_rsa_asn1.cc
[740/1294] Compiling p_ed25519_asn1.cc
[741/1294] Compiling p_x25519_asn1.cc
[742/1294] Compiling p_ed25519.cc
[743/1294] Compiling p_ec.cc
[744/1294] Compiling p_rsa.cc
[745/1294] Compiling p_hkdf.cc
[746/1294] Compiling evp_ctx.cc
[747/1294] Compiling p_dh.cc
[748/1294] Compiling p_dsa_asn1.cc
[749/1294] Compiling p_dh_asn1.cc
[750/1294] Compiling err.cc
[751/1294] Compiling p_ec_asn1.cc
[752/1294] Compiling engine.cc
[753/1294] Compiling ec_derive.cc
[754/1294] Compiling evp.cc
[755/1294] Compiling ecdh.cc
[756/1294] Compiling hash_to_curve.cc
[756/1294] Compiling evp_asn1.cc
[758/1294] Compiling ecdsa_asn1.cc
[759/1294] Compiling bcm.cc
[760/1294] Compiling dsa.cc
[761/1294] Compiling ec_asn1.cc
[762/1294] Compiling params.cc
[763/1294] Compiling dsa_asn1.cc
[764/1294] Compiling x25519-asm-arm.S
[765/1294] Compiling des.cc
[766/1294] Compiling curve25519_64_adx.cc
[767/1294] Compiling digest_extra.cc
[768/1294] Compiling cpu_arm_linux.cc
[769/1294] Compiling spake25519.cc
[770/1294] Compiling dh_asn1.cc
[771/1294] Compiling cpu_aarch64_sysreg.cc
[772/1294] Compiling crypto.cc
[773/1294] Compiling cpu_intel.cc
[774/1294] Compiling cpu_aarch64_fuchsia.cc
[775/1294] Compiling curve25519.cc
[776/1294] Compiling cpu_aarch64_openbsd.cc
[777/1294] Compiling cpu_aarch64_linux.cc
[778/1294] Compiling cpu_arm_freebsd.cc
[779/1294] Compiling cpu_aarch64_win.cc
[780/1294] Compiling e_tls.cc
[781/1294] Compiling cpu_aarch64_apple.cc
[782/1294] Compiling e_rc4.cc
[783/1294] Compiling conf.cc
[784/1294] Compiling tls_cbc.cc
[785/1294] Compiling e_des.cc
[786/1294] Compiling get_cipher.cc
[787/1294] Compiling e_aesgcmsiv.cc
[788/1294] Compiling e_rc2.cc
[789/1294] Compiling chacha.cc
[790/1294] Compiling e_null.cc
[791/1294] Compiling e_chacha20poly1305.cc
[792/1294] Compiling cbs.cc
[793/1294] Compiling buf.cc
[794/1294] Compiling e_aesctrhmac.cc
[795/1294] Compiling derive_key.cc
[796/1294] Compiling asn1_compat.cc
[797/1294] Compiling cbb.cc
[798/1294] Compiling bn_asn1.cc
[799/1294] Compiling unicode.cc
[800/1294] Compiling ber.cc
[801/1294] Compiling socket_helper.cc
[802/1294] Compiling blake2.cc
[803/1294] Compiling convert.cc
[804/1294] Compiling socket.cc
[805/1294] Compiling errno.cc
[806/1294] Compiling connect.cc
[807/1294] Compiling printf.cc
[808/1294] Compiling hexdump.cc
[809/1294] Compiling pair.cc
[810/1294] Compiling file.cc
[811/1294] Compiling fd.cc
[812/1294] Compiling bio_mem.cc
[813/1294] Compiling bio.cc
[814/1294] Compiling tasn_dec.cc
[815/1294] Compiling base64.cc
[816/1294] Compiling tasn_typ.cc
[817/1294] Compiling tasn_fre.cc
[818/1294] Compiling tasn_enc.cc
[819/1294] Compiling posix_time.cc
[820/1294] Compiling asn_pack.cc
[821/1294] Compiling f_int.cc
[822/1294] Compiling f_string.cc
[823/1294] Compiling tasn_utl.cc
[824/1294] Compiling tasn_new.cc
[825/1294] Compiling asn1_par.cc
[826/1294] Compiling a_utctm.cc
[827/1294] Compiling asn1_lib.cc
[828/1294] Compiling a_octet.cc
[829/1294] Compiling a_strnid.cc
[830/1294] Compiling a_object.cc
[831/1294] Compiling a_type.cc
[832/1294] Compiling a_mbstr.cc
[833/1294] Compiling a_time.cc
[834/1294] Compiling a_strex.cc
[835/1294] Compiling a_gentm.cc
[836/1294] Compiling a_i2d_fp.cc
[837/1294] Compiling a_dup.cc
[838/1294] Compiling CGoogleGaxCRC32C CGoogleGaxCRC32C.c
[839/1294] Compiling a_bitstr.cc
[840/1294] Compiling fiat_p256_adx_sqr.S
[841/1294] Compiling fiat_curve25519_adx_square.S
[842/1294] Compiling fiat_p256_adx_mul.S
[843/1294] Compiling a_int.cc
[844/1294] Compiling fiat_curve25519_adx_mul.S
[845/1294] Compiling a_d2i_fp.cc
[846/1294] Compiling md5-x86_64-linux.S
[847/1294] Compiling md5-x86_64-apple.S
[848/1294] Compiling md5-586-apple.S
[849/1294] Compiling chacha20_poly1305_x86_64-linux.S
[850/1294] Compiling md5-586-linux.S
[851/1294] Compiling chacha20_poly1305_x86_64-apple.S
[851/1294] Compiling chacha20_poly1305_armv8-win.S
[853/1294] Compiling chacha20_poly1305_armv8-apple.S
[854/1294] Compiling chacha-x86_64-linux.S
[855/1294] Compiling chacha-x86_64-apple.S
[856/1294] Compiling chacha20_poly1305_armv8-linux.S
[857/1294] Compiling chacha-x86-linux.S
[858/1294] Compiling a_bool.cc
[859/1294] Compiling chacha-x86-apple.S
[860/1294] Compiling CCryptoBoringSSLShims shims.c
[861/1294] Compiling chacha-armv4-linux.S
[862/1294] Compiling chacha-armv8-apple.S
[863/1294] Compiling chacha-armv8-win.S
[864/1294] Compiling chacha-armv8-linux.S
[865/1294] Compiling aes128gcmsiv-x86_64-linux.S
[866/1294] Compiling aes128gcmsiv-x86_64-apple.S
[867/1294] Compiling x86_64-mont5-apple.S
[868/1294] Compiling x86_64-mont5-linux.S
[869/1294] Compiling x86-mont-apple.S
[870/1294] Compiling x86-mont-linux.S
[871/1294] Compiling x86_64-mont-linux.S
[872/1294] Compiling x86_64-mont-apple.S
[873/1294] Compiling vpaes-x86_64-linux.S
[874/1294] Compiling vpaes-x86-linux.S
[875/1294] Compiling vpaes-x86_64-apple.S
[876/1294] Compiling vpaes-x86-apple.S
[877/1294] Compiling vpaes-armv8-linux.S
[878/1294] Compiling vpaes-armv8-win.S
[879/1294] Compiling vpaes-armv8-apple.S
[880/1294] Compiling vpaes-armv7-linux.S
[881/1294] Compiling sha512-x86_64-linux.S
[882/1294] Compiling sha512-x86_64-apple.S
[883/1294] Compiling sha512-armv8-win.S
[884/1294] Compiling sha512-armv8-linux.S
[885/1294] Compiling sha512-586-linux.S
[885/1294] Compiling sha512-586-apple.S
[887/1294] Compiling sha512-armv8-apple.S
[888/1294] Compiling sha512-armv4-linux.S
[889/1294] Compiling sha256-armv8-apple.S
[890/1294] Compiling sha256-x86_64-apple.S
[891/1294] Compiling sha256-x86_64-linux.S
[892/1294] Compiling sha256-armv8-win.S
[893/1294] Compiling err_data.cc
[894/1294] Compiling sha256-586-linux.S
[895/1294] Compiling sha256-armv8-linux.S
[896/1294] Compiling sha256-armv4-linux.S
[897/1294] Compiling sha1-x86_64-linux.S
[898/1294] Compiling sha256-586-apple.S
[899/1294] Compiling sha1-x86_64-apple.S
[900/1294] Compiling sha1-armv8-win.S
[901/1294] Compiling sha1-armv4-large-linux.S
[902/1294] Compiling sha1-armv8-apple.S
[903/1294] Compiling sha1-586-linux.S
[904/1294] Compiling rsaz-avx2-linux.S
[905/1294] Compiling sha1-armv8-linux.S
[906/1294] Compiling sha1-586-apple.S
[907/1294] Compiling rsaz-avx2-apple.S
[908/1294] Compiling rdrand-x86_64-linux.S
[909/1294] Compiling rdrand-x86_64-apple.S
[910/1294] Compiling p256_beeu-x86_64-asm-apple.S
[911/1294] Compiling p256_beeu-armv8-asm-win.S
[912/1294] Compiling p256_beeu-x86_64-asm-linux.S
[913/1294] Compiling p256_beeu-armv8-asm-apple.S
[914/1294] Compiling p256-armv8-asm-win.S
[915/1294] Compiling p256_beeu-armv8-asm-linux.S
[916/1294] Compiling p256-x86_64-asm-linux.S
[917/1294] Compiling p256-x86_64-asm-apple.S
[918/1294] Compiling p256-armv8-asm-apple.S
[919/1294] Compiling p256-armv8-asm-linux.S
[920/1294] Compiling ghashv8-armv8-win.S
[921/1294] Compiling ghashv8-armv8-linux.S
[922/1294] Compiling ghashv8-armv7-linux.S
[923/1294] Compiling ghash-x86_64-linux.S
[924/1294] Compiling ghashv8-armv8-apple.S
[925/1294] Compiling ghash-x86_64-apple.S
[926/1294] Compiling ghash-x86-linux.S
[927/1294] Compiling ghash-x86-apple.S
[928/1294] Compiling ghash-ssse3-x86_64-linux.S
[929/1294] Compiling ghash-ssse3-x86-linux.S
[930/1294] Compiling ghash-neon-armv8-win.S
[930/1294] Compiling ghash-ssse3-x86_64-apple.S
[932/1294] Compiling ghash-ssse3-x86-apple.S
[933/1294] Compiling ghash-neon-armv8-apple.S
[934/1294] Compiling ghash-neon-armv8-linux.S
[935/1294] Compiling ghash-armv4-linux.S
[936/1294] Compiling co-586-linux.S
[937/1294] Compiling co-586-apple.S
[938/1294] Compiling bsaes-armv7-linux.S
[939/1294] Compiling bn-armv8-linux.S
[940/1294] Compiling bn-armv8-win.S
[941/1294] Compiling bn-armv8-apple.S
[942/1294] Compiling bn-586-apple.S
[943/1294] Compiling armv8-mont-win.S
[944/1294] Compiling bn-586-linux.S
[945/1294] Compiling armv4-mont-linux.S
[946/1294] Compiling armv8-mont-apple.S
[947/1294] Compiling aesv8-gcm-armv8-apple.S
[948/1294] Compiling armv8-mont-linux.S
[949/1294] Compiling aesv8-armv8-win.S
[950/1294] Compiling aesv8-gcm-armv8-win.S
[951/1294] Compiling aesv8-gcm-armv8-linux.S
[952/1294] Compiling aesv8-armv8-apple.S
[953/1294] Compiling aesv8-armv8-linux.S
[954/1294] Compiling aesni-x86-linux.S
[955/1294] Compiling aesv8-armv7-linux.S
[956/1294] Compiling aesni-x86_64-apple.S
[957/1294] Compiling aesni-x86-apple.S
[958/1294] Compiling aesni-gcm-x86_64-linux.S
[959/1294] Compiling aesni-gcm-x86_64-apple.S
[960/1294] Compiling aesni-x86_64-linux.S
[961/1294] Compiling aes-gcm-avx512-x86_64-linux.S
[962/1294] Compiling aes-gcm-avx512-x86_64-apple.S
[963/1294] Compiling aes-gcm-avx2-x86_64-apple.S
[964/1294] Compiling aes-gcm-avx2-x86_64-linux.S
[965/1294] Compiling x_req.cc
[966/1294] Compiling x_sig.cc
[967/1294] Compiling x_pubkey.cc
[968/1294] Compiling xwing.cc
[969/1294] Compiling x_spki.cc
[970/1294] Compiling x_x509a.cc
[971/1294] Compiling x_name.cc
[972/1294] Compiling x_x509.cc
[973/1294] Compiling c-nioatomics.c
[974/1294] Compiling x509rset.cc
[975/1294] Compiling x509spki.cc
[976/1294] Compiling x_exten.cc
[977/1294] Compiling x_crl.cc
[978/1294] Compiling x509cset.cc
[979/1294] Compiling x509_vpm.cc
[980/1294] Compiling x_attrib.cc
[981/1294] Compiling x_all.cc
[982/1294] Compiling x_algor.cc
[983/1294] Compiling c-atomics.c
[984/1294] Compiling x509name.cc
[985/1301] Compiling x509_txt.cc
[986/1301] Compiling x509_v3.cc
[988/1301] Compiling NIOConcurrencyHelpers NIOLockedValueBox.swift
[988/1301] Compiling x509_req.cc
[990/1301] Compiling NIOConcurrencyHelpers NIOLock.swift
[991/1301] Compiling NIOConcurrencyHelpers lock.swift
[992/1301] Compiling NIOConcurrencyHelpers NIOThreadPoolWorkAvailable.swift
[993/1301] Compiling NIOConcurrencyHelpers atomics.swift
[993/1301] Compiling x509_trs.cc
[994/1301] Compiling x509_vfy.cc
[996/1301] Compiling NIOConcurrencyHelpers NIOAtomic.swift
[997/1301] Emitting module NIOConcurrencyHelpers
[998/1302] Compiling x509_def.cc
[999/1302] Wrapping AST for NIOConcurrencyHelpers for debugging
[1000/1302] Compiling x509_set.cc
[1001/1302] Compiling x509_obj.cc
[1002/1302] Compiling x509_lu.cc
[1003/1302] Compiling v3_utl.cc
[1004/1302] Compiling x509_ext.cc
[1005/1302] Compiling v3_prn.cc
[1006/1302] Compiling x509_cmp.cc
[1007/1302] Compiling x509.cc
[1008/1302] Compiling v3_purp.cc
[1009/1302] Compiling x509_d2.cc
[1010/1302] Compiling v3_skey.cc
[1011/1302] Compiling x509_att.cc
[1012/1302] Compiling v3_pmaps.cc
[1013/1302] Compiling v3_ocsp.cc
[1014/1302] Compiling v3_info.cc
[1015/1302] Compiling v3_ncons.cc
[1016/1302] Compiling v3_lib.cc
[1017/1302] Compiling v3_int.cc
[1018/1302] Compiling v3_pcons.cc
[1019/1302] Compiling v3_genn.cc
[1020/1302] Compiling v3_ia5.cc
[1021/1302] Compiling v3_extku.cc
[1022/1302] Compiling v3_cpols.cc
[1023/1302] Compiling v3_enum.cc
[1024/1302] Compiling v3_crld.cc
[1025/1302] Compiling v3_bitst.cc
[1026/1302] Compiling v3_conf.cc
[1027/1302] Compiling t_x509a.cc
[1028/1302] Compiling v3_alt.cc
[1029/1302] Compiling v3_bcons.cc
[1030/1302] Compiling v3_akeya.cc
[1031/1302] Compiling v3_akey.cc
[1032/1302] Compiling t_req.cc
[1033/1302] Compiling name_print.cc
[1034/1302] Compiling t_x509.cc
[1035/1302] Compiling by_dir.cc
[1036/1302] Compiling i2d_pr.cc
[1037/1302] Compiling t_crl.cc
[1038/1302] Compiling rsa_pss.cc
[1039/1302] Compiling policy.cc
[1040/1302] Compiling a_verify.cc
[1041/1302] Compiling asn1_gen.cc
[1042/1302] Compiling by_file.cc
[1043/1302] Compiling algorithm.cc
[1044/1302] Compiling thread_win.cc
[1045/1302] Compiling trust_token.cc
[1046/1302] Compiling pmbtoken.cc
[1047/1302] Compiling voprf.cc
[1048/1302] Compiling thread_pthread.cc
[1049/1302] Compiling a_sign.cc
[1050/1302] Compiling a_digest.cc
[1051/1302] Compiling thread_none.cc
[1052/1302] Compiling sha1.cc
[1053/1302] Compiling thread.cc
[1054/1302] Compiling siphash.cc
[1055/1302] Compiling stack.cc
[1056/1302] Compiling slhdsa.cc
[1057/1302] Compiling sha512.cc
[1058/1302] Compiling rsa_extra.cc
[1059/1302] Compiling sha256.cc
[1060/1302] Compiling rsa_crypt.cc
[1061/1302] Compiling spake2plus.cc
[1062/1302] Compiling refcount.cc
[1063/1302] Compiling rsa_print.cc
[1064/1302] Compiling passive.cc
[1065/1302] Compiling ios.cc
[1066/1302] Compiling rc4.cc
[1067/1302] Compiling windows.cc
[1068/1302] Compiling urandom.cc
[1069/1302] Compiling getentropy.cc
[1070/1302] Compiling forkunsafe.cc
[1071/1302] Compiling rand.cc
[1072/1302] Compiling poly1305_arm_asm.S
[1073/1302] Compiling trusty.cc
[1074/1302] Compiling poly1305_vec.cc
[1075/1302] Compiling fork_detect.cc
[1076/1302] Compiling deterministic.cc
[1077/1302] Compiling rsa_asn1.cc
[1078/1302] Compiling pkcs8_x509.cc
[1079/1302] Compiling poly1305_arm.cc
[1080/1302] Compiling poly1305.cc
[1081/1302] Compiling pkcs7.cc
[1082/1302] Compiling pool.cc
[1083/1302] Compiling pem_x509.cc
[1084/1302] Compiling pem_pk8.cc
[1085/1302] Compiling pem_lib.cc
[1086/1302] Compiling pkcs8.cc
[1087/1302] Compiling pem_all.cc
[1088/1302] Compiling pem_xaux.cc
[1089/1302] Compiling pkcs7_x509.cc
[1090/1302] Compiling obj_xref.cc
[1091/1302] Compiling p5_pbev2.cc
[1092/1302] Compiling pem_pkey.cc
[1093/1302] Compiling pem_oth.cc
[1094/1302] Compiling mem.cc
[1095/1302] Compiling mlkem.cc
[1096/1302] Compiling pem_info.cc
[1097/1302] Compiling poly_rq_mul.S
[1098/1302] Compiling md5.cc
[1099/1302] Compiling mldsa.cc
[1100/1302] Compiling fips_shared_support.cc
[1101/1302] Compiling obj.cc
[1102/1302] Compiling lhash.cc
[1103/1302] Compiling kyber.cc
[1104/1302] Compiling md4.cc
[1105/1302] Compiling hpke.cc
[1106/1302] Compiling hrss.cc
[1107/1302] Compiling fuzzer_mode.cc
[1108/1302] Compiling ex_data.cc
[1109/1302] Compiling sign.cc
[1110/1302] Compiling scrypt.cc
[1111/1302] Compiling p_x25519.cc
[1112/1302] Compiling print.cc
[1113/1302] Compiling pbkdf.cc
[1114/1302] Compiling p_x25519_asn1.cc
[1115/1302] Compiling p_ed25519_asn1.cc
[1116/1302] Compiling p_rsa_asn1.cc
[1117/1302] Compiling p_rsa.cc
[1118/1302] Compiling p_hkdf.cc
[1119/1302] Compiling p_ed25519.cc
[1120/1302] Compiling p_ec_asn1.cc
[1121/1302] Compiling p_ec.cc
[1122/1302] Compiling evp.cc
[1123/1302] Compiling p_dsa_asn1.cc
[1124/1302] Compiling p_dh_asn1.cc
[1125/1302] Compiling p_dh.cc
[1126/1302] Compiling evp_ctx.cc
[1127/1302] Compiling engine.cc
[1128/1302] Compiling ecdsa_p1363.cc
[1129/1302] Compiling evp_asn1.cc
[1129/1302] Compiling err.cc
[1131/1302] Compiling ecdh.cc
[1132/1302] Compiling dsa_asn1.cc
[1133/1302] Compiling ec_derive.cc
[1134/1302] Compiling dsa.cc
[1135/1302] Compiling hash_to_curve.cc
[1136/1302] Compiling ecdsa_asn1.cc
[1137/1302] Compiling des.cc
[1138/1302] Compiling params.cc
[1139/1302] Compiling x25519-asm-arm.S
[1140/1302] Compiling ec_asn1.cc
[1141/1302] Compiling curve25519_64_adx.cc
[1142/1302] Compiling digest_extra.cc
[1143/1302] Compiling crypto.cc
[1144/1302] Compiling dh_asn1.cc
[1145/1302] Compiling curve25519.cc
[1146/1302] Compiling cpu_intel.cc
[1147/1302] Compiling cpu_aarch64_sysreg.cc
[1148/1302] Compiling spake25519.cc
[1149/1302] Compiling cpu_arm_linux.cc
[1150/1302] Compiling cpu_arm_freebsd.cc
[1151/1302] Compiling cpu_aarch64_win.cc
[1152/1302] Compiling cpu_aarch64_fuchsia.cc
[1153/1302] Compiling conf.cc
[1154/1302] Compiling cpu_aarch64_openbsd.cc
[1155/1302] Compiling tls_cbc.cc
[1156/1302] Compiling cpu_aarch64_linux.cc
[1157/1302] Compiling cpu_aarch64_apple.cc
[1158/1302] Compiling e_tls.cc
[1159/1302] Compiling e_rc4.cc
[1160/1302] Compiling e_rc2.cc
[1161/1302] Compiling get_cipher.cc
[1162/1302] Compiling e_des.cc
[1163/1302] Compiling e_aesctrhmac.cc
[1164/1302] Compiling e_null.cc
[1165/1302] Compiling cms.cc
[1165/1302] Compiling e_chacha20poly1305.cc
[1167/1302] Compiling e_aesgcmsiv.cc
[1168/1302] Compiling e_aeseax.cc
[1169/1302] Compiling derive_key.cc
[1170/1302] Compiling unicode.cc
[1171/1302] Compiling sqrt.cc
[1172/1302] Compiling chacha.cc
[1173/1302] Compiling buf.cc
[1174/1302] Compiling cbb.cc
[1175/1302] Compiling ber.cc
[1176/1302] Compiling exponentiation.cc
[1177/1302] Compiling cbs.cc
[1178/1302] Compiling asn1_compat.cc
[1179/1302] Compiling div.cc
[1180/1302] Compiling pair.cc
[1181/1302] Compiling hexdump.cc
[1182/1302] Compiling printf.cc
[1182/1302] Compiling errno.cc
[1184/1302] Compiling blake2.cc
[1185/1302] Compiling fd.cc
[1186/1302] Compiling bio.cc
[1187/1302] Compiling bn_asn1.cc
[1188/1302] Compiling tasn_typ.cc
[1189/1302] Compiling convert.cc
[1190/1302] Compiling file.cc
[1191/1302] Compiling base64.cc
[1192/1302] Compiling bio_mem.cc
[1193/1302] Compiling posix_time.cc
[1194/1302] Compiling tasn_fre.cc
[1195/1302] Compiling tasn_enc.cc
[1196/1302] Compiling tasn_utl.cc
[1197/1302] Compiling tasn_new.cc
[1198/1302] Compiling tasn_dec.cc
[1199/1302] Compiling f_int.cc
[1200/1302] Compiling f_string.cc
[1201/1302] Compiling asn_pack.cc
[1202/1302] Compiling asn1_par.cc
[1203/1302] Compiling a_octet.cc
[1204/1302] Compiling a_object.cc
[1205/1302] Compiling asn1_lib.cc
[1206/1302] Compiling a_mbstr.cc
[1207/1302] Compiling a_utctm.cc
[1208/1302] Compiling a_type.cc
[1209/1302] Compiling bcm.cc
[1210/1302] Compiling a_strex.cc
[1211/1302] Compiling a_time.cc
[1212/1302] Compiling a_strnid.cc
[1213/1302] Compiling a_i2d_fp.cc
[1214/1302] Compiling CAsyncHTTPClient CAsyncHTTPClient.c
[1214/1302] Write sources
[1217/1320] Compiling a_dup.cc
[1217/1320] Write sources
[1219/1345] Compiling a_bool.cc
[1221/1345] Compiling Algorithms Keyed.swift
[1222/1345] Compiling Algorithms MinMax.swift
[1223/1345] Compiling Algorithms RandomSample.swift
[1224/1345] Compiling Algorithms Reductions.swift
[1224/1347] Compiling a_int.cc
[1225/1347] Compiling a_bitstr.cc
[1226/1347] Compiling a_d2i_fp.cc
[1227/1347] Compiling aes.cc
[1229/1347] Compiling Algorithms FlattenCollection.swift
[1230/1347] Compiling Algorithms Grouped.swift
[1231/1347] Compiling Algorithms Chunked.swift
[1232/1347] Compiling Algorithms Combinations.swift
[1233/1347] Compiling Atomics IntegerOperations.swift
[1234/1347] Compiling Atomics Unmanaged extensions.swift
[1234/1347] Compiling a_gentm.cc
[1236/1355] Compiling Algorithms Indexed.swift
[1237/1355] Compiling Algorithms Intersperse.swift
[1238/1355] Compiling Algorithms Joined.swift
[1239/1355] Compiling Algorithms Split.swift
[1240/1355] Compiling Algorithms Stride.swift
[1241/1355] Compiling Algorithms Suffix.swift
[1242/1358] Compiling Algorithms Compacted.swift
[1243/1358] Compiling Algorithms Cycle.swift
[1244/1358] Compiling Algorithms EitherSequence.swift
[1245/1358] Compiling Algorithms FirstNonNil.swift
[1256/1358] Compiling CryptoBoringWrapper RandomBytes.swift
[1257/1358] Compiling Algorithms Trim.swift
[1258/1358] Compiling Algorithms Unique.swift
[1259/1358] Compiling Algorithms Windows.swift
[1260/1358] Compiling CryptoBoringWrapper CryptoKitErrors_boring.swift
[1261/1358] Compiling CryptoBoringWrapper EllipticCurve.swift
[1262/1358] Compiling CryptoBoringWrapper FiniteFieldArithmeticContext.swift
[1263/1358] Compiling CryptoBoringWrapper BoringSSLAEAD.swift
[1264/1358] Emitting module CryptoBoringWrapper
[1266/1358] Compiling Algorithms Permutations.swift
[1267/1358] Compiling Algorithms Product.swift
[1268/1358] Compiling CryptoBoringWrapper EllipticCurvePoint.swift
[1269/1358] Compiling CryptoBoringWrapper ArbitraryPrecisionInteger.swift
[1275/1359] Compiling Algorithms AdjacentPairs.swift
[1276/1359] Compiling Algorithms Chain.swift
[1276/1359] Wrapping AST for CryptoBoringWrapper for debugging
[1278/1415] Emitting module Atomics
[1279/1444] Wrapping AST for Atomics for debugging
[1281/1508] Compiling NIOCore AsyncChannelInboundStream.swift
[1282/1508] Compiling NIOCore AsyncChannelOutboundWriter.swift
[1283/1508] Compiling NIOCore NIOAsyncSequenceProducer.swift
[1284/1508] Compiling NIOCore NIOAsyncSequenceProducerStrategies.swift
[1285/1508] Emitting module Algorithms
[1286/1509] Wrapping AST for Algorithms for debugging
[1288/1509] Compiling NIOCore NIOCoreSendableMetatype.swift
[1289/1509] Compiling NIOCore NIODecodedAsyncSequence.swift
[1290/1509] Compiling NIOCore NIOLoopBound.swift
[1291/1509] Compiling NIOCore NIOPooledRecvBufferAllocator.swift
[1292/1509] Compiling NIOCore NIOScheduledCallback.swift
[1293/1509] Compiling NIOCore NIOSendable.swift
[1294/1509] Compiling NIOCore NIOSplitLinesMessageDecoder.swift
[1295/1509] Compiling NIOCore NIOTransportAccessibleChannelCore.swift
[1296/1509] Compiling NIOCore RecvByteBufferAllocator.swift
[1297/1517] Compiling NIOCore EventLoopFuture+Deprecated.swift
[1298/1517] Compiling NIOCore EventLoopFuture+WithEventLoop.swift
[1299/1517] Compiling NIOCore EventLoopFuture.swift
[1300/1517] Compiling NIOCore FileDescriptor.swift
[1301/1517] Compiling NIOCore FileHandle.swift
[1302/1517] Compiling NIOCore FileRegion.swift
[1303/1517] Compiling NIOCore GlobalSingletons.swift
[1304/1517] Compiling NIOCore IO.swift
[1305/1517] Compiling NIOCore IOData.swift
[1306/1517] Compiling NIOCore IPProtocol.swift
[1307/1517] Compiling NIOCore IntegerBitPacking.swift
[1308/1517] Compiling NIOCore IntegerTypes.swift
[1309/1517] Compiling NIOCore Interfaces.swift
[1310/1517] Compiling NIOCore Linux.swift
[1311/1517] Compiling NIOCore MarkedCircularBuffer.swift
[1312/1517] Compiling NIOCore MulticastChannel.swift
[1313/1517] Compiling NIOCore NIOAny.swift
[1314/1517] Compiling NIOCore NIOCloseOnErrorHandler.swift
[1315/1517] Compiling NIOCore Channel.swift
[1316/1517] Compiling NIOCore ChannelHandler.swift
[1317/1517] Compiling NIOCore ChannelHandlers.swift
[1318/1517] Compiling NIOCore ChannelInvoker.swift
[1319/1517] Compiling NIOCore ChannelOption.swift
[1320/1517] Compiling NIOCore ChannelPipeline.swift
[1321/1517] Compiling NIOCore NIOThrowingAsyncSequenceProducer.swift
[1322/1517] Compiling NIOCore BSDSocketAPI.swift
[1323/1517] Compiling NIOCore ByteBuffer-aux.swift
[1324/1517] Compiling NIOCore ByteBuffer-binaryEncodedLengthPrefix.swift
[1325/1517] Compiling NIOCore ByteBuffer-conversions.swift
[1326/1517] Compiling NIOCore ByteBuffer-core.swift
[1327/1528] Emitting module Crypto
[1328/1528] Compiling NIOCore AddressedEnvelope.swift
[1329/1528] Compiling NIOCore AsyncAwaitSupport.swift
[1330/1528] Compiling NIOCore AsyncChannel.swift
[1331/1528] Compiling NIOCore AsyncChannelHandler.swift
[1336/1528] Compiling NIOCore NIOAsyncWriter.swift
[1337/1528] Compiling NIOCore ByteBuffer-multi-int.swift
[1338/1528] Compiling NIOCore ByteBuffer-quicBinaryEncodingStrategy.swift
[1339/1528] Compiling NIOCore ByteBuffer-views.swift
[1340/1528] Compiling NIOCore ByteBuffer-hex.swift
[1341/1528] Compiling NIOCore ByteBuffer-int.swift
[1342/1528] Compiling NIOCore ByteBuffer-lengthPrefix.swift
[1355/1528] Compiling NIOCore SingleStepByteToMessageDecoder.swift
[1356/1528] Compiling NIOCore SocketAddresses.swift
[1357/1528] Compiling NIOCore SocketOptionProvider.swift
[1358/1528] Compiling NIOCore SystemCallHelpers.swift
[1359/1528] Compiling NIOCore TimeAmount+Duration.swift
[1360/1528] Compiling NIOCore TypeAssistedChannelHandler.swift
[1361/1528] Compiling NIOCore UniversalBootstrapSupport.swift
[1362/1528] Compiling NIOCore Utilities.swift
[1363/1528] Compiling Crypto Insecure.swift
[1373/1528] Compiling NIOCore CircularBuffer.swift
[1374/1528] Compiling NIOCore Codec.swift
[1375/1528] Compiling NIOCore ConvenienceOptionSupport.swift
[1376/1528] Compiling Crypto MACFunctions.swift
[1377/1528] Compiling Crypto MessageAuthenticationCode.swift
[1378/1528] Compiling Crypto AES.swift
[1379/1528] Compiling Crypto ECDSASignature_boring.swift
[1380/1528] Compiling Crypto ECDSA_boring.swift
[1381/1528] Compiling Crypto EdDSA_boring.swift
[1382/1528] Compiling Crypto MLDSA_boring.swift
[1383/1528] Compiling Crypto MLDSA_wrapper.swift
[1384/1528] Compiling Crypto ECDSA.swift
[1385/1528] Compiling Crypto Ed25519.swift
[1386/1528] Compiling Crypto MLDSA.swift
[1387/1528] Compiling NIOCore DeadChannel.swift
[1388/1528] Compiling NIOCore DispatchQueue+WithFuture.swift
[1389/1528] Compiling NIOCore EventLoop+Deprecated.swift
[1390/1528] Compiling NIOCore EventLoop+SerialExecutor.swift
[1391/1528] Compiling NIOCore EventLoop.swift
[1392/1528] Compiling NIOCore EventLoopFuture+AssumeIsolated.swift
[1416/1528] Compiling Crypto Signature.swift
[1417/1528] Compiling Crypto CryptoKitErrors_boring.swift
[1418/1528] Compiling Crypto Optional+withUnsafeBytes_boring.swift
[1419/1528] Compiling Crypto RNG_boring.swift
[1420/1528] Compiling Crypto SafeCompare_boring.swift
[1421/1528] Compiling Crypto Zeroization_boring.swift
[1422/1528] Compiling Crypto _CryptoModuleAnchor.swift
[1423/1528] Compiling Crypto PrettyBytes.swift
[1424/1528] Compiling Crypto SafeCompare.swift
[1425/1528] Compiling Crypto SecureBytes.swift
[1426/1528] Compiling Crypto Zeroization.swift
[1427/1529] Wrapping AST for Crypto for debugging
[1429/1591] Compiling CryptoExtras Data+Extensions.swift
[1430/1591] Compiling CryptoExtras DigestType.swift
[1431/1591] Compiling CryptoExtras Error.swift
[1432/1591] Compiling CryptoExtras I2OSP.swift
[1433/1591] Compiling CryptoExtras IntegerEncoding.swift
[1434/1591] Compiling CryptoExtras PEMDocument.swift
[1435/1591] Compiling CryptoExtras PrettyBytes.swift
[1436/1591] Compiling CryptoExtras SubjectPublicKeyInfo.swift
[1437/1599] Emitting module CryptoExtras
[1438/1599] Compiling CryptoExtras ARCServer.swift
[1439/1599] Compiling CryptoExtras ChaCha20CTR_boring.swift
[1440/1599] Compiling CryptoExtras ChaCha20CTR.swift
[1441/1599] Compiling CryptoExtras BoringSSLSHA512256Context.swift
[1442/1599] Compiling CryptoExtras BoringSSLSHA512256HashFunction.swift
[1443/1599] Compiling CryptoExtras SHA512256.swift
[1444/1599] Compiling CryptoExtras SHA512256Digest.swift
[1445/1599] Compiling CryptoExtras Curve25519+PEM.swift
[1446/1599] Compiling CryptoExtras ObjectIdentifier.swift
[1447/1599] Compiling CryptoExtras PKCS8DERRepresentation.swift
[1448/1599] Compiling CryptoExtras PKCS8PrivateKey.swift
[1449/1599] Compiling CryptoExtras RFC8410AlgorithmIdentifier.swift
[1450/1599] Compiling CryptoExtras ECToolbox_boring.swift
[1451/1599] Compiling CryptoExtras ECToolbox.swift
[1452/1599] Compiling CryptoExtras HashToField.swift
[1453/1599] Compiling CryptoExtras KDF.swift
[1454/1599] Compiling CryptoExtras PBKDF2_boring.swift
[1455/1599] Compiling CryptoExtras PBKDF2_commoncrypto.swift
[1456/1599] Compiling CryptoExtras PBKDF2.swift
[1457/1599] Compiling CryptoExtras Scrypt_boring.swift
[1458/1599] Compiling CryptoExtras Scrypt.swift
[1459/1599] Compiling CryptoExtras OPRF.swift
[1460/1599] Compiling CryptoExtras OPRFClient.swift
[1461/1599] Compiling CryptoExtras OPRFServer.swift
[1462/1599] Compiling CryptoExtras VOPRF+API.swift
[1463/1599] Compiling CryptoExtras VOPRFClient.swift
[1464/1599] Compiling CryptoExtras VOPRFServer.swift
[1465/1599] Compiling CryptoExtras ThreadOps.swift
[1466/1599] Compiling CryptoExtras ThreadPosix.swift
[1467/1599] Compiling CryptoExtras ThreadSpecific.swift
[1468/1599] Compiling CryptoExtras ThreadWindows.swift
[1469/1599] Compiling CryptoExtras DLEQ.swift
[1470/1599] Compiling CryptoExtras Prover.swift
[1471/1599] Compiling CryptoExtras Verifier.swift
[1472/1599] Compiling CryptoExtras ZKPToolbox.swift
[1473/1599] Compiling CryptoExtras CMAC.swift
[1474/1599] Compiling CryptoExtras ARC+API.swift
[1475/1599] Compiling CryptoExtras ARC.swift
[1476/1599] Compiling CryptoExtras ARCCredential.swift
[1477/1599] Compiling CryptoExtras ARCEncoding.swift
[1478/1599] Compiling CryptoExtras ARCPrecredential.swift
[1479/1599] Compiling CryptoExtras ARCPresentation.swift
[1480/1599] Compiling CryptoExtras ARCRequest.swift
[1481/1599] Compiling CryptoExtras ARCResponse.swift
[1482/1599] Compiling CryptoExtras AES_CBC.swift
[1483/1599] Compiling CryptoExtras AES_CFB.swift
[1484/1599] Compiling CryptoExtras AES_CTR.swift
[1485/1599] Compiling CryptoExtras AES_GCM_SIV.swift
[1486/1599] Compiling CryptoExtras Block Function.swift
[1487/1599] Compiling CryptoExtras AES_CBC_boring.swift
[1488/1599] Compiling CryptoExtras AES_CFB_boring.swift
[1489/1599] Compiling CryptoExtras AES_CTR_boring.swift
[1490/1599] Compiling CryptoExtras AES_GCM_SIV_boring.swift
[1491/1599] Compiling CryptoExtras BoringSSLPassphraseCallbackManager.swift
[1492/1599] Compiling CryptoExtras RSA+BlindSigning.swift
[1493/1599] Compiling CryptoExtras RSA.swift
[1494/1599] Compiling CryptoExtras RSA_boring.swift
[1495/1599] Compiling CryptoExtras Reexport.swift
[1496/1599] Compiling CryptoExtras Zeroization_boring.swift
[1497/1599] Compiling CryptoExtras BoringSSLHelpers.swift
[1498/1599] Compiling CryptoExtras CryptoKitErrors_boring.swift
[1499/1600] Wrapping AST for CryptoExtras for debugging
[1501/1602] Emitting module NIOCore
[1529/1602] Compiling _CryptoExtras Exports.swift
[1530/1602] Emitting module _CryptoExtras
[1532/1604] Wrapping AST for _CryptoExtras for debugging
[1533/1666] Wrapping AST for NIOCore for debugging
[1535/1756] Compiling NIOFoundationEssentialsCompat Codable+ByteBuffer.swift
[1536/1756] Emitting module NIOEmbedded
[1537/1756] Compiling NIOFoundationEssentialsCompat ByteBuffer-foundation.swift
[1538/1756] Emitting module NIOFoundationEssentialsCompat
[1539/1757] Wrapping AST for NIOFoundationEssentialsCompat for debugging
[1541/1757] Compiling NIOEmbedded AsyncTestingEventLoop.swift
[1542/1757] Compiling NIOEmbedded Embedded.swift
[1543/1757] Compiling NIOEmbedded AsyncTestingChannel.swift
[1544/1758] Wrapping AST for NIOEmbedded for debugging
[1546/1758] Compiling NIOPosix HappyEyeballs.swift
[1547/1758] Compiling NIOPosix IO.swift
[1548/1758] Compiling NIOPosix IntegerBitPacking.swift
[1549/1758] Compiling NIOPosix IntegerTypes.swift
[1550/1758] Compiling NIOPosix Linux.swift
[1551/1758] Compiling NIOPosix LinuxCPUSet.swift
[1552/1758] Compiling NIOPosix LinuxUring.swift
[1553/1758] Compiling NIOPosix MultiThreadedEventLoopGroup.swift
[1554/1758] Compiling NIOPosix NIOPosixSendableMetatype.swift
[1555/1758] Compiling NIOPosix NIORandomizedDNSResolver.swift
[1556/1758] Compiling NIOPosix NIOThreadPool.swift
[1557/1758] Compiling NIOPosix NonBlockingFileIO.swift
[1558/1758] Compiling NIOPosix PendingDatagramWritesManager.swift
[1559/1758] Compiling NIOPosix PendingWritesManager.swift
[1560/1771] Compiling NIOPosix SelectorWSAPoll.swift
[1561/1771] Compiling NIOPosix ServerSocket.swift
[1562/1771] Compiling NIOPosix Socket.swift
[1563/1771] Compiling NIOPosix SocketChannel.swift
[1564/1771] Compiling NIOPosix SocketProtocols.swift
[1565/1771] Compiling NIOPosix StructuredConcurrencyHelpers.swift
[1566/1771] Compiling NIOPosix System.swift
[1567/1778] Compiling NIOPosix BSDSocketAPICommon.swift
[1568/1778] Compiling NIOPosix BSDSocketAPIPosix.swift
[1569/1778] Compiling NIOPosix BSDSocketAPIWindows.swift
[1570/1778] Compiling NIOPosix BaseSocket.swift
[1571/1778] Compiling NIOPosix BaseSocketChannel+AccessibleTransport.swift
[1572/1778] Compiling NIOPosix BaseSocketChannel+SocketOptionProvider.swift
[1573/1778] Compiling NIOPosix BaseSocketChannel.swift
[1574/1778] Compiling NIOPosix BaseStreamSocketChannel.swift
[1575/1778] Compiling NIOPosix Bootstrap.swift
[1576/1778] Compiling NIOPosix ControlMessage.swift
[1577/1778] Compiling NIOPosix DatagramVectorReadManager.swift
[1578/1778] Compiling NIOPosix Errors+Any.swift
[1579/1778] Compiling NIOPosix FileDescriptor.swift
[1580/1778] Compiling NIOPosix GetaddrinfoResolver.swift
[1581/1778] Compiling NIOPosix Thread.swift
[1582/1778] Compiling NIOPosix ThreadPosix.swift
[1583/1778] Compiling NIOPosix ThreadWindows.swift
[1584/1778] Compiling NIOPosix Utilities.swift
[1585/1778] Compiling NIOPosix VsockAddress.swift
[1586/1778] Compiling NIOPosix VsockChannelEvents.swift
[1587/1778] Compiling NIOPosix Windows.swift
[1588/1778] Compiling X509 PKCS8PrivateKey.swift
[1589/1778] Compiling X509 PromiseAndFuture.swift
[1590/1778] Compiling X509 RDNAttribute.swift
[1591/1778] Compiling X509 RandomNumberGenerator+bytes.swift
[1592/1778] Compiling X509 RelativeDistinguishedName.swift
[1593/1778] Compiling X509 SEC1PrivateKey.swift
[1594/1778] Compiling X509 SecKeyWrapper.swift
[1595/1778] Compiling X509 Signature.swift
[1596/1778] Compiling X509 SignatureAlgorithm.swift
[1597/1778] Compiling X509 AllOfPolicies.swift
[1598/1778] Compiling X509 AnyPolicy.swift
[1599/1778] Compiling X509 CertificateStore.swift
[1600/1778] Compiling X509 CustomCertificateStore.swift
[1601/1778] Compiling NIOPosix PipeChannel.swift
[1602/1778] Compiling NIOPosix PipePair.swift
[1603/1778] Compiling NIOPosix Pool.swift
[1604/1778] Compiling NIOPosix PosixSingletons+ConcurrencyTakeOver.swift
[1605/1778] Compiling NIOPosix PosixSingletons.swift
[1606/1778] Compiling NIOPosix RawSocketBootstrap.swift
[1607/1778] Compiling NIOPosix Resolver.swift
[1608/1778] Compiling NIOPosix Selectable.swift
[1609/1778] Compiling NIOPosix SelectableChannel.swift
[1610/1778] Compiling NIOPosix SelectableEventLoop.swift
[1611/1778] Compiling NIOPosix SelectorEpoll.swift
[1612/1778] Compiling NIOPosix SelectorGeneric.swift
[1613/1778] Compiling NIOPosix SelectorKqueue.swift
[1616/1778] Compiling X509 OCSPPolicy.swift
[1617/1778] Compiling X509 OCSPRequest.swift
[1618/1778] Compiling X509 OCSPResponse.swift
[1619/1778] Compiling X509 OCSPResponseBytes.swift
[1620/1778] Compiling X509 OCSPResponseData.swift
[1621/1778] Compiling X509 OCSPResponseStatus.swift
[1622/1778] Compiling X509 OCSPSignature.swift
[1623/1778] Compiling X509 OCSPSingleRequest.swift
[1624/1778] Compiling X509 OCSPSingleResponse.swift
[1625/1778] Compiling X509 OCSPTBSRequest.swift
[1626/1778] Compiling X509 OCSPVersion.swift
[1640/1778] Compiling NIOPosix SelectorUring.swift
[1655/1778] Emitting module X509
[1669/1778] Compiling X509 DomainComponent.swift
[1670/1778] Compiling X509 EmailAddress.swift
[1671/1778] Compiling X509 LocalityName.swift
[1672/1778] Compiling X509 OrganizationName.swift
[1673/1778] Compiling X509 OrganizationalUnitName.swift
[1674/1778] Compiling X509 StateOrProvinceName.swift
[1675/1778] Compiling X509 StreetAddress.swift
[1676/1778] Compiling X509 Error.swift
[1677/1778] Compiling X509 AuthorityInformationAccess.swift
[1678/1778] Compiling X509 AuthorityKeyIdentifier.swift
[1679/1778] Compiling X509 BasicConstraints.swift
[1680/1778] Compiling X509 ExtendedKeyUsage.swift
[1681/1778] Compiling X509 ExtensionIdentifiers.swift
[1682/1778] Compiling X509 KeyUsage.swift
[1690/1778] Emitting module NIOPosix
[1698/1779] Wrapping AST for NIOPosix for debugging
[1700/1781] Emitting module NIO
[1701/1781] Compiling NIO Exports.swift
[1702/1783] Wrapping AST for NIO for debugging
[1704/1821] Compiling NIOTLS TLSEvents.swift
[1705/1821] Compiling NIOFoundationCompat Exports.swift
[1706/1821] Compiling NIOTLS ApplicationProtocolNegotiationHandler.swift
[1707/1821] Emitting module NIOTLS
[1708/1821] Compiling NIOFoundationCompat JSONSerialization+ByteBuffer.swift
[1709/1821] Emitting module NIOFoundationCompat
[1710/1821] Compiling NIOFoundationCompat WaitSpinningRunLoop.swift
[1712/1822] Compiling NIOTLS NIOTypedApplicationProtocolNegotiationHandler.swift
[1713/1822] Compiling NIOSOCKS ClientStateMachine.swift
[1714/1822] Compiling NIOSOCKS SelectedAuthenticationMethod.swift
[1715/1822] Compiling NIOSOCKS SOCKSResponse.swift
[1715/1823] Wrapping AST for NIOFoundationCompat for debugging
[1717/1823] Compiling NIOTLS ProtocolNegotiationHandlerStateMachine.swift
[1718/1823] Compiling NIOTLS SNIHandler.swift
[1719/1824] Compiling NIOHTTP1 HTTPPipelineSetup.swift
[1720/1824] Compiling NIOHTTP1 HTTPServerPipelineHandler.swift
[1721/1824] Compiling NIOHTTP1 HTTPServerProtocolErrorHandler.swift
[1722/1824] Compiling NIOHTTP1 HTTPServerRequestMethodQueue.swift
[1723/1824] Compiling NIOHTTP1 HTTPHeaderValidator.swift
[1724/1824] Compiling NIOHTTP1 HTTPHeaders+Validation.swift
[1725/1824] Compiling NIOHTTP1 HTTPServerUpgradeHandler.swift
[1726/1824] Compiling NIOHTTP1 ByteCollectionUtils.swift
[1727/1824] Emitting module NIOSOCKS
[1728/1824] Compiling X509 ValidatedCertificateChain.swift
[1729/1824] Compiling X509 VerificationDiagnostic.swift
[1730/1824] Compiling X509 Verifier.swift
[1731/1824] Compiling X509 VerifierPolicy.swift
[1732/1824] Compiling X509 AlgorithmIdentifier.swift
[1733/1824] Compiling X509 ECDSASignature.swift
[1734/1824] Compiling X509 RSAPKCS1PublicKey.swift
[1735/1824] Compiling X509 SubjectPublicKeyInfo.swift
[1736/1824] Compiling X509 TBSCertificate.swift
[1737/1824] Compiling X509 Time.swift
[1738/1824] Compiling X509 TimeCalculations.swift
[1739/1824] Compiling X509 Validity.swift
[1740/1824] Compiling X509 X509SendableMetatype.swift
[1744/1826] Compiling NIOSOCKS ServerStateMachine.swift
[1746/1828] Wrapping AST for NIOTLS for debugging
[1747/1847] Wrapping AST for NIOSOCKS for debugging
[1749/1858] Compiling NIOSSL SSLPublicKey.swift
[1750/1858] Compiling NIOSSL SecurityFrameworkCertificateVerification.swift
[1750/1897] Wrapping AST for X509 for debugging
[1752/1925] Compiling JWTKit AudienceClaim.swift
[1753/1925] Compiling JWTKit BoolClaim.swift
[1754/1925] Compiling JWTKit ExpirationClaim.swift
[1755/1925] Compiling JWTKit ECDSACurveType.swift
[1756/1925] Compiling JWTKit ECDSAError.swift
[1757/1925] Compiling JWTKit SubjectClaim.swift
[1758/1925] Compiling JWTKit TenantIDClaim.swift
[1762/1925] Compiling JWTKit GoogleHostedDomainClaim.swift
[1763/1925] Compiling JWTKit IDClaim.swift
[1764/1925] Compiling JWTKit IssuedAtClaim.swift
[1765/1925] Compiling JWTKit IssuerClaim.swift
[1766/1925] Compiling JWTKit JWTClaim.swift
[1767/1925] Compiling JWTKit JWTMultiValueClaim.swift
[1768/1925] Compiling JWTKit JWTUnixEpochClaim.swift
[1769/1934] Compiling JWTKit MLDSAType.swift
[1770/1934] Compiling JWTKit JWTKeyCollection+UnsecuredNone.swift
[1771/1934] Compiling JWTKit UnsecuredNoneSigner.swift
[1772/1934] Compiling JWTKit JWTKeyCollection+RSA.swift
[1773/1934] Compiling JWTKit RSA.swift
[1774/1934] Compiling JWTKit RSAError.swift
[1775/1934] Compiling JWTKit RSASigner.swift
[1776/1934] Compiling JWTKit Base64URL.swift
[1777/1934] Compiling JWTKit CryptoSigner.swift
[1778/1934] Compiling JWTKit LocaleClaim.swift
[1779/1934] Compiling JWTKit NotBeforeClaim.swift
[1786/1934] Compiling JWTKit ECDSA.swift
[1787/1934] Compiling JWTKit ECDSACurve.swift
[1790/1934] Compiling JWTKit ECDSAKeyTypes.swift
[1791/1934] Compiling JWTKit ECDSASigner.swift
[1792/1934] Compiling JWTKit JWTSerializer.swift
[1793/1934] Compiling JWTKit JWTSigner.swift
[1794/1934] Compiling JWTKit JWTKeyCollection+MLDSA.swift
[1795/1934] Compiling JWTKit MLDSA.swift
[1796/1934] Compiling JWTKit MLDSA65+MLDSAKey.swift
[1797/1934] Compiling JWTKit MLDSA87+MLDSAKey.swift
[1798/1934] Compiling JWTKit MLDSAError.swift
[1799/1934] Compiling JWTKit MLDSAKey.swift
[1800/1934] Compiling JWTKit MLDSASigner.swift
[1801/1934] Emitting module JWTKit
[1805/1934] Emitting module NIOHTTP1
[1806/1935] Wrapping AST for NIOHTTP1 for debugging
[1808/1952] Compiling JWTKit ECDSASigningAlgorithm.swift
[1809/1952] Compiling JWTKit JWTKeyCollection+ECDSA.swift
[1810/1952] Compiling JWTKit P256+CurveType.swift
[1811/1952] Compiling JWTKit P384+CurveType.swift
[1812/1952] Compiling JWTKit P521+CurveType.swift
[1813/1952] Compiling JWTKit EdDSA.swift
[1814/1952] Compiling JWTKit EdDSACurve.swift
[1815/1952] Compiling JWTKit EdDSAError.swift
[1816/1952] Compiling JWTKit EdDSASigner.swift
[1817/1952] Compiling JWTKit JWTKeyCollection+EdDSA.swift
[1818/1952] Compiling NIOHTTPCompression HTTPRequestCompressor.swift
[1819/1952] Compiling NIOHPACK IntegerCoding.swift
[1820/1952] Compiling NIOHPACK IndexedHeaderTable.swift
[1821/1953] Compiling JWTKit HMAC.swift
[1822/1953] Compiling JWTKit HMACError.swift
[1823/1953] Compiling JWTKit HMACSigner.swift
[1824/1953] Compiling JWTKit JWTKeyCollection+HMAC.swift
[1825/1953] Compiling JWTKit Insecure.swift
[1826/1953] Compiling JWTKit JWK.swift
[1827/1953] Compiling JWTKit JWKIdentifier.swift
[1828/1953] Compiling JWTKit JWKS.swift
[1829/1953] Compiling JWTKit JWKSigner.swift
[1830/1953] Compiling JWTKit JWTAlgorithm.swift
[1831/1953] Compiling JWTKit JWTError.swift
[1832/1953] Compiling JWTKit JWTHeader+CommonFields.swift
[1833/1953] Compiling JWTKit JWTHeader.swift
[1834/1953] Compiling JWTKit JWTHeaderField.swift
[1835/1953] Compiling JWTKit JWTKeyCollection.swift
[1836/1953] Compiling JWTKit JWTParser+MandatoryVerificationFields.swift
[1837/1953] Compiling JWTKit JWTParser.swift
[1838/1953] Compiling JWTKit JWTPayload.swift
[1839/1953] Emitting module NIOHTTPCompression
[1848/1953] Compiling NIOHPACK HPACKHeader.swift
[1849/1953] Compiling NIOHPACK HeaderTables.swift
[1853/1954] Compiling NIOHPACK DynamicHeaderTable.swift
[1854/1954] Compiling NIOHPACK HPACKDecoder.swift
[1855/1957] Compiling NIOHPACK HuffmanCoding.swift
[1856/1957] Compiling NIOHPACK HuffmanTables.swift
[1869/1957] Emitting module NIOSSL
[1872/1957] Compiling NIOHPACK HPACKEncoder.swift
[1873/1957] Compiling NIOHPACK HPACKErrors.swift
[1874/1957] Compiling NIOHPACK StaticHeaderTable.swift
[1875/1957] Emitting module NIOHPACK
[1876/1957] Compiling NIOHTTPCompression HTTPDecompressor.swift
[1877/1957] Compiling NIOHTTPCompression HTTPResponseCompressor.swift
[1878/1957] Compiling NIOHTTPCompression HTTPCompression.swift
[1879/1957] Compiling NIOHTTPCompression HTTPDecompression.swift
[1880/1958] Wrapping AST for NIOHTTPCompression for debugging
[1886/1959] Wrapping AST for NIOHPACK for debugging
[1888/1991] Compiling JWTKit CustomizedJSONCoders.swift
[1889/1991] Compiling JWTKit Utilities.swift
[1890/1991] Compiling JWTKit AppleIdentityToken.swift
[1891/1991] Compiling JWTKit FirebaseAuthIdentityToken.swift
[1892/1991] Compiling JWTKit GoogleIdentityToken.swift
[1893/1991] Compiling JWTKit MicrosoftIdentityToken.swift
[1894/1991] Compiling JWTKit EmptyPolicy.swift
[1895/1991] Compiling JWTKit ValidationTimePayload.swift
[1896/1991] Compiling JWTKit X5CVerifier.swift
[1897/2023] Wrapping AST for JWTKit for debugging
[1899/2023] Compiling NIOHTTP2 HasFlowControlWindows.swift
[1900/2023] Compiling NIOHTTP2 HasLocalSettings.swift
[1901/2023] Compiling NIOHTTP2 HasRemoteSettings.swift
[1902/2023] Compiling NIOHTTP2 LocallyQuiescingState.swift
[1903/2023] Compiling NIOHTTP2 QuiescingState.swift
[1904/2023] Compiling NIOHTTP2 RemotelyQuiescingState.swift
[1905/2023] Compiling NIOHTTP2 SendAndReceiveGoawayState.swift
[1906/2023] Compiling NIOHTTP2 StateMachineResult.swift
[1907/2023] Compiling NIOHTTP2 ContentLengthVerifier.swift
[1908/2031] Compiling NIOHTTP2 MaySendFrames.swift
[1909/2031] Compiling NIOHTTP2 SendingDataState.swift
[1910/2031] Compiling NIOHTTP2 SendingGoawayState.swift
[1911/2031] Compiling NIOHTTP2 SendingHeadersState.swift
[1912/2031] Compiling NIOHTTP2 SendingPushPromiseState.swift
[1913/2031] Compiling NIOHTTP2 SendingRstStreamState.swift
[1914/2031] Compiling NIOHTTP2 SendingWindowUpdateState.swift
[1915/2031] Compiling NIOHTTP2 HTTP2SettingsState.swift
[1916/2031] Compiling NIOHTTP2 HasExtendedConnectSettings.swift
[1917/2031] Compiling NIOHTTP2 ConcurrentStreamBuffer.swift
[1918/2031] Compiling NIOHTTP2 ControlFrameBuffer.swift
[1919/2031] Compiling NIOHTTP2 OutboundFlowControlBuffer.swift
[1920/2031] Compiling NIOHTTP2 OutboundFrameBuffer.swift
[1921/2032] Wrapping AST for NIOSSL for debugging
[1923/2032] Compiling NIOHTTP2 HTTP2StreamMultiplexer.swift
[1924/2032] Compiling NIOHTTP2 HTTP2ToHTTP1Codec.swift
[1925/2032] Compiling NIOHTTP2 HTTP2UserEvents.swift
[1926/2032] Compiling NIOHTTP2 InboundEventBuffer.swift
[1927/2032] Compiling NIOHTTP2 InboundWindowManager.swift
[1928/2032] Compiling NIOHTTP2 MultiplexerAbstractChannel.swift
[1929/2032] Compiling NIOHTTP2 NIOHTTP2FrameDelegate.swift
[1930/2032] Compiling NIOHTTP2 NIOHTTP2ServerConnectionManagementHandler+StateMachine.swift
[1931/2032] Compiling NIOHTTP2 NIOHTTP2ServerConnectionManagementHandler.swift
[1932/2032] Compiling NIOHTTP2 StreamChannelFlowController.swift
[1933/2032] Compiling NIOHTTP2 StreamChannelList.swift
[1934/2032] Compiling NIOHTTP2 StreamMap.swift
[1935/2032] Compiling NIOHTTP2 StreamStateMachine.swift
[1936/2032] Compiling NIOHTTP2 Timer.swift
[1937/2032] Compiling NIOHTTP2 UnsafeTransfer.swift
[1938/2032] Compiling NIOHTTP2 WatermarkedFlowController.swift
[1939/2032] Emitting module NIOHTTP2
[1940/2032] Compiling NIOHTTP2 ConnectionStateMachine.swift
[1941/2032] Compiling NIOHTTP2 ConnectionStreamsState.swift
[1942/2032] Compiling NIOHTTP2 MayReceiveFrames.swift
[1943/2032] Compiling NIOHTTP2 ReceivingDataState.swift
[1944/2032] Compiling NIOHTTP2 ReceivingGoAwayState.swift
[1945/2032] Compiling NIOHTTP2 ReceivingHeadersState.swift
[1946/2032] Compiling NIOHTTP2 ReceivingPushPromiseState.swift
[1947/2032] Compiling NIOHTTP2 ReceivingRstStreamState.swift
[1948/2032] Compiling NIOHTTP2 ReceivingWindowUpdateState.swift
[1949/2032] Compiling NIOHTTP2 HTTP2FrameParser.swift
[1950/2032] Compiling NIOHTTP2 HTTP2PingData.swift
[1951/2032] Compiling NIOHTTP2 HTTP2PipelineHelpers.swift
[1952/2032] Compiling NIOHTTP2 HTTP2Settings.swift
[1953/2032] Compiling NIOHTTP2 HTTP2Stream.swift
[1954/2032] Compiling NIOHTTP2 HTTP2StreamChannel+OutboundStreamMultiplexer.swift
[1955/2032] Compiling NIOHTTP2 HTTP2StreamChannel.swift
[1956/2032] Compiling NIOHTTP2 HTTP2StreamDelegate.swift
[1957/2032] Compiling NIOHTTP2 HTTP2StreamID.swift
[1958/2032] Compiling NIOHTTP2 DOSHeuristics.swift
[1959/2032] Compiling NIOHTTP2 Error+Any.swift
[1964/2032] Compiling NIOHTTP2 GlitchesMonitor.swift
[1965/2032] Compiling NIOHTTP2 HPACKHeaders+Validation.swift
[1966/2032] Compiling NIOHTTP2 HTTP2ChannelHandler+InboundStreamMultiplexer.swift
[1967/2032] Compiling NIOHTTP2 HTTP2ChannelHandler+InlineStreamMultiplexer.swift
[1968/2032] Compiling NIOHTTP2 HTTP2ChannelHandler.swift
[1969/2032] Compiling NIOHTTP2 HTTP2CommonInboundStreamMultiplexer.swift
[1970/2032] Compiling NIOHTTP2 HTTP2ConnectionStateChange.swift
[1971/2032] Compiling NIOHTTP2 HTTP2Error.swift
[1972/2032] Compiling NIOHTTP2 HTTP2ErrorCode.swift
[1973/2032] Compiling NIOHTTP2 HTTP2FlowControlWindow.swift
[1974/2032] Compiling NIOHTTP2 HTTP2Frame.swift
[1975/2032] Compiling NIOHTTP2 HTTP2FrameEncoder.swift
[1976/2033] Wrapping AST for NIOHTTP2 for debugging
[1978/2097] Emitting module AsyncHTTPClient
[1979/2105] Compiling AsyncHTTPClient RequestOptions.swift
[1980/2105] Compiling AsyncHTTPClient HTTPConnectionPool+Backoff.swift
[1981/2105] Compiling AsyncHTTPClient HTTPConnectionPool+HTTP1Connections.swift
[1982/2105] Compiling AsyncHTTPClient HTTPConnectionPool+HTTP1StateMachine.swift
[1983/2105] Compiling AsyncHTTPClient HTTPConnectionPool+HTTP2Connections.swift
[1984/2105] Compiling AsyncHTTPClient HTTPConnectionPool+HTTP2StateMachine.swift
[1985/2105] Compiling AsyncHTTPClient HTTPConnectionPool+RequestQueue.swift
[1986/2105] Compiling AsyncHTTPClient HTTPConnectionPool+StateMachine.swift
[1987/2105] Compiling AsyncHTTPClient ConnectionTarget.swift
[1988/2105] Compiling AsyncHTTPClient HTTP1ProxyConnectHandler.swift
[1989/2105] Compiling AsyncHTTPClient SOCKSEventsHandler.swift
[1990/2105] Compiling AsyncHTTPClient TLSEventsHandler.swift
[1991/2105] Compiling AsyncHTTPClient HTTP1ClientChannelHandler.swift
[1992/2105] Compiling AsyncHTTPClient HTTP1Connection.swift
[1993/2105] Compiling AsyncHTTPClient HTTP1ConnectionStateMachine.swift
[1994/2105] Compiling AsyncHTTPClient HTTP2ClientRequestHandler.swift
[1995/2105] Compiling AsyncHTTPClient HTTP2Connection.swift
[1996/2105] Compiling AsyncHTTPClient HTTP2IdleHandler.swift
[1997/2105] Compiling AsyncHTTPClient HTTPClientResponse.swift
[1998/2105] Compiling AsyncHTTPClient SingleIteratorPrecondition.swift
[1999/2105] Compiling AsyncHTTPClient Transaction+StateMachine.swift
[2000/2105] Compiling AsyncHTTPClient Transaction.swift
[2001/2105] Compiling AsyncHTTPClient Base64.swift
[2002/2105] Compiling AsyncHTTPClient BasicAuth.swift
[2003/2105] Compiling AsyncHTTPClient BestEffortHashableTLSConfiguration.swift
[2004/2105] Compiling AsyncHTTPClient Configuration+BrowserLike.swift
[2005/2105] Compiling AsyncHTTPClient ConnectionPool.swift
[2006/2105] Compiling AsyncHTTPClient RequestValidation.swift
[2007/2105] Compiling AsyncHTTPClient SSLContextCache.swift
[2008/2105] Compiling AsyncHTTPClient Scheme.swift
[2009/2105] Compiling AsyncHTTPClient Singleton.swift
[2010/2105] Compiling AsyncHTTPClient StringConvertibleInstances.swift
[2011/2105] Compiling AsyncHTTPClient StructuredConcurrencyHelpers.swift
[2012/2105] Compiling AsyncHTTPClient TracingSupport.swift
[2013/2105] Compiling AsyncHTTPClient Utils.swift
[2014/2105] Compiling AsyncHTTPClient LRUCache.swift
[2015/2105] Compiling AsyncHTTPClient NIOLoopBound+Execute.swift
[2016/2105] Compiling AsyncHTTPClient NWErrorHandler.swift
[2017/2105] Compiling AsyncHTTPClient NWWaitingHandler.swift
[2018/2105] Compiling AsyncHTTPClient TLSConfiguration.swift
[2019/2105] Compiling AsyncHTTPClient RedirectState.swift
[2020/2105] Compiling AsyncHTTPClient RequestBag+StateMachine.swift
[2021/2105] Compiling AsyncHTTPClient RequestBag+Tracing.swift
[2022/2105] Compiling AsyncHTTPClient RequestBag.swift
[2023/2105] Compiling AsyncHTTPClient HTTPConnectionEvent.swift
[2024/2105] Compiling AsyncHTTPClient HTTPConnectionPool+Factory.swift
[2025/2105] Compiling AsyncHTTPClient HTTPConnectionPool+Manager.swift
[2026/2105] Compiling AsyncHTTPClient HTTPConnectionPool.swift
[2027/2105] Compiling AsyncHTTPClient HTTPExecutableRequest.swift
[2028/2105] Compiling AsyncHTTPClient HTTPRequestStateMachine+Demand.swift
[2029/2105] Compiling AsyncHTTPClient HTTPRequestStateMachine.swift
[2030/2105] Compiling AsyncHTTPClient RequestBodyLength.swift
[2031/2105] Compiling AsyncHTTPClient RequestFramingMetadata.swift
[2032/2105] Compiling AsyncHTTPClient DeconstructedURL.swift
[2033/2105] Compiling AsyncHTTPClient FileDownloadDelegate.swift
[2034/2105] Compiling AsyncHTTPClient FoundationExtensions.swift
[2035/2105] Compiling AsyncHTTPClient HTTPClient+HTTPCookie.swift
[2036/2105] Compiling AsyncHTTPClient HTTPClient+Proxy.swift
[2037/2105] Compiling AsyncHTTPClient HTTPClient+StructuredConcurrency.swift
[2038/2105] Compiling AsyncHTTPClient HTTPClient.swift
[2039/2105] Compiling AsyncHTTPClient HTTPClientConfiguration+SwiftConfiguration.swift
[2040/2105] Compiling AsyncHTTPClient HTTPHandler.swift
[2041/2105] Compiling AsyncHTTPClient AnyAsyncSequence.swift
[2042/2105] Compiling AsyncHTTPClient AnyAsyncSequenceProucerDelete.swift
[2043/2105] Compiling AsyncHTTPClient AsyncLazySequence.swift
[2044/2105] Compiling AsyncHTTPClient HTTPClient+execute.swift
[2045/2105] Compiling AsyncHTTPClient HTTPClient+shutdown.swift
[2046/2105] Compiling AsyncHTTPClient HTTPClient+tracing.swift
[2047/2105] Compiling AsyncHTTPClient HTTPClientRequest+Prepared.swift
[2048/2105] Compiling AsyncHTTPClient HTTPClientRequest+auth.swift
[2049/2105] Compiling AsyncHTTPClient HTTPClientRequest.swift
[2050/2106] Wrapping AST for AsyncHTTPClient for debugging
[2052/2129] Compiling GoogleAuth SubjectTokenProvider.swift
[2053/2129] Compiling GoogleAuth MDSAccessTokenProvider.swift
[2054/2129] Compiling GoogleAuth MDSCredentials.swift
[2055/2132] Compiling GoogleAuth UserAccountData.swift
[2056/2132] Compiling GoogleAuth UserAccountTokenProvider.swift
[2057/2132] Compiling GoogleAuth UserCredentials.swift
[2058/2132] Compiling GoogleAuth ServiceAccountCredentials.swift
[2059/2132] Compiling GoogleAuth ServiceAccountData.swift
[2060/2132] Compiling GoogleAuth ServiceAccountTokenProvider.swift
[2061/2132] Emitting module GoogleAuth
[2062/2132] Compiling GoogleAuth AuthHTTPClient.swift
[2063/2132] Compiling GoogleAuth AuthHTTPError.swift
[2064/2132] Compiling GoogleAuth RetryEngine.swift
[2065/2132] Compiling GoogleAuth AnonymousCredentials.swift
[2066/2132] Compiling GoogleAuth ApiKeyCredentials.swift
[2067/2132] Compiling GoogleAuth ExternalAccountCredentials.swift
[2068/2132] Compiling GoogleAuth ADC.swift
[2069/2132] Compiling GoogleAuth ADCPath.swift
[2070/2132] Compiling GoogleAuth ADCResolver.swift
[2071/2132] Compiling GoogleAuth AuthHeaders.swift
[2072/2132] Compiling GoogleAuth CredentialParserRegistry.swift
[2073/2132] Compiling GoogleAuth Credentials.swift
[2074/2132] Compiling GoogleAuth CredentialsError.swift
[2075/2132] Compiling GoogleAuth STSHandler.swift
[2076/2132] Compiling GoogleAuth TokenCache.swift
[2077/2132] Compiling GoogleAuth PackageVersion.swift
[2078/2133] Wrapping AST for GoogleAuth for debugging
[2080/2191] Compiling GoogleGax AIP194+PollingErrorPolicy.swift
[2081/2191] Compiling GoogleGax AIP194+RetryPolicy.swift
[2082/2191] Compiling GoogleGax AIP194.swift
[2083/2191] Compiling GoogleGax AdaptiveThrottler.swift
[2084/2191] Compiling GoogleGax AlwaysPoll.swift
[2085/2191] Compiling GoogleGax AlwaysRetry.swift
[2086/2191] Compiling GoogleGax ApiClientHeader.swift
[2087/2191] Compiling GoogleGax BackoffPolicy.swift
[2088/2191] Compiling GoogleGax BasePollingErrorPolicy.swift
[2089/2199] Emitting module GoogleGax
[2090/2199] Compiling GoogleGax ContinueOnIO.swift
[2091/2199] Compiling GoogleGax CredentialsProtocol.swift
[2092/2199] Compiling GoogleGax ErrorWrapper.swift
[2093/2199] Compiling GoogleGax ExponentialBackoff+BackoffPolicy.swift
[2094/2199] Compiling GoogleGax ExponentialBackoff+PollingBackoffPolicy.swift
[2095/2199] Compiling GoogleGax ExponentialBackoff.swift
[2096/2199] Compiling GoogleGax HTTPClient.swift
[2097/2199] Compiling GoogleGax HTTPClientHolder.swift
[2098/2199] Compiling GoogleGax BaseRetryPolicy.swift
[2099/2199] Compiling GoogleGax BindingError.swift
[2100/2199] Compiling GoogleGax CRC32C.swift
[2101/2199] Compiling GoogleGax CircuitBreaker.swift
[2102/2199] Compiling GoogleGax ClientError.swift
[2103/2199] Compiling GoogleGax ClientOptions.swift
[2104/2199] Compiling GoogleGax ContinueOnIO+PollingErrorPolicy.swift
[2105/2199] Compiling GoogleGax ContinueOnIO+RetryPolicy.swift
[2106/2199] Compiling GoogleGax LimitedAttemptCount+PollingErrorPolicy.swift
[2107/2199] Compiling GoogleGax LimitedAttemptCount+RetryPolicy.swift
[2108/2199] Compiling GoogleGax LimitedAttemptCount.swift
[2109/2199] Compiling GoogleGax LimitedElapsedTime+PollingErrorPolicy.swift
[2110/2199] Compiling GoogleGax LimitedElapsedTime+RetryPolicy.swift
[2111/2199] Compiling GoogleGax LimitedElapsedTime.swift
[2112/2199] Compiling GoogleGax LongRunningOperations.swift
[2113/2199] Compiling GoogleGax NeverRetry.swift
[2114/2199] Compiling GoogleGax RequestOptions.swift
[2115/2199] Compiling GoogleGax RetryLoop.swift
[2116/2199] Compiling GoogleGax RetryPolicy.swift
[2117/2199] Compiling GoogleGax RetryResult.swift
[2118/2199] Compiling GoogleGax RetryState.swift
[2119/2199] Compiling GoogleGax RetryThrottler.swift
[2120/2199] Compiling GoogleGax RetryThrottlerError.swift
[2121/2199] Compiling GoogleGax RoutingMatcher.swift
[2122/2199] Compiling GoogleGax HTTPClientProtocol.swift
[2123/2199] Compiling GoogleGax HTTPClientRequest.swift
[2124/2199] Compiling GoogleGax HTTPClientResponse.swift
[2125/2199] Compiling GoogleGax HTTPHeaders.swift
[2126/2199] Compiling GoogleGax HTTPResponseBody.swift
[2127/2199] Compiling GoogleGax HeaderNames.swift
[2128/2199] Compiling GoogleGax Host.swift
[2129/2199] Compiling GoogleGax InProgressResult.swift
[2130/2199] Compiling GoogleGax Pagination.swift
/host/spi-builder-workspace/.build/checkouts/swift-google-gax/Sources/GoogleGax/Pagination.swift:44:22: error: cannot convert '@Sendable (String) async throws -> (response: ResponseType, items: [Item], nextToken: String)' to 'nonisolated(nonsending) @Sendable (String) async throws -> (response: ResponseType, items: [Item], nextToken: String)' because crossing of an isolation boundary requires parameter and result types to conform to 'Sendable' protocol
 42 |   ) where ResponseType: _PaginatedResponse<Item> {
 43 |     self.initialPageToken = initialPageToken ?? ""
 44 |     self.fetchPage = { token in
    |                      |- error: cannot convert '@Sendable (String) async throws -> (response: ResponseType, items: [Item], nextToken: String)' to 'nonisolated(nonsending) @Sendable (String) async throws -> (response: ResponseType, items: [Item], nextToken: String)' because crossing of an isolation boundary requires parameter and result types to conform to 'Sendable' protocol
    |                      `- note: type 'Item' does not conform to 'Sendable' protocol
 45 |       let response = try await listRpc(token)
 46 |       return (response, response._getPaginatedItems(), response._nextPageToken())
[2131/2199] Compiling GoogleGax PollingBackoffPolicy.swift
/host/spi-builder-workspace/.build/checkouts/swift-google-gax/Sources/GoogleGax/Pagination.swift:44:22: error: cannot convert '@Sendable (String) async throws -> (response: ResponseType, items: [Item], nextToken: String)' to 'nonisolated(nonsending) @Sendable (String) async throws -> (response: ResponseType, items: [Item], nextToken: String)' because crossing of an isolation boundary requires parameter and result types to conform to 'Sendable' protocol
 42 |   ) where ResponseType: _PaginatedResponse<Item> {
 43 |     self.initialPageToken = initialPageToken ?? ""
 44 |     self.fetchPage = { token in
    |                      |- error: cannot convert '@Sendable (String) async throws -> (response: ResponseType, items: [Item], nextToken: String)' to 'nonisolated(nonsending) @Sendable (String) async throws -> (response: ResponseType, items: [Item], nextToken: String)' because crossing of an isolation boundary requires parameter and result types to conform to 'Sendable' protocol
    |                      `- note: type 'Item' does not conform to 'Sendable' protocol
 45 |       let response = try await listRpc(token)
 46 |       return (response, response._getPaginatedItems(), response._nextPageToken())
[2132/2199] Compiling GoogleGax PollingErrorPolicy.swift
/host/spi-builder-workspace/.build/checkouts/swift-google-gax/Sources/GoogleGax/Pagination.swift:44:22: error: cannot convert '@Sendable (String) async throws -> (response: ResponseType, items: [Item], nextToken: String)' to 'nonisolated(nonsending) @Sendable (String) async throws -> (response: ResponseType, items: [Item], nextToken: String)' because crossing of an isolation boundary requires parameter and result types to conform to 'Sendable' protocol
 42 |   ) where ResponseType: _PaginatedResponse<Item> {
 43 |     self.initialPageToken = initialPageToken ?? ""
 44 |     self.fetchPage = { token in
    |                      |- error: cannot convert '@Sendable (String) async throws -> (response: ResponseType, items: [Item], nextToken: String)' to 'nonisolated(nonsending) @Sendable (String) async throws -> (response: ResponseType, items: [Item], nextToken: String)' because crossing of an isolation boundary requires parameter and result types to conform to 'Sendable' protocol
    |                      `- note: type 'Item' does not conform to 'Sendable' protocol
 45 |       let response = try await listRpc(token)
 46 |       return (response, response._getPaginatedItems(), response._nextPageToken())
[2133/2199] Compiling GoogleGax PollingResult.swift
/host/spi-builder-workspace/.build/checkouts/swift-google-gax/Sources/GoogleGax/Pagination.swift:44:22: error: cannot convert '@Sendable (String) async throws -> (response: ResponseType, items: [Item], nextToken: String)' to 'nonisolated(nonsending) @Sendable (String) async throws -> (response: ResponseType, items: [Item], nextToken: String)' because crossing of an isolation boundary requires parameter and result types to conform to 'Sendable' protocol
 42 |   ) where ResponseType: _PaginatedResponse<Item> {
 43 |     self.initialPageToken = initialPageToken ?? ""
 44 |     self.fetchPage = { token in
    |                      |- error: cannot convert '@Sendable (String) async throws -> (response: ResponseType, items: [Item], nextToken: String)' to 'nonisolated(nonsending) @Sendable (String) async throws -> (response: ResponseType, items: [Item], nextToken: String)' because crossing of an isolation boundary requires parameter and result types to conform to 'Sendable' protocol
    |                      `- note: type 'Item' does not conform to 'Sendable' protocol
 45 |       let response = try await listRpc(token)
 46 |       return (response, response._getPaginatedItems(), response._nextPageToken())
[2134/2199] Compiling GoogleGax PollingState.swift
/host/spi-builder-workspace/.build/checkouts/swift-google-gax/Sources/GoogleGax/Pagination.swift:44:22: error: cannot convert '@Sendable (String) async throws -> (response: ResponseType, items: [Item], nextToken: String)' to 'nonisolated(nonsending) @Sendable (String) async throws -> (response: ResponseType, items: [Item], nextToken: String)' because crossing of an isolation boundary requires parameter and result types to conform to 'Sendable' protocol
 42 |   ) where ResponseType: _PaginatedResponse<Item> {
 43 |     self.initialPageToken = initialPageToken ?? ""
 44 |     self.fetchPage = { token in
    |                      |- error: cannot convert '@Sendable (String) async throws -> (response: ResponseType, items: [Item], nextToken: String)' to 'nonisolated(nonsending) @Sendable (String) async throws -> (response: ResponseType, items: [Item], nextToken: String)' because crossing of an isolation boundary requires parameter and result types to conform to 'Sendable' protocol
    |                      `- note: type 'Item' does not conform to 'Sendable' protocol
 45 |       let response = try await listRpc(token)
 46 |       return (response, response._getPaginatedItems(), response._nextPageToken())
[2135/2199] Compiling GoogleGax ProtobufConversionError.swift
/host/spi-builder-workspace/.build/checkouts/swift-google-gax/Sources/GoogleGax/Pagination.swift:44:22: error: cannot convert '@Sendable (String) async throws -> (response: ResponseType, items: [Item], nextToken: String)' to 'nonisolated(nonsending) @Sendable (String) async throws -> (response: ResponseType, items: [Item], nextToken: String)' because crossing of an isolation boundary requires parameter and result types to conform to 'Sendable' protocol
 42 |   ) where ResponseType: _PaginatedResponse<Item> {
 43 |     self.initialPageToken = initialPageToken ?? ""
 44 |     self.fetchPage = { token in
    |                      |- error: cannot convert '@Sendable (String) async throws -> (response: ResponseType, items: [Item], nextToken: String)' to 'nonisolated(nonsending) @Sendable (String) async throws -> (response: ResponseType, items: [Item], nextToken: String)' because crossing of an isolation boundary requires parameter and result types to conform to 'Sendable' protocol
    |                      `- note: type 'Item' does not conform to 'Sendable' protocol
 45 |       let response = try await listRpc(token)
 46 |       return (response, response._getPaginatedItems(), response._nextPageToken())
[2136/2199] Compiling GoogleGax QueryParameter.swift
/host/spi-builder-workspace/.build/checkouts/swift-google-gax/Sources/GoogleGax/Pagination.swift:44:22: error: cannot convert '@Sendable (String) async throws -> (response: ResponseType, items: [Item], nextToken: String)' to 'nonisolated(nonsending) @Sendable (String) async throws -> (response: ResponseType, items: [Item], nextToken: String)' because crossing of an isolation boundary requires parameter and result types to conform to 'Sendable' protocol
 42 |   ) where ResponseType: _PaginatedResponse<Item> {
 43 |     self.initialPageToken = initialPageToken ?? ""
 44 |     self.fetchPage = { token in
    |                      |- error: cannot convert '@Sendable (String) async throws -> (response: ResponseType, items: [Item], nextToken: String)' to 'nonisolated(nonsending) @Sendable (String) async throws -> (response: ResponseType, items: [Item], nextToken: String)' because crossing of an isolation boundary requires parameter and result types to conform to 'Sendable' protocol
    |                      `- note: type 'Item' does not conform to 'Sendable' protocol
 45 |       let response = try await listRpc(token)
 46 |       return (response, response._getPaginatedItems(), response._nextPageToken())
[2137/2199] Compiling GoogleGax RequestError.swift
/host/spi-builder-workspace/.build/checkouts/swift-google-gax/Sources/GoogleGax/Pagination.swift:44:22: error: cannot convert '@Sendable (String) async throws -> (response: ResponseType, items: [Item], nextToken: String)' to 'nonisolated(nonsending) @Sendable (String) async throws -> (response: ResponseType, items: [Item], nextToken: String)' because crossing of an isolation boundary requires parameter and result types to conform to 'Sendable' protocol
 42 |   ) where ResponseType: _PaginatedResponse<Item> {
 43 |     self.initialPageToken = initialPageToken ?? ""
 44 |     self.fetchPage = { token in
    |                      |- error: cannot convert '@Sendable (String) async throws -> (response: ResponseType, items: [Item], nextToken: String)' to 'nonisolated(nonsending) @Sendable (String) async throws -> (response: ResponseType, items: [Item], nextToken: String)' because crossing of an isolation boundary requires parameter and result types to conform to 'Sendable' protocol
    |                      `- note: type 'Item' does not conform to 'Sendable' protocol
 45 |       let response = try await listRpc(token)
 46 |       return (response, response._getPaginatedItems(), response._nextPageToken())
[2138/2199] Compiling GoogleGax ServiceError.swift
[2139/2199] Compiling GoogleGax StatusDetail.swift
[2140/2199] Compiling GoogleGax StrictIdempotency.swift
[2141/2199] Compiling GoogleGax ThrottleResult.swift
[2142/2199] Compiling GoogleGax TooManyRequests+PollingErrorPolicy.swift
[2143/2199] Compiling GoogleGax TooManyRequests+RetryPolicy.swift
[2144/2199] Compiling GoogleGax TooManyRequests.swift
[2145/2199] Compiling GoogleGax PackageVersion.swift
BUILD FAILURE 6.2 android