Build Information
Failed to build AgoraRTM, reference 2.3.0 (23532e), with Swift 6.4 for watchOS using Xcode 27.0 on 26 Sep 2026 21:04:10 UTC.
Build Command
env DEVELOPER_DIR=/Applications/Xcode-27.0.0-Release.Candidate.app xcrun xcodebuild -IDEClonedSourcePackagesDirPathOverride=$PWD/.dependencies -skipMacroValidation -skipPackagePluginValidation -derivedDataPath $PWD/.derivedData build -scheme AgoraRTM -destination generic/platform=watchOSBuild Log
========================================
RunAll
========================================
Builder version: 5.1.0
Interrupt handler set up.
========================================
Checkout
========================================
Clone URL: https://github.com/AgoraIO/AgoraRtm_Apple.git
Reference: 2.3.0
Initialized empty Git repository in /Users/admin/builder/spi-builder-workspace/.git/
From https://github.com/AgoraIO/AgoraRtm_Apple
* tag 2.3.0 -> FETCH_HEAD
HEAD is now at 23532e8 Merge pull request #10 from AgoraIO/2.3.0_full
Cloned https://github.com/AgoraIO/AgoraRtm_Apple.git
Revision (git rev-parse @):
23532e8be824b6b7eaf5d5e19a898feeeaee55ed
SUCCESS checkout https://github.com/AgoraIO/AgoraRtm_Apple.git at 2.3.0
========================================
Build
========================================
Selected platform: watchOS
Swift version: 6.4
Building package at path: $PWD
https://github.com/AgoraIO/AgoraRtm_Apple.git
Command line invocation:
/Applications/Xcode-27.0.0-Release.Candidate.app/Contents/Developer/usr/bin/xcodebuild -IDEClonedSourcePackagesDirPathOverride=/Users/admin/builder/spi-builder-workspace/.dependencies -resolvePackageDependencies
Resolve Package Graph
Resolve Package Graph
Resolved source packages:
AgoraRTM: /Users/admin/builder/spi-builder-workspace
resolved source packages: AgoraRTM
2026-09-26 17:03:23.879 xcodebuild[529:3038] [MT] IDERunDestination: Supported platforms for the buildables in the current scheme is empty.
{
"dependencies" : [
],
"manifest_display_name" : "AgoraRTM",
"name" : "AgoraRTM",
"path" : "/Users/admin/builder/spi-builder-workspace",
"platforms" : [
{
"name" : "ios",
"version" : "12.0"
},
{
"name" : "macos",
"version" : "10.15"
}
],
"products" : [
{
"name" : "AgoraRTM",
"targets" : [
"AgoraRtmKit",
"aosl"
],
"type" : {
"library" : [
"automatic"
]
}
}
],
"targets" : [
{
"c99name" : "aosl",
"module_type" : "BinaryTarget",
"name" : "aosl",
"path" : "remote/archive/aosl.xcframework_1.3.5.zip",
"product_memberships" : [
"AgoraRTM"
],
"sources" : [
],
"type" : "binary"
},
{
"c99name" : "AgoraRtmKit",
"module_type" : "BinaryTarget",
"name" : "AgoraRtmKit",
"path" : "remote/archive/AgoraRtmKit.xcframework_2.3.0.zip",
"product_memberships" : [
"AgoraRTM"
],
"sources" : [
],
"type" : "binary"
}
],
"tools_version" : "5.6"
}
{
"workspace" : {
"name" : "AgoraRTM",
"schemes" : [
"AgoraRTM"
]
}
}
2026-09-26 17:04:05.197 xcodebuild[671:4199] [MT] IDERunDestination: Supported platforms for the buildables in the current scheme is empty.
Running build ...
env DEVELOPER_DIR=/Applications/Xcode-27.0.0-Release.Candidate.app xcrun xcodebuild -IDEClonedSourcePackagesDirPathOverride=$PWD/.dependencies -skipMacroValidation -skipPackagePluginValidation -derivedDataPath $PWD/.derivedData build -scheme AgoraRTM -destination generic/platform=watchOS
Command line invocation:
/Applications/Xcode-27.0.0-Release.Candidate.app/Contents/Developer/usr/bin/xcodebuild -IDEClonedSourcePackagesDirPathOverride=/Users/admin/builder/spi-builder-workspace/.dependencies -skipMacroValidation -skipPackagePluginValidation -derivedDataPath /Users/admin/builder/spi-builder-workspace/.derivedData build -scheme AgoraRTM -destination generic/platform=watchOS
Resolve Package Graph
Resolved source packages:
AgoraRTM: /Users/admin/builder/spi-builder-workspace
ComputePackagePrebuildTargetDependencyGraph
Prepare packages
CreateBuildRequest
SendProjectDescription
CreateBuildOperation
ComputeTargetDependencyGraph
note: Building targets in dependency order
note: Target dependency graph (1 target)
Target 'AgoraRTM-product' in project 'AgoraRTM' (no dependencies)
GatherProvisioningInputs
CreateBuildDescription
ExecuteExternalTool /Applications/Xcode-27.0.0-Release.Candidate.app/Contents/Developer/Toolchains/XcodeDefault.xctoolchain/usr/bin/clang -v -E -dM -isysroot /Applications/Xcode-27.0.0-Release.Candidate.app/Contents/Developer/Platforms/WatchOS.platform/Developer/SDKs/WatchOS27.0.sdk -x c -c /dev/null
Build description signature: 472b95796b848385dfc90846e45e3c5c
Build description path: /Users/admin/builder/spi-builder-workspace/.derivedData/Build/Intermediates.noindex/XCBuildData/472b95796b848385dfc90846e45e3c5c.xcbuilddata
/Users/admin/builder/spi-builder-workspace/.dependencies/artifacts/spi-builder-workspace/AgoraRtmKit/AgoraRtmKit.xcframework:1:1: error: While building for watchOS, no library for this platform was found in '/Users/admin/builder/spi-builder-workspace/.dependencies/artifacts/spi-builder-workspace/AgoraRtmKit/AgoraRtmKit.xcframework'. (in target 'AgoraRTM-product' from project 'AgoraRTM')
/Users/admin/builder/spi-builder-workspace/.dependencies/artifacts/spi-builder-workspace/aosl/aosl.xcframework:1:1: error: While building for watchOS, no library for this platform was found in '/Users/admin/builder/spi-builder-workspace/.dependencies/artifacts/spi-builder-workspace/aosl/aosl.xcframework'. (in target 'AgoraRTM-product' from project 'AgoraRTM')
2026-09-26 17:04:06.735 xcodebuild[672:4248] [MT] IDERunDestination: Supported platforms for the buildables in the current scheme is empty.
** BUILD FAILED **
The following build commands failed:
Building workspace AgoraRTM with scheme AgoraRTM
(1 failure)
Command line invocation:
/Applications/Xcode-27.0.0-Release.Candidate.app/Contents/Developer/usr/bin/xcodebuild -IDEClonedSourcePackagesDirPathOverride=/Users/admin/builder/spi-builder-workspace/.dependencies -resolvePackageDependencies
Resolve Package Graph
Resolved source packages:
AgoraRTM: /Users/admin/builder/spi-builder-workspace
resolved source packages: AgoraRTM
2026-09-26 17:04:08.286 xcodebuild[684:4348] [MT] IDERunDestination: Supported platforms for the buildables in the current scheme is empty.
{
"dependencies" : [
],
"manifest_display_name" : "AgoraRTM",
"name" : "AgoraRTM",
"path" : "/Users/admin/builder/spi-builder-workspace",
"platforms" : [
{
"name" : "ios",
"version" : "12.0"
},
{
"name" : "macos",
"version" : "10.15"
}
],
"products" : [
{
"name" : "AgoraRTM",
"targets" : [
"AgoraRtmKit",
"aosl"
],
"type" : {
"library" : [
"automatic"
]
}
}
],
"targets" : [
{
"c99name" : "aosl",
"module_type" : "BinaryTarget",
"name" : "aosl",
"path" : "remote/archive/aosl.xcframework_1.3.5.zip",
"product_memberships" : [
"AgoraRTM"
],
"sources" : [
],
"type" : "binary"
},
{
"c99name" : "AgoraRtmKit",
"module_type" : "BinaryTarget",
"name" : "AgoraRtmKit",
"path" : "remote/archive/AgoraRtmKit.xcframework_2.3.0.zip",
"product_memberships" : [
"AgoraRTM"
],
"sources" : [
],
"type" : "binary"
}
],
"tools_version" : "5.6"
}
{
"workspace" : {
"name" : "AgoraRTM",
"schemes" : [
"AgoraRTM"
]
}
}
2026-09-26 17:04:09.457 xcodebuild[692:4406] [MT] IDERunDestination: Supported platforms for the buildables in the current scheme is empty.
Running build ...
env DEVELOPER_DIR=/Applications/Xcode-27.0.0-Release.Candidate.app xcrun xcodebuild -IDEClonedSourcePackagesDirPathOverride=$PWD/.dependencies -skipMacroValidation -skipPackagePluginValidation -derivedDataPath $PWD/.derivedData build -scheme AgoraRTM -destination generic/platform=watchOS
Command line invocation:
/Applications/Xcode-27.0.0-Release.Candidate.app/Contents/Developer/usr/bin/xcodebuild -IDEClonedSourcePackagesDirPathOverride=/Users/admin/builder/spi-builder-workspace/.dependencies -skipMacroValidation -skipPackagePluginValidation -derivedDataPath /Users/admin/builder/spi-builder-workspace/.derivedData build -scheme AgoraRTM -destination generic/platform=watchOS
Resolve Package Graph
Resolved source packages:
AgoraRTM: /Users/admin/builder/spi-builder-workspace
ComputePackagePrebuildTargetDependencyGraph
Prepare packages
CreateBuildRequest
SendProjectDescription
CreateBuildOperation
ComputeTargetDependencyGraph
note: Building targets in dependency order
note: Target dependency graph (1 target)
Target 'AgoraRTM-product' in project 'AgoraRTM' (no dependencies)
GatherProvisioningInputs
CreateBuildDescription
/Users/admin/builder/spi-builder-workspace/.dependencies/artifacts/spi-builder-workspace/AgoraRtmKit/AgoraRtmKit.xcframework:1:1: error: While building for watchOS, no library for this platform was found in '/Users/admin/builder/spi-builder-workspace/.dependencies/artifacts/spi-builder-workspace/AgoraRtmKit/AgoraRtmKit.xcframework'. (in target 'AgoraRTM-product' from project 'AgoraRTM')
/Users/admin/builder/spi-builder-workspace/.dependencies/artifacts/spi-builder-workspace/aosl/aosl.xcframework:1:1: error: While building for watchOS, no library for this platform was found in '/Users/admin/builder/spi-builder-workspace/.dependencies/artifacts/spi-builder-workspace/aosl/aosl.xcframework'. (in target 'AgoraRTM-product' from project 'AgoraRTM')
2026-09-26 17:04:10.402 xcodebuild[693:4429] [MT] IDERunDestination: Supported platforms for the buildables in the current scheme is empty.
** BUILD FAILED **
The following build commands failed:
Building workspace AgoraRTM with scheme AgoraRTM
(1 failure)
BUILD FAILURE 6.4 watchOS