The Swift Package Index logo.Swift Package Index

Build Information

Failed to build WandURL, reference main (fd06ae), with Swift 6.2 for Wasm on 11 Jul 2026 11:59:24 UTC.

Build Command

bash -c docker run --pull=always --rm -v "checkouts-53886768-0":/host -w "$PWD" -e JAVA_HOME="/root/.sdkman/candidates/java/current" -e SPI_BUILD="1" -e SPI_PROCESSING="1" registry.gitlab.com/saguaro1/spi-images:wasm-6.2-latest swift build --swift-sdk swift-6.2-RELEASE_wasm 2>&1

Build Log

========================================
RunAll
========================================
Builder version: 0e64495ecc1688c3b3e031a5ef1348b5c05091ae
Interrupt handler set up.
========================================
Checkout
========================================
Clone URL: https://github.com/The-Wand/URL.git
Reference: main
Initialized empty Git repository in /host/spi-builder-workspace/.git/
hint: Using 'master' as the name for the initial branch. This default branch name
hint: is subject to change. To configure the initial branch name to use in all
hint: of your new repositories, which will suppress this warning, call:
hint:
hint: 	git config --global init.defaultBranch <name>
hint:
hint: Names commonly chosen instead of 'master' are 'main', 'trunk' and
hint: 'development'. The just-created branch can be renamed via this command:
hint:
hint: 	git branch -m <name>
From https://github.com/The-Wand/URL
 * branch            main       -> FETCH_HEAD
 * [new branch]      main       -> origin/main
HEAD is now at fd06ae5 3.0.12
Cloned https://github.com/The-Wand/URL.git
Revision (git rev-parse @):
fd06ae5cbc042a69073fee10759962db7640a4dc
SUCCESS checkout https://github.com/The-Wand/URL.git at main
========================================
Build
========================================
Selected platform:         wasm
Swift version:             6.2
Building package at path:  $PWD
https://github.com/The-Wand/URL.git
Running build ...
bash -c docker run --pull=always --rm -v "checkouts-53886768-0":/host -w "$PWD" -e JAVA_HOME="/root/.sdkman/candidates/java/current" -e SPI_BUILD="1" -e SPI_PROCESSING="1" registry.gitlab.com/saguaro1/spi-images:wasm-6.2-latest swift build --swift-sdk swift-6.2-RELEASE_wasm 2>&1
wasm-6.2-latest: Pulling from saguaro1/spi-images
Digest: sha256:dc8dffc38f1d92eca7ee5312617822470123661393ed20672e77964f9dcaaffb
Status: Image is up to date for registry.gitlab.com/saguaro1/spi-images:wasm-6.2-latest
Fetching https://github.com/the-wand/Any.git
Fetching https://github.com/the-wand/Wand.git
[1/9917] Fetching wand
[1687/10252] Fetching wand, any
Fetched https://github.com/the-wand/Any.git from cache (0.70s)
Fetched https://github.com/the-wand/Wand.git from cache (0.71s)
Computing version for https://github.com/the-wand/Wand.git
Computed https://github.com/the-wand/Wand.git at 3.0.12 (0.88s)
Computing version for https://github.com/the-wand/Any.git
Computed https://github.com/the-wand/Any.git at 1.0.3 (0.17s)
Creating working copy for https://github.com/the-wand/Wand.git
Working copy of https://github.com/the-wand/Wand.git resolved at 3.0.12
Creating working copy for https://github.com/the-wand/Any.git
Working copy of https://github.com/the-wand/Any.git resolved at 1.0.3
warning: 'wand': found 1 file(s) which are unhandled; explicitly declare them as resources or exclude from the target
    /host/spi-builder-workspace/.build/checkouts/Wand/Sources/Wand/Wand.md
Building for debugging...
[0/3] Write sources
[2/3] Write swift-version-24593BA9C3E375BF.txt
error: emit-module command failed with exit code 1 (use -v to see invocation)
[4/40] Emitting module Wand
/host/spi-builder-workspace/.build/checkouts/Wand/Sources/Wand/|/Addons/Time.swift:21:16: error: cannot find type 'DispatchTime' in scope
19 | @inline(__always)
20 | public
21 | func | (after: DispatchTime, execute: @escaping ()->() ) {
   |                `- error: cannot find type 'DispatchTime' in scope
22 |     DispatchQueue.main.asyncAfter(deadline: after, execute: execute)
23 | }
/host/spi-builder-workspace/.build/checkouts/Wand/Sources/Wand/Core/Core.swift:133:27: error: cannot find 'USEC_PER_SEC' in scope
131 |
132 |         let time: Int = Date().timeIntervalSince1970|
133 |         let usec = time * USEC_PER_SEC|
    |                           `- error: cannot find 'USEC_PER_SEC' in scope
134 |
135 |         var request = URLRequest(url: URL(string: "https://api.mixpanel.com/import")!)
/host/spi-builder-workspace/.build/checkouts/Wand/Sources/Wand/Core/Core.swift:135:23: error: cannot find 'URLRequest' in scope
133 |         let usec = time * USEC_PER_SEC|
134 |
135 |         var request = URLRequest(url: URL(string: "https://api.mixpanel.com/import")!)
    |                       `- error: cannot find 'URLRequest' in scope
136 |         request.httpMethod = "POST"
137 |         request.addValue("application/json", forHTTPHeaderField: "Content-Type")
/host/spi-builder-workspace/.build/checkouts/Wand/Sources/Wand/Core/Core.swift:151:9: error: 'URLSession' (aka 'AnyObject') cannot be constructed because it has no accessible initializers
149 |         ])
150 |
151 |         URLSession(configuration: .default).dataTask(with: request).resume()
    |         `- error: 'URLSession' (aka 'AnyObject') cannot be constructed because it has no accessible initializers
152 |     }
153 |
/host/spi-builder-workspace/.build/checkouts/Wand/Sources/Wand/Core/Core.swift:151:36: error: cannot infer contextual base in reference to member 'default'
149 |         ])
150 |
151 |         URLSession(configuration: .default).dataTask(with: request).resume()
    |                                    `- error: cannot infer contextual base in reference to member 'default'
152 |     }
153 |
[5/45] Compiling Wand &.swift
/host/spi-builder-workspace/.build/checkouts/Wand/Sources/Wand/|/Addons/Time.swift:21:16: error: cannot find type 'DispatchTime' in scope
19 | @inline(__always)
20 | public
21 | func | (after: DispatchTime, execute: @escaping ()->() ) {
   |                `- error: cannot find type 'DispatchTime' in scope
22 |     DispatchQueue.main.asyncAfter(deadline: after, execute: execute)
23 | }
[6/45] Compiling Wand AndT.swift
/host/spi-builder-workspace/.build/checkouts/Wand/Sources/Wand/|/Addons/Time.swift:21:16: error: cannot find type 'DispatchTime' in scope
19 | @inline(__always)
20 | public
21 | func | (after: DispatchTime, execute: @escaping ()->() ) {
   |                `- error: cannot find type 'DispatchTime' in scope
22 |     DispatchQueue.main.asyncAfter(deadline: after, execute: execute)
23 | }
[7/45] Compiling Wand AndU.swift
/host/spi-builder-workspace/.build/checkouts/Wand/Sources/Wand/|/Addons/Time.swift:21:16: error: cannot find type 'DispatchTime' in scope
19 | @inline(__always)
20 | public
21 | func | (after: DispatchTime, execute: @escaping ()->() ) {
   |                `- error: cannot find type 'DispatchTime' in scope
22 |     DispatchQueue.main.asyncAfter(deadline: after, execute: execute)
23 | }
[8/45] Compiling Wand Operation.swift
/host/spi-builder-workspace/.build/checkouts/Wand/Sources/Wand/|/Addons/Time.swift:21:16: error: cannot find type 'DispatchTime' in scope
19 | @inline(__always)
20 | public
21 | func | (after: DispatchTime, execute: @escaping ()->() ) {
   |                `- error: cannot find type 'DispatchTime' in scope
22 |     DispatchQueue.main.asyncAfter(deadline: after, execute: execute)
23 | }
[9/45] Compiling Wand +.swift
/host/spi-builder-workspace/.build/checkouts/Wand/Sources/Wand/|/Addons/Time.swift:21:16: error: cannot find type 'DispatchTime' in scope
19 | @inline(__always)
20 | public
21 | func | (after: DispatchTime, execute: @escaping ()->() ) {
   |                `- error: cannot find type 'DispatchTime' in scope
22 |     DispatchQueue.main.asyncAfter(deadline: after, execute: execute)
23 | }
[10/45] Compiling Wand ?.swift
/host/spi-builder-workspace/.build/checkouts/Wand/Sources/Wand/|/Addons/Time.swift:21:16: error: cannot find type 'DispatchTime' in scope
19 | @inline(__always)
20 | public
21 | func | (after: DispatchTime, execute: @escaping ()->() ) {
   |                `- error: cannot find type 'DispatchTime' in scope
22 |     DispatchQueue.main.asyncAfter(deadline: after, execute: execute)
23 | }
[11/45] Compiling Wand Task.swift
/host/spi-builder-workspace/.build/checkouts/Wand/Sources/Wand/|/Addons/Time.swift:21:16: error: cannot find type 'DispatchTime' in scope
19 | @inline(__always)
20 | public
21 | func | (after: DispatchTime, execute: @escaping ()->() ) {
   |                `- error: cannot find type 'DispatchTime' in scope
22 |     DispatchQueue.main.asyncAfter(deadline: after, execute: execute)
23 | }
/host/spi-builder-workspace/.build/checkouts/Wand/Sources/Wand/|/Addons/Time.swift:22:5: error: cannot find 'DispatchQueue' in scope
20 | public
21 | func | (after: DispatchTime, execute: @escaping ()->() ) {
22 |     DispatchQueue.main.asyncAfter(deadline: after, execute: execute)
   |     `- error: cannot find 'DispatchQueue' in scope
23 | }
24 |
/host/spi-builder-workspace/.build/checkouts/Wand/Sources/Wand/|/Addons/Time.swift:29:60: error: cannot find 'NSEC_PER_SEC' in scope
27 | func | (after: Int, execute: @escaping ()->() ) {
28 |     Task {
29 |         try? await Task.sleep(nanoseconds: UInt64(after) * NSEC_PER_SEC)
   |                                                            `- error: cannot find 'NSEC_PER_SEC' in scope
30 |     }
31 | }
[12/45] Compiling Wand Time.swift
/host/spi-builder-workspace/.build/checkouts/Wand/Sources/Wand/|/Addons/Time.swift:21:16: error: cannot find type 'DispatchTime' in scope
19 | @inline(__always)
20 | public
21 | func | (after: DispatchTime, execute: @escaping ()->() ) {
   |                `- error: cannot find type 'DispatchTime' in scope
22 |     DispatchQueue.main.asyncAfter(deadline: after, execute: execute)
23 | }
/host/spi-builder-workspace/.build/checkouts/Wand/Sources/Wand/|/Addons/Time.swift:22:5: error: cannot find 'DispatchQueue' in scope
20 | public
21 | func | (after: DispatchTime, execute: @escaping ()->() ) {
22 |     DispatchQueue.main.asyncAfter(deadline: after, execute: execute)
   |     `- error: cannot find 'DispatchQueue' in scope
23 | }
24 |
/host/spi-builder-workspace/.build/checkouts/Wand/Sources/Wand/|/Addons/Time.swift:29:60: error: cannot find 'NSEC_PER_SEC' in scope
27 | func | (after: Int, execute: @escaping ()->() ) {
28 |     Task {
29 |         try? await Task.sleep(nanoseconds: UInt64(after) * NSEC_PER_SEC)
   |                                                            `- error: cannot find 'NSEC_PER_SEC' in scope
30 |     }
31 | }
[13/45] Compiling Wand Ask.Nil.swift
/host/spi-builder-workspace/.build/checkouts/Wand/Sources/Wand/|/Addons/Time.swift:21:16: error: cannot find type 'DispatchTime' in scope
19 | @inline(__always)
20 | public
21 | func | (after: DispatchTime, execute: @escaping ()->() ) {
   |                `- error: cannot find type 'DispatchTime' in scope
22 |     DispatchQueue.main.asyncAfter(deadline: after, execute: execute)
23 | }
/host/spi-builder-workspace/.build/checkouts/Wand/Sources/Wand/|/Addons/Time.swift:22:5: error: cannot find 'DispatchQueue' in scope
20 | public
21 | func | (after: DispatchTime, execute: @escaping ()->() ) {
22 |     DispatchQueue.main.asyncAfter(deadline: after, execute: execute)
   |     `- error: cannot find 'DispatchQueue' in scope
23 | }
24 |
/host/spi-builder-workspace/.build/checkouts/Wand/Sources/Wand/|/Addons/Time.swift:29:60: error: cannot find 'NSEC_PER_SEC' in scope
27 | func | (after: Int, execute: @escaping ()->() ) {
28 |     Task {
29 |         try? await Task.sleep(nanoseconds: UInt64(after) * NSEC_PER_SEC)
   |                                                            `- error: cannot find 'NSEC_PER_SEC' in scope
30 |     }
31 | }
[14/45] Compiling Wand Ask.T.swift
/host/spi-builder-workspace/.build/checkouts/Wand/Sources/Wand/|/Addons/Time.swift:21:16: error: cannot find type 'DispatchTime' in scope
19 | @inline(__always)
20 | public
21 | func | (after: DispatchTime, execute: @escaping ()->() ) {
   |                `- error: cannot find type 'DispatchTime' in scope
22 |     DispatchQueue.main.asyncAfter(deadline: after, execute: execute)
23 | }
/host/spi-builder-workspace/.build/checkouts/Wand/Sources/Wand/|/Addons/Time.swift:22:5: error: cannot find 'DispatchQueue' in scope
20 | public
21 | func | (after: DispatchTime, execute: @escaping ()->() ) {
22 |     DispatchQueue.main.asyncAfter(deadline: after, execute: execute)
   |     `- error: cannot find 'DispatchQueue' in scope
23 | }
24 |
/host/spi-builder-workspace/.build/checkouts/Wand/Sources/Wand/|/Addons/Time.swift:29:60: error: cannot find 'NSEC_PER_SEC' in scope
27 | func | (after: Int, execute: @escaping ()->() ) {
28 |     Task {
29 |         try? await Task.sleep(nanoseconds: UInt64(after) * NSEC_PER_SEC)
   |                                                            `- error: cannot find 'NSEC_PER_SEC' in scope
30 |     }
31 | }
[15/45] Compiling Wand CoreGraphics_Convertable.swift
/host/spi-builder-workspace/.build/checkouts/Wand/Sources/Wand/|/Addons/Time.swift:21:16: error: cannot find type 'DispatchTime' in scope
19 | @inline(__always)
20 | public
21 | func | (after: DispatchTime, execute: @escaping ()->() ) {
   |                `- error: cannot find type 'DispatchTime' in scope
22 |     DispatchQueue.main.asyncAfter(deadline: after, execute: execute)
23 | }
/host/spi-builder-workspace/.build/checkouts/Wand/Sources/Wand/|/Addons/Time.swift:22:5: error: cannot find 'DispatchQueue' in scope
20 | public
21 | func | (after: DispatchTime, execute: @escaping ()->() ) {
22 |     DispatchQueue.main.asyncAfter(deadline: after, execute: execute)
   |     `- error: cannot find 'DispatchQueue' in scope
23 | }
24 |
/host/spi-builder-workspace/.build/checkouts/Wand/Sources/Wand/|/Addons/Time.swift:29:60: error: cannot find 'NSEC_PER_SEC' in scope
27 | func | (after: Int, execute: @escaping ()->() ) {
28 |     Task {
29 |         try? await Task.sleep(nanoseconds: UInt64(after) * NSEC_PER_SEC)
   |                                                            `- error: cannot find 'NSEC_PER_SEC' in scope
30 |     }
31 | }
[16/45] Compiling Wand Log.swift
/host/spi-builder-workspace/.build/checkouts/Wand/Sources/Wand/|/Addons/Time.swift:21:16: error: cannot find type 'DispatchTime' in scope
19 | @inline(__always)
20 | public
21 | func | (after: DispatchTime, execute: @escaping ()->() ) {
   |                `- error: cannot find type 'DispatchTime' in scope
22 |     DispatchQueue.main.asyncAfter(deadline: after, execute: execute)
23 | }
[17/45] Compiling Wand Memory.swift
/host/spi-builder-workspace/.build/checkouts/Wand/Sources/Wand/|/Addons/Time.swift:21:16: error: cannot find type 'DispatchTime' in scope
19 | @inline(__always)
20 | public
21 | func | (after: DispatchTime, execute: @escaping ()->() ) {
   |                `- error: cannot find type 'DispatchTime' in scope
22 |     DispatchQueue.main.asyncAfter(deadline: after, execute: execute)
23 | }
[18/45] Compiling Wand o.swift
/host/spi-builder-workspace/.build/checkouts/Wand/Sources/Wand/|/Addons/Time.swift:21:16: error: cannot find type 'DispatchTime' in scope
19 | @inline(__always)
20 | public
21 | func | (after: DispatchTime, execute: @escaping ()->() ) {
   |                `- error: cannot find type 'DispatchTime' in scope
22 |     DispatchQueue.main.asyncAfter(deadline: after, execute: execute)
23 | }
[19/45] Compiling Wand u.swift
/host/spi-builder-workspace/.build/checkouts/Wand/Sources/Wand/|/Addons/Time.swift:21:16: error: cannot find type 'DispatchTime' in scope
19 | @inline(__always)
20 | public
21 | func | (after: DispatchTime, execute: @escaping ()->() ) {
   |                `- error: cannot find type 'DispatchTime' in scope
22 |     DispatchQueue.main.asyncAfter(deadline: after, execute: execute)
23 | }
[20/45] Compiling Wand Addons.swift
/host/spi-builder-workspace/.build/checkouts/Wand/Sources/Wand/|/Addons/Time.swift:21:16: error: cannot find type 'DispatchTime' in scope
19 | @inline(__always)
20 | public
21 | func | (after: DispatchTime, execute: @escaping ()->() ) {
   |                `- error: cannot find type 'DispatchTime' in scope
22 |     DispatchQueue.main.asyncAfter(deadline: after, execute: execute)
23 | }
[21/45] Compiling Wand Expressible.swift
/host/spi-builder-workspace/.build/checkouts/Wand/Sources/Wand/|/Addons/Time.swift:21:16: error: cannot find type 'DispatchTime' in scope
19 | @inline(__always)
20 | public
21 | func | (after: DispatchTime, execute: @escaping ()->() ) {
   |                `- error: cannot find type 'DispatchTime' in scope
22 |     DispatchQueue.main.asyncAfter(deadline: after, execute: execute)
23 | }
[22/45] Compiling Wand ExpressibleByArray.swift
/host/spi-builder-workspace/.build/checkouts/Wand/Sources/Wand/|/Addons/Time.swift:21:16: error: cannot find type 'DispatchTime' in scope
19 | @inline(__always)
20 | public
21 | func | (after: DispatchTime, execute: @escaping ()->() ) {
   |                `- error: cannot find type 'DispatchTime' in scope
22 |     DispatchQueue.main.asyncAfter(deadline: after, execute: execute)
23 | }
[23/45] Compiling Wand ExpressibleByDictionary.swift
/host/spi-builder-workspace/.build/checkouts/Wand/Sources/Wand/|/Addons/Time.swift:21:16: error: cannot find type 'DispatchTime' in scope
19 | @inline(__always)
20 | public
21 | func | (after: DispatchTime, execute: @escaping ()->() ) {
   |                `- error: cannot find type 'DispatchTime' in scope
22 |     DispatchQueue.main.asyncAfter(deadline: after, execute: execute)
23 | }
[24/45] Compiling Wand Key.swift
/host/spi-builder-workspace/.build/checkouts/Wand/Sources/Wand/|/Addons/Time.swift:21:16: error: cannot find type 'DispatchTime' in scope
19 | @inline(__always)
20 | public
21 | func | (after: DispatchTime, execute: @escaping ()->() ) {
   |                `- error: cannot find type 'DispatchTime' in scope
22 |     DispatchQueue.main.asyncAfter(deadline: after, execute: execute)
23 | }
[25/45] Compiling Wand Weak.swift
/host/spi-builder-workspace/.build/checkouts/Wand/Sources/Wand/|/Addons/Time.swift:21:16: error: cannot find type 'DispatchTime' in scope
19 | @inline(__always)
20 | public
21 | func | (after: DispatchTime, execute: @escaping ()->() ) {
   |                `- error: cannot find type 'DispatchTime' in scope
22 |     DispatchQueue.main.asyncAfter(deadline: after, execute: execute)
23 | }
[26/45] Compiling Wand All.swift
/host/spi-builder-workspace/.build/checkouts/Wand/Sources/Wand/|/Addons/Time.swift:21:16: error: cannot find type 'DispatchTime' in scope
19 | @inline(__always)
20 | public
21 | func | (after: DispatchTime, execute: @escaping ()->() ) {
   |                `- error: cannot find type 'DispatchTime' in scope
22 |     DispatchQueue.main.asyncAfter(deadline: after, execute: execute)
23 | }
/host/spi-builder-workspace/.build/checkouts/Wand/Sources/Wand/|/Addons/Retry.swift:41:13: error: cannot find 'DispatchTime' in scope
39 |         .while { (retry: Retry, count: Int) in
40 |
41 |             DispatchTime.now() + timeout | {
   |             `- error: cannot find 'DispatchTime' in scope
42 |                 retry()
43 |             }
[27/45] Compiling Wand Any.swift
/host/spi-builder-workspace/.build/checkouts/Wand/Sources/Wand/|/Addons/Time.swift:21:16: error: cannot find type 'DispatchTime' in scope
19 | @inline(__always)
20 | public
21 | func | (after: DispatchTime, execute: @escaping ()->() ) {
   |                `- error: cannot find type 'DispatchTime' in scope
22 |     DispatchQueue.main.asyncAfter(deadline: after, execute: execute)
23 | }
/host/spi-builder-workspace/.build/checkouts/Wand/Sources/Wand/|/Addons/Retry.swift:41:13: error: cannot find 'DispatchTime' in scope
39 |         .while { (retry: Retry, count: Int) in
40 |
41 |             DispatchTime.now() + timeout | {
   |             `- error: cannot find 'DispatchTime' in scope
42 |                 retry()
43 |             }
[28/45] Compiling Wand Counting.swift
/host/spi-builder-workspace/.build/checkouts/Wand/Sources/Wand/|/Addons/Time.swift:21:16: error: cannot find type 'DispatchTime' in scope
19 | @inline(__always)
20 | public
21 | func | (after: DispatchTime, execute: @escaping ()->() ) {
   |                `- error: cannot find type 'DispatchTime' in scope
22 |     DispatchQueue.main.asyncAfter(deadline: after, execute: execute)
23 | }
/host/spi-builder-workspace/.build/checkouts/Wand/Sources/Wand/|/Addons/Retry.swift:41:13: error: cannot find 'DispatchTime' in scope
39 |         .while { (retry: Retry, count: Int) in
40 |
41 |             DispatchTime.now() + timeout | {
   |             `- error: cannot find 'DispatchTime' in scope
42 |                 retry()
43 |             }
[29/45] Compiling Wand Retry.swift
/host/spi-builder-workspace/.build/checkouts/Wand/Sources/Wand/|/Addons/Time.swift:21:16: error: cannot find type 'DispatchTime' in scope
19 | @inline(__always)
20 | public
21 | func | (after: DispatchTime, execute: @escaping ()->() ) {
   |                `- error: cannot find type 'DispatchTime' in scope
22 |     DispatchQueue.main.asyncAfter(deadline: after, execute: execute)
23 | }
/host/spi-builder-workspace/.build/checkouts/Wand/Sources/Wand/|/Addons/Retry.swift:41:13: error: cannot find 'DispatchTime' in scope
39 |         .while { (retry: Retry, count: Int) in
40 |
41 |             DispatchTime.now() + timeout | {
   |             `- error: cannot find 'DispatchTime' in scope
42 |                 retry()
43 |             }
[30/45] Compiling Wand Sequence.swift
/host/spi-builder-workspace/.build/checkouts/Wand/Sources/Wand/|/Addons/Time.swift:21:16: error: cannot find type 'DispatchTime' in scope
19 | @inline(__always)
20 | public
21 | func | (after: DispatchTime, execute: @escaping ()->() ) {
   |                `- error: cannot find type 'DispatchTime' in scope
22 |     DispatchQueue.main.asyncAfter(deadline: after, execute: execute)
23 | }
/host/spi-builder-workspace/.build/checkouts/Wand/Sources/Wand/|/Addons/Retry.swift:41:13: error: cannot find 'DispatchTime' in scope
39 |         .while { (retry: Retry, count: Int) in
40 |
41 |             DispatchTime.now() + timeout | {
   |             `- error: cannot find 'DispatchTime' in scope
42 |                 retry()
43 |             }
[31/45] Compiling Wand Expecting.swift
/host/spi-builder-workspace/.build/checkouts/Wand/Sources/Wand/|/Addons/Time.swift:21:16: error: cannot find type 'DispatchTime' in scope
19 | @inline(__always)
20 | public
21 | func | (after: DispatchTime, execute: @escaping ()->() ) {
   |                `- error: cannot find type 'DispatchTime' in scope
22 |     DispatchQueue.main.asyncAfter(deadline: after, execute: execute)
23 | }
[32/45] Compiling Wand Core+Wanded.swift
/host/spi-builder-workspace/.build/checkouts/Wand/Sources/Wand/|/Addons/Time.swift:21:16: error: cannot find type 'DispatchTime' in scope
19 | @inline(__always)
20 | public
21 | func | (after: DispatchTime, execute: @escaping ()->() ) {
   |                `- error: cannot find type 'DispatchTime' in scope
22 |     DispatchQueue.main.asyncAfter(deadline: after, execute: execute)
23 | }
[33/45] Compiling Wand WandFramerProtocol.swift
/host/spi-builder-workspace/.build/checkouts/Wand/Sources/Wand/|/Addons/Time.swift:21:16: error: cannot find type 'DispatchTime' in scope
19 | @inline(__always)
20 | public
21 | func | (after: DispatchTime, execute: @escaping ()->() ) {
   |                `- error: cannot find type 'DispatchTime' in scope
22 |     DispatchQueue.main.asyncAfter(deadline: after, execute: execute)
23 | }
[34/45] Compiling Wand Wanded.swift
/host/spi-builder-workspace/.build/checkouts/Wand/Sources/Wand/|/Addons/Time.swift:21:16: error: cannot find type 'DispatchTime' in scope
19 | @inline(__always)
20 | public
21 | func | (after: DispatchTime, execute: @escaping ()->() ) {
   |                `- error: cannot find type 'DispatchTime' in scope
22 |     DispatchQueue.main.asyncAfter(deadline: after, execute: execute)
23 | }
[35/45] Compiling Wand |.swift
/host/spi-builder-workspace/.build/checkouts/Wand/Sources/Wand/|/Addons/Time.swift:21:16: error: cannot find type 'DispatchTime' in scope
19 | @inline(__always)
20 | public
21 | func | (after: DispatchTime, execute: @escaping ()->() ) {
   |                `- error: cannot find type 'DispatchTime' in scope
22 |     DispatchQueue.main.asyncAfter(deadline: after, execute: execute)
23 | }
[36/45] Compiling Wand Numbers_Convertable.swift
[37/45] Compiling Wand String_Convertable.swift
[38/45] Compiling Wand Describing.swift
[39/45] Compiling Wand Describing_Character.swift
[40/45] Compiling Wand Describing_Data.swift
[41/45] Compiling Wand Error.swift
/host/spi-builder-workspace/.build/checkouts/Wand/Sources/Wand/|/Addons/Time.swift:21:16: error: cannot find type 'DispatchTime' in scope
19 | @inline(__always)
20 | public
21 | func | (after: DispatchTime, execute: @escaping ()->() ) {
   |                `- error: cannot find type 'DispatchTime' in scope
22 |     DispatchQueue.main.asyncAfter(deadline: after, execute: execute)
23 | }
/host/spi-builder-workspace/.build/checkouts/Wand/Sources/Wand/Core/Core.swift:133:27: error: cannot find 'USEC_PER_SEC' in scope
131 |
132 |         let time: Int = Date().timeIntervalSince1970|
133 |         let usec = time * USEC_PER_SEC|
    |                           `- error: cannot find 'USEC_PER_SEC' in scope
134 |
135 |         var request = URLRequest(url: URL(string: "https://api.mixpanel.com/import")!)
/host/spi-builder-workspace/.build/checkouts/Wand/Sources/Wand/Core/Core.swift:135:23: error: cannot find 'URLRequest' in scope
133 |         let usec = time * USEC_PER_SEC|
134 |
135 |         var request = URLRequest(url: URL(string: "https://api.mixpanel.com/import")!)
    |                       `- error: cannot find 'URLRequest' in scope
136 |         request.httpMethod = "POST"
137 |         request.addValue("application/json", forHTTPHeaderField: "Content-Type")
/host/spi-builder-workspace/.build/checkouts/Wand/Sources/Wand/Core/Core.swift:151:9: error: 'URLSession' (aka 'AnyObject') cannot be constructed because it has no accessible initializers
149 |         ])
150 |
151 |         URLSession(configuration: .default).dataTask(with: request).resume()
    |         `- error: 'URLSession' (aka 'AnyObject') cannot be constructed because it has no accessible initializers
152 |     }
153 |
/host/spi-builder-workspace/.build/checkouts/Wand/Sources/Wand/Core/Core.swift:151:36: error: cannot infer contextual base in reference to member 'default'
149 |         ])
150 |
151 |         URLSession(configuration: .default).dataTask(with: request).resume()
    |                                    `- error: cannot infer contextual base in reference to member 'default'
152 |     }
153 |
[42/45] Compiling Wand Error?.swift
/host/spi-builder-workspace/.build/checkouts/Wand/Sources/Wand/|/Addons/Time.swift:21:16: error: cannot find type 'DispatchTime' in scope
19 | @inline(__always)
20 | public
21 | func | (after: DispatchTime, execute: @escaping ()->() ) {
   |                `- error: cannot find type 'DispatchTime' in scope
22 |     DispatchQueue.main.asyncAfter(deadline: after, execute: execute)
23 | }
/host/spi-builder-workspace/.build/checkouts/Wand/Sources/Wand/Core/Core.swift:133:27: error: cannot find 'USEC_PER_SEC' in scope
131 |
132 |         let time: Int = Date().timeIntervalSince1970|
133 |         let usec = time * USEC_PER_SEC|
    |                           `- error: cannot find 'USEC_PER_SEC' in scope
134 |
135 |         var request = URLRequest(url: URL(string: "https://api.mixpanel.com/import")!)
/host/spi-builder-workspace/.build/checkouts/Wand/Sources/Wand/Core/Core.swift:135:23: error: cannot find 'URLRequest' in scope
133 |         let usec = time * USEC_PER_SEC|
134 |
135 |         var request = URLRequest(url: URL(string: "https://api.mixpanel.com/import")!)
    |                       `- error: cannot find 'URLRequest' in scope
136 |         request.httpMethod = "POST"
137 |         request.addValue("application/json", forHTTPHeaderField: "Content-Type")
/host/spi-builder-workspace/.build/checkouts/Wand/Sources/Wand/Core/Core.swift:151:9: error: 'URLSession' (aka 'AnyObject') cannot be constructed because it has no accessible initializers
149 |         ])
150 |
151 |         URLSession(configuration: .default).dataTask(with: request).resume()
    |         `- error: 'URLSession' (aka 'AnyObject') cannot be constructed because it has no accessible initializers
152 |     }
153 |
/host/spi-builder-workspace/.build/checkouts/Wand/Sources/Wand/Core/Core.swift:151:36: error: cannot infer contextual base in reference to member 'default'
149 |         ])
150 |
151 |         URLSession(configuration: .default).dataTask(with: request).resume()
    |                                    `- error: cannot infer contextual base in reference to member 'default'
152 |     }
153 |
[43/45] Compiling Wand Option.swift
/host/spi-builder-workspace/.build/checkouts/Wand/Sources/Wand/|/Addons/Time.swift:21:16: error: cannot find type 'DispatchTime' in scope
19 | @inline(__always)
20 | public
21 | func | (after: DispatchTime, execute: @escaping ()->() ) {
   |                `- error: cannot find type 'DispatchTime' in scope
22 |     DispatchQueue.main.asyncAfter(deadline: after, execute: execute)
23 | }
/host/spi-builder-workspace/.build/checkouts/Wand/Sources/Wand/Core/Core.swift:133:27: error: cannot find 'USEC_PER_SEC' in scope
131 |
132 |         let time: Int = Date().timeIntervalSince1970|
133 |         let usec = time * USEC_PER_SEC|
    |                           `- error: cannot find 'USEC_PER_SEC' in scope
134 |
135 |         var request = URLRequest(url: URL(string: "https://api.mixpanel.com/import")!)
/host/spi-builder-workspace/.build/checkouts/Wand/Sources/Wand/Core/Core.swift:135:23: error: cannot find 'URLRequest' in scope
133 |         let usec = time * USEC_PER_SEC|
134 |
135 |         var request = URLRequest(url: URL(string: "https://api.mixpanel.com/import")!)
    |                       `- error: cannot find 'URLRequest' in scope
136 |         request.httpMethod = "POST"
137 |         request.addValue("application/json", forHTTPHeaderField: "Content-Type")
/host/spi-builder-workspace/.build/checkouts/Wand/Sources/Wand/Core/Core.swift:151:9: error: 'URLSession' (aka 'AnyObject') cannot be constructed because it has no accessible initializers
149 |         ])
150 |
151 |         URLSession(configuration: .default).dataTask(with: request).resume()
    |         `- error: 'URLSession' (aka 'AnyObject') cannot be constructed because it has no accessible initializers
152 |     }
153 |
/host/spi-builder-workspace/.build/checkouts/Wand/Sources/Wand/Core/Core.swift:151:36: error: cannot infer contextual base in reference to member 'default'
149 |         ])
150 |
151 |         URLSession(configuration: .default).dataTask(with: request).resume()
    |                                    `- error: cannot infer contextual base in reference to member 'default'
152 |     }
153 |
[44/45] Compiling Wand Ask.swift
/host/spi-builder-workspace/.build/checkouts/Wand/Sources/Wand/|/Addons/Time.swift:21:16: error: cannot find type 'DispatchTime' in scope
19 | @inline(__always)
20 | public
21 | func | (after: DispatchTime, execute: @escaping ()->() ) {
   |                `- error: cannot find type 'DispatchTime' in scope
22 |     DispatchQueue.main.asyncAfter(deadline: after, execute: execute)
23 | }
/host/spi-builder-workspace/.build/checkouts/Wand/Sources/Wand/Core/Core.swift:133:27: error: cannot find 'USEC_PER_SEC' in scope
131 |
132 |         let time: Int = Date().timeIntervalSince1970|
133 |         let usec = time * USEC_PER_SEC|
    |                           `- error: cannot find 'USEC_PER_SEC' in scope
134 |
135 |         var request = URLRequest(url: URL(string: "https://api.mixpanel.com/import")!)
/host/spi-builder-workspace/.build/checkouts/Wand/Sources/Wand/Core/Core.swift:135:23: error: cannot find 'URLRequest' in scope
133 |         let usec = time * USEC_PER_SEC|
134 |
135 |         var request = URLRequest(url: URL(string: "https://api.mixpanel.com/import")!)
    |                       `- error: cannot find 'URLRequest' in scope
136 |         request.httpMethod = "POST"
137 |         request.addValue("application/json", forHTTPHeaderField: "Content-Type")
/host/spi-builder-workspace/.build/checkouts/Wand/Sources/Wand/Core/Core.swift:151:9: error: 'URLSession' (aka 'AnyObject') cannot be constructed because it has no accessible initializers
149 |         ])
150 |
151 |         URLSession(configuration: .default).dataTask(with: request).resume()
    |         `- error: 'URLSession' (aka 'AnyObject') cannot be constructed because it has no accessible initializers
152 |     }
153 |
/host/spi-builder-workspace/.build/checkouts/Wand/Sources/Wand/Core/Core.swift:151:36: error: cannot infer contextual base in reference to member 'default'
149 |         ])
150 |
151 |         URLSession(configuration: .default).dataTask(with: request).resume()
    |                                    `- error: cannot infer contextual base in reference to member 'default'
152 |     }
153 |
[45/45] Compiling Wand Core.swift
/host/spi-builder-workspace/.build/checkouts/Wand/Sources/Wand/|/Addons/Time.swift:21:16: error: cannot find type 'DispatchTime' in scope
19 | @inline(__always)
20 | public
21 | func | (after: DispatchTime, execute: @escaping ()->() ) {
   |                `- error: cannot find type 'DispatchTime' in scope
22 |     DispatchQueue.main.asyncAfter(deadline: after, execute: execute)
23 | }
/host/spi-builder-workspace/.build/checkouts/Wand/Sources/Wand/Core/Core.swift:133:27: error: cannot find 'USEC_PER_SEC' in scope
131 |
132 |         let time: Int = Date().timeIntervalSince1970|
133 |         let usec = time * USEC_PER_SEC|
    |                           `- error: cannot find 'USEC_PER_SEC' in scope
134 |
135 |         var request = URLRequest(url: URL(string: "https://api.mixpanel.com/import")!)
/host/spi-builder-workspace/.build/checkouts/Wand/Sources/Wand/Core/Core.swift:135:23: error: cannot find 'URLRequest' in scope
133 |         let usec = time * USEC_PER_SEC|
134 |
135 |         var request = URLRequest(url: URL(string: "https://api.mixpanel.com/import")!)
    |                       `- error: cannot find 'URLRequest' in scope
136 |         request.httpMethod = "POST"
137 |         request.addValue("application/json", forHTTPHeaderField: "Content-Type")
/host/spi-builder-workspace/.build/checkouts/Wand/Sources/Wand/Core/Core.swift:151:9: error: 'URLSession' (aka 'AnyObject') cannot be constructed because it has no accessible initializers
149 |         ])
150 |
151 |         URLSession(configuration: .default).dataTask(with: request).resume()
    |         `- error: 'URLSession' (aka 'AnyObject') cannot be constructed because it has no accessible initializers
152 |     }
153 |
/host/spi-builder-workspace/.build/checkouts/Wand/Sources/Wand/Core/Core.swift:151:36: error: cannot infer contextual base in reference to member 'default'
149 |         ])
150 |
151 |         URLSession(configuration: .default).dataTask(with: request).resume()
    |                                    `- error: cannot infer contextual base in reference to member 'default'
152 |     }
153 |
BUILD FAILURE 6.2 wasm