Build Information
Failed to build ProjectNavigator, reference main (db61ea), with Swift 6.4 for watchOS using Xcode 27.0 on 25 Sep 2026 08:36:55 UTC.
Build Command
env DEVELOPER_DIR=/Applications/Xcode-27.0.0-Release.Candidate.app xcrun xcodebuild -IDEClonedSourcePackagesDirPathOverride=$PWD/.dependencies -skipMacroValidation -skipPackagePluginValidation -derivedDataPath $PWD/.derivedData build -scheme ProjectNavigator-Package -destination generic/platform=watchOSBuild Log
Copy /Users/admin/builder/spi-builder-workspace/.derivedData/Build/Products/Debug-watchos/Files.swiftmodule/arm64_32-apple-watchos.swiftmodule /Users/admin/builder/spi-builder-workspace/.derivedData/Build/Intermediates.noindex/ProjectNavigator.build/Debug-watchos/Files-t.build/Objects-normal/arm64_32/Files.swiftmodule (in target 'Files' from project 'ProjectNavigator')
cd /Users/admin/builder/spi-builder-workspace
builtin-copy -exclude .DS_Store -exclude CVS -exclude .svn -exclude .git -exclude .hg -resolve-src-symlinks -rename /Users/admin/builder/spi-builder-workspace/.derivedData/Build/Intermediates.noindex/ProjectNavigator.build/Debug-watchos/Files-t.build/Objects-normal/arm64_32/Files.swiftmodule /Users/admin/builder/spi-builder-workspace/.derivedData/Build/Products/Debug-watchos/Files.swiftmodule/arm64_32-apple-watchos.swiftmodule
Copy /Users/admin/builder/spi-builder-workspace/.derivedData/Build/Products/Debug-watchos/Files.swiftmodule/arm64_32-apple-watchos.abi.json /Users/admin/builder/spi-builder-workspace/.derivedData/Build/Intermediates.noindex/ProjectNavigator.build/Debug-watchos/Files-t.build/Objects-normal/arm64_32/Files.abi.json (in target 'Files' from project 'ProjectNavigator')
cd /Users/admin/builder/spi-builder-workspace
builtin-copy -exclude .DS_Store -exclude CVS -exclude .svn -exclude .git -exclude .hg -resolve-src-symlinks -rename /Users/admin/builder/spi-builder-workspace/.derivedData/Build/Intermediates.noindex/ProjectNavigator.build/Debug-watchos/Files-t.build/Objects-normal/arm64_32/Files.abi.json /Users/admin/builder/spi-builder-workspace/.derivedData/Build/Products/Debug-watchos/Files.swiftmodule/arm64_32-apple-watchos.abi.json
Copy /Users/admin/builder/spi-builder-workspace/.derivedData/Build/Products/Debug-watchos/Files.swiftmodule/arm64_32-apple-watchos.swiftdoc /Users/admin/builder/spi-builder-workspace/.derivedData/Build/Intermediates.noindex/ProjectNavigator.build/Debug-watchos/Files-t.build/Objects-normal/arm64_32/Files.swiftdoc (in target 'Files' from project 'ProjectNavigator')
cd /Users/admin/builder/spi-builder-workspace
builtin-copy -exclude .DS_Store -exclude CVS -exclude .svn -exclude .git -exclude .hg -resolve-src-symlinks -rename /Users/admin/builder/spi-builder-workspace/.derivedData/Build/Intermediates.noindex/ProjectNavigator.build/Debug-watchos/Files-t.build/Objects-normal/arm64_32/Files.swiftdoc /Users/admin/builder/spi-builder-workspace/.derivedData/Build/Products/Debug-watchos/Files.swiftmodule/arm64_32-apple-watchos.swiftdoc
Copy /Users/admin/builder/spi-builder-workspace/.derivedData/Build/Products/Debug-watchos/Files.swiftmodule/Project/arm64_32-apple-watchos.swiftsourceinfo /Users/admin/builder/spi-builder-workspace/.derivedData/Build/Intermediates.noindex/ProjectNavigator.build/Debug-watchos/Files-t.build/Objects-normal/arm64_32/Files.swiftsourceinfo (in target 'Files' from project 'ProjectNavigator')
cd /Users/admin/builder/spi-builder-workspace
builtin-copy -exclude .DS_Store -exclude CVS -exclude .svn -exclude .git -exclude .hg -resolve-src-symlinks -rename /Users/admin/builder/spi-builder-workspace/.derivedData/Build/Intermediates.noindex/ProjectNavigator.build/Debug-watchos/Files-t.build/Objects-normal/arm64_32/Files.swiftsourceinfo /Users/admin/builder/spi-builder-workspace/.derivedData/Build/Products/Debug-watchos/Files.swiftmodule/Project/arm64_32-apple-watchos.swiftsourceinfo
SwiftDriverJobDiscovery normal arm64 Emitting module for Files (in target 'Files' from project 'ProjectNavigator')
SwiftDriver\ Compilation\ Requirements Files normal arm64 com.apple.xcode.tools.swift.compiler (in target 'Files' from project 'ProjectNavigator')
cd /Users/admin/builder/spi-builder-workspace/.swiftpm/xcode
builtin-Swift-Compilation-Requirements -- /Applications/Xcode-27.0.0-Release.Candidate.app/Contents/Developer/Toolchains/XcodeDefault.xctoolchain/usr/bin/swiftc -parse-as-library -module-name Files -Onone @/Users/admin/builder/spi-builder-workspace/.derivedData/Build/Intermediates.noindex/ProjectNavigator.build/Debug-watchos/Files-t.build/Objects-normal/arm64/Files.SwiftFileList -DSWIFT_PACKAGE -DDEBUG -DSWIFT_MODULE_RESOURCE_BUNDLE_UNAVAILABLE -DXcode -enable-upcoming-feature InferIsolatedConformances -enable-upcoming-feature NonisolatedNonsendingByDefault -plugin-path /Applications/Xcode-27.0.0-Release.Candidate.app/Contents/Developer/Toolchains/XcodeDefault.xctoolchain/usr/lib/swift/host/plugins/testing -enable-experimental-feature DebugDescriptionMacro -sdk /Applications/Xcode-27.0.0-Release.Candidate.app/Contents/Developer/Platforms/WatchOS.platform/Developer/SDKs/WatchOS27.0.sdk -target arm64-apple-watchos10.0 -g -module-cache-path /Users/admin/builder/spi-builder-workspace/.derivedData/ModuleCache.noindex -Xfrontend -serialize-debugging-options -profile-coverage-mapping -profile-generate -enable-testing -index-store-path /Users/admin/builder/spi-builder-workspace/.derivedData/Index.noindex/DataStore -Xcc -D_LIBCPP_HARDENING_MODE\=_LIBCPP_HARDENING_MODE_DEBUG -swift-version 6 -I /Users/admin/builder/spi-builder-workspace/.derivedData/Build/Products/Debug-watchos -Isystem /Applications/Xcode-27.0.0-Release.Candidate.app/Contents/Developer/Platforms/WatchOS.platform/Developer/usr/lib -F /Users/admin/builder/spi-builder-workspace/.derivedData/Build/Products/Debug-watchos/PackageFrameworks -F /Users/admin/builder/spi-builder-workspace/.derivedData/Build/Products/Debug-watchos -F /Applications/Xcode-27.0.0-Release.Candidate.app/Contents/Developer/Platforms/WatchOS.platform/Developer/Library/Frameworks -F /Applications/Xcode-27.0.0-Release.Candidate.app/Contents/Developer/Platforms/WatchOS.platform/Developer/SDKs/WatchOS27.0.sdk/Developer/Library/Frameworks -c -j10 -enable-batch-mode -incremental -Xcc -ivfsstatcache -Xcc /Users/admin/builder/spi-builder-workspace/.derivedData/SDKStatCaches.noindex/watchos27.0-24R360-e829b21a6f8c9b70876ba0858053c04477534ef55a1706bf4c1112bbb242f0a2.sdkstatcache -output-file-map /Users/admin/builder/spi-builder-workspace/.derivedData/Build/Intermediates.noindex/ProjectNavigator.build/Debug-watchos/Files-t.build/Objects-normal/arm64/Files-OutputFileMap.json -save-temps -no-color-diagnostics -explicit-module-build -module-cache-path /Users/admin/builder/spi-builder-workspace/.derivedData/Build/Intermediates.noindex/SwiftExplicitPrecompiledModules -clang-scanner-module-cache-path /Users/admin/builder/spi-builder-workspace/.derivedData/ModuleCache.noindex -sdk-module-cache-path /Users/admin/builder/spi-builder-workspace/.derivedData/SDKExplicitPrecompiledModules -emit-dependencies -emit-module -emit-module-path /Users/admin/builder/spi-builder-workspace/.derivedData/Build/Intermediates.noindex/ProjectNavigator.build/Debug-watchos/Files-t.build/Objects-normal/arm64/Files.swiftmodule -serialize-diagnostics -dependency-scan-serialize-diagnostics-path /Users/admin/builder/spi-builder-workspace/.derivedData/Build/Intermediates.noindex/ProjectNavigator.build/Debug-watchos/Files-t.build/Objects-normal/arm64/Files-dependency-scan.dia -validate-clang-modules-once -clang-build-session-file /Users/admin/builder/spi-builder-workspace/.derivedData/ModuleCache.noindex/Session.modulevalidation -Xcc -fmodules-prune-interval\=86400 -Xcc -fmodules-prune-after\=345600 -package-name spi_builder_workspace -emit-const-values -const-gather-protocols-list /Users/admin/builder/spi-builder-workspace/.derivedData/Build/Intermediates.noindex/ProjectNavigator.build/Debug-watchos/Files-t.build/Objects-normal/arm64/Files_const_extract_protocols.json -Xcc -I/Users/admin/builder/spi-builder-workspace/.derivedData/Build/Products/Debug-watchos/include -Xcc -I/Users/admin/builder/spi-builder-workspace/.derivedData/Build/Intermediates.noindex/ProjectNavigator.build/Debug-watchos/Files-t.build/DerivedSources-normal/arm64 -Xcc -I/Users/admin/builder/spi-builder-workspace/.derivedData/Build/Intermediates.noindex/ProjectNavigator.build/Debug-watchos/Files-t.build/DerivedSources/arm64 -Xcc -I/Users/admin/builder/spi-builder-workspace/.derivedData/Build/Intermediates.noindex/ProjectNavigator.build/Debug-watchos/Files-t.build/DerivedSources -Xcc -DSWIFT_PACKAGE -Xcc -DDEBUG\=1 -emit-objc-header -emit-objc-header-path /Users/admin/builder/spi-builder-workspace/.derivedData/Build/Intermediates.noindex/ProjectNavigator.build/Debug-watchos/Files-t.build/Objects-normal/arm64/Files-Swift.h -working-directory /Users/admin/builder/spi-builder-workspace/.swiftpm/xcode -experimental-emit-module-separately -disable-cmo
SwiftMergeGeneratedHeaders /Users/admin/builder/spi-builder-workspace/.derivedData/Build/Intermediates.noindex/GeneratedModuleMaps-watchos/Files-Swift.h /Users/admin/builder/spi-builder-workspace/.derivedData/Build/Intermediates.noindex/ProjectNavigator.build/Debug-watchos/Files-t.build/Objects-normal/arm64/Files-Swift.h /Users/admin/builder/spi-builder-workspace/.derivedData/Build/Intermediates.noindex/ProjectNavigator.build/Debug-watchos/Files-t.build/Objects-normal/arm64_32/Files-Swift.h (in target 'Files' from project 'ProjectNavigator')
cd /Users/admin/builder/spi-builder-workspace
builtin-swiftHeaderTool -arch arm64 /Users/admin/builder/spi-builder-workspace/.derivedData/Build/Intermediates.noindex/ProjectNavigator.build/Debug-watchos/Files-t.build/Objects-normal/arm64/Files-Swift.h -arch arm64_32 /Users/admin/builder/spi-builder-workspace/.derivedData/Build/Intermediates.noindex/ProjectNavigator.build/Debug-watchos/Files-t.build/Objects-normal/arm64_32/Files-Swift.h -o /Users/admin/builder/spi-builder-workspace/.derivedData/Build/Intermediates.noindex/GeneratedModuleMaps-watchos/Files-Swift.h
Copy /Users/admin/builder/spi-builder-workspace/.derivedData/Build/Products/Debug-watchos/Files.swiftmodule/arm64-apple-watchos.swiftdoc /Users/admin/builder/spi-builder-workspace/.derivedData/Build/Intermediates.noindex/ProjectNavigator.build/Debug-watchos/Files-t.build/Objects-normal/arm64/Files.swiftdoc (in target 'Files' from project 'ProjectNavigator')
cd /Users/admin/builder/spi-builder-workspace
builtin-copy -exclude .DS_Store -exclude CVS -exclude .svn -exclude .git -exclude .hg -resolve-src-symlinks -rename /Users/admin/builder/spi-builder-workspace/.derivedData/Build/Intermediates.noindex/ProjectNavigator.build/Debug-watchos/Files-t.build/Objects-normal/arm64/Files.swiftdoc /Users/admin/builder/spi-builder-workspace/.derivedData/Build/Products/Debug-watchos/Files.swiftmodule/arm64-apple-watchos.swiftdoc
Copy /Users/admin/builder/spi-builder-workspace/.derivedData/Build/Products/Debug-watchos/Files.swiftmodule/arm64-apple-watchos.swiftmodule /Users/admin/builder/spi-builder-workspace/.derivedData/Build/Intermediates.noindex/ProjectNavigator.build/Debug-watchos/Files-t.build/Objects-normal/arm64/Files.swiftmodule (in target 'Files' from project 'ProjectNavigator')
cd /Users/admin/builder/spi-builder-workspace
builtin-copy -exclude .DS_Store -exclude CVS -exclude .svn -exclude .git -exclude .hg -resolve-src-symlinks -rename /Users/admin/builder/spi-builder-workspace/.derivedData/Build/Intermediates.noindex/ProjectNavigator.build/Debug-watchos/Files-t.build/Objects-normal/arm64/Files.swiftmodule /Users/admin/builder/spi-builder-workspace/.derivedData/Build/Products/Debug-watchos/Files.swiftmodule/arm64-apple-watchos.swiftmodule
Copy /Users/admin/builder/spi-builder-workspace/.derivedData/Build/Products/Debug-watchos/Files.swiftmodule/arm64-apple-watchos.abi.json /Users/admin/builder/spi-builder-workspace/.derivedData/Build/Intermediates.noindex/ProjectNavigator.build/Debug-watchos/Files-t.build/Objects-normal/arm64/Files.abi.json (in target 'Files' from project 'ProjectNavigator')
cd /Users/admin/builder/spi-builder-workspace
builtin-copy -exclude .DS_Store -exclude CVS -exclude .svn -exclude .git -exclude .hg -resolve-src-symlinks -rename /Users/admin/builder/spi-builder-workspace/.derivedData/Build/Intermediates.noindex/ProjectNavigator.build/Debug-watchos/Files-t.build/Objects-normal/arm64/Files.abi.json /Users/admin/builder/spi-builder-workspace/.derivedData/Build/Products/Debug-watchos/Files.swiftmodule/arm64-apple-watchos.abi.json
Copy /Users/admin/builder/spi-builder-workspace/.derivedData/Build/Products/Debug-watchos/Files.swiftmodule/Project/arm64-apple-watchos.swiftsourceinfo /Users/admin/builder/spi-builder-workspace/.derivedData/Build/Intermediates.noindex/ProjectNavigator.build/Debug-watchos/Files-t.build/Objects-normal/arm64/Files.swiftsourceinfo (in target 'Files' from project 'ProjectNavigator')
cd /Users/admin/builder/spi-builder-workspace
builtin-copy -exclude .DS_Store -exclude CVS -exclude .svn -exclude .git -exclude .hg -resolve-src-symlinks -rename /Users/admin/builder/spi-builder-workspace/.derivedData/Build/Intermediates.noindex/ProjectNavigator.build/Debug-watchos/Files-t.build/Objects-normal/arm64/Files.swiftsourceinfo /Users/admin/builder/spi-builder-workspace/.derivedData/Build/Products/Debug-watchos/Files.swiftmodule/Project/arm64-apple-watchos.swiftsourceinfo
SwiftDriver _FilesTestSupport normal arm64_32 com.apple.xcode.tools.swift.compiler (in target '_FilesTestSupport' from project 'ProjectNavigator')
cd /Users/admin/builder/spi-builder-workspace/.swiftpm/xcode
builtin-SwiftDriver -- /Applications/Xcode-27.0.0-Release.Candidate.app/Contents/Developer/Toolchains/XcodeDefault.xctoolchain/usr/bin/swiftc -parse-as-library -module-name _FilesTestSupport -Onone @/Users/admin/builder/spi-builder-workspace/.derivedData/Build/Intermediates.noindex/ProjectNavigator.build/Debug-watchos/_FilesTestSupport-t.build/Objects-normal/arm64_32/_FilesTestSupport.SwiftFileList -DSWIFT_PACKAGE -DDEBUG -DSWIFT_MODULE_RESOURCE_BUNDLE_UNAVAILABLE -DXcode -enable-upcoming-feature InferIsolatedConformances -enable-upcoming-feature NonisolatedNonsendingByDefault -plugin-path /Applications/Xcode-27.0.0-Release.Candidate.app/Contents/Developer/Toolchains/XcodeDefault.xctoolchain/usr/lib/swift/host/plugins/testing -enable-experimental-feature DebugDescriptionMacro -sdk /Applications/Xcode-27.0.0-Release.Candidate.app/Contents/Developer/Platforms/WatchOS.platform/Developer/SDKs/WatchOS27.0.sdk -target arm64_32-apple-watchos10.0 -g -module-cache-path /Users/admin/builder/spi-builder-workspace/.derivedData/ModuleCache.noindex -Xfrontend -serialize-debugging-options -profile-coverage-mapping -profile-generate -enable-testing -index-store-path /Users/admin/builder/spi-builder-workspace/.derivedData/Index.noindex/DataStore -Xcc -D_LIBCPP_HARDENING_MODE\=_LIBCPP_HARDENING_MODE_DEBUG -swift-version 6 -I /Users/admin/builder/spi-builder-workspace/.derivedData/Build/Products/Debug-watchos -Isystem /Applications/Xcode-27.0.0-Release.Candidate.app/Contents/Developer/Platforms/WatchOS.platform/Developer/usr/lib -F /Users/admin/builder/spi-builder-workspace/.derivedData/Build/Products/Debug-watchos/PackageFrameworks -F /Users/admin/builder/spi-builder-workspace/.derivedData/Build/Products/Debug-watchos -F /Applications/Xcode-27.0.0-Release.Candidate.app/Contents/Developer/Platforms/WatchOS.platform/Developer/Library/Frameworks -F /Applications/Xcode-27.0.0-Release.Candidate.app/Contents/Developer/Platforms/WatchOS.platform/Developer/SDKs/WatchOS27.0.sdk/Developer/Library/Frameworks -c -j10 -enable-batch-mode -incremental -Xcc -ivfsstatcache -Xcc /Users/admin/builder/spi-builder-workspace/.derivedData/SDKStatCaches.noindex/watchos27.0-24R360-e829b21a6f8c9b70876ba0858053c04477534ef55a1706bf4c1112bbb242f0a2.sdkstatcache -output-file-map /Users/admin/builder/spi-builder-workspace/.derivedData/Build/Intermediates.noindex/ProjectNavigator.build/Debug-watchos/_FilesTestSupport-t.build/Objects-normal/arm64_32/_FilesTestSupport-OutputFileMap.json -save-temps -no-color-diagnostics -explicit-module-build -module-cache-path /Users/admin/builder/spi-builder-workspace/.derivedData/Build/Intermediates.noindex/SwiftExplicitPrecompiledModules -clang-scanner-module-cache-path /Users/admin/builder/spi-builder-workspace/.derivedData/ModuleCache.noindex -sdk-module-cache-path /Users/admin/builder/spi-builder-workspace/.derivedData/SDKExplicitPrecompiledModules -emit-dependencies -emit-module -emit-module-path /Users/admin/builder/spi-builder-workspace/.derivedData/Build/Intermediates.noindex/ProjectNavigator.build/Debug-watchos/_FilesTestSupport-t.build/Objects-normal/arm64_32/_FilesTestSupport.swiftmodule -serialize-diagnostics -dependency-scan-serialize-diagnostics-path /Users/admin/builder/spi-builder-workspace/.derivedData/Build/Intermediates.noindex/ProjectNavigator.build/Debug-watchos/_FilesTestSupport-t.build/Objects-normal/arm64_32/_FilesTestSupport-dependency-scan.dia -validate-clang-modules-once -clang-build-session-file /Users/admin/builder/spi-builder-workspace/.derivedData/ModuleCache.noindex/Session.modulevalidation -Xcc -fmodules-prune-interval\=86400 -Xcc -fmodules-prune-after\=345600 -package-name spi_builder_workspace -emit-const-values -const-gather-protocols-list /Users/admin/builder/spi-builder-workspace/.derivedData/Build/Intermediates.noindex/ProjectNavigator.build/Debug-watchos/_FilesTestSupport-t.build/Objects-normal/arm64_32/_FilesTestSupport_const_extract_protocols.json -Xcc -I/Users/admin/builder/spi-builder-workspace/.derivedData/Build/Products/Debug-watchos/include -Xcc -I/Users/admin/builder/spi-builder-workspace/.derivedData/Build/Intermediates.noindex/ProjectNavigator.build/Debug-watchos/_FilesTestSupport-t.build/DerivedSources-normal/arm64_32 -Xcc -I/Users/admin/builder/spi-builder-workspace/.derivedData/Build/Intermediates.noindex/ProjectNavigator.build/Debug-watchos/_FilesTestSupport-t.build/DerivedSources/arm64_32 -Xcc -I/Users/admin/builder/spi-builder-workspace/.derivedData/Build/Intermediates.noindex/ProjectNavigator.build/Debug-watchos/_FilesTestSupport-t.build/DerivedSources -Xcc -DSWIFT_PACKAGE -Xcc -DDEBUG\=1 -emit-objc-header -emit-objc-header-path /Users/admin/builder/spi-builder-workspace/.derivedData/Build/Intermediates.noindex/ProjectNavigator.build/Debug-watchos/_FilesTestSupport-t.build/Objects-normal/arm64_32/_FilesTestSupport-Swift.h -working-directory /Users/admin/builder/spi-builder-workspace/.swiftpm/xcode -experimental-emit-module-separately -disable-cmo
SwiftDriver _FilesTestSupport normal arm64 com.apple.xcode.tools.swift.compiler (in target '_FilesTestSupport' from project 'ProjectNavigator')
cd /Users/admin/builder/spi-builder-workspace/.swiftpm/xcode
builtin-SwiftDriver -- /Applications/Xcode-27.0.0-Release.Candidate.app/Contents/Developer/Toolchains/XcodeDefault.xctoolchain/usr/bin/swiftc -parse-as-library -module-name _FilesTestSupport -Onone @/Users/admin/builder/spi-builder-workspace/.derivedData/Build/Intermediates.noindex/ProjectNavigator.build/Debug-watchos/_FilesTestSupport-t.build/Objects-normal/arm64/_FilesTestSupport.SwiftFileList -DSWIFT_PACKAGE -DDEBUG -DSWIFT_MODULE_RESOURCE_BUNDLE_UNAVAILABLE -DXcode -enable-upcoming-feature InferIsolatedConformances -enable-upcoming-feature NonisolatedNonsendingByDefault -plugin-path /Applications/Xcode-27.0.0-Release.Candidate.app/Contents/Developer/Toolchains/XcodeDefault.xctoolchain/usr/lib/swift/host/plugins/testing -enable-experimental-feature DebugDescriptionMacro -sdk /Applications/Xcode-27.0.0-Release.Candidate.app/Contents/Developer/Platforms/WatchOS.platform/Developer/SDKs/WatchOS27.0.sdk -target arm64-apple-watchos10.0 -g -module-cache-path /Users/admin/builder/spi-builder-workspace/.derivedData/ModuleCache.noindex -Xfrontend -serialize-debugging-options -profile-coverage-mapping -profile-generate -enable-testing -index-store-path /Users/admin/builder/spi-builder-workspace/.derivedData/Index.noindex/DataStore -Xcc -D_LIBCPP_HARDENING_MODE\=_LIBCPP_HARDENING_MODE_DEBUG -swift-version 6 -I /Users/admin/builder/spi-builder-workspace/.derivedData/Build/Products/Debug-watchos -Isystem /Applications/Xcode-27.0.0-Release.Candidate.app/Contents/Developer/Platforms/WatchOS.platform/Developer/usr/lib -F /Users/admin/builder/spi-builder-workspace/.derivedData/Build/Products/Debug-watchos/PackageFrameworks -F /Users/admin/builder/spi-builder-workspace/.derivedData/Build/Products/Debug-watchos -F /Applications/Xcode-27.0.0-Release.Candidate.app/Contents/Developer/Platforms/WatchOS.platform/Developer/Library/Frameworks -F /Applications/Xcode-27.0.0-Release.Candidate.app/Contents/Developer/Platforms/WatchOS.platform/Developer/SDKs/WatchOS27.0.sdk/Developer/Library/Frameworks -c -j10 -enable-batch-mode -incremental -Xcc -ivfsstatcache -Xcc /Users/admin/builder/spi-builder-workspace/.derivedData/SDKStatCaches.noindex/watchos27.0-24R360-e829b21a6f8c9b70876ba0858053c04477534ef55a1706bf4c1112bbb242f0a2.sdkstatcache -output-file-map /Users/admin/builder/spi-builder-workspace/.derivedData/Build/Intermediates.noindex/ProjectNavigator.build/Debug-watchos/_FilesTestSupport-t.build/Objects-normal/arm64/_FilesTestSupport-OutputFileMap.json -save-temps -no-color-diagnostics -explicit-module-build -module-cache-path /Users/admin/builder/spi-builder-workspace/.derivedData/Build/Intermediates.noindex/SwiftExplicitPrecompiledModules -clang-scanner-module-cache-path /Users/admin/builder/spi-builder-workspace/.derivedData/ModuleCache.noindex -sdk-module-cache-path /Users/admin/builder/spi-builder-workspace/.derivedData/SDKExplicitPrecompiledModules -emit-dependencies -emit-module -emit-module-path /Users/admin/builder/spi-builder-workspace/.derivedData/Build/Intermediates.noindex/ProjectNavigator.build/Debug-watchos/_FilesTestSupport-t.build/Objects-normal/arm64/_FilesTestSupport.swiftmodule -serialize-diagnostics -dependency-scan-serialize-diagnostics-path /Users/admin/builder/spi-builder-workspace/.derivedData/Build/Intermediates.noindex/ProjectNavigator.build/Debug-watchos/_FilesTestSupport-t.build/Objects-normal/arm64/_FilesTestSupport-dependency-scan.dia -validate-clang-modules-once -clang-build-session-file /Users/admin/builder/spi-builder-workspace/.derivedData/ModuleCache.noindex/Session.modulevalidation -Xcc -fmodules-prune-interval\=86400 -Xcc -fmodules-prune-after\=345600 -package-name spi_builder_workspace -emit-const-values -const-gather-protocols-list /Users/admin/builder/spi-builder-workspace/.derivedData/Build/Intermediates.noindex/ProjectNavigator.build/Debug-watchos/_FilesTestSupport-t.build/Objects-normal/arm64/_FilesTestSupport_const_extract_protocols.json -Xcc -I/Users/admin/builder/spi-builder-workspace/.derivedData/Build/Products/Debug-watchos/include -Xcc -I/Users/admin/builder/spi-builder-workspace/.derivedData/Build/Intermediates.noindex/ProjectNavigator.build/Debug-watchos/_FilesTestSupport-t.build/DerivedSources-normal/arm64 -Xcc -I/Users/admin/builder/spi-builder-workspace/.derivedData/Build/Intermediates.noindex/ProjectNavigator.build/Debug-watchos/_FilesTestSupport-t.build/DerivedSources/arm64 -Xcc -I/Users/admin/builder/spi-builder-workspace/.derivedData/Build/Intermediates.noindex/ProjectNavigator.build/Debug-watchos/_FilesTestSupport-t.build/DerivedSources -Xcc -DSWIFT_PACKAGE -Xcc -DDEBUG\=1 -emit-objc-header -emit-objc-header-path /Users/admin/builder/spi-builder-workspace/.derivedData/Build/Intermediates.noindex/ProjectNavigator.build/Debug-watchos/_FilesTestSupport-t.build/Objects-normal/arm64/_FilesTestSupport-Swift.h -working-directory /Users/admin/builder/spi-builder-workspace/.swiftpm/xcode -experimental-emit-module-separately -disable-cmo
SwiftEmitModule normal arm64_32 Emitting\ module\ for\ _FilesTestSupport (in target '_FilesTestSupport' from project 'ProjectNavigator')
SwiftCompile normal arm64_32 (in target '_FilesTestSupport' from project 'ProjectNavigator')
cd /Users/admin/builder/spi-builder-workspace/.swiftpm/xcode
SwiftEmitModule normal arm64 Emitting\ module\ for\ _FilesTestSupport (in target '_FilesTestSupport' from project 'ProjectNavigator')
SwiftCompile normal arm64 (in target '_FilesTestSupport' from project 'ProjectNavigator')
cd /Users/admin/builder/spi-builder-workspace/.swiftpm/xcode
SwiftCompile normal arm64_32 Compiling\ Payload.swift /Users/admin/builder/spi-builder-workspace/Sources/_FilesTestSupport/Payload.swift (in target '_FilesTestSupport' from project 'ProjectNavigator')
SwiftCompile normal arm64_32 /Users/admin/builder/spi-builder-workspace/Sources/_FilesTestSupport/Payload.swift (in target '_FilesTestSupport' from project 'ProjectNavigator')
cd /Users/admin/builder/spi-builder-workspace/.swiftpm/xcode
builtin-SwiftPerFileCompile Payload.swift
SwiftCompile normal arm64 Compiling\ Payload.swift /Users/admin/builder/spi-builder-workspace/Sources/_FilesTestSupport/Payload.swift (in target '_FilesTestSupport' from project 'ProjectNavigator')
SwiftCompile normal arm64 /Users/admin/builder/spi-builder-workspace/Sources/_FilesTestSupport/Payload.swift (in target '_FilesTestSupport' from project 'ProjectNavigator')
cd /Users/admin/builder/spi-builder-workspace/.swiftpm/xcode
builtin-SwiftPerFileCompile Payload.swift
SwiftDriverJobDiscovery normal arm64_32 Emitting module for _FilesTestSupport (in target '_FilesTestSupport' from project 'ProjectNavigator')
SwiftDriver\ Compilation\ Requirements _FilesTestSupport normal arm64_32 com.apple.xcode.tools.swift.compiler (in target '_FilesTestSupport' from project 'ProjectNavigator')
cd /Users/admin/builder/spi-builder-workspace/.swiftpm/xcode
builtin-Swift-Compilation-Requirements -- /Applications/Xcode-27.0.0-Release.Candidate.app/Contents/Developer/Toolchains/XcodeDefault.xctoolchain/usr/bin/swiftc -parse-as-library -module-name _FilesTestSupport -Onone @/Users/admin/builder/spi-builder-workspace/.derivedData/Build/Intermediates.noindex/ProjectNavigator.build/Debug-watchos/_FilesTestSupport-t.build/Objects-normal/arm64_32/_FilesTestSupport.SwiftFileList -DSWIFT_PACKAGE -DDEBUG -DSWIFT_MODULE_RESOURCE_BUNDLE_UNAVAILABLE -DXcode -enable-upcoming-feature InferIsolatedConformances -enable-upcoming-feature NonisolatedNonsendingByDefault -plugin-path /Applications/Xcode-27.0.0-Release.Candidate.app/Contents/Developer/Toolchains/XcodeDefault.xctoolchain/usr/lib/swift/host/plugins/testing -enable-experimental-feature DebugDescriptionMacro -sdk /Applications/Xcode-27.0.0-Release.Candidate.app/Contents/Developer/Platforms/WatchOS.platform/Developer/SDKs/WatchOS27.0.sdk -target arm64_32-apple-watchos10.0 -g -module-cache-path /Users/admin/builder/spi-builder-workspace/.derivedData/ModuleCache.noindex -Xfrontend -serialize-debugging-options -profile-coverage-mapping -profile-generate -enable-testing -index-store-path /Users/admin/builder/spi-builder-workspace/.derivedData/Index.noindex/DataStore -Xcc -D_LIBCPP_HARDENING_MODE\=_LIBCPP_HARDENING_MODE_DEBUG -swift-version 6 -I /Users/admin/builder/spi-builder-workspace/.derivedData/Build/Products/Debug-watchos -Isystem /Applications/Xcode-27.0.0-Release.Candidate.app/Contents/Developer/Platforms/WatchOS.platform/Developer/usr/lib -F /Users/admin/builder/spi-builder-workspace/.derivedData/Build/Products/Debug-watchos/PackageFrameworks -F /Users/admin/builder/spi-builder-workspace/.derivedData/Build/Products/Debug-watchos -F /Applications/Xcode-27.0.0-Release.Candidate.app/Contents/Developer/Platforms/WatchOS.platform/Developer/Library/Frameworks -F /Applications/Xcode-27.0.0-Release.Candidate.app/Contents/Developer/Platforms/WatchOS.platform/Developer/SDKs/WatchOS27.0.sdk/Developer/Library/Frameworks -c -j10 -enable-batch-mode -incremental -Xcc -ivfsstatcache -Xcc /Users/admin/builder/spi-builder-workspace/.derivedData/SDKStatCaches.noindex/watchos27.0-24R360-e829b21a6f8c9b70876ba0858053c04477534ef55a1706bf4c1112bbb242f0a2.sdkstatcache -output-file-map /Users/admin/builder/spi-builder-workspace/.derivedData/Build/Intermediates.noindex/ProjectNavigator.build/Debug-watchos/_FilesTestSupport-t.build/Objects-normal/arm64_32/_FilesTestSupport-OutputFileMap.json -save-temps -no-color-diagnostics -explicit-module-build -module-cache-path /Users/admin/builder/spi-builder-workspace/.derivedData/Build/Intermediates.noindex/SwiftExplicitPrecompiledModules -clang-scanner-module-cache-path /Users/admin/builder/spi-builder-workspace/.derivedData/ModuleCache.noindex -sdk-module-cache-path /Users/admin/builder/spi-builder-workspace/.derivedData/SDKExplicitPrecompiledModules -emit-dependencies -emit-module -emit-module-path /Users/admin/builder/spi-builder-workspace/.derivedData/Build/Intermediates.noindex/ProjectNavigator.build/Debug-watchos/_FilesTestSupport-t.build/Objects-normal/arm64_32/_FilesTestSupport.swiftmodule -serialize-diagnostics -dependency-scan-serialize-diagnostics-path /Users/admin/builder/spi-builder-workspace/.derivedData/Build/Intermediates.noindex/ProjectNavigator.build/Debug-watchos/_FilesTestSupport-t.build/Objects-normal/arm64_32/_FilesTestSupport-dependency-scan.dia -validate-clang-modules-once -clang-build-session-file /Users/admin/builder/spi-builder-workspace/.derivedData/ModuleCache.noindex/Session.modulevalidation -Xcc -fmodules-prune-interval\=86400 -Xcc -fmodules-prune-after\=345600 -package-name spi_builder_workspace -emit-const-values -const-gather-protocols-list /Users/admin/builder/spi-builder-workspace/.derivedData/Build/Intermediates.noindex/ProjectNavigator.build/Debug-watchos/_FilesTestSupport-t.build/Objects-normal/arm64_32/_FilesTestSupport_const_extract_protocols.json -Xcc -I/Users/admin/builder/spi-builder-workspace/.derivedData/Build/Products/Debug-watchos/include -Xcc -I/Users/admin/builder/spi-builder-workspace/.derivedData/Build/Intermediates.noindex/ProjectNavigator.build/Debug-watchos/_FilesTestSupport-t.build/DerivedSources-normal/arm64_32 -Xcc -I/Users/admin/builder/spi-builder-workspace/.derivedData/Build/Intermediates.noindex/ProjectNavigator.build/Debug-watchos/_FilesTestSupport-t.build/DerivedSources/arm64_32 -Xcc -I/Users/admin/builder/spi-builder-workspace/.derivedData/Build/Intermediates.noindex/ProjectNavigator.build/Debug-watchos/_FilesTestSupport-t.build/DerivedSources -Xcc -DSWIFT_PACKAGE -Xcc -DDEBUG\=1 -emit-objc-header -emit-objc-header-path /Users/admin/builder/spi-builder-workspace/.derivedData/Build/Intermediates.noindex/ProjectNavigator.build/Debug-watchos/_FilesTestSupport-t.build/Objects-normal/arm64_32/_FilesTestSupport-Swift.h -working-directory /Users/admin/builder/spi-builder-workspace/.swiftpm/xcode -experimental-emit-module-separately -disable-cmo
Copy /Users/admin/builder/spi-builder-workspace/.derivedData/Build/Products/Debug-watchos/_FilesTestSupport.swiftmodule/arm64_32-apple-watchos.swiftdoc /Users/admin/builder/spi-builder-workspace/.derivedData/Build/Intermediates.noindex/ProjectNavigator.build/Debug-watchos/_FilesTestSupport-t.build/Objects-normal/arm64_32/_FilesTestSupport.swiftdoc (in target '_FilesTestSupport' from project 'ProjectNavigator')
cd /Users/admin/builder/spi-builder-workspace
builtin-copy -exclude .DS_Store -exclude CVS -exclude .svn -exclude .git -exclude .hg -resolve-src-symlinks -rename /Users/admin/builder/spi-builder-workspace/.derivedData/Build/Intermediates.noindex/ProjectNavigator.build/Debug-watchos/_FilesTestSupport-t.build/Objects-normal/arm64_32/_FilesTestSupport.swiftdoc /Users/admin/builder/spi-builder-workspace/.derivedData/Build/Products/Debug-watchos/_FilesTestSupport.swiftmodule/arm64_32-apple-watchos.swiftdoc
Copy /Users/admin/builder/spi-builder-workspace/.derivedData/Build/Products/Debug-watchos/_FilesTestSupport.swiftmodule/arm64_32-apple-watchos.swiftmodule /Users/admin/builder/spi-builder-workspace/.derivedData/Build/Intermediates.noindex/ProjectNavigator.build/Debug-watchos/_FilesTestSupport-t.build/Objects-normal/arm64_32/_FilesTestSupport.swiftmodule (in target '_FilesTestSupport' from project 'ProjectNavigator')
cd /Users/admin/builder/spi-builder-workspace
builtin-copy -exclude .DS_Store -exclude CVS -exclude .svn -exclude .git -exclude .hg -resolve-src-symlinks -rename /Users/admin/builder/spi-builder-workspace/.derivedData/Build/Intermediates.noindex/ProjectNavigator.build/Debug-watchos/_FilesTestSupport-t.build/Objects-normal/arm64_32/_FilesTestSupport.swiftmodule /Users/admin/builder/spi-builder-workspace/.derivedData/Build/Products/Debug-watchos/_FilesTestSupport.swiftmodule/arm64_32-apple-watchos.swiftmodule
SwiftDriverJobDiscovery normal arm64 Emitting module for _FilesTestSupport (in target '_FilesTestSupport' from project 'ProjectNavigator')
SwiftDriver\ Compilation\ Requirements _FilesTestSupport normal arm64 com.apple.xcode.tools.swift.compiler (in target '_FilesTestSupport' from project 'ProjectNavigator')
cd /Users/admin/builder/spi-builder-workspace/.swiftpm/xcode
builtin-Swift-Compilation-Requirements -- /Applications/Xcode-27.0.0-Release.Candidate.app/Contents/Developer/Toolchains/XcodeDefault.xctoolchain/usr/bin/swiftc -parse-as-library -module-name _FilesTestSupport -Onone @/Users/admin/builder/spi-builder-workspace/.derivedData/Build/Intermediates.noindex/ProjectNavigator.build/Debug-watchos/_FilesTestSupport-t.build/Objects-normal/arm64/_FilesTestSupport.SwiftFileList -DSWIFT_PACKAGE -DDEBUG -DSWIFT_MODULE_RESOURCE_BUNDLE_UNAVAILABLE -DXcode -enable-upcoming-feature InferIsolatedConformances -enable-upcoming-feature NonisolatedNonsendingByDefault -plugin-path /Applications/Xcode-27.0.0-Release.Candidate.app/Contents/Developer/Toolchains/XcodeDefault.xctoolchain/usr/lib/swift/host/plugins/testing -enable-experimental-feature DebugDescriptionMacro -sdk /Applications/Xcode-27.0.0-Release.Candidate.app/Contents/Developer/Platforms/WatchOS.platform/Developer/SDKs/WatchOS27.0.sdk -target arm64-apple-watchos10.0 -g -module-cache-path /Users/admin/builder/spi-builder-workspace/.derivedData/ModuleCache.noindex -Xfrontend -serialize-debugging-options -profile-coverage-mapping -profile-generate -enable-testing -index-store-path /Users/admin/builder/spi-builder-workspace/.derivedData/Index.noindex/DataStore -Xcc -D_LIBCPP_HARDENING_MODE\=_LIBCPP_HARDENING_MODE_DEBUG -swift-version 6 -I /Users/admin/builder/spi-builder-workspace/.derivedData/Build/Products/Debug-watchos -Isystem /Applications/Xcode-27.0.0-Release.Candidate.app/Contents/Developer/Platforms/WatchOS.platform/Developer/usr/lib -F /Users/admin/builder/spi-builder-workspace/.derivedData/Build/Products/Debug-watchos/PackageFrameworks -F /Users/admin/builder/spi-builder-workspace/.derivedData/Build/Products/Debug-watchos -F /Applications/Xcode-27.0.0-Release.Candidate.app/Contents/Developer/Platforms/WatchOS.platform/Developer/Library/Frameworks -F /Applications/Xcode-27.0.0-Release.Candidate.app/Contents/Developer/Platforms/WatchOS.platform/Developer/SDKs/WatchOS27.0.sdk/Developer/Library/Frameworks -c -j10 -enable-batch-mode -incremental -Xcc -ivfsstatcache -Xcc /Users/admin/builder/spi-builder-workspace/.derivedData/SDKStatCaches.noindex/watchos27.0-24R360-e829b21a6f8c9b70876ba0858053c04477534ef55a1706bf4c1112bbb242f0a2.sdkstatcache -output-file-map /Users/admin/builder/spi-builder-workspace/.derivedData/Build/Intermediates.noindex/ProjectNavigator.build/Debug-watchos/_FilesTestSupport-t.build/Objects-normal/arm64/_FilesTestSupport-OutputFileMap.json -save-temps -no-color-diagnostics -explicit-module-build -module-cache-path /Users/admin/builder/spi-builder-workspace/.derivedData/Build/Intermediates.noindex/SwiftExplicitPrecompiledModules -clang-scanner-module-cache-path /Users/admin/builder/spi-builder-workspace/.derivedData/ModuleCache.noindex -sdk-module-cache-path /Users/admin/builder/spi-builder-workspace/.derivedData/SDKExplicitPrecompiledModules -emit-dependencies -emit-module -emit-module-path /Users/admin/builder/spi-builder-workspace/.derivedData/Build/Intermediates.noindex/ProjectNavigator.build/Debug-watchos/_FilesTestSupport-t.build/Objects-normal/arm64/_FilesTestSupport.swiftmodule -serialize-diagnostics -dependency-scan-serialize-diagnostics-path /Users/admin/builder/spi-builder-workspace/.derivedData/Build/Intermediates.noindex/ProjectNavigator.build/Debug-watchos/_FilesTestSupport-t.build/Objects-normal/arm64/_FilesTestSupport-dependency-scan.dia -validate-clang-modules-once -clang-build-session-file /Users/admin/builder/spi-builder-workspace/.derivedData/ModuleCache.noindex/Session.modulevalidation -Xcc -fmodules-prune-interval\=86400 -Xcc -fmodules-prune-after\=345600 -package-name spi_builder_workspace -emit-const-values -const-gather-protocols-list /Users/admin/builder/spi-builder-workspace/.derivedData/Build/Intermediates.noindex/ProjectNavigator.build/Debug-watchos/_FilesTestSupport-t.build/Objects-normal/arm64/_FilesTestSupport_const_extract_protocols.json -Xcc -I/Users/admin/builder/spi-builder-workspace/.derivedData/Build/Products/Debug-watchos/include -Xcc -I/Users/admin/builder/spi-builder-workspace/.derivedData/Build/Intermediates.noindex/ProjectNavigator.build/Debug-watchos/_FilesTestSupport-t.build/DerivedSources-normal/arm64 -Xcc -I/Users/admin/builder/spi-builder-workspace/.derivedData/Build/Intermediates.noindex/ProjectNavigator.build/Debug-watchos/_FilesTestSupport-t.build/DerivedSources/arm64 -Xcc -I/Users/admin/builder/spi-builder-workspace/.derivedData/Build/Intermediates.noindex/ProjectNavigator.build/Debug-watchos/_FilesTestSupport-t.build/DerivedSources -Xcc -DSWIFT_PACKAGE -Xcc -DDEBUG\=1 -emit-objc-header -emit-objc-header-path /Users/admin/builder/spi-builder-workspace/.derivedData/Build/Intermediates.noindex/ProjectNavigator.build/Debug-watchos/_FilesTestSupport-t.build/Objects-normal/arm64/_FilesTestSupport-Swift.h -working-directory /Users/admin/builder/spi-builder-workspace/.swiftpm/xcode -experimental-emit-module-separately -disable-cmo
Copy /Users/admin/builder/spi-builder-workspace/.derivedData/Build/Products/Debug-watchos/_FilesTestSupport.swiftmodule/arm64_32-apple-watchos.abi.json /Users/admin/builder/spi-builder-workspace/.derivedData/Build/Intermediates.noindex/ProjectNavigator.build/Debug-watchos/_FilesTestSupport-t.build/Objects-normal/arm64_32/_FilesTestSupport.abi.json (in target '_FilesTestSupport' from project 'ProjectNavigator')
cd /Users/admin/builder/spi-builder-workspace
builtin-copy -exclude .DS_Store -exclude CVS -exclude .svn -exclude .git -exclude .hg -resolve-src-symlinks -rename /Users/admin/builder/spi-builder-workspace/.derivedData/Build/Intermediates.noindex/ProjectNavigator.build/Debug-watchos/_FilesTestSupport-t.build/Objects-normal/arm64_32/_FilesTestSupport.abi.json /Users/admin/builder/spi-builder-workspace/.derivedData/Build/Products/Debug-watchos/_FilesTestSupport.swiftmodule/arm64_32-apple-watchos.abi.json
Copy /Users/admin/builder/spi-builder-workspace/.derivedData/Build/Products/Debug-watchos/_FilesTestSupport.swiftmodule/Project/arm64_32-apple-watchos.swiftsourceinfo /Users/admin/builder/spi-builder-workspace/.derivedData/Build/Intermediates.noindex/ProjectNavigator.build/Debug-watchos/_FilesTestSupport-t.build/Objects-normal/arm64_32/_FilesTestSupport.swiftsourceinfo (in target '_FilesTestSupport' from project 'ProjectNavigator')
cd /Users/admin/builder/spi-builder-workspace
builtin-copy -exclude .DS_Store -exclude CVS -exclude .svn -exclude .git -exclude .hg -resolve-src-symlinks -rename /Users/admin/builder/spi-builder-workspace/.derivedData/Build/Intermediates.noindex/ProjectNavigator.build/Debug-watchos/_FilesTestSupport-t.build/Objects-normal/arm64_32/_FilesTestSupport.swiftsourceinfo /Users/admin/builder/spi-builder-workspace/.derivedData/Build/Products/Debug-watchos/_FilesTestSupport.swiftmodule/Project/arm64_32-apple-watchos.swiftsourceinfo
SwiftMergeGeneratedHeaders /Users/admin/builder/spi-builder-workspace/.derivedData/Build/Intermediates.noindex/GeneratedModuleMaps-watchos/_FilesTestSupport-Swift.h /Users/admin/builder/spi-builder-workspace/.derivedData/Build/Intermediates.noindex/ProjectNavigator.build/Debug-watchos/_FilesTestSupport-t.build/Objects-normal/arm64/_FilesTestSupport-Swift.h /Users/admin/builder/spi-builder-workspace/.derivedData/Build/Intermediates.noindex/ProjectNavigator.build/Debug-watchos/_FilesTestSupport-t.build/Objects-normal/arm64_32/_FilesTestSupport-Swift.h (in target '_FilesTestSupport' from project 'ProjectNavigator')
cd /Users/admin/builder/spi-builder-workspace
builtin-swiftHeaderTool -arch arm64 /Users/admin/builder/spi-builder-workspace/.derivedData/Build/Intermediates.noindex/ProjectNavigator.build/Debug-watchos/_FilesTestSupport-t.build/Objects-normal/arm64/_FilesTestSupport-Swift.h -arch arm64_32 /Users/admin/builder/spi-builder-workspace/.derivedData/Build/Intermediates.noindex/ProjectNavigator.build/Debug-watchos/_FilesTestSupport-t.build/Objects-normal/arm64_32/_FilesTestSupport-Swift.h -o /Users/admin/builder/spi-builder-workspace/.derivedData/Build/Intermediates.noindex/GeneratedModuleMaps-watchos/_FilesTestSupport-Swift.h
Copy /Users/admin/builder/spi-builder-workspace/.derivedData/Build/Products/Debug-watchos/_FilesTestSupport.swiftmodule/arm64-apple-watchos.swiftmodule /Users/admin/builder/spi-builder-workspace/.derivedData/Build/Intermediates.noindex/ProjectNavigator.build/Debug-watchos/_FilesTestSupport-t.build/Objects-normal/arm64/_FilesTestSupport.swiftmodule (in target '_FilesTestSupport' from project 'ProjectNavigator')
cd /Users/admin/builder/spi-builder-workspace
builtin-copy -exclude .DS_Store -exclude CVS -exclude .svn -exclude .git -exclude .hg -resolve-src-symlinks -rename /Users/admin/builder/spi-builder-workspace/.derivedData/Build/Intermediates.noindex/ProjectNavigator.build/Debug-watchos/_FilesTestSupport-t.build/Objects-normal/arm64/_FilesTestSupport.swiftmodule /Users/admin/builder/spi-builder-workspace/.derivedData/Build/Products/Debug-watchos/_FilesTestSupport.swiftmodule/arm64-apple-watchos.swiftmodule
Copy /Users/admin/builder/spi-builder-workspace/.derivedData/Build/Products/Debug-watchos/_FilesTestSupport.swiftmodule/arm64-apple-watchos.swiftdoc /Users/admin/builder/spi-builder-workspace/.derivedData/Build/Intermediates.noindex/ProjectNavigator.build/Debug-watchos/_FilesTestSupport-t.build/Objects-normal/arm64/_FilesTestSupport.swiftdoc (in target '_FilesTestSupport' from project 'ProjectNavigator')
cd /Users/admin/builder/spi-builder-workspace
builtin-copy -exclude .DS_Store -exclude CVS -exclude .svn -exclude .git -exclude .hg -resolve-src-symlinks -rename /Users/admin/builder/spi-builder-workspace/.derivedData/Build/Intermediates.noindex/ProjectNavigator.build/Debug-watchos/_FilesTestSupport-t.build/Objects-normal/arm64/_FilesTestSupport.swiftdoc /Users/admin/builder/spi-builder-workspace/.derivedData/Build/Products/Debug-watchos/_FilesTestSupport.swiftmodule/arm64-apple-watchos.swiftdoc
Copy /Users/admin/builder/spi-builder-workspace/.derivedData/Build/Products/Debug-watchos/_FilesTestSupport.swiftmodule/arm64-apple-watchos.abi.json /Users/admin/builder/spi-builder-workspace/.derivedData/Build/Intermediates.noindex/ProjectNavigator.build/Debug-watchos/_FilesTestSupport-t.build/Objects-normal/arm64/_FilesTestSupport.abi.json (in target '_FilesTestSupport' from project 'ProjectNavigator')
cd /Users/admin/builder/spi-builder-workspace
builtin-copy -exclude .DS_Store -exclude CVS -exclude .svn -exclude .git -exclude .hg -resolve-src-symlinks -rename /Users/admin/builder/spi-builder-workspace/.derivedData/Build/Intermediates.noindex/ProjectNavigator.build/Debug-watchos/_FilesTestSupport-t.build/Objects-normal/arm64/_FilesTestSupport.abi.json /Users/admin/builder/spi-builder-workspace/.derivedData/Build/Products/Debug-watchos/_FilesTestSupport.swiftmodule/arm64-apple-watchos.abi.json
Copy /Users/admin/builder/spi-builder-workspace/.derivedData/Build/Products/Debug-watchos/_FilesTestSupport.swiftmodule/Project/arm64-apple-watchos.swiftsourceinfo /Users/admin/builder/spi-builder-workspace/.derivedData/Build/Intermediates.noindex/ProjectNavigator.build/Debug-watchos/_FilesTestSupport-t.build/Objects-normal/arm64/_FilesTestSupport.swiftsourceinfo (in target '_FilesTestSupport' from project 'ProjectNavigator')
cd /Users/admin/builder/spi-builder-workspace
builtin-copy -exclude .DS_Store -exclude CVS -exclude .svn -exclude .git -exclude .hg -resolve-src-symlinks -rename /Users/admin/builder/spi-builder-workspace/.derivedData/Build/Intermediates.noindex/ProjectNavigator.build/Debug-watchos/_FilesTestSupport-t.build/Objects-normal/arm64/_FilesTestSupport.swiftsourceinfo /Users/admin/builder/spi-builder-workspace/.derivedData/Build/Products/Debug-watchos/_FilesTestSupport.swiftmodule/Project/arm64-apple-watchos.swiftsourceinfo
SwiftDriver ProjectNavigator normal arm64_32 com.apple.xcode.tools.swift.compiler (in target 'ProjectNavigator' from project 'ProjectNavigator')
cd /Users/admin/builder/spi-builder-workspace/.swiftpm/xcode
builtin-SwiftDriver -- /Applications/Xcode-27.0.0-Release.Candidate.app/Contents/Developer/Toolchains/XcodeDefault.xctoolchain/usr/bin/swiftc -parse-as-library -module-name ProjectNavigator -Onone @/Users/admin/builder/spi-builder-workspace/.derivedData/Build/Intermediates.noindex/ProjectNavigator.build/Debug-watchos/ProjectNavigator-t.build/Objects-normal/arm64_32/ProjectNavigator.SwiftFileList -DSWIFT_PACKAGE -DDEBUG -DSWIFT_MODULE_RESOURCE_BUNDLE_UNAVAILABLE -DXcode -enable-upcoming-feature InferIsolatedConformances -enable-upcoming-feature NonisolatedNonsendingByDefault -plugin-path /Applications/Xcode-27.0.0-Release.Candidate.app/Contents/Developer/Toolchains/XcodeDefault.xctoolchain/usr/lib/swift/host/plugins/testing -enable-experimental-feature DebugDescriptionMacro -sdk /Applications/Xcode-27.0.0-Release.Candidate.app/Contents/Developer/Platforms/WatchOS.platform/Developer/SDKs/WatchOS27.0.sdk -target arm64_32-apple-watchos10.0 -g -module-cache-path /Users/admin/builder/spi-builder-workspace/.derivedData/ModuleCache.noindex -Xfrontend -serialize-debugging-options -profile-coverage-mapping -profile-generate -enable-testing -index-store-path /Users/admin/builder/spi-builder-workspace/.derivedData/Index.noindex/DataStore -Xcc -D_LIBCPP_HARDENING_MODE\=_LIBCPP_HARDENING_MODE_DEBUG -swift-version 6 -I /Users/admin/builder/spi-builder-workspace/.derivedData/Build/Products/Debug-watchos -Isystem /Applications/Xcode-27.0.0-Release.Candidate.app/Contents/Developer/Platforms/WatchOS.platform/Developer/usr/lib -F /Users/admin/builder/spi-builder-workspace/.derivedData/Build/Products/Debug-watchos/PackageFrameworks -F /Users/admin/builder/spi-builder-workspace/.derivedData/Build/Products/Debug-watchos -F /Applications/Xcode-27.0.0-Release.Candidate.app/Contents/Developer/Platforms/WatchOS.platform/Developer/Library/Frameworks -F /Applications/Xcode-27.0.0-Release.Candidate.app/Contents/Developer/Platforms/WatchOS.platform/Developer/SDKs/WatchOS27.0.sdk/Developer/Library/Frameworks -c -j10 -enable-batch-mode -incremental -Xcc -ivfsstatcache -Xcc /Users/admin/builder/spi-builder-workspace/.derivedData/SDKStatCaches.noindex/watchos27.0-24R360-e829b21a6f8c9b70876ba0858053c04477534ef55a1706bf4c1112bbb242f0a2.sdkstatcache -output-file-map /Users/admin/builder/spi-builder-workspace/.derivedData/Build/Intermediates.noindex/ProjectNavigator.build/Debug-watchos/ProjectNavigator-t.build/Objects-normal/arm64_32/ProjectNavigator-OutputFileMap.json -save-temps -no-color-diagnostics -explicit-module-build -module-cache-path /Users/admin/builder/spi-builder-workspace/.derivedData/Build/Intermediates.noindex/SwiftExplicitPrecompiledModules -clang-scanner-module-cache-path /Users/admin/builder/spi-builder-workspace/.derivedData/ModuleCache.noindex -sdk-module-cache-path /Users/admin/builder/spi-builder-workspace/.derivedData/SDKExplicitPrecompiledModules -emit-dependencies -emit-module -emit-module-path /Users/admin/builder/spi-builder-workspace/.derivedData/Build/Intermediates.noindex/ProjectNavigator.build/Debug-watchos/ProjectNavigator-t.build/Objects-normal/arm64_32/ProjectNavigator.swiftmodule -serialize-diagnostics -dependency-scan-serialize-diagnostics-path /Users/admin/builder/spi-builder-workspace/.derivedData/Build/Intermediates.noindex/ProjectNavigator.build/Debug-watchos/ProjectNavigator-t.build/Objects-normal/arm64_32/ProjectNavigator-dependency-scan.dia -validate-clang-modules-once -clang-build-session-file /Users/admin/builder/spi-builder-workspace/.derivedData/ModuleCache.noindex/Session.modulevalidation -Xcc -fmodules-prune-interval\=86400 -Xcc -fmodules-prune-after\=345600 -package-name spi_builder_workspace -emit-const-values -const-gather-protocols-list /Users/admin/builder/spi-builder-workspace/.derivedData/Build/Intermediates.noindex/ProjectNavigator.build/Debug-watchos/ProjectNavigator-t.build/Objects-normal/arm64_32/ProjectNavigator_const_extract_protocols.json -Xcc -I/Users/admin/builder/spi-builder-workspace/.derivedData/Build/Products/Debug-watchos/include -Xcc -I/Users/admin/builder/spi-builder-workspace/.derivedData/Build/Intermediates.noindex/ProjectNavigator.build/Debug-watchos/ProjectNavigator-t.build/DerivedSources-normal/arm64_32 -Xcc -I/Users/admin/builder/spi-builder-workspace/.derivedData/Build/Intermediates.noindex/ProjectNavigator.build/Debug-watchos/ProjectNavigator-t.build/DerivedSources/arm64_32 -Xcc -I/Users/admin/builder/spi-builder-workspace/.derivedData/Build/Intermediates.noindex/ProjectNavigator.build/Debug-watchos/ProjectNavigator-t.build/DerivedSources -Xcc -DSWIFT_PACKAGE -Xcc -DDEBUG\=1 -emit-objc-header -emit-objc-header-path /Users/admin/builder/spi-builder-workspace/.derivedData/Build/Intermediates.noindex/ProjectNavigator.build/Debug-watchos/ProjectNavigator-t.build/Objects-normal/arm64_32/ProjectNavigator-Swift.h -working-directory /Users/admin/builder/spi-builder-workspace/.swiftpm/xcode -experimental-emit-module-separately -disable-cmo
SwiftDriver ProjectNavigator normal arm64 com.apple.xcode.tools.swift.compiler (in target 'ProjectNavigator' from project 'ProjectNavigator')
cd /Users/admin/builder/spi-builder-workspace/.swiftpm/xcode
builtin-SwiftDriver -- /Applications/Xcode-27.0.0-Release.Candidate.app/Contents/Developer/Toolchains/XcodeDefault.xctoolchain/usr/bin/swiftc -parse-as-library -module-name ProjectNavigator -Onone @/Users/admin/builder/spi-builder-workspace/.derivedData/Build/Intermediates.noindex/ProjectNavigator.build/Debug-watchos/ProjectNavigator-t.build/Objects-normal/arm64/ProjectNavigator.SwiftFileList -DSWIFT_PACKAGE -DDEBUG -DSWIFT_MODULE_RESOURCE_BUNDLE_UNAVAILABLE -DXcode -enable-upcoming-feature InferIsolatedConformances -enable-upcoming-feature NonisolatedNonsendingByDefault -plugin-path /Applications/Xcode-27.0.0-Release.Candidate.app/Contents/Developer/Toolchains/XcodeDefault.xctoolchain/usr/lib/swift/host/plugins/testing -enable-experimental-feature DebugDescriptionMacro -sdk /Applications/Xcode-27.0.0-Release.Candidate.app/Contents/Developer/Platforms/WatchOS.platform/Developer/SDKs/WatchOS27.0.sdk -target arm64-apple-watchos10.0 -g -module-cache-path /Users/admin/builder/spi-builder-workspace/.derivedData/ModuleCache.noindex -Xfrontend -serialize-debugging-options -profile-coverage-mapping -profile-generate -enable-testing -index-store-path /Users/admin/builder/spi-builder-workspace/.derivedData/Index.noindex/DataStore -Xcc -D_LIBCPP_HARDENING_MODE\=_LIBCPP_HARDENING_MODE_DEBUG -swift-version 6 -I /Users/admin/builder/spi-builder-workspace/.derivedData/Build/Products/Debug-watchos -Isystem /Applications/Xcode-27.0.0-Release.Candidate.app/Contents/Developer/Platforms/WatchOS.platform/Developer/usr/lib -F /Users/admin/builder/spi-builder-workspace/.derivedData/Build/Products/Debug-watchos/PackageFrameworks -F /Users/admin/builder/spi-builder-workspace/.derivedData/Build/Products/Debug-watchos -F /Applications/Xcode-27.0.0-Release.Candidate.app/Contents/Developer/Platforms/WatchOS.platform/Developer/Library/Frameworks -F /Applications/Xcode-27.0.0-Release.Candidate.app/Contents/Developer/Platforms/WatchOS.platform/Developer/SDKs/WatchOS27.0.sdk/Developer/Library/Frameworks -c -j10 -enable-batch-mode -incremental -Xcc -ivfsstatcache -Xcc /Users/admin/builder/spi-builder-workspace/.derivedData/SDKStatCaches.noindex/watchos27.0-24R360-e829b21a6f8c9b70876ba0858053c04477534ef55a1706bf4c1112bbb242f0a2.sdkstatcache -output-file-map /Users/admin/builder/spi-builder-workspace/.derivedData/Build/Intermediates.noindex/ProjectNavigator.build/Debug-watchos/ProjectNavigator-t.build/Objects-normal/arm64/ProjectNavigator-OutputFileMap.json -save-temps -no-color-diagnostics -explicit-module-build -module-cache-path /Users/admin/builder/spi-builder-workspace/.derivedData/Build/Intermediates.noindex/SwiftExplicitPrecompiledModules -clang-scanner-module-cache-path /Users/admin/builder/spi-builder-workspace/.derivedData/ModuleCache.noindex -sdk-module-cache-path /Users/admin/builder/spi-builder-workspace/.derivedData/SDKExplicitPrecompiledModules -emit-dependencies -emit-module -emit-module-path /Users/admin/builder/spi-builder-workspace/.derivedData/Build/Intermediates.noindex/ProjectNavigator.build/Debug-watchos/ProjectNavigator-t.build/Objects-normal/arm64/ProjectNavigator.swiftmodule -serialize-diagnostics -dependency-scan-serialize-diagnostics-path /Users/admin/builder/spi-builder-workspace/.derivedData/Build/Intermediates.noindex/ProjectNavigator.build/Debug-watchos/ProjectNavigator-t.build/Objects-normal/arm64/ProjectNavigator-dependency-scan.dia -validate-clang-modules-once -clang-build-session-file /Users/admin/builder/spi-builder-workspace/.derivedData/ModuleCache.noindex/Session.modulevalidation -Xcc -fmodules-prune-interval\=86400 -Xcc -fmodules-prune-after\=345600 -package-name spi_builder_workspace -emit-const-values -const-gather-protocols-list /Users/admin/builder/spi-builder-workspace/.derivedData/Build/Intermediates.noindex/ProjectNavigator.build/Debug-watchos/ProjectNavigator-t.build/Objects-normal/arm64/ProjectNavigator_const_extract_protocols.json -Xcc -I/Users/admin/builder/spi-builder-workspace/.derivedData/Build/Products/Debug-watchos/include -Xcc -I/Users/admin/builder/spi-builder-workspace/.derivedData/Build/Intermediates.noindex/ProjectNavigator.build/Debug-watchos/ProjectNavigator-t.build/DerivedSources-normal/arm64 -Xcc -I/Users/admin/builder/spi-builder-workspace/.derivedData/Build/Intermediates.noindex/ProjectNavigator.build/Debug-watchos/ProjectNavigator-t.build/DerivedSources/arm64 -Xcc -I/Users/admin/builder/spi-builder-workspace/.derivedData/Build/Intermediates.noindex/ProjectNavigator.build/Debug-watchos/ProjectNavigator-t.build/DerivedSources -Xcc -DSWIFT_PACKAGE -Xcc -DDEBUG\=1 -emit-objc-header -emit-objc-header-path /Users/admin/builder/spi-builder-workspace/.derivedData/Build/Intermediates.noindex/ProjectNavigator.build/Debug-watchos/ProjectNavigator-t.build/Objects-normal/arm64/ProjectNavigator-Swift.h -working-directory /Users/admin/builder/spi-builder-workspace/.swiftpm/xcode -experimental-emit-module-separately -disable-cmo
SwiftDriverJobDiscovery normal arm64 Compiling FileOperations.swift (in target 'Files' from project 'ProjectNavigator')
SwiftDriverJobDiscovery normal arm64_32 Compiling FileOperations.swift (in target 'Files' from project 'ProjectNavigator')
SwiftDriverJobDiscovery normal arm64 Compiling Files.swift (in target 'Files' from project 'ProjectNavigator')
SwiftDriverJobDiscovery normal arm64 Compiling Payload.swift (in target '_FilesTestSupport' from project 'ProjectNavigator')
SwiftDriver\ Compilation _FilesTestSupport normal arm64 com.apple.xcode.tools.swift.compiler (in target '_FilesTestSupport' from project 'ProjectNavigator')
cd /Users/admin/builder/spi-builder-workspace/.swiftpm/xcode
builtin-Swift-Compilation -- /Applications/Xcode-27.0.0-Release.Candidate.app/Contents/Developer/Toolchains/XcodeDefault.xctoolchain/usr/bin/swiftc -parse-as-library -module-name _FilesTestSupport -Onone @/Users/admin/builder/spi-builder-workspace/.derivedData/Build/Intermediates.noindex/ProjectNavigator.build/Debug-watchos/_FilesTestSupport-t.build/Objects-normal/arm64/_FilesTestSupport.SwiftFileList -DSWIFT_PACKAGE -DDEBUG -DSWIFT_MODULE_RESOURCE_BUNDLE_UNAVAILABLE -DXcode -enable-upcoming-feature InferIsolatedConformances -enable-upcoming-feature NonisolatedNonsendingByDefault -plugin-path /Applications/Xcode-27.0.0-Release.Candidate.app/Contents/Developer/Toolchains/XcodeDefault.xctoolchain/usr/lib/swift/host/plugins/testing -enable-experimental-feature DebugDescriptionMacro -sdk /Applications/Xcode-27.0.0-Release.Candidate.app/Contents/Developer/Platforms/WatchOS.platform/Developer/SDKs/WatchOS27.0.sdk -target arm64-apple-watchos10.0 -g -module-cache-path /Users/admin/builder/spi-builder-workspace/.derivedData/ModuleCache.noindex -Xfrontend -serialize-debugging-options -profile-coverage-mapping -profile-generate -enable-testing -index-store-path /Users/admin/builder/spi-builder-workspace/.derivedData/Index.noindex/DataStore -Xcc -D_LIBCPP_HARDENING_MODE\=_LIBCPP_HARDENING_MODE_DEBUG -swift-version 6 -I /Users/admin/builder/spi-builder-workspace/.derivedData/Build/Products/Debug-watchos -Isystem /Applications/Xcode-27.0.0-Release.Candidate.app/Contents/Developer/Platforms/WatchOS.platform/Developer/usr/lib -F /Users/admin/builder/spi-builder-workspace/.derivedData/Build/Products/Debug-watchos/PackageFrameworks -F /Users/admin/builder/spi-builder-workspace/.derivedData/Build/Products/Debug-watchos -F /Applications/Xcode-27.0.0-Release.Candidate.app/Contents/Developer/Platforms/WatchOS.platform/Developer/Library/Frameworks -F /Applications/Xcode-27.0.0-Release.Candidate.app/Contents/Developer/Platforms/WatchOS.platform/Developer/SDKs/WatchOS27.0.sdk/Developer/Library/Frameworks -c -j10 -enable-batch-mode -incremental -Xcc -ivfsstatcache -Xcc /Users/admin/builder/spi-builder-workspace/.derivedData/SDKStatCaches.noindex/watchos27.0-24R360-e829b21a6f8c9b70876ba0858053c04477534ef55a1706bf4c1112bbb242f0a2.sdkstatcache -output-file-map /Users/admin/builder/spi-builder-workspace/.derivedData/Build/Intermediates.noindex/ProjectNavigator.build/Debug-watchos/_FilesTestSupport-t.build/Objects-normal/arm64/_FilesTestSupport-OutputFileMap.json -save-temps -no-color-diagnostics -explicit-module-build -module-cache-path /Users/admin/builder/spi-builder-workspace/.derivedData/Build/Intermediates.noindex/SwiftExplicitPrecompiledModules -clang-scanner-module-cache-path /Users/admin/builder/spi-builder-workspace/.derivedData/ModuleCache.noindex -sdk-module-cache-path /Users/admin/builder/spi-builder-workspace/.derivedData/SDKExplicitPrecompiledModules -emit-dependencies -emit-module -emit-module-path /Users/admin/builder/spi-builder-workspace/.derivedData/Build/Intermediates.noindex/ProjectNavigator.build/Debug-watchos/_FilesTestSupport-t.build/Objects-normal/arm64/_FilesTestSupport.swiftmodule -serialize-diagnostics -dependency-scan-serialize-diagnostics-path /Users/admin/builder/spi-builder-workspace/.derivedData/Build/Intermediates.noindex/ProjectNavigator.build/Debug-watchos/_FilesTestSupport-t.build/Objects-normal/arm64/_FilesTestSupport-dependency-scan.dia -validate-clang-modules-once -clang-build-session-file /Users/admin/builder/spi-builder-workspace/.derivedData/ModuleCache.noindex/Session.modulevalidation -Xcc -fmodules-prune-interval\=86400 -Xcc -fmodules-prune-after\=345600 -package-name spi_builder_workspace -emit-const-values -const-gather-protocols-list /Users/admin/builder/spi-builder-workspace/.derivedData/Build/Intermediates.noindex/ProjectNavigator.build/Debug-watchos/_FilesTestSupport-t.build/Objects-normal/arm64/_FilesTestSupport_const_extract_protocols.json -Xcc -I/Users/admin/builder/spi-builder-workspace/.derivedData/Build/Products/Debug-watchos/include -Xcc -I/Users/admin/builder/spi-builder-workspace/.derivedData/Build/Intermediates.noindex/ProjectNavigator.build/Debug-watchos/_FilesTestSupport-t.build/DerivedSources-normal/arm64 -Xcc -I/Users/admin/builder/spi-builder-workspace/.derivedData/Build/Intermediates.noindex/ProjectNavigator.build/Debug-watchos/_FilesTestSupport-t.build/DerivedSources/arm64 -Xcc -I/Users/admin/builder/spi-builder-workspace/.derivedData/Build/Intermediates.noindex/ProjectNavigator.build/Debug-watchos/_FilesTestSupport-t.build/DerivedSources -Xcc -DSWIFT_PACKAGE -Xcc -DDEBUG\=1 -emit-objc-header -emit-objc-header-path /Users/admin/builder/spi-builder-workspace/.derivedData/Build/Intermediates.noindex/ProjectNavigator.build/Debug-watchos/_FilesTestSupport-t.build/Objects-normal/arm64/_FilesTestSupport-Swift.h -working-directory /Users/admin/builder/spi-builder-workspace/.swiftpm/xcode -experimental-emit-module-separately -disable-cmo
SwiftDriverJobDiscovery normal arm64_32 Compiling Files.swift (in target 'Files' from project 'ProjectNavigator')
SwiftDriverJobDiscovery normal arm64_32 Compiling Payload.swift (in target '_FilesTestSupport' from project 'ProjectNavigator')
SwiftDriver\ Compilation _FilesTestSupport normal arm64_32 com.apple.xcode.tools.swift.compiler (in target '_FilesTestSupport' from project 'ProjectNavigator')
cd /Users/admin/builder/spi-builder-workspace/.swiftpm/xcode
builtin-Swift-Compilation -- /Applications/Xcode-27.0.0-Release.Candidate.app/Contents/Developer/Toolchains/XcodeDefault.xctoolchain/usr/bin/swiftc -parse-as-library -module-name _FilesTestSupport -Onone @/Users/admin/builder/spi-builder-workspace/.derivedData/Build/Intermediates.noindex/ProjectNavigator.build/Debug-watchos/_FilesTestSupport-t.build/Objects-normal/arm64_32/_FilesTestSupport.SwiftFileList -DSWIFT_PACKAGE -DDEBUG -DSWIFT_MODULE_RESOURCE_BUNDLE_UNAVAILABLE -DXcode -enable-upcoming-feature InferIsolatedConformances -enable-upcoming-feature NonisolatedNonsendingByDefault -plugin-path /Applications/Xcode-27.0.0-Release.Candidate.app/Contents/Developer/Toolchains/XcodeDefault.xctoolchain/usr/lib/swift/host/plugins/testing -enable-experimental-feature DebugDescriptionMacro -sdk /Applications/Xcode-27.0.0-Release.Candidate.app/Contents/Developer/Platforms/WatchOS.platform/Developer/SDKs/WatchOS27.0.sdk -target arm64_32-apple-watchos10.0 -g -module-cache-path /Users/admin/builder/spi-builder-workspace/.derivedData/ModuleCache.noindex -Xfrontend -serialize-debugging-options -profile-coverage-mapping -profile-generate -enable-testing -index-store-path /Users/admin/builder/spi-builder-workspace/.derivedData/Index.noindex/DataStore -Xcc -D_LIBCPP_HARDENING_MODE\=_LIBCPP_HARDENING_MODE_DEBUG -swift-version 6 -I /Users/admin/builder/spi-builder-workspace/.derivedData/Build/Products/Debug-watchos -Isystem /Applications/Xcode-27.0.0-Release.Candidate.app/Contents/Developer/Platforms/WatchOS.platform/Developer/usr/lib -F /Users/admin/builder/spi-builder-workspace/.derivedData/Build/Products/Debug-watchos/PackageFrameworks -F /Users/admin/builder/spi-builder-workspace/.derivedData/Build/Products/Debug-watchos -F /Applications/Xcode-27.0.0-Release.Candidate.app/Contents/Developer/Platforms/WatchOS.platform/Developer/Library/Frameworks -F /Applications/Xcode-27.0.0-Release.Candidate.app/Contents/Developer/Platforms/WatchOS.platform/Developer/SDKs/WatchOS27.0.sdk/Developer/Library/Frameworks -c -j10 -enable-batch-mode -incremental -Xcc -ivfsstatcache -Xcc /Users/admin/builder/spi-builder-workspace/.derivedData/SDKStatCaches.noindex/watchos27.0-24R360-e829b21a6f8c9b70876ba0858053c04477534ef55a1706bf4c1112bbb242f0a2.sdkstatcache -output-file-map /Users/admin/builder/spi-builder-workspace/.derivedData/Build/Intermediates.noindex/ProjectNavigator.build/Debug-watchos/_FilesTestSupport-t.build/Objects-normal/arm64_32/_FilesTestSupport-OutputFileMap.json -save-temps -no-color-diagnostics -explicit-module-build -module-cache-path /Users/admin/builder/spi-builder-workspace/.derivedData/Build/Intermediates.noindex/SwiftExplicitPrecompiledModules -clang-scanner-module-cache-path /Users/admin/builder/spi-builder-workspace/.derivedData/ModuleCache.noindex -sdk-module-cache-path /Users/admin/builder/spi-builder-workspace/.derivedData/SDKExplicitPrecompiledModules -emit-dependencies -emit-module -emit-module-path /Users/admin/builder/spi-builder-workspace/.derivedData/Build/Intermediates.noindex/ProjectNavigator.build/Debug-watchos/_FilesTestSupport-t.build/Objects-normal/arm64_32/_FilesTestSupport.swiftmodule -serialize-diagnostics -dependency-scan-serialize-diagnostics-path /Users/admin/builder/spi-builder-workspace/.derivedData/Build/Intermediates.noindex/ProjectNavigator.build/Debug-watchos/_FilesTestSupport-t.build/Objects-normal/arm64_32/_FilesTestSupport-dependency-scan.dia -validate-clang-modules-once -clang-build-session-file /Users/admin/builder/spi-builder-workspace/.derivedData/ModuleCache.noindex/Session.modulevalidation -Xcc -fmodules-prune-interval\=86400 -Xcc -fmodules-prune-after\=345600 -package-name spi_builder_workspace -emit-const-values -const-gather-protocols-list /Users/admin/builder/spi-builder-workspace/.derivedData/Build/Intermediates.noindex/ProjectNavigator.build/Debug-watchos/_FilesTestSupport-t.build/Objects-normal/arm64_32/_FilesTestSupport_const_extract_protocols.json -Xcc -I/Users/admin/builder/spi-builder-workspace/.derivedData/Build/Products/Debug-watchos/include -Xcc -I/Users/admin/builder/spi-builder-workspace/.derivedData/Build/Intermediates.noindex/ProjectNavigator.build/Debug-watchos/_FilesTestSupport-t.build/DerivedSources-normal/arm64_32 -Xcc -I/Users/admin/builder/spi-builder-workspace/.derivedData/Build/Intermediates.noindex/ProjectNavigator.build/Debug-watchos/_FilesTestSupport-t.build/DerivedSources/arm64_32 -Xcc -I/Users/admin/builder/spi-builder-workspace/.derivedData/Build/Intermediates.noindex/ProjectNavigator.build/Debug-watchos/_FilesTestSupport-t.build/DerivedSources -Xcc -DSWIFT_PACKAGE -Xcc -DDEBUG\=1 -emit-objc-header -emit-objc-header-path /Users/admin/builder/spi-builder-workspace/.derivedData/Build/Intermediates.noindex/ProjectNavigator.build/Debug-watchos/_FilesTestSupport-t.build/Objects-normal/arm64_32/_FilesTestSupport-Swift.h -working-directory /Users/admin/builder/spi-builder-workspace/.swiftpm/xcode -experimental-emit-module-separately -disable-cmo
SwiftCompile normal arm64 Compiling\ EditableLabel.swift /Users/admin/builder/spi-builder-workspace/Sources/ProjectNavigator/EditableLabel.swift (in target 'ProjectNavigator' from project 'ProjectNavigator')
SwiftCompile normal arm64 /Users/admin/builder/spi-builder-workspace/Sources/ProjectNavigator/EditableLabel.swift (in target 'ProjectNavigator' from project 'ProjectNavigator')
cd /Users/admin/builder/spi-builder-workspace/.swiftpm/xcode
builtin-SwiftPerFileCompile EditableLabel.swift
SwiftCompile normal arm64 Compiling\ SwitchFileOrFolder.swift /Users/admin/builder/spi-builder-workspace/Sources/ProjectNavigator/SwitchFileOrFolder.swift (in target 'ProjectNavigator' from project 'ProjectNavigator')
SwiftCompile normal arm64 /Users/admin/builder/spi-builder-workspace/Sources/ProjectNavigator/SwitchFileOrFolder.swift (in target 'ProjectNavigator' from project 'ProjectNavigator')
cd /Users/admin/builder/spi-builder-workspace/.swiftpm/xcode
builtin-SwiftPerFileCompile SwitchFileOrFolder.swift
SwiftEmitModule normal arm64 Emitting\ module\ for\ ProjectNavigator (in target 'ProjectNavigator' from project 'ProjectNavigator')
/Users/admin/builder/spi-builder-workspace/Sources/ProjectNavigator/FileNavigator.swift:622:39: warning: 'contextMenu(menuItems:)' was deprecated in watchOS 7.0 [#DeprecatedDeclaration]
620 | }
621 | }
622 | .contextMenu {
| `- warning: 'contextMenu(menuItems:)' was deprecated in watchOS 7.0 [#DeprecatedDeclaration]
623 | Button {
624 | editedText = cursor.name
/Users/admin/builder/spi-builder-workspace/Sources/ProjectNavigator/FileNavigator.swift:638:41: warning: 'contextMenu(menuItems:)' was deprecated in watchOS 7.0 [#DeprecatedDeclaration]
636 | }
637 | }
638 | .contextMenu {
| `- warning: 'contextMenu(menuItems:)' was deprecated in watchOS 7.0 [#DeprecatedDeclaration]
639 | Button {
640 | editedText = cursor.name
[#DeprecatedDeclaration]: <https://docs.swift.org/compiler/documentation/diagnostics/deprecated-declaration>
SwiftCompile normal arm64 (in target 'ProjectNavigator' from project 'ProjectNavigator')
cd /Users/admin/builder/spi-builder-workspace/.swiftpm/xcode
SwiftCompile normal arm64 Compiling\ WrappedUUIDSet.swift /Users/admin/builder/spi-builder-workspace/Sources/ProjectNavigator/WrappedUUIDSet.swift (in target 'ProjectNavigator' from project 'ProjectNavigator')
SwiftCompile normal arm64 /Users/admin/builder/spi-builder-workspace/Sources/ProjectNavigator/WrappedUUIDSet.swift (in target 'ProjectNavigator' from project 'ProjectNavigator')
cd /Users/admin/builder/spi-builder-workspace/.swiftpm/xcode
builtin-SwiftPerFileCompile WrappedUUIDSet.swift
SwiftCompile normal arm64 Compiling\ FileNavigator.swift /Users/admin/builder/spi-builder-workspace/Sources/ProjectNavigator/FileNavigator.swift (in target 'ProjectNavigator' from project 'ProjectNavigator')
/Users/admin/builder/spi-builder-workspace/Sources/ProjectNavigator/FileNavigator.swift:622:39: warning: 'contextMenu(menuItems:)' was deprecated in watchOS 7.0 [#DeprecatedDeclaration]
620 | }
621 | }
622 | .contextMenu {
| `- warning: 'contextMenu(menuItems:)' was deprecated in watchOS 7.0 [#DeprecatedDeclaration]
623 | Button {
624 | editedText = cursor.name
/Users/admin/builder/spi-builder-workspace/Sources/ProjectNavigator/FileNavigator.swift:638:41: warning: 'contextMenu(menuItems:)' was deprecated in watchOS 7.0 [#DeprecatedDeclaration]
636 | }
637 | }
638 | .contextMenu {
| `- warning: 'contextMenu(menuItems:)' was deprecated in watchOS 7.0 [#DeprecatedDeclaration]
639 | Button {
640 | editedText = cursor.name
/Users/admin/builder/spi-builder-workspace/Sources/ProjectNavigator/FileNavigator.swift:492:7: error: 'DisclosureGroup' is unavailable in watchOS
490 | if let name {
491 |
492 | DisclosureGroup(isExpanded: $viewState.expansions[folder.id]) {
| `- error: 'DisclosureGroup' is unavailable in watchOS
493 |
494 | ForEach(folder.children.elements.filter{ navigatorFilter($0.key) }, id: \.value.id) { keyValue in
SwiftUI.DisclosureGroup:4:27: note: 'DisclosureGroup' has been explicitly marked unavailable here
2 | @available(tvOS, unavailable)
3 | @available(watchOS, unavailable)
4 | nonisolated public struct DisclosureGroup<Label, Content> : View, ~Sendable where Label : View, Content : View {
| `- note: 'DisclosureGroup' has been explicitly marked unavailable here
5 | nonisolated public init(@ContentBuilder content: @escaping () -> Content, @ContentBuilder label: () -> Label)
6 | nonisolated public init(isExpanded: Binding<Bool>, @ContentBuilder content: @escaping () -> Content, @ContentBuilder label: () -> Label)
macro expansion #Preview:45:55: warning: 'contextMenu(menuItems:)' was deprecated in watchOS 7.0 [#DeprecatedDeclaration]
`- /Users/admin/builder/spi-builder-workspace/Sources/ProjectNavigator/FileNavigator.swift:664:2: note: expanded code originates here
592 | }
593 |
594 | #Preview("EditLabel") {
| `- note: in expansion of macro 'Preview' here
595 |
596 | @Previewable @State var fileTree
:
662 | }
663 | }
664 | }
+--- macro expansion #Preview --------------------------------------
|43 | }
|44 | }
|45 | .contextMenu {
| | `- warning: 'contextMenu(menuItems:)' was deprecated in watchOS 7.0 [#DeprecatedDeclaration]
|46 | Button {
|47 | editedText = cursor.name
+-------------------------------------------------------------------
665 |
666 | #Preview("SingleFile") {
macro expansion #Preview:61:57: warning: 'contextMenu(menuItems:)' was deprecated in watchOS 7.0 [#DeprecatedDeclaration]
`- /Users/admin/builder/spi-builder-workspace/Sources/ProjectNavigator/FileNavigator.swift:664:2: note: expanded code originates here
592 | }
593 |
594 | #Preview("EditLabel") {
| `- note: in expansion of macro 'Preview' here
595 |
596 | @Previewable @State var fileTree
:
662 | }
663 | }
664 | }
+--- macro expansion #Preview --------------------------------------
|59 | }
|60 | }
|61 | .contextMenu {
| | `- warning: 'contextMenu(menuItems:)' was deprecated in watchOS 7.0 [#DeprecatedDeclaration]
|62 | Button {
|63 | editedText = cursor.name
+-------------------------------------------------------------------
665 |
666 | #Preview("SingleFile") {
[#DeprecatedDeclaration]: <https://docs.swift.org/compiler/documentation/diagnostics/deprecated-declaration>
Failed frontend command:
SwiftCompile normal arm64 /Users/admin/builder/spi-builder-workspace/Sources/ProjectNavigator/FileNavigator.swift (in target 'ProjectNavigator' from project 'ProjectNavigator')
cd /Users/admin/builder/spi-builder-workspace/.swiftpm/xcode
builtin-SwiftPerFileCompile FileNavigator.swift
/Applications/Xcode-27.0.0-Release.Candidate.app/Contents/Developer/Toolchains/XcodeDefault.xctoolchain/usr/bin/swift-frontend -frontend -c /Users/admin/builder/spi-builder-workspace/Sources/ProjectNavigator/EditableLabel.swift -primary-file /Users/admin/builder/spi-builder-workspace/Sources/ProjectNavigator/FileNavigator.swift /Users/admin/builder/spi-builder-workspace/Sources/ProjectNavigator/SwitchFileOrFolder.swift /Users/admin/builder/spi-builder-workspace/Sources/ProjectNavigator/WrappedUUIDSet.swift -emit-dependencies-path /Users/admin/builder/spi-builder-workspace/.derivedData/Build/Intermediates.noindex/ProjectNavigator.build/Debug-watchos/ProjectNavigator-t.build/Objects-normal/arm64/FileNavigator.d -emit-const-values-path /Users/admin/builder/spi-builder-workspace/.derivedData/Build/Intermediates.noindex/ProjectNavigator.build/Debug-watchos/ProjectNavigator-t.build/Objects-normal/arm64/FileNavigator.swiftconstvalues -emit-reference-dependencies-path /Users/admin/builder/spi-builder-workspace/.derivedData/Build/Intermediates.noindex/ProjectNavigator.build/Debug-watchos/ProjectNavigator-t.build/Objects-normal/arm64/FileNavigator.swiftdeps -serialize-diagnostics-path /Users/admin/builder/spi-builder-workspace/.derivedData/Build/Intermediates.noindex/ProjectNavigator.build/Debug-watchos/ProjectNavigator-t.build/Objects-normal/arm64/FileNavigator.dia -target arm64-apple-watchos10.0 -disable-cross-import-overlay-search -load-resolved-plugin /Applications/Xcode-27.0.0-Release.Candidate.app/Contents/Developer/Platforms/WatchOS.platform/Developer/usr/lib/swift/host/plugins/libFoundationMacros.dylib\#/Applications/Xcode-27.0.0-Release.Candidate.app/Contents/Developer/Platforms/WatchOS.platform/Developer/usr/bin/swift-plugin-server\#FoundationMacros -load-resolved-plugin /Applications/Xcode-27.0.0-Release.Candidate.app/Contents/Developer/Platforms/WatchOS.platform/Developer/usr/lib/swift/host/plugins/libObservationMacros.dylib\#/Applications/Xcode-27.0.0-Release.Candidate.app/Contents/Developer/Platforms/WatchOS.platform/Developer/usr/bin/swift-plugin-server\#ObservationMacros -load-resolved-plugin /Applications/Xcode-27.0.0-Release.Candidate.app/Contents/Developer/Platforms/WatchOS.platform/Developer/usr/lib/swift/host/plugins/libPreviewsMacros.dylib\#/Applications/Xcode-27.0.0-Release.Candidate.app/Contents/Developer/Platforms/WatchOS.platform/Developer/usr/bin/swift-plugin-server\#PreviewsMacros -load-resolved-plugin /Applications/Xcode-27.0.0-Release.Candidate.app/Contents/Developer/Platforms/WatchOS.platform/Developer/usr/lib/swift/host/plugins/libSwiftMacros.dylib\#/Applications/Xcode-27.0.0-Release.Candidate.app/Contents/Developer/Platforms/WatchOS.platform/Developer/usr/bin/swift-plugin-server\#SwiftMacros -load-resolved-plugin /Applications/Xcode-27.0.0-Release.Candidate.app/Contents/Developer/Platforms/WatchOS.platform/Developer/usr/lib/swift/host/plugins/libSwiftUIMacros.dylib\#/Applications/Xcode-27.0.0-Release.Candidate.app/Contents/Developer/Platforms/WatchOS.platform/Developer/usr/bin/swift-plugin-server\#SwiftUIMacros -disable-implicit-swift-modules -Xcc -fno-implicit-modules -Xcc -fno-implicit-module-maps -explicit-swift-module-map-file /Users/admin/builder/spi-builder-workspace/.derivedData/Build/Intermediates.noindex/ProjectNavigator.build/Debug-watchos/ProjectNavigator-t.build/Objects-normal/arm64/ProjectNavigator-dependencies-1.json -Xllvm -aarch64-use-tbi -enable-objc-interop -stack-check -sdk /Applications/Xcode-27.0.0-Release.Candidate.app/Contents/Developer/Platforms/WatchOS.platform/Developer/SDKs/WatchOS27.0.sdk -I /Users/admin/builder/spi-builder-workspace/.derivedData/Build/Products/Debug-watchos -Isystem /Applications/Xcode-27.0.0-Release.Candidate.app/Contents/Developer/Platforms/WatchOS.platform/Developer/usr/lib -F /Users/admin/builder/spi-builder-workspace/.derivedData/Build/Products/Debug-watchos/PackageFrameworks -F /Users/admin/builder/spi-builder-workspace/.derivedData/Build/Products/Debug-watchos -F /Applications/Xcode-27.0.0-Release.Candidate.app/Contents/Developer/Platforms/WatchOS.platform/Developer/Library/Frameworks -F /Applications/Xcode-27.0.0-Release.Candidate.app/Contents/Developer/Platforms/WatchOS.platform/Developer/SDKs/WatchOS27.0.sdk/Developer/Library/Frameworks -module-cache-path /Users/admin/builder/spi-builder-workspace/.derivedData/Build/Intermediates.noindex/SwiftExplicitPrecompiledModules -no-color-diagnostics -Xcc -fno-color-diagnostics -enable-testing -g -debug-info-format\=dwarf -dwarf-version\=4 -profile-generate -profile-coverage-mapping -swift-version 6 -Onone -D SWIFT_PACKAGE -D DEBUG -D SWIFT_MODULE_RESOURCE_BUNDLE_UNAVAILABLE -D Xcode -serialize-debugging-options -enable-upcoming-feature InferIsolatedConformances -enable-upcoming-feature NonisolatedNonsendingByDefault -enable-experimental-feature DebugDescriptionMacro -empty-abi-descriptor -validate-clang-modules-once -clang-build-session-file /Users/admin/builder/spi-builder-workspace/.derivedData/ModuleCache.noindex/Session.modulevalidation -Xcc -working-directory -Xcc /Users/admin/builder/spi-builder-workspace/.swiftpm/xcode -enable-anonymous-context-mangled-names -file-compilation-dir /Users/admin/builder/spi-builder-workspace/.swiftpm/xcode -Xcc -D_LIBCPP_HARDENING_MODE\=_LIBCPP_HARDENING_MODE_DEBUG -Xcc -ivfsstatcache -Xcc /Users/admin/builder/spi-builder-workspace/.derivedData/SDKStatCaches.noindex/watchos27.0-24R360-e829b21a6f8c9b70876ba0858053c04477534ef55a1706bf4c1112bbb242f0a2.sdkstatcache -Xcc -fmodules-prune-interval\=86400 -Xcc -fmodules-prune-after\=345600 -Xcc -I/Users/admin/builder/spi-builder-workspace/.derivedData/Build/Products/Debug-watchos/include -Xcc -I/Users/admin/builder/spi-builder-workspace/.derivedData/Build/Intermediates.noindex/ProjectNavigator.build/Debug-watchos/ProjectNavigator-t.build/DerivedSources-normal/arm64 -Xcc -I/Users/admin/builder/spi-builder-workspace/.derivedData/Build/Intermediates.noindex/ProjectNavigator.build/Debug-watchos/ProjectNavigator-t.build/DerivedSources/arm64 -Xcc -I/Users/admin/builder/spi-builder-workspace/.derivedData/Build/Intermediates.noindex/ProjectNavigator.build/Debug-watchos/ProjectNavigator-t.build/DerivedSources -Xcc -DSWIFT_PACKAGE -Xcc -DDEBUG\=1 -no-auto-bridging-header-chaining -module-name ProjectNavigator -package-name spi_builder_workspace -const-gather-protocols-file /Users/admin/builder/spi-builder-workspace/.derivedData/Build/Intermediates.noindex/ProjectNavigator.build/Debug-watchos/ProjectNavigator-t.build/Objects-normal/arm64/ProjectNavigator_const_extract_protocols.json -disable-clang-spi -clang-target arm64-apple-watchos27.0 -target-sdk-version 27.0 -target-sdk-name watchos27.0 -in-process-plugin-server-path /Applications/Xcode-27.0.0-Release.Candidate.app/Contents/Developer/Toolchains/XcodeDefault.xctoolchain/usr/lib/swift/host/libSwiftInProcPluginServer.dylib -parse-as-library -o /Users/admin/builder/spi-builder-workspace/.derivedData/Build/Intermediates.noindex/ProjectNavigator.build/Debug-watchos/ProjectNavigator-t.build/Objects-normal/arm64/FileNavigator.o -debug-module-path /Users/admin/builder/spi-builder-workspace/.derivedData/Build/Intermediates.noindex/ProjectNavigator.build/Debug-watchos/ProjectNavigator-t.build/Objects-normal/arm64/ProjectNavigator.swiftmodule -index-unit-output-path /ProjectNavigator.build/Debug-watchos/ProjectNavigator-t.build/Objects-normal/arm64/FileNavigator.o -index-store-path /Users/admin/builder/spi-builder-workspace/.derivedData/Index.noindex/DataStore -index-system-modules
SwiftEmitModule normal arm64_32 Emitting\ module\ for\ ProjectNavigator (in target 'ProjectNavigator' from project 'ProjectNavigator')
/Users/admin/builder/spi-builder-workspace/Sources/ProjectNavigator/FileNavigator.swift:622:39: warning: 'contextMenu(menuItems:)' was deprecated in watchOS 7.0 [#DeprecatedDeclaration]
620 | }
621 | }
622 | .contextMenu {
| `- warning: 'contextMenu(menuItems:)' was deprecated in watchOS 7.0 [#DeprecatedDeclaration]
623 | Button {
624 | editedText = cursor.name
/Users/admin/builder/spi-builder-workspace/Sources/ProjectNavigator/FileNavigator.swift:638:41: warning: 'contextMenu(menuItems:)' was deprecated in watchOS 7.0 [#DeprecatedDeclaration]
636 | }
637 | }
638 | .contextMenu {
| `- warning: 'contextMenu(menuItems:)' was deprecated in watchOS 7.0 [#DeprecatedDeclaration]
639 | Button {
640 | editedText = cursor.name
[#DeprecatedDeclaration]: <https://docs.swift.org/compiler/documentation/diagnostics/deprecated-declaration>
SwiftCompile normal arm64_32 (in target 'ProjectNavigator' from project 'ProjectNavigator')
cd /Users/admin/builder/spi-builder-workspace/.swiftpm/xcode
SwiftCompile normal arm64_32 Compiling\ FileNavigator.swift /Users/admin/builder/spi-builder-workspace/Sources/ProjectNavigator/FileNavigator.swift (in target 'ProjectNavigator' from project 'ProjectNavigator')
/Users/admin/builder/spi-builder-workspace/Sources/ProjectNavigator/FileNavigator.swift:622:39: warning: 'contextMenu(menuItems:)' was deprecated in watchOS 7.0 [#DeprecatedDeclaration]
620 | }
621 | }
622 | .contextMenu {
| `- warning: 'contextMenu(menuItems:)' was deprecated in watchOS 7.0 [#DeprecatedDeclaration]
623 | Button {
624 | editedText = cursor.name
/Users/admin/builder/spi-builder-workspace/Sources/ProjectNavigator/FileNavigator.swift:638:41: warning: 'contextMenu(menuItems:)' was deprecated in watchOS 7.0 [#DeprecatedDeclaration]
636 | }
637 | }
638 | .contextMenu {
| `- warning: 'contextMenu(menuItems:)' was deprecated in watchOS 7.0 [#DeprecatedDeclaration]
639 | Button {
640 | editedText = cursor.name
/Users/admin/builder/spi-builder-workspace/Sources/ProjectNavigator/FileNavigator.swift:492:7: error: 'DisclosureGroup' is unavailable in watchOS
490 | if let name {
491 |
492 | DisclosureGroup(isExpanded: $viewState.expansions[folder.id]) {
| `- error: 'DisclosureGroup' is unavailable in watchOS
493 |
494 | ForEach(folder.children.elements.filter{ navigatorFilter($0.key) }, id: \.value.id) { keyValue in
SwiftUI.DisclosureGroup:4:27: note: 'DisclosureGroup' has been explicitly marked unavailable here
2 | @available(tvOS, unavailable)
3 | @available(watchOS, unavailable)
4 | nonisolated public struct DisclosureGroup<Label, Content> : View, ~Sendable where Label : View, Content : View {
| `- note: 'DisclosureGroup' has been explicitly marked unavailable here
5 | nonisolated public init(@ContentBuilder content: @escaping () -> Content, @ContentBuilder label: () -> Label)
6 | nonisolated public init(isExpanded: Binding<Bool>, @ContentBuilder content: @escaping () -> Content, @ContentBuilder label: () -> Label)
macro expansion #Preview:45:55: warning: 'contextMenu(menuItems:)' was deprecated in watchOS 7.0 [#DeprecatedDeclaration]
`- /Users/admin/builder/spi-builder-workspace/Sources/ProjectNavigator/FileNavigator.swift:664:2: note: expanded code originates here
592 | }
593 |
594 | #Preview("EditLabel") {
| `- note: in expansion of macro 'Preview' here
595 |
596 | @Previewable @State var fileTree
:
662 | }
663 | }
664 | }
+--- macro expansion #Preview --------------------------------------
|43 | }
|44 | }
|45 | .contextMenu {
| | `- warning: 'contextMenu(menuItems:)' was deprecated in watchOS 7.0 [#DeprecatedDeclaration]
|46 | Button {
|47 | editedText = cursor.name
+-------------------------------------------------------------------
665 |
666 | #Preview("SingleFile") {
macro expansion #Preview:61:57: warning: 'contextMenu(menuItems:)' was deprecated in watchOS 7.0 [#DeprecatedDeclaration]
`- /Users/admin/builder/spi-builder-workspace/Sources/ProjectNavigator/FileNavigator.swift:664:2: note: expanded code originates here
592 | }
593 |
594 | #Preview("EditLabel") {
| `- note: in expansion of macro 'Preview' here
595 |
596 | @Previewable @State var fileTree
:
662 | }
663 | }
664 | }
+--- macro expansion #Preview --------------------------------------
|59 | }
|60 | }
|61 | .contextMenu {
| | `- warning: 'contextMenu(menuItems:)' was deprecated in watchOS 7.0 [#DeprecatedDeclaration]
|62 | Button {
|63 | editedText = cursor.name
+-------------------------------------------------------------------
665 |
666 | #Preview("SingleFile") {
[#DeprecatedDeclaration]: <https://docs.swift.org/compiler/documentation/diagnostics/deprecated-declaration>
Failed frontend command:
/Applications/Xcode-27.0.0-Release.Candidate.app/Contents/Developer/Toolchains/XcodeDefault.xctoolchain/usr/bin/swift-frontend -frontend -c /Users/admin/builder/spi-builder-workspace/Sources/ProjectNavigator/EditableLabel.swift -primary-file /Users/admin/builder/spi-builder-workspace/Sources/ProjectNavigator/FileNavigator.swift /Users/admin/builder/spi-builder-workspace/Sources/ProjectNavigator/SwitchFileOrFolder.swift /Users/admin/builder/spi-builder-workspace/Sources/ProjectNavigator/WrappedUUIDSet.swift -emit-dependencies-path /Users/admin/builder/spi-builder-workspace/.derivedData/Build/Intermediates.noindex/ProjectNavigator.build/Debug-watchos/ProjectNavigator-t.build/Objects-normal/arm64_32/FileNavigator.d -emit-const-values-path /Users/admin/builder/spi-builder-workspace/.derivedData/Build/Intermediates.noindex/ProjectNavigator.build/Debug-watchos/ProjectNavigator-t.build/Objects-normal/arm64_32/FileNavigator.swiftconstvalues -emit-reference-dependencies-path /Users/admin/builder/spi-builder-workspace/.derivedData/Build/Intermediates.noindex/ProjectNavigator.build/Debug-watchos/ProjectNavigator-t.build/Objects-normal/arm64_32/FileNavigator.swiftdeps -serialize-diagnostics-path /Users/admin/builder/spi-builder-workspace/.derivedData/Build/Intermediates.noindex/ProjectNavigator.build/Debug-watchos/ProjectNavigator-t.build/Objects-normal/arm64_32/FileNavigator.dia -target arm64_32-apple-watchos10.0 -disable-cross-import-overlay-search -load-resolved-plugin /Applications/Xcode-27.0.0-Release.Candidate.app/Contents/Developer/Platforms/WatchOS.platform/Developer/usr/lib/swift/host/plugins/libFoundationMacros.dylib\#/Applications/Xcode-27.0.0-Release.Candidate.app/Contents/Developer/Platforms/WatchOS.platform/Developer/usr/bin/swift-plugin-server\#FoundationMacros -load-resolved-plugin /Applications/Xcode-27.0.0-Release.Candidate.app/Contents/Developer/Platforms/WatchOS.platform/Developer/usr/lib/swift/host/plugins/libObservationMacros.dylib\#/Applications/Xcode-27.0.0-Release.Candidate.app/Contents/Developer/Platforms/WatchOS.platform/Developer/usr/bin/swift-plugin-server\#ObservationMacros -load-resolved-plugin /Applications/Xcode-27.0.0-Release.Candidate.app/Contents/Developer/Platforms/WatchOS.platform/Developer/usr/lib/swift/host/plugins/libPreviewsMacros.dylib\#/Applications/Xcode-27.0.0-Release.Candidate.app/Contents/Developer/Platforms/WatchOS.platform/Developer/usr/bin/swift-plugin-server\#PreviewsMacros -load-resolved-plugin /Applications/Xcode-27.0.0-Release.Candidate.app/Contents/Developer/Platforms/WatchOS.platform/Developer/usr/lib/swift/host/plugins/libSwiftMacros.dylib\#/Applications/Xcode-27.0.0-Release.Candidate.app/Contents/Developer/Platforms/WatchOS.platform/Developer/usr/bin/swift-plugin-server\#SwiftMacros -load-resolved-plugin /Applications/Xcode-27.0.0-Release.Candidate.app/Contents/Developer/Platforms/WatchOS.platform/Developer/usr/lib/swift/host/plugins/libSwiftUIMacros.dylib\#/Applications/Xcode-27.0.0-Release.Candidate.app/Contents/Developer/Platforms/WatchOS.platform/Developer/usr/bin/swift-plugin-server\#SwiftUIMacros -disable-implicit-swift-modules -Xcc -fno-implicit-modules -Xcc -fno-implicit-module-maps -explicit-swift-module-map-file /Users/admin/builder/spi-builder-workspace/.derivedData/Build/Intermediates.noindex/ProjectNavigator.build/Debug-watchos/ProjectNavigator-t.build/Objects-normal/arm64_32/ProjectNavigator-dependencies-2.json -enable-objc-interop -sdk /Applications/Xcode-27.0.0-Release.Candidate.app/Contents/Developer/Platforms/WatchOS.platform/Developer/SDKs/WatchOS27.0.sdk -I /Users/admin/builder/spi-builder-workspace/.derivedData/Build/Products/Debug-watchos -Isystem /Applications/Xcode-27.0.0-Release.Candidate.app/Contents/Developer/Platforms/WatchOS.platform/Developer/usr/lib -F /Users/admin/builder/spi-builder-workspace/.derivedData/Build/Products/Debug-watchos/PackageFrameworks -F /Users/admin/builder/spi-builder-workspace/.derivedData/Build/Products/Debug-watchos -F /Applications/Xcode-27.0.0-Release.Candidate.app/Contents/Developer/Platforms/WatchOS.platform/Developer/Library/Frameworks -F /Applications/Xcode-27.0.0-Release.Candidate.app/Contents/Developer/Platforms/WatchOS.platform/Developer/SDKs/WatchOS27.0.sdk/Developer/Library/Frameworks -module-cache-path /Users/admin/builder/spi-builder-workspace/.derivedData/Build/Intermediates.noindex/SwiftExplicitPrecompiledModules -no-color-diagnostics -Xcc -fno-color-diagnostics -enable-testing -g -debug-info-format\=dwarf -dwarf-version\=4 -profile-generate -profile-coverage-mapping -swift-version 6 -Onone -D SWIFT_PACKAGE -D DEBUG -D SWIFT_MODULE_RESOURCE_BUNDLE_UNAVAILABLE -D Xcode -serialize-debugging-options -enable-upcoming-feature InferIsolatedConformances -enable-upcoming-feature NonisolatedNonsendingByDefault -enable-experimental-feature DebugDescriptionMacro -empty-abi-descriptor -validate-clang-modules-once -clang-build-session-file /Users/admin/builder/spi-builder-workspace/.derivedData/ModuleCache.noindex/Session.modulevalidation -Xcc -working-directory -Xcc /Users/admin/builder/spi-builder-workspace/.swiftpm/xcode -enable-anonymous-context-mangled-names -file-compilation-dir /Users/admin/builder/spi-builder-workspace/.swiftpm/xcode -Xcc -D_LIBCPP_HARDENING_MODE\=_LIBCPP_HARDENING_MODE_DEBUG -Xcc -ivfsstatcache -Xcc /Users/admin/builder/spi-builder-workspace/.derivedData/SDKStatCaches.noindex/watchos27.0-24R360-e829b21a6f8c9b70876ba0858053c04477534ef55a1706bf4c1112bbb242f0a2.sdkstatcache -Xcc -fmodules-prune-interval\=86400 -Xcc -fmodules-prune-after\=345600 -Xcc -I/Users/admin/builder/spi-builder-workspace/.derivedData/Build/Products/Debug-watchos/include -Xcc -I/Users/admin/builder/spi-builder-workspace/.derivedData/Build/Intermediates.noindex/ProjectNavigator.build/Debug-watchos/ProjectNavigator-t.build/DerivedSources-normal/arm64_32 -Xcc -I/Users/admin/builder/spi-builder-workspace/.derivedData/Build/Intermediates.noindex/ProjectNavigator.build/Debug-watchos/ProjectNavigator-t.build/DerivedSources/arm64_32 -Xcc -I/Users/admin/builder/spi-builder-workspace/.derivedData/Build/Intermediates.noindex/ProjectNavigator.build/Debug-watchos/ProjectNavigator-t.build/DerivedSources -Xcc -DSWIFT_PACKAGE -Xcc -DDEBUG\=1 -no-auto-bridging-header-chaining -module-name ProjectNavigator -package-name spi_builder_workspace -const-gather-protocols-file /Users/admin/builder/spi-builder-workspace/.derivedData/Build/Intermediates.noindex/ProjectNavigator.build/Debug-watchos/ProjectNavigator-t.build/Objects-normal/arm64_32/ProjectNavigator_const_extract_protocols.json -disable-clang-spi -clang-target arm64_32-apple-watchos27.0 -target-sdk-version 27.0 -target-sdk-name watchos27.0 -in-process-plugin-server-path /Applications/Xcode-27.0.0-Release.Candidate.app/Contents/Developer/Toolchains/XcodeDefault.xctoolchain/usr/lib/swift/host/libSwiftInProcPluginServer.dylib -parse-as-library -o /Users/admin/builder/spi-builder-workspace/.derivedData/Build/Intermediates.noindex/ProjectNavigator.build/Debug-watchos/ProjectNavigator-t.build/Objects-normal/arm64_32/FileNavigator.o -debug-module-path /Users/admin/builder/spi-builder-workspace/.derivedData/Build/Intermediates.noindex/ProjectNavigator.build/Debug-watchos/ProjectNavigator-t.build/Objects-normal/arm64_32/ProjectNavigator.swiftmodule -index-unit-output-path /ProjectNavigator.build/Debug-watchos/ProjectNavigator-t.build/Objects-normal/arm64_32/FileNavigator.o -index-store-path /Users/admin/builder/spi-builder-workspace/.derivedData/Index.noindex/DataStore -index-system-modules
SwiftCompile normal arm64_32 /Users/admin/builder/spi-builder-workspace/Sources/ProjectNavigator/FileNavigator.swift (in target 'ProjectNavigator' from project 'ProjectNavigator')
cd /Users/admin/builder/spi-builder-workspace/.swiftpm/xcode
builtin-SwiftPerFileCompile FileNavigator.swift
SwiftCompile normal arm64_32 Compiling\ WrappedUUIDSet.swift /Users/admin/builder/spi-builder-workspace/Sources/ProjectNavigator/WrappedUUIDSet.swift (in target 'ProjectNavigator' from project 'ProjectNavigator')
SwiftCompile normal arm64_32 /Users/admin/builder/spi-builder-workspace/Sources/ProjectNavigator/WrappedUUIDSet.swift (in target 'ProjectNavigator' from project 'ProjectNavigator')
cd /Users/admin/builder/spi-builder-workspace/.swiftpm/xcode
builtin-SwiftPerFileCompile WrappedUUIDSet.swift
SwiftCompile normal arm64_32 Compiling\ SwitchFileOrFolder.swift /Users/admin/builder/spi-builder-workspace/Sources/ProjectNavigator/SwitchFileOrFolder.swift (in target 'ProjectNavigator' from project 'ProjectNavigator')
SwiftCompile normal arm64_32 /Users/admin/builder/spi-builder-workspace/Sources/ProjectNavigator/SwitchFileOrFolder.swift (in target 'ProjectNavigator' from project 'ProjectNavigator')
cd /Users/admin/builder/spi-builder-workspace/.swiftpm/xcode
builtin-SwiftPerFileCompile SwitchFileOrFolder.swift
SwiftDriverJobDiscovery normal arm64_32 Compiling WrappedUUIDSet.swift (in target 'ProjectNavigator' from project 'ProjectNavigator')
SwiftCompile normal arm64_32 Compiling\ EditableLabel.swift /Users/admin/builder/spi-builder-workspace/Sources/ProjectNavigator/EditableLabel.swift (in target 'ProjectNavigator' from project 'ProjectNavigator')
SwiftCompile normal arm64_32 /Users/admin/builder/spi-builder-workspace/Sources/ProjectNavigator/EditableLabel.swift (in target 'ProjectNavigator' from project 'ProjectNavigator')
cd /Users/admin/builder/spi-builder-workspace/.swiftpm/xcode
builtin-SwiftPerFileCompile EditableLabel.swift
SwiftDriverJobDiscovery normal arm64 Compiling WrappedUUIDSet.swift (in target 'ProjectNavigator' from project 'ProjectNavigator')
SwiftDriverJobDiscovery normal arm64_32 Emitting module for ProjectNavigator (in target 'ProjectNavigator' from project 'ProjectNavigator')
SwiftDriverJobDiscovery normal arm64 Emitting module for ProjectNavigator (in target 'ProjectNavigator' from project 'ProjectNavigator')
SwiftDriver\ Compilation\ Requirements ProjectNavigator normal arm64_32 com.apple.xcode.tools.swift.compiler (in target 'ProjectNavigator' from project 'ProjectNavigator')
cd /Users/admin/builder/spi-builder-workspace/.swiftpm/xcode
builtin-Swift-Compilation-Requirements -- /Applications/Xcode-27.0.0-Release.Candidate.app/Contents/Developer/Toolchains/XcodeDefault.xctoolchain/usr/bin/swiftc -parse-as-library -module-name ProjectNavigator -Onone @/Users/admin/builder/spi-builder-workspace/.derivedData/Build/Intermediates.noindex/ProjectNavigator.build/Debug-watchos/ProjectNavigator-t.build/Objects-normal/arm64_32/ProjectNavigator.SwiftFileList -DSWIFT_PACKAGE -DDEBUG -DSWIFT_MODULE_RESOURCE_BUNDLE_UNAVAILABLE -DXcode -enable-upcoming-feature InferIsolatedConformances -enable-upcoming-feature NonisolatedNonsendingByDefault -plugin-path /Applications/Xcode-27.0.0-Release.Candidate.app/Contents/Developer/Toolchains/XcodeDefault.xctoolchain/usr/lib/swift/host/plugins/testing -enable-experimental-feature DebugDescriptionMacro -sdk /Applications/Xcode-27.0.0-Release.Candidate.app/Contents/Developer/Platforms/WatchOS.platform/Developer/SDKs/WatchOS27.0.sdk -target arm64_32-apple-watchos10.0 -g -module-cache-path /Users/admin/builder/spi-builder-workspace/.derivedData/ModuleCache.noindex -Xfrontend -serialize-debugging-options -profile-coverage-mapping -profile-generate -enable-testing -index-store-path /Users/admin/builder/spi-builder-workspace/.derivedData/Index.noindex/DataStore -Xcc -D_LIBCPP_HARDENING_MODE\=_LIBCPP_HARDENING_MODE_DEBUG -swift-version 6 -I /Users/admin/builder/spi-builder-workspace/.derivedData/Build/Products/Debug-watchos -Isystem /Applications/Xcode-27.0.0-Release.Candidate.app/Contents/Developer/Platforms/WatchOS.platform/Developer/usr/lib -F /Users/admin/builder/spi-builder-workspace/.derivedData/Build/Products/Debug-watchos/PackageFrameworks -F /Users/admin/builder/spi-builder-workspace/.derivedData/Build/Products/Debug-watchos -F /Applications/Xcode-27.0.0-Release.Candidate.app/Contents/Developer/Platforms/WatchOS.platform/Developer/Library/Frameworks -F /Applications/Xcode-27.0.0-Release.Candidate.app/Contents/Developer/Platforms/WatchOS.platform/Developer/SDKs/WatchOS27.0.sdk/Developer/Library/Frameworks -c -j10 -enable-batch-mode -incremental -Xcc -ivfsstatcache -Xcc /Users/admin/builder/spi-builder-workspace/.derivedData/SDKStatCaches.noindex/watchos27.0-24R360-e829b21a6f8c9b70876ba0858053c04477534ef55a1706bf4c1112bbb242f0a2.sdkstatcache -output-file-map /Users/admin/builder/spi-builder-workspace/.derivedData/Build/Intermediates.noindex/ProjectNavigator.build/Debug-watchos/ProjectNavigator-t.build/Objects-normal/arm64_32/ProjectNavigator-OutputFileMap.json -save-temps -no-color-diagnostics -explicit-module-build -module-cache-path /Users/admin/builder/spi-builder-workspace/.derivedData/Build/Intermediates.noindex/SwiftExplicitPrecompiledModules -clang-scanner-module-cache-path /Users/admin/builder/spi-builder-workspace/.derivedData/ModuleCache.noindex -sdk-module-cache-path /Users/admin/builder/spi-builder-workspace/.derivedData/SDKExplicitPrecompiledModules -emit-dependencies -emit-module -emit-module-path /Users/admin/builder/spi-builder-workspace/.derivedData/Build/Intermediates.noindex/ProjectNavigator.build/Debug-watchos/ProjectNavigator-t.build/Objects-normal/arm64_32/ProjectNavigator.swiftmodule -serialize-diagnostics -dependency-scan-serialize-diagnostics-path /Users/admin/builder/spi-builder-workspace/.derivedData/Build/Intermediates.noindex/ProjectNavigator.build/Debug-watchos/ProjectNavigator-t.build/Objects-normal/arm64_32/ProjectNavigator-dependency-scan.dia -validate-clang-modules-once -clang-build-session-file /Users/admin/builder/spi-builder-workspace/.derivedData/ModuleCache.noindex/Session.modulevalidation -Xcc -fmodules-prune-interval\=86400 -Xcc -fmodules-prune-after\=345600 -package-name spi_builder_workspace -emit-const-values -const-gather-protocols-list /Users/admin/builder/spi-builder-workspace/.derivedData/Build/Intermediates.noindex/ProjectNavigator.build/Debug-watchos/ProjectNavigator-t.build/Objects-normal/arm64_32/ProjectNavigator_const_extract_protocols.json -Xcc -I/Users/admin/builder/spi-builder-workspace/.derivedData/Build/Products/Debug-watchos/include -Xcc -I/Users/admin/builder/spi-builder-workspace/.derivedData/Build/Intermediates.noindex/ProjectNavigator.build/Debug-watchos/ProjectNavigator-t.build/DerivedSources-normal/arm64_32 -Xcc -I/Users/admin/builder/spi-builder-workspace/.derivedData/Build/Intermediates.noindex/ProjectNavigator.build/Debug-watchos/ProjectNavigator-t.build/DerivedSources/arm64_32 -Xcc -I/Users/admin/builder/spi-builder-workspace/.derivedData/Build/Intermediates.noindex/ProjectNavigator.build/Debug-watchos/ProjectNavigator-t.build/DerivedSources -Xcc -DSWIFT_PACKAGE -Xcc -DDEBUG\=1 -emit-objc-header -emit-objc-header-path /Users/admin/builder/spi-builder-workspace/.derivedData/Build/Intermediates.noindex/ProjectNavigator.build/Debug-watchos/ProjectNavigator-t.build/Objects-normal/arm64_32/ProjectNavigator-Swift.h -working-directory /Users/admin/builder/spi-builder-workspace/.swiftpm/xcode -experimental-emit-module-separately -disable-cmo
SwiftDriver\ Compilation\ Requirements ProjectNavigator normal arm64 com.apple.xcode.tools.swift.compiler (in target 'ProjectNavigator' from project 'ProjectNavigator')
cd /Users/admin/builder/spi-builder-workspace/.swiftpm/xcode
builtin-Swift-Compilation-Requirements -- /Applications/Xcode-27.0.0-Release.Candidate.app/Contents/Developer/Toolchains/XcodeDefault.xctoolchain/usr/bin/swiftc -parse-as-library -module-name ProjectNavigator -Onone @/Users/admin/builder/spi-builder-workspace/.derivedData/Build/Intermediates.noindex/ProjectNavigator.build/Debug-watchos/ProjectNavigator-t.build/Objects-normal/arm64/ProjectNavigator.SwiftFileList -DSWIFT_PACKAGE -DDEBUG -DSWIFT_MODULE_RESOURCE_BUNDLE_UNAVAILABLE -DXcode -enable-upcoming-feature InferIsolatedConformances -enable-upcoming-feature NonisolatedNonsendingByDefault -plugin-path /Applications/Xcode-27.0.0-Release.Candidate.app/Contents/Developer/Toolchains/XcodeDefault.xctoolchain/usr/lib/swift/host/plugins/testing -enable-experimental-feature DebugDescriptionMacro -sdk /Applications/Xcode-27.0.0-Release.Candidate.app/Contents/Developer/Platforms/WatchOS.platform/Developer/SDKs/WatchOS27.0.sdk -target arm64-apple-watchos10.0 -g -module-cache-path /Users/admin/builder/spi-builder-workspace/.derivedData/ModuleCache.noindex -Xfrontend -serialize-debugging-options -profile-coverage-mapping -profile-generate -enable-testing -index-store-path /Users/admin/builder/spi-builder-workspace/.derivedData/Index.noindex/DataStore -Xcc -D_LIBCPP_HARDENING_MODE\=_LIBCPP_HARDENING_MODE_DEBUG -swift-version 6 -I /Users/admin/builder/spi-builder-workspace/.derivedData/Build/Products/Debug-watchos -Isystem /Applications/Xcode-27.0.0-Release.Candidate.app/Contents/Developer/Platforms/WatchOS.platform/Developer/usr/lib -F /Users/admin/builder/spi-builder-workspace/.derivedData/Build/Products/Debug-watchos/PackageFrameworks -F /Users/admin/builder/spi-builder-workspace/.derivedData/Build/Products/Debug-watchos -F /Applications/Xcode-27.0.0-Release.Candidate.app/Contents/Developer/Platforms/WatchOS.platform/Developer/Library/Frameworks -F /Applications/Xcode-27.0.0-Release.Candidate.app/Contents/Developer/Platforms/WatchOS.platform/Developer/SDKs/WatchOS27.0.sdk/Developer/Library/Frameworks -c -j10 -enable-batch-mode -incremental -Xcc -ivfsstatcache -Xcc /Users/admin/builder/spi-builder-workspace/.derivedData/SDKStatCaches.noindex/watchos27.0-24R360-e829b21a6f8c9b70876ba0858053c04477534ef55a1706bf4c1112bbb242f0a2.sdkstatcache -output-file-map /Users/admin/builder/spi-builder-workspace/.derivedData/Build/Intermediates.noindex/ProjectNavigator.build/Debug-watchos/ProjectNavigator-t.build/Objects-normal/arm64/ProjectNavigator-OutputFileMap.json -save-temps -no-color-diagnostics -explicit-module-build -module-cache-path /Users/admin/builder/spi-builder-workspace/.derivedData/Build/Intermediates.noindex/SwiftExplicitPrecompiledModules -clang-scanner-module-cache-path /Users/admin/builder/spi-builder-workspace/.derivedData/ModuleCache.noindex -sdk-module-cache-path /Users/admin/builder/spi-builder-workspace/.derivedData/SDKExplicitPrecompiledModules -emit-dependencies -emit-module -emit-module-path /Users/admin/builder/spi-builder-workspace/.derivedData/Build/Intermediates.noindex/ProjectNavigator.build/Debug-watchos/ProjectNavigator-t.build/Objects-normal/arm64/ProjectNavigator.swiftmodule -serialize-diagnostics -dependency-scan-serialize-diagnostics-path /Users/admin/builder/spi-builder-workspace/.derivedData/Build/Intermediates.noindex/ProjectNavigator.build/Debug-watchos/ProjectNavigator-t.build/Objects-normal/arm64/ProjectNavigator-dependency-scan.dia -validate-clang-modules-once -clang-build-session-file /Users/admin/builder/spi-builder-workspace/.derivedData/ModuleCache.noindex/Session.modulevalidation -Xcc -fmodules-prune-interval\=86400 -Xcc -fmodules-prune-after\=345600 -package-name spi_builder_workspace -emit-const-values -const-gather-protocols-list /Users/admin/builder/spi-builder-workspace/.derivedData/Build/Intermediates.noindex/ProjectNavigator.build/Debug-watchos/ProjectNavigator-t.build/Objects-normal/arm64/ProjectNavigator_const_extract_protocols.json -Xcc -I/Users/admin/builder/spi-builder-workspace/.derivedData/Build/Products/Debug-watchos/include -Xcc -I/Users/admin/builder/spi-builder-workspace/.derivedData/Build/Intermediates.noindex/ProjectNavigator.build/Debug-watchos/ProjectNavigator-t.build/DerivedSources-normal/arm64 -Xcc -I/Users/admin/builder/spi-builder-workspace/.derivedData/Build/Intermediates.noindex/ProjectNavigator.build/Debug-watchos/ProjectNavigator-t.build/DerivedSources/arm64 -Xcc -I/Users/admin/builder/spi-builder-workspace/.derivedData/Build/Intermediates.noindex/ProjectNavigator.build/Debug-watchos/ProjectNavigator-t.build/DerivedSources -Xcc -DSWIFT_PACKAGE -Xcc -DDEBUG\=1 -emit-objc-header -emit-objc-header-path /Users/admin/builder/spi-builder-workspace/.derivedData/Build/Intermediates.noindex/ProjectNavigator.build/Debug-watchos/ProjectNavigator-t.build/Objects-normal/arm64/ProjectNavigator-Swift.h -working-directory /Users/admin/builder/spi-builder-workspace/.swiftpm/xcode -experimental-emit-module-separately -disable-cmo
Copy /Users/admin/builder/spi-builder-workspace/.derivedData/Build/Products/Debug-watchos/ProjectNavigator.swiftmodule/arm64_32-apple-watchos.swiftmodule /Users/admin/builder/spi-builder-workspace/.derivedData/Build/Intermediates.noindex/ProjectNavigator.build/Debug-watchos/ProjectNavigator-t.build/Objects-normal/arm64_32/ProjectNavigator.swiftmodule (in target 'ProjectNavigator' from project 'ProjectNavigator')
cd /Users/admin/builder/spi-builder-workspace
builtin-copy -exclude .DS_Store -exclude CVS -exclude .svn -exclude .git -exclude .hg -resolve-src-symlinks -rename /Users/admin/builder/spi-builder-workspace/.derivedData/Build/Intermediates.noindex/ProjectNavigator.build/Debug-watchos/ProjectNavigator-t.build/Objects-normal/arm64_32/ProjectNavigator.swiftmodule /Users/admin/builder/spi-builder-workspace/.derivedData/Build/Products/Debug-watchos/ProjectNavigator.swiftmodule/arm64_32-apple-watchos.swiftmodule
Copy /Users/admin/builder/spi-builder-workspace/.derivedData/Build/Products/Debug-watchos/ProjectNavigator.swiftmodule/arm64_32-apple-watchos.swiftdoc /Users/admin/builder/spi-builder-workspace/.derivedData/Build/Intermediates.noindex/ProjectNavigator.build/Debug-watchos/ProjectNavigator-t.build/Objects-normal/arm64_32/ProjectNavigator.swiftdoc (in target 'ProjectNavigator' from project 'ProjectNavigator')
cd /Users/admin/builder/spi-builder-workspace
builtin-copy -exclude .DS_Store -exclude CVS -exclude .svn -exclude .git -exclude .hg -resolve-src-symlinks -rename /Users/admin/builder/spi-builder-workspace/.derivedData/Build/Intermediates.noindex/ProjectNavigator.build/Debug-watchos/ProjectNavigator-t.build/Objects-normal/arm64_32/ProjectNavigator.swiftdoc /Users/admin/builder/spi-builder-workspace/.derivedData/Build/Products/Debug-watchos/ProjectNavigator.swiftmodule/arm64_32-apple-watchos.swiftdoc
SwiftMergeGeneratedHeaders /Users/admin/builder/spi-builder-workspace/.derivedData/Build/Intermediates.noindex/GeneratedModuleMaps-watchos/ProjectNavigator-Swift.h /Users/admin/builder/spi-builder-workspace/.derivedData/Build/Intermediates.noindex/ProjectNavigator.build/Debug-watchos/ProjectNavigator-t.build/Objects-normal/arm64/ProjectNavigator-Swift.h /Users/admin/builder/spi-builder-workspace/.derivedData/Build/Intermediates.noindex/ProjectNavigator.build/Debug-watchos/ProjectNavigator-t.build/Objects-normal/arm64_32/ProjectNavigator-Swift.h (in target 'ProjectNavigator' from project 'ProjectNavigator')
cd /Users/admin/builder/spi-builder-workspace
builtin-swiftHeaderTool -arch arm64 /Users/admin/builder/spi-builder-workspace/.derivedData/Build/Intermediates.noindex/ProjectNavigator.build/Debug-watchos/ProjectNavigator-t.build/Objects-normal/arm64/ProjectNavigator-Swift.h -arch arm64_32 /Users/admin/builder/spi-builder-workspace/.derivedData/Build/Intermediates.noindex/ProjectNavigator.build/Debug-watchos/ProjectNavigator-t.build/Objects-normal/arm64_32/ProjectNavigator-Swift.h -o /Users/admin/builder/spi-builder-workspace/.derivedData/Build/Intermediates.noindex/GeneratedModuleMaps-watchos/ProjectNavigator-Swift.h
Copy /Users/admin/builder/spi-builder-workspace/.derivedData/Build/Products/Debug-watchos/ProjectNavigator.swiftmodule/arm64_32-apple-watchos.abi.json /Users/admin/builder/spi-builder-workspace/.derivedData/Build/Intermediates.noindex/ProjectNavigator.build/Debug-watchos/ProjectNavigator-t.build/Objects-normal/arm64_32/ProjectNavigator.abi.json (in target 'ProjectNavigator' from project 'ProjectNavigator')
cd /Users/admin/builder/spi-builder-workspace
builtin-copy -exclude .DS_Store -exclude CVS -exclude .svn -exclude .git -exclude .hg -resolve-src-symlinks -rename /Users/admin/builder/spi-builder-workspace/.derivedData/Build/Intermediates.noindex/ProjectNavigator.build/Debug-watchos/ProjectNavigator-t.build/Objects-normal/arm64_32/ProjectNavigator.abi.json /Users/admin/builder/spi-builder-workspace/.derivedData/Build/Products/Debug-watchos/ProjectNavigator.swiftmodule/arm64_32-apple-watchos.abi.json
Copy /Users/admin/builder/spi-builder-workspace/.derivedData/Build/Products/Debug-watchos/ProjectNavigator.swiftmodule/arm64-apple-watchos.swiftmodule /Users/admin/builder/spi-builder-workspace/.derivedData/Build/Intermediates.noindex/ProjectNavigator.build/Debug-watchos/ProjectNavigator-t.build/Objects-normal/arm64/ProjectNavigator.swiftmodule (in target 'ProjectNavigator' from project 'ProjectNavigator')
cd /Users/admin/builder/spi-builder-workspace
builtin-copy -exclude .DS_Store -exclude CVS -exclude .svn -exclude .git -exclude .hg -resolve-src-symlinks -rename /Users/admin/builder/spi-builder-workspace/.derivedData/Build/Intermediates.noindex/ProjectNavigator.build/Debug-watchos/ProjectNavigator-t.build/Objects-normal/arm64/ProjectNavigator.swiftmodule /Users/admin/builder/spi-builder-workspace/.derivedData/Build/Products/Debug-watchos/ProjectNavigator.swiftmodule/arm64-apple-watchos.swiftmodule
Copy /Users/admin/builder/spi-builder-workspace/.derivedData/Build/Products/Debug-watchos/ProjectNavigator.swiftmodule/arm64-apple-watchos.swiftdoc /Users/admin/builder/spi-builder-workspace/.derivedData/Build/Intermediates.noindex/ProjectNavigator.build/Debug-watchos/ProjectNavigator-t.build/Objects-normal/arm64/ProjectNavigator.swiftdoc (in target 'ProjectNavigator' from project 'ProjectNavigator')
cd /Users/admin/builder/spi-builder-workspace
builtin-copy -exclude .DS_Store -exclude CVS -exclude .svn -exclude .git -exclude .hg -resolve-src-symlinks -rename /Users/admin/builder/spi-builder-workspace/.derivedData/Build/Intermediates.noindex/ProjectNavigator.build/Debug-watchos/ProjectNavigator-t.build/Objects-normal/arm64/ProjectNavigator.swiftdoc /Users/admin/builder/spi-builder-workspace/.derivedData/Build/Products/Debug-watchos/ProjectNavigator.swiftmodule/arm64-apple-watchos.swiftdoc
Copy /Users/admin/builder/spi-builder-workspace/.derivedData/Build/Products/Debug-watchos/ProjectNavigator.swiftmodule/arm64-apple-watchos.abi.json /Users/admin/builder/spi-builder-workspace/.derivedData/Build/Intermediates.noindex/ProjectNavigator.build/Debug-watchos/ProjectNavigator-t.build/Objects-normal/arm64/ProjectNavigator.abi.json (in target 'ProjectNavigator' from project 'ProjectNavigator')
cd /Users/admin/builder/spi-builder-workspace
builtin-copy -exclude .DS_Store -exclude CVS -exclude .svn -exclude .git -exclude .hg -resolve-src-symlinks -rename /Users/admin/builder/spi-builder-workspace/.derivedData/Build/Intermediates.noindex/ProjectNavigator.build/Debug-watchos/ProjectNavigator-t.build/Objects-normal/arm64/ProjectNavigator.abi.json /Users/admin/builder/spi-builder-workspace/.derivedData/Build/Products/Debug-watchos/ProjectNavigator.swiftmodule/arm64-apple-watchos.abi.json
Copy /Users/admin/builder/spi-builder-workspace/.derivedData/Build/Products/Debug-watchos/ProjectNavigator.swiftmodule/Project/arm64_32-apple-watchos.swiftsourceinfo /Users/admin/builder/spi-builder-workspace/.derivedData/Build/Intermediates.noindex/ProjectNavigator.build/Debug-watchos/ProjectNavigator-t.build/Objects-normal/arm64_32/ProjectNavigator.swiftsourceinfo (in target 'ProjectNavigator' from project 'ProjectNavigator')
cd /Users/admin/builder/spi-builder-workspace
builtin-copy -exclude .DS_Store -exclude CVS -exclude .svn -exclude .git -exclude .hg -resolve-src-symlinks -rename /Users/admin/builder/spi-builder-workspace/.derivedData/Build/Intermediates.noindex/ProjectNavigator.build/Debug-watchos/ProjectNavigator-t.build/Objects-normal/arm64_32/ProjectNavigator.swiftsourceinfo /Users/admin/builder/spi-builder-workspace/.derivedData/Build/Products/Debug-watchos/ProjectNavigator.swiftmodule/Project/arm64_32-apple-watchos.swiftsourceinfo
Copy /Users/admin/builder/spi-builder-workspace/.derivedData/Build/Products/Debug-watchos/ProjectNavigator.swiftmodule/Project/arm64-apple-watchos.swiftsourceinfo /Users/admin/builder/spi-builder-workspace/.derivedData/Build/Intermediates.noindex/ProjectNavigator.build/Debug-watchos/ProjectNavigator-t.build/Objects-normal/arm64/ProjectNavigator.swiftsourceinfo (in target 'ProjectNavigator' from project 'ProjectNavigator')
cd /Users/admin/builder/spi-builder-workspace
builtin-copy -exclude .DS_Store -exclude CVS -exclude .svn -exclude .git -exclude .hg -resolve-src-symlinks -rename /Users/admin/builder/spi-builder-workspace/.derivedData/Build/Intermediates.noindex/ProjectNavigator.build/Debug-watchos/ProjectNavigator-t.build/Objects-normal/arm64/ProjectNavigator.swiftsourceinfo /Users/admin/builder/spi-builder-workspace/.derivedData/Build/Products/Debug-watchos/ProjectNavigator.swiftmodule/Project/arm64-apple-watchos.swiftsourceinfo
SwiftDriverJobDiscovery normal arm64 Compiling SwitchFileOrFolder.swift (in target 'ProjectNavigator' from project 'ProjectNavigator')
SwiftDriverJobDiscovery normal arm64_32 Compiling SwitchFileOrFolder.swift (in target 'ProjectNavigator' from project 'ProjectNavigator')
SwiftDriverJobDiscovery normal arm64 Compiling FileTree.swift (in target 'Files' from project 'ProjectNavigator')
SwiftDriver\ Compilation Files normal arm64 com.apple.xcode.tools.swift.compiler (in target 'Files' from project 'ProjectNavigator')
cd /Users/admin/builder/spi-builder-workspace/.swiftpm/xcode
builtin-Swift-Compilation -- /Applications/Xcode-27.0.0-Release.Candidate.app/Contents/Developer/Toolchains/XcodeDefault.xctoolchain/usr/bin/swiftc -parse-as-library -module-name Files -Onone @/Users/admin/builder/spi-builder-workspace/.derivedData/Build/Intermediates.noindex/ProjectNavigator.build/Debug-watchos/Files-t.build/Objects-normal/arm64/Files.SwiftFileList -DSWIFT_PACKAGE -DDEBUG -DSWIFT_MODULE_RESOURCE_BUNDLE_UNAVAILABLE -DXcode -enable-upcoming-feature InferIsolatedConformances -enable-upcoming-feature NonisolatedNonsendingByDefault -plugin-path /Applications/Xcode-27.0.0-Release.Candidate.app/Contents/Developer/Toolchains/XcodeDefault.xctoolchain/usr/lib/swift/host/plugins/testing -enable-experimental-feature DebugDescriptionMacro -sdk /Applications/Xcode-27.0.0-Release.Candidate.app/Contents/Developer/Platforms/WatchOS.platform/Developer/SDKs/WatchOS27.0.sdk -target arm64-apple-watchos10.0 -g -module-cache-path /Users/admin/builder/spi-builder-workspace/.derivedData/ModuleCache.noindex -Xfrontend -serialize-debugging-options -profile-coverage-mapping -profile-generate -enable-testing -index-store-path /Users/admin/builder/spi-builder-workspace/.derivedData/Index.noindex/DataStore -Xcc -D_LIBCPP_HARDENING_MODE\=_LIBCPP_HARDENING_MODE_DEBUG -swift-version 6 -I /Users/admin/builder/spi-builder-workspace/.derivedData/Build/Products/Debug-watchos -Isystem /Applications/Xcode-27.0.0-Release.Candidate.app/Contents/Developer/Platforms/WatchOS.platform/Developer/usr/lib -F /Users/admin/builder/spi-builder-workspace/.derivedData/Build/Products/Debug-watchos/PackageFrameworks -F /Users/admin/builder/spi-builder-workspace/.derivedData/Build/Products/Debug-watchos -F /Applications/Xcode-27.0.0-Release.Candidate.app/Contents/Developer/Platforms/WatchOS.platform/Developer/Library/Frameworks -F /Applications/Xcode-27.0.0-Release.Candidate.app/Contents/Developer/Platforms/WatchOS.platform/Developer/SDKs/WatchOS27.0.sdk/Developer/Library/Frameworks -c -j10 -enable-batch-mode -incremental -Xcc -ivfsstatcache -Xcc /Users/admin/builder/spi-builder-workspace/.derivedData/SDKStatCaches.noindex/watchos27.0-24R360-e829b21a6f8c9b70876ba0858053c04477534ef55a1706bf4c1112bbb242f0a2.sdkstatcache -output-file-map /Users/admin/builder/spi-builder-workspace/.derivedData/Build/Intermediates.noindex/ProjectNavigator.build/Debug-watchos/Files-t.build/Objects-normal/arm64/Files-OutputFileMap.json -save-temps -no-color-diagnostics -explicit-module-build -module-cache-path /Users/admin/builder/spi-builder-workspace/.derivedData/Build/Intermediates.noindex/SwiftExplicitPrecompiledModules -clang-scanner-module-cache-path /Users/admin/builder/spi-builder-workspace/.derivedData/ModuleCache.noindex -sdk-module-cache-path /Users/admin/builder/spi-builder-workspace/.derivedData/SDKExplicitPrecompiledModules -emit-dependencies -emit-module -emit-module-path /Users/admin/builder/spi-builder-workspace/.derivedData/Build/Intermediates.noindex/ProjectNavigator.build/Debug-watchos/Files-t.build/Objects-normal/arm64/Files.swiftmodule -serialize-diagnostics -dependency-scan-serialize-diagnostics-path /Users/admin/builder/spi-builder-workspace/.derivedData/Build/Intermediates.noindex/ProjectNavigator.build/Debug-watchos/Files-t.build/Objects-normal/arm64/Files-dependency-scan.dia -validate-clang-modules-once -clang-build-session-file /Users/admin/builder/spi-builder-workspace/.derivedData/ModuleCache.noindex/Session.modulevalidation -Xcc -fmodules-prune-interval\=86400 -Xcc -fmodules-prune-after\=345600 -package-name spi_builder_workspace -emit-const-values -const-gather-protocols-list /Users/admin/builder/spi-builder-workspace/.derivedData/Build/Intermediates.noindex/ProjectNavigator.build/Debug-watchos/Files-t.build/Objects-normal/arm64/Files_const_extract_protocols.json -Xcc -I/Users/admin/builder/spi-builder-workspace/.derivedData/Build/Products/Debug-watchos/include -Xcc -I/Users/admin/builder/spi-builder-workspace/.derivedData/Build/Intermediates.noindex/ProjectNavigator.build/Debug-watchos/Files-t.build/DerivedSources-normal/arm64 -Xcc -I/Users/admin/builder/spi-builder-workspace/.derivedData/Build/Intermediates.noindex/ProjectNavigator.build/Debug-watchos/Files-t.build/DerivedSources/arm64 -Xcc -I/Users/admin/builder/spi-builder-workspace/.derivedData/Build/Intermediates.noindex/ProjectNavigator.build/Debug-watchos/Files-t.build/DerivedSources -Xcc -DSWIFT_PACKAGE -Xcc -DDEBUG\=1 -emit-objc-header -emit-objc-header-path /Users/admin/builder/spi-builder-workspace/.derivedData/Build/Intermediates.noindex/ProjectNavigator.build/Debug-watchos/Files-t.build/Objects-normal/arm64/Files-Swift.h -working-directory /Users/admin/builder/spi-builder-workspace/.swiftpm/xcode -experimental-emit-module-separately -disable-cmo
Ld /Users/admin/builder/spi-builder-workspace/.derivedData/Build/Intermediates.noindex/ProjectNavigator.build/Debug-watchos/Files-t.build/Objects-normal/arm64/Binary/Files.o normal arm64 (in target 'Files' from project 'ProjectNavigator')
cd /Users/admin/builder/spi-builder-workspace
/Applications/Xcode-27.0.0-Release.Candidate.app/Contents/Developer/Toolchains/XcodeDefault.xctoolchain/usr/bin/clang -Xlinker -reproducible -target arm64-apple-watchos10.0 -r -isysroot /Applications/Xcode-27.0.0-Release.Candidate.app/Contents/Developer/Platforms/WatchOS.platform/Developer/SDKs/WatchOS27.0.sdk -O0 -Xlinker -no_warn_duplicate_libraries -F/Users/admin/builder/spi-builder-workspace/.derivedData/Build/Intermediates.noindex/EagerLinkingTBDs/Debug-watchos -F/Users/admin/builder/spi-builder-workspace/.derivedData/Build/Products/Debug-watchos/PackageFrameworks -F/Users/admin/builder/spi-builder-workspace/.derivedData/Build/Products/Debug-watchos -iframework /Applications/Xcode-27.0.0-Release.Candidate.app/Contents/Developer/Platforms/WatchOS.platform/Developer/Library/Frameworks -iframework /Applications/Xcode-27.0.0-Release.Candidate.app/Contents/Developer/Platforms/WatchOS.platform/Developer/SDKs/WatchOS27.0.sdk/Developer/Library/Frameworks -filelist /Users/admin/builder/spi-builder-workspace/.derivedData/Build/Intermediates.noindex/ProjectNavigator.build/Debug-watchos/Files-t.build/Objects-normal/arm64/Files.LinkFileList -nostdlib -Xlinker -object_path_lto -Xlinker /Users/admin/builder/spi-builder-workspace/.derivedData/Build/Intermediates.noindex/ProjectNavigator.build/Debug-watchos/Files-t.build/Objects-normal/arm64/Files_lto.o -Xlinker -no_deduplicate -Xlinker -debug_variant -Xlinker -dependency_info -Xlinker /Users/admin/builder/spi-builder-workspace/.derivedData/Build/Intermediates.noindex/ProjectNavigator.build/Debug-watchos/Files-t.build/Objects-normal/arm64/Files_dependency_info.dat -fobjc-link-runtime -L/Applications/Xcode-27.0.0-Release.Candidate.app/Contents/Developer/Toolchains/XcodeDefault.xctoolchain/usr/lib/swift/watchos -L/usr/lib/swift -Xlinker -add_ast_path -Xlinker /Users/admin/builder/spi-builder-workspace/.derivedData/Build/Intermediates.noindex/ProjectNavigator.build/Debug-watchos/Files-t.build/Objects-normal/arm64/Files.swiftmodule -o /Users/admin/builder/spi-builder-workspace/.derivedData/Build/Intermediates.noindex/ProjectNavigator.build/Debug-watchos/Files-t.build/Objects-normal/arm64/Binary/Files.o
SwiftDriverJobDiscovery normal arm64_32 Compiling FileTree.swift (in target 'Files' from project 'ProjectNavigator')
SwiftDriver\ Compilation Files normal arm64_32 com.apple.xcode.tools.swift.compiler (in target 'Files' from project 'ProjectNavigator')
cd /Users/admin/builder/spi-builder-workspace/.swiftpm/xcode
builtin-Swift-Compilation -- /Applications/Xcode-27.0.0-Release.Candidate.app/Contents/Developer/Toolchains/XcodeDefault.xctoolchain/usr/bin/swiftc -parse-as-library -module-name Files -Onone @/Users/admin/builder/spi-builder-workspace/.derivedData/Build/Intermediates.noindex/ProjectNavigator.build/Debug-watchos/Files-t.build/Objects-normal/arm64_32/Files.SwiftFileList -DSWIFT_PACKAGE -DDEBUG -DSWIFT_MODULE_RESOURCE_BUNDLE_UNAVAILABLE -DXcode -enable-upcoming-feature InferIsolatedConformances -enable-upcoming-feature NonisolatedNonsendingByDefault -plugin-path /Applications/Xcode-27.0.0-Release.Candidate.app/Contents/Developer/Toolchains/XcodeDefault.xctoolchain/usr/lib/swift/host/plugins/testing -enable-experimental-feature DebugDescriptionMacro -sdk /Applications/Xcode-27.0.0-Release.Candidate.app/Contents/Developer/Platforms/WatchOS.platform/Developer/SDKs/WatchOS27.0.sdk -target arm64_32-apple-watchos10.0 -g -module-cache-path /Users/admin/builder/spi-builder-workspace/.derivedData/ModuleCache.noindex -Xfrontend -serialize-debugging-options -profile-coverage-mapping -profile-generate -enable-testing -index-store-path /Users/admin/builder/spi-builder-workspace/.derivedData/Index.noindex/DataStore -Xcc -D_LIBCPP_HARDENING_MODE\=_LIBCPP_HARDENING_MODE_DEBUG -swift-version 6 -I /Users/admin/builder/spi-builder-workspace/.derivedData/Build/Products/Debug-watchos -Isystem /Applications/Xcode-27.0.0-Release.Candidate.app/Contents/Developer/Platforms/WatchOS.platform/Developer/usr/lib -F /Users/admin/builder/spi-builder-workspace/.derivedData/Build/Products/Debug-watchos/PackageFrameworks -F /Users/admin/builder/spi-builder-workspace/.derivedData/Build/Products/Debug-watchos -F /Applications/Xcode-27.0.0-Release.Candidate.app/Contents/Developer/Platforms/WatchOS.platform/Developer/Library/Frameworks -F /Applications/Xcode-27.0.0-Release.Candidate.app/Contents/Developer/Platforms/WatchOS.platform/Developer/SDKs/WatchOS27.0.sdk/Developer/Library/Frameworks -c -j10 -enable-batch-mode -incremental -Xcc -ivfsstatcache -Xcc /Users/admin/builder/spi-builder-workspace/.derivedData/SDKStatCaches.noindex/watchos27.0-24R360-e829b21a6f8c9b70876ba0858053c04477534ef55a1706bf4c1112bbb242f0a2.sdkstatcache -output-file-map /Users/admin/builder/spi-builder-workspace/.derivedData/Build/Intermediates.noindex/ProjectNavigator.build/Debug-watchos/Files-t.build/Objects-normal/arm64_32/Files-OutputFileMap.json -save-temps -no-color-diagnostics -explicit-module-build -module-cache-path /Users/admin/builder/spi-builder-workspace/.derivedData/Build/Intermediates.noindex/SwiftExplicitPrecompiledModules -clang-scanner-module-cache-path /Users/admin/builder/spi-builder-workspace/.derivedData/ModuleCache.noindex -sdk-module-cache-path /Users/admin/builder/spi-builder-workspace/.derivedData/SDKExplicitPrecompiledModules -emit-dependencies -emit-module -emit-module-path /Users/admin/builder/spi-builder-workspace/.derivedData/Build/Intermediates.noindex/ProjectNavigator.build/Debug-watchos/Files-t.build/Objects-normal/arm64_32/Files.swiftmodule -serialize-diagnostics -dependency-scan-serialize-diagnostics-path /Users/admin/builder/spi-builder-workspace/.derivedData/Build/Intermediates.noindex/ProjectNavigator.build/Debug-watchos/Files-t.build/Objects-normal/arm64_32/Files-dependency-scan.dia -validate-clang-modules-once -clang-build-session-file /Users/admin/builder/spi-builder-workspace/.derivedData/ModuleCache.noindex/Session.modulevalidation -Xcc -fmodules-prune-interval\=86400 -Xcc -fmodules-prune-after\=345600 -package-name spi_builder_workspace -emit-const-values -const-gather-protocols-list /Users/admin/builder/spi-builder-workspace/.derivedData/Build/Intermediates.noindex/ProjectNavigator.build/Debug-watchos/Files-t.build/Objects-normal/arm64_32/Files_const_extract_protocols.json -Xcc -I/Users/admin/builder/spi-builder-workspace/.derivedData/Build/Products/Debug-watchos/include -Xcc -I/Users/admin/builder/spi-builder-workspace/.derivedData/Build/Intermediates.noindex/ProjectNavigator.build/Debug-watchos/Files-t.build/DerivedSources-normal/arm64_32 -Xcc -I/Users/admin/builder/spi-builder-workspace/.derivedData/Build/Intermediates.noindex/ProjectNavigator.build/Debug-watchos/Files-t.build/DerivedSources/arm64_32 -Xcc -I/Users/admin/builder/spi-builder-workspace/.derivedData/Build/Intermediates.noindex/ProjectNavigator.build/Debug-watchos/Files-t.build/DerivedSources -Xcc -DSWIFT_PACKAGE -Xcc -DDEBUG\=1 -emit-objc-header -emit-objc-header-path /Users/admin/builder/spi-builder-workspace/.derivedData/Build/Intermediates.noindex/ProjectNavigator.build/Debug-watchos/Files-t.build/Objects-normal/arm64_32/Files-Swift.h -working-directory /Users/admin/builder/spi-builder-workspace/.swiftpm/xcode -experimental-emit-module-separately -disable-cmo
Ld /Users/admin/builder/spi-builder-workspace/.derivedData/Build/Intermediates.noindex/ProjectNavigator.build/Debug-watchos/Files-t.build/Objects-normal/arm64_32/Binary/Files.o normal arm64_32 (in target 'Files' from project 'ProjectNavigator')
cd /Users/admin/builder/spi-builder-workspace
/Applications/Xcode-27.0.0-Release.Candidate.app/Contents/Developer/Toolchains/XcodeDefault.xctoolchain/usr/bin/clang -Xlinker -reproducible -target arm64_32-apple-watchos10.0 -r -isysroot /Applications/Xcode-27.0.0-Release.Candidate.app/Contents/Developer/Platforms/WatchOS.platform/Developer/SDKs/WatchOS27.0.sdk -O0 -Xlinker -no_warn_duplicate_libraries -F/Users/admin/builder/spi-builder-workspace/.derivedData/Build/Intermediates.noindex/EagerLinkingTBDs/Debug-watchos -F/Users/admin/builder/spi-builder-workspace/.derivedData/Build/Products/Debug-watchos/PackageFrameworks -F/Users/admin/builder/spi-builder-workspace/.derivedData/Build/Products/Debug-watchos -iframework /Applications/Xcode-27.0.0-Release.Candidate.app/Contents/Developer/Platforms/WatchOS.platform/Developer/Library/Frameworks -iframework /Applications/Xcode-27.0.0-Release.Candidate.app/Contents/Developer/Platforms/WatchOS.platform/Developer/SDKs/WatchOS27.0.sdk/Developer/Library/Frameworks -filelist /Users/admin/builder/spi-builder-workspace/.derivedData/Build/Intermediates.noindex/ProjectNavigator.build/Debug-watchos/Files-t.build/Objects-normal/arm64_32/Files.LinkFileList -nostdlib -Xlinker -object_path_lto -Xlinker /Users/admin/builder/spi-builder-workspace/.derivedData/Build/Intermediates.noindex/ProjectNavigator.build/Debug-watchos/Files-t.build/Objects-normal/arm64_32/Files_lto.o -Xlinker -no_deduplicate -Xlinker -debug_variant -Xlinker -dependency_info -Xlinker /Users/admin/builder/spi-builder-workspace/.derivedData/Build/Intermediates.noindex/ProjectNavigator.build/Debug-watchos/Files-t.build/Objects-normal/arm64_32/Files_dependency_info.dat -fobjc-link-runtime -L/Applications/Xcode-27.0.0-Release.Candidate.app/Contents/Developer/Toolchains/XcodeDefault.xctoolchain/usr/lib/swift/watchos -L/usr/lib/swift -Xlinker -add_ast_path -Xlinker /Users/admin/builder/spi-builder-workspace/.derivedData/Build/Intermediates.noindex/ProjectNavigator.build/Debug-watchos/Files-t.build/Objects-normal/arm64_32/Files.swiftmodule -o /Users/admin/builder/spi-builder-workspace/.derivedData/Build/Intermediates.noindex/ProjectNavigator.build/Debug-watchos/Files-t.build/Objects-normal/arm64_32/Binary/Files.o
SwiftDriverJobDiscovery normal arm64 Compiling EditableLabel.swift (in target 'ProjectNavigator' from project 'ProjectNavigator')
CreateUniversalBinary /Users/admin/builder/spi-builder-workspace/.derivedData/Build/Products/Debug-watchos/Files.o normal arm64\ arm64_32 (in target 'Files' from project 'ProjectNavigator')
cd /Users/admin/builder/spi-builder-workspace
/Applications/Xcode-27.0.0-Release.Candidate.app/Contents/Developer/Toolchains/XcodeDefault.xctoolchain/usr/bin/lipo -create /Users/admin/builder/spi-builder-workspace/.derivedData/Build/Intermediates.noindex/ProjectNavigator.build/Debug-watchos/Files-t.build/Objects-normal/arm64/Binary/Files.o /Users/admin/builder/spi-builder-workspace/.derivedData/Build/Intermediates.noindex/ProjectNavigator.build/Debug-watchos/Files-t.build/Objects-normal/arm64_32/Binary/Files.o -output /Users/admin/builder/spi-builder-workspace/.derivedData/Build/Products/Debug-watchos/Files.o
PruneExplicitPrecompiledModules /Users/admin/builder/spi-builder-workspace/.derivedData/SDKExplicitPrecompiledModules
PruneExplicitPrecompiledModules /Users/admin/builder/spi-builder-workspace/.derivedData/Build/Intermediates.noindex/ExplicitPrecompiledModules
PruneExplicitPrecompiledModules /Users/admin/builder/spi-builder-workspace/.derivedData/Build/Intermediates.noindex/SwiftExplicitPrecompiledModules
2026-09-25 04:36:11.504 xcodebuild[1003:6194] [MT] IDERunDestination: Supported platforms for the buildables in the current scheme is empty.
** BUILD FAILED **
The following build commands failed:
SwiftCompile normal arm64 /Users/admin/builder/spi-builder-workspace/Sources/ProjectNavigator/FileNavigator.swift (in target 'ProjectNavigator' from project 'ProjectNavigator')
SwiftCompile normal arm64 Compiling\ FileNavigator.swift /Users/admin/builder/spi-builder-workspace/Sources/ProjectNavigator/FileNavigator.swift (in target 'ProjectNavigator' from project 'ProjectNavigator')
SwiftCompile normal arm64_32 Compiling\ FileNavigator.swift /Users/admin/builder/spi-builder-workspace/Sources/ProjectNavigator/FileNavigator.swift (in target 'ProjectNavigator' from project 'ProjectNavigator')
SwiftCompile normal arm64_32 /Users/admin/builder/spi-builder-workspace/Sources/ProjectNavigator/FileNavigator.swift (in target 'ProjectNavigator' from project 'ProjectNavigator')
Building workspace ProjectNavigator with scheme ProjectNavigator-Package
(5 failures)
Command line invocation:
/Applications/Xcode-27.0.0-Release.Candidate.app/Contents/Developer/usr/bin/xcodebuild -IDEClonedSourcePackagesDirPathOverride=/Users/admin/builder/spi-builder-workspace/.dependencies -resolvePackageDependencies
Resolve Package Graph
Resolved source packages:
swift-collections: https://github.com/apple/swift-collections.git @ 1.3.0
SymbolKit: https://github.com/swiftlang/swift-docc-symbolkit @ 1.0.0
ProjectNavigator: /Users/admin/builder/spi-builder-workspace
SwiftDocCPlugin: https://github.com/apple/swift-docc-plugin @ 1.4.5
resolved source packages: swift-collections, SymbolKit, ProjectNavigator, SwiftDocCPlugin
2026-09-25 04:36:36.440 xcodebuild[1359:8241] [MT] IDERunDestination: Supported platforms for the buildables in the current scheme is empty.
{
"dependencies" : [
{
"identity" : "swift-collections",
"requirement" : {
"range" : [
{
"lower_bound" : "1.0.0",
"upper_bound" : "2.0.0"
}
]
},
"type" : "sourceControl",
"url" : "https://github.com/apple/swift-collections.git"
},
{
"identity" : "swift-docc-plugin",
"requirement" : {
"range" : [
{
"lower_bound" : "1.0.0",
"upper_bound" : "2.0.0"
}
]
},
"type" : "sourceControl",
"url" : "https://github.com/apple/swift-docc-plugin"
}
],
"manifest_display_name" : "ProjectNavigator",
"name" : "ProjectNavigator",
"path" : "/Users/admin/builder/spi-builder-workspace",
"platforms" : [
{
"name" : "macos",
"version" : "14.0"
},
{
"name" : "ios",
"version" : "17.0"
},
{
"name" : "visionos",
"version" : "1.0"
}
],
"products" : [
{
"name" : "Files",
"targets" : [
"Files"
],
"type" : {
"library" : [
"automatic"
]
}
},
{
"name" : "ProjectNavigator",
"targets" : [
"ProjectNavigator"
],
"type" : {
"library" : [
"automatic"
]
}
}
],
"targets" : [
{
"c99name" : "_FilesTestSupport",
"module_type" : "SwiftTarget",
"name" : "_FilesTestSupport",
"path" : "Sources/_FilesTestSupport",
"product_memberships" : [
"ProjectNavigator"
],
"sources" : [
"Payload.swift"
],
"target_dependencies" : [
"Files"
],
"type" : "library"
},
{
"c99name" : "ProjectNavigatorTests",
"module_type" : "SwiftTarget",
"name" : "ProjectNavigatorTests",
"path" : "Tests/ProjectNavigatorTests",
"sources" : [
"NavigationViewTests.swift"
],
"target_dependencies" : [
"ProjectNavigator"
],
"type" : "test"
},
{
"c99name" : "ProjectNavigator",
"module_type" : "SwiftTarget",
"name" : "ProjectNavigator",
"path" : "Sources/ProjectNavigator",
"product_dependencies" : [
"OrderedCollections"
],
"product_memberships" : [
"ProjectNavigator"
],
"sources" : [
"EditableLabel.swift",
"FileNavigator.swift",
"SwitchFileOrFolder.swift",
"WrappedUUIDSet.swift"
],
"target_dependencies" : [
"Files",
"_FilesTestSupport"
],
"type" : "library"
},
{
"c99name" : "FilesTests",
"module_type" : "SwiftTarget",
"name" : "FilesTests",
"path" : "Tests/FilesTests",
"sources" : [
"FileOperationsTests.swift",
"FileTreeTests.swift",
"FilesTests.swift",
"FolderOverwriteTest.swift"
],
"target_dependencies" : [
"Files",
"_FilesTestSupport"
],
"type" : "test"
},
{
"c99name" : "Files",
"module_type" : "SwiftTarget",
"name" : "Files",
"path" : "Sources/Files",
"product_dependencies" : [
"OrderedCollections"
],
"product_memberships" : [
"Files",
"ProjectNavigator"
],
"sources" : [
"FileOperations.swift",
"FileTree.swift",
"Files.swift"
],
"type" : "library"
}
],
"tools_version" : "6.2"
}
{
"workspace" : {
"name" : "ProjectNavigator",
"schemes" : [
"Files",
"ProjectNavigator",
"ProjectNavigator-Package"
]
}
}
2026-09-25 04:36:45.099 xcodebuild[1417:8631] [MT] IDERunDestination: Supported platforms for the buildables in the current scheme is empty.
Running build ...
env DEVELOPER_DIR=/Applications/Xcode-27.0.0-Release.Candidate.app xcrun xcodebuild -IDEClonedSourcePackagesDirPathOverride=$PWD/.dependencies -skipMacroValidation -skipPackagePluginValidation -derivedDataPath $PWD/.derivedData build -scheme ProjectNavigator-Package -destination generic/platform=watchOS
Command line invocation:
/Applications/Xcode-27.0.0-Release.Candidate.app/Contents/Developer/usr/bin/xcodebuild -IDEClonedSourcePackagesDirPathOverride=/Users/admin/builder/spi-builder-workspace/.dependencies -skipMacroValidation -skipPackagePluginValidation -derivedDataPath /Users/admin/builder/spi-builder-workspace/.derivedData build -scheme ProjectNavigator-Package -destination generic/platform=watchOS
Resolve Package Graph
Resolved source packages:
swift-collections: https://github.com/apple/swift-collections.git @ 1.3.0
ProjectNavigator: /Users/admin/builder/spi-builder-workspace
SwiftDocCPlugin: https://github.com/apple/swift-docc-plugin @ 1.4.5
SymbolKit: https://github.com/swiftlang/swift-docc-symbolkit @ 1.0.0
ComputePackagePrebuildTargetDependencyGraph
Prepare packages
CreateBuildRequest
SendProjectDescription
CreateBuildOperation
ComputeTargetDependencyGraph
note: Building targets in dependency order
note: Target dependency graph (8 targets)
Target 'ProjectNavigator-product' in project 'ProjectNavigator'
➜ Explicit dependency on target 'ProjectNavigator' in project 'ProjectNavigator'
➜ Explicit dependency on target 'Files' in project 'ProjectNavigator'
➜ Explicit dependency on target '_FilesTestSupport' in project 'ProjectNavigator'
➜ Explicit dependency on target 'OrderedCollections-product' in project 'swift-collections'
Target 'ProjectNavigator' in project 'ProjectNavigator'
➜ Explicit dependency on target 'Files' in project 'ProjectNavigator'
➜ Explicit dependency on target '_FilesTestSupport' in project 'ProjectNavigator'
➜ Explicit dependency on target 'OrderedCollections-product' in project 'swift-collections'
Target '_FilesTestSupport' in project 'ProjectNavigator'
➜ Explicit dependency on target 'Files' in project 'ProjectNavigator'
➜ Explicit dependency on target 'OrderedCollections-product' in project 'swift-collections'
Target 'Files-product' in project 'ProjectNavigator'
➜ Explicit dependency on target 'Files' in project 'ProjectNavigator'
➜ Explicit dependency on target 'OrderedCollections-product' in project 'swift-collections'
Target 'Files' in project 'ProjectNavigator'
➜ Explicit dependency on target 'OrderedCollections-product' in project 'swift-collections'
Target 'OrderedCollections-product' in project 'swift-collections'
➜ Explicit dependency on target 'OrderedCollections' in project 'swift-collections'
➜ Explicit dependency on target 'InternalCollectionsUtilities' in project 'swift-collections'
Target 'OrderedCollections' in project 'swift-collections'
➜ Explicit dependency on target 'InternalCollectionsUtilities' in project 'swift-collections'
Target 'InternalCollectionsUtilities' in project 'swift-collections' (no dependencies)
GatherProvisioningInputs
CreateBuildDescription
ClangStatCache /Applications/Xcode-27.0.0-Release.Candidate.app/Contents/Developer/Toolchains/XcodeDefault.xctoolchain/usr/bin/clang-stat-cache /Applications/Xcode-27.0.0-Release.Candidate.app/Contents/Developer/Platforms/WatchOS.platform/Developer/SDKs/WatchOS27.0.sdk /Users/admin/builder/spi-builder-workspace/.derivedData/SDKStatCaches.noindex/watchos27.0-24R360-e829b21a6f8c9b70876ba0858053c04477534ef55a1706bf4c1112bbb242f0a2.sdkstatcache
cd /Users/admin/builder/spi-builder-workspace/.swiftpm/xcode
/Applications/Xcode-27.0.0-Release.Candidate.app/Contents/Developer/Toolchains/XcodeDefault.xctoolchain/usr/bin/clang-stat-cache /Applications/Xcode-27.0.0-Release.Candidate.app/Contents/Developer/Platforms/WatchOS.platform/Developer/SDKs/WatchOS27.0.sdk -o /Users/admin/builder/spi-builder-workspace/.derivedData/SDKStatCaches.noindex/watchos27.0-24R360-e829b21a6f8c9b70876ba0858053c04477534ef55a1706bf4c1112bbb242f0a2.sdkstatcache
CreateUniversalBinary /Users/admin/builder/spi-builder-workspace/.derivedData/Build/Products/Debug-watchos/Files.o normal arm64\ arm64_32 (in target 'Files' from project 'ProjectNavigator')
cd /Users/admin/builder/spi-builder-workspace
/Applications/Xcode-27.0.0-Release.Candidate.app/Contents/Developer/Toolchains/XcodeDefault.xctoolchain/usr/bin/lipo -create /Users/admin/builder/spi-builder-workspace/.derivedData/Build/Intermediates.noindex/ProjectNavigator.build/Debug-watchos/Files-t.build/Objects-normal/arm64/Binary/Files.o /Users/admin/builder/spi-builder-workspace/.derivedData/Build/Intermediates.noindex/ProjectNavigator.build/Debug-watchos/Files-t.build/Objects-normal/arm64_32/Binary/Files.o -output /Users/admin/builder/spi-builder-workspace/.derivedData/Build/Products/Debug-watchos/Files.o
SwiftDriver ProjectNavigator normal arm64 com.apple.xcode.tools.swift.compiler (in target 'ProjectNavigator' from project 'ProjectNavigator')
cd /Users/admin/builder/spi-builder-workspace/.swiftpm/xcode
builtin-SwiftDriver -- /Applications/Xcode-27.0.0-Release.Candidate.app/Contents/Developer/Toolchains/XcodeDefault.xctoolchain/usr/bin/swiftc -parse-as-library -module-name ProjectNavigator -Onone @/Users/admin/builder/spi-builder-workspace/.derivedData/Build/Intermediates.noindex/ProjectNavigator.build/Debug-watchos/ProjectNavigator-t.build/Objects-normal/arm64/ProjectNavigator.SwiftFileList -DSWIFT_PACKAGE -DDEBUG -DSWIFT_MODULE_RESOURCE_BUNDLE_UNAVAILABLE -DXcode -enable-upcoming-feature InferIsolatedConformances -enable-upcoming-feature NonisolatedNonsendingByDefault -plugin-path /Applications/Xcode-27.0.0-Release.Candidate.app/Contents/Developer/Toolchains/XcodeDefault.xctoolchain/usr/lib/swift/host/plugins/testing -enable-experimental-feature DebugDescriptionMacro -sdk /Applications/Xcode-27.0.0-Release.Candidate.app/Contents/Developer/Platforms/WatchOS.platform/Developer/SDKs/WatchOS27.0.sdk -target arm64-apple-watchos10.0 -g -module-cache-path /Users/admin/builder/spi-builder-workspace/.derivedData/ModuleCache.noindex -Xfrontend -serialize-debugging-options -profile-coverage-mapping -profile-generate -enable-testing -index-store-path /Users/admin/builder/spi-builder-workspace/.derivedData/Index.noindex/DataStore -Xcc -D_LIBCPP_HARDENING_MODE\=_LIBCPP_HARDENING_MODE_DEBUG -swift-version 6 -I /Users/admin/builder/spi-builder-workspace/.derivedData/Build/Products/Debug-watchos -Isystem /Applications/Xcode-27.0.0-Release.Candidate.app/Contents/Developer/Platforms/WatchOS.platform/Developer/usr/lib -F /Users/admin/builder/spi-builder-workspace/.derivedData/Build/Products/Debug-watchos/PackageFrameworks -F /Users/admin/builder/spi-builder-workspace/.derivedData/Build/Products/Debug-watchos -F /Applications/Xcode-27.0.0-Release.Candidate.app/Contents/Developer/Platforms/WatchOS.platform/Developer/Library/Frameworks -F /Applications/Xcode-27.0.0-Release.Candidate.app/Contents/Developer/Platforms/WatchOS.platform/Developer/SDKs/WatchOS27.0.sdk/Developer/Library/Frameworks -c -j10 -enable-batch-mode -incremental -Xcc -ivfsstatcache -Xcc /Users/admin/builder/spi-builder-workspace/.derivedData/SDKStatCaches.noindex/watchos27.0-24R360-e829b21a6f8c9b70876ba0858053c04477534ef55a1706bf4c1112bbb242f0a2.sdkstatcache -output-file-map /Users/admin/builder/spi-builder-workspace/.derivedData/Build/Intermediates.noindex/ProjectNavigator.build/Debug-watchos/ProjectNavigator-t.build/Objects-normal/arm64/ProjectNavigator-OutputFileMap.json -save-temps -no-color-diagnostics -explicit-module-build -module-cache-path /Users/admin/builder/spi-builder-workspace/.derivedData/Build/Intermediates.noindex/SwiftExplicitPrecompiledModules -clang-scanner-module-cache-path /Users/admin/builder/spi-builder-workspace/.derivedData/ModuleCache.noindex -sdk-module-cache-path /Users/admin/builder/spi-builder-workspace/.derivedData/SDKExplicitPrecompiledModules -emit-dependencies -emit-module -emit-module-path /Users/admin/builder/spi-builder-workspace/.derivedData/Build/Intermediates.noindex/ProjectNavigator.build/Debug-watchos/ProjectNavigator-t.build/Objects-normal/arm64/ProjectNavigator.swiftmodule -serialize-diagnostics -dependency-scan-serialize-diagnostics-path /Users/admin/builder/spi-builder-workspace/.derivedData/Build/Intermediates.noindex/ProjectNavigator.build/Debug-watchos/ProjectNavigator-t.build/Objects-normal/arm64/ProjectNavigator-dependency-scan.dia -validate-clang-modules-once -clang-build-session-file /Users/admin/builder/spi-builder-workspace/.derivedData/ModuleCache.noindex/Session.modulevalidation -Xcc -fmodules-prune-interval\=86400 -Xcc -fmodules-prune-after\=345600 -package-name spi_builder_workspace -emit-const-values -const-gather-protocols-list /Users/admin/builder/spi-builder-workspace/.derivedData/Build/Intermediates.noindex/ProjectNavigator.build/Debug-watchos/ProjectNavigator-t.build/Objects-normal/arm64/ProjectNavigator_const_extract_protocols.json -Xcc -I/Users/admin/builder/spi-builder-workspace/.derivedData/Build/Products/Debug-watchos/include -Xcc -I/Users/admin/builder/spi-builder-workspace/.derivedData/Build/Intermediates.noindex/ProjectNavigator.build/Debug-watchos/ProjectNavigator-t.build/DerivedSources-normal/arm64 -Xcc -I/Users/admin/builder/spi-builder-workspace/.derivedData/Build/Intermediates.noindex/ProjectNavigator.build/Debug-watchos/ProjectNavigator-t.build/DerivedSources/arm64 -Xcc -I/Users/admin/builder/spi-builder-workspace/.derivedData/Build/Intermediates.noindex/ProjectNavigator.build/Debug-watchos/ProjectNavigator-t.build/DerivedSources -Xcc -DSWIFT_PACKAGE -Xcc -DDEBUG\=1 -emit-objc-header -emit-objc-header-path /Users/admin/builder/spi-builder-workspace/.derivedData/Build/Intermediates.noindex/ProjectNavigator.build/Debug-watchos/ProjectNavigator-t.build/Objects-normal/arm64/ProjectNavigator-Swift.h -working-directory /Users/admin/builder/spi-builder-workspace/.swiftpm/xcode -experimental-emit-module-separately -disable-cmo
SwiftDriver ProjectNavigator normal arm64_32 com.apple.xcode.tools.swift.compiler (in target 'ProjectNavigator' from project 'ProjectNavigator')
cd /Users/admin/builder/spi-builder-workspace/.swiftpm/xcode
builtin-SwiftDriver -- /Applications/Xcode-27.0.0-Release.Candidate.app/Contents/Developer/Toolchains/XcodeDefault.xctoolchain/usr/bin/swiftc -parse-as-library -module-name ProjectNavigator -Onone @/Users/admin/builder/spi-builder-workspace/.derivedData/Build/Intermediates.noindex/ProjectNavigator.build/Debug-watchos/ProjectNavigator-t.build/Objects-normal/arm64_32/ProjectNavigator.SwiftFileList -DSWIFT_PACKAGE -DDEBUG -DSWIFT_MODULE_RESOURCE_BUNDLE_UNAVAILABLE -DXcode -enable-upcoming-feature InferIsolatedConformances -enable-upcoming-feature NonisolatedNonsendingByDefault -plugin-path /Applications/Xcode-27.0.0-Release.Candidate.app/Contents/Developer/Toolchains/XcodeDefault.xctoolchain/usr/lib/swift/host/plugins/testing -enable-experimental-feature DebugDescriptionMacro -sdk /Applications/Xcode-27.0.0-Release.Candidate.app/Contents/Developer/Platforms/WatchOS.platform/Developer/SDKs/WatchOS27.0.sdk -target arm64_32-apple-watchos10.0 -g -module-cache-path /Users/admin/builder/spi-builder-workspace/.derivedData/ModuleCache.noindex -Xfrontend -serialize-debugging-options -profile-coverage-mapping -profile-generate -enable-testing -index-store-path /Users/admin/builder/spi-builder-workspace/.derivedData/Index.noindex/DataStore -Xcc -D_LIBCPP_HARDENING_MODE\=_LIBCPP_HARDENING_MODE_DEBUG -swift-version 6 -I /Users/admin/builder/spi-builder-workspace/.derivedData/Build/Products/Debug-watchos -Isystem /Applications/Xcode-27.0.0-Release.Candidate.app/Contents/Developer/Platforms/WatchOS.platform/Developer/usr/lib -F /Users/admin/builder/spi-builder-workspace/.derivedData/Build/Products/Debug-watchos/PackageFrameworks -F /Users/admin/builder/spi-builder-workspace/.derivedData/Build/Products/Debug-watchos -F /Applications/Xcode-27.0.0-Release.Candidate.app/Contents/Developer/Platforms/WatchOS.platform/Developer/Library/Frameworks -F /Applications/Xcode-27.0.0-Release.Candidate.app/Contents/Developer/Platforms/WatchOS.platform/Developer/SDKs/WatchOS27.0.sdk/Developer/Library/Frameworks -c -j10 -enable-batch-mode -incremental -Xcc -ivfsstatcache -Xcc /Users/admin/builder/spi-builder-workspace/.derivedData/SDKStatCaches.noindex/watchos27.0-24R360-e829b21a6f8c9b70876ba0858053c04477534ef55a1706bf4c1112bbb242f0a2.sdkstatcache -output-file-map /Users/admin/builder/spi-builder-workspace/.derivedData/Build/Intermediates.noindex/ProjectNavigator.build/Debug-watchos/ProjectNavigator-t.build/Objects-normal/arm64_32/ProjectNavigator-OutputFileMap.json -save-temps -no-color-diagnostics -explicit-module-build -module-cache-path /Users/admin/builder/spi-builder-workspace/.derivedData/Build/Intermediates.noindex/SwiftExplicitPrecompiledModules -clang-scanner-module-cache-path /Users/admin/builder/spi-builder-workspace/.derivedData/ModuleCache.noindex -sdk-module-cache-path /Users/admin/builder/spi-builder-workspace/.derivedData/SDKExplicitPrecompiledModules -emit-dependencies -emit-module -emit-module-path /Users/admin/builder/spi-builder-workspace/.derivedData/Build/Intermediates.noindex/ProjectNavigator.build/Debug-watchos/ProjectNavigator-t.build/Objects-normal/arm64_32/ProjectNavigator.swiftmodule -serialize-diagnostics -dependency-scan-serialize-diagnostics-path /Users/admin/builder/spi-builder-workspace/.derivedData/Build/Intermediates.noindex/ProjectNavigator.build/Debug-watchos/ProjectNavigator-t.build/Objects-normal/arm64_32/ProjectNavigator-dependency-scan.dia -validate-clang-modules-once -clang-build-session-file /Users/admin/builder/spi-builder-workspace/.derivedData/ModuleCache.noindex/Session.modulevalidation -Xcc -fmodules-prune-interval\=86400 -Xcc -fmodules-prune-after\=345600 -package-name spi_builder_workspace -emit-const-values -const-gather-protocols-list /Users/admin/builder/spi-builder-workspace/.derivedData/Build/Intermediates.noindex/ProjectNavigator.build/Debug-watchos/ProjectNavigator-t.build/Objects-normal/arm64_32/ProjectNavigator_const_extract_protocols.json -Xcc -I/Users/admin/builder/spi-builder-workspace/.derivedData/Build/Products/Debug-watchos/include -Xcc -I/Users/admin/builder/spi-builder-workspace/.derivedData/Build/Intermediates.noindex/ProjectNavigator.build/Debug-watchos/ProjectNavigator-t.build/DerivedSources-normal/arm64_32 -Xcc -I/Users/admin/builder/spi-builder-workspace/.derivedData/Build/Intermediates.noindex/ProjectNavigator.build/Debug-watchos/ProjectNavigator-t.build/DerivedSources/arm64_32 -Xcc -I/Users/admin/builder/spi-builder-workspace/.derivedData/Build/Intermediates.noindex/ProjectNavigator.build/Debug-watchos/ProjectNavigator-t.build/DerivedSources -Xcc -DSWIFT_PACKAGE -Xcc -DDEBUG\=1 -emit-objc-header -emit-objc-header-path /Users/admin/builder/spi-builder-workspace/.derivedData/Build/Intermediates.noindex/ProjectNavigator.build/Debug-watchos/ProjectNavigator-t.build/Objects-normal/arm64_32/ProjectNavigator-Swift.h -working-directory /Users/admin/builder/spi-builder-workspace/.swiftpm/xcode -experimental-emit-module-separately -disable-cmo
ExtractAppIntentsMetadata (in target 'Files' from project 'ProjectNavigator')
cd /Users/admin/builder/spi-builder-workspace
/Applications/Xcode-27.0.0-Release.Candidate.app/Contents/Developer/Toolchains/XcodeDefault.xctoolchain/usr/bin/appintentsmetadataprocessor --toolchain-dir /var/run/com.apple.security.cryptexd/mnt/com.apple.MobileAsset.MetalToolchain-v27.1.266.1.W3WxxV/Metal.xctoolchain --module-name Files --sdk-root /Applications/Xcode-27.0.0-Release.Candidate.app/Contents/Developer/Platforms/WatchOS.platform/Developer/SDKs/WatchOS27.0.sdk --xcode-version 27A266a --platform-family watchOS --deployment-target 10.0 --bundle-identifier spi-builder-workspace.Files --output /Users/admin/builder/spi-builder-workspace/.derivedData/Build/Products/Debug-watchos/Files.appintents --target-triple arm64-apple-watchos10.0 --target-triple arm64_32-apple-watchos10.0 --binary-file /Users/admin/builder/spi-builder-workspace/.derivedData/Build/Products/Debug-watchos/Files.o --dependency-file /Users/admin/builder/spi-builder-workspace/.derivedData/Build/Intermediates.noindex/ProjectNavigator.build/Debug-watchos/Files-t.build/Objects-normal/arm64/Files_dependency_info.dat --dependency-file /Users/admin/builder/spi-builder-workspace/.derivedData/Build/Intermediates.noindex/ProjectNavigator.build/Debug-watchos/Files-t.build/Objects-normal/arm64_32/Files_dependency_info.dat --stringsdata-file /Users/admin/builder/spi-builder-workspace/.derivedData/Build/Intermediates.noindex/ProjectNavigator.build/Debug-watchos/Files-t.build/Objects-normal/arm64/ExtractedAppShortcutsMetadata.stringsdata --stringsdata-file /Users/admin/builder/spi-builder-workspace/.derivedData/Build/Intermediates.noindex/ProjectNavigator.build/Debug-watchos/Files-t.build/Objects-normal/arm64_32/ExtractedAppShortcutsMetadata.stringsdata --source-file-list /Users/admin/builder/spi-builder-workspace/.derivedData/Build/Intermediates.noindex/ProjectNavigator.build/Debug-watchos/Files-t.build/Objects-normal/arm64/Files.SwiftFileList --source-file-list /Users/admin/builder/spi-builder-workspace/.derivedData/Build/Intermediates.noindex/ProjectNavigator.build/Debug-watchos/Files-t.build/Objects-normal/arm64_32/Files.SwiftFileList --metadata-file-list /Users/admin/builder/spi-builder-workspace/.derivedData/Build/Intermediates.noindex/ProjectNavigator.build/Debug-watchos/Files-t.build/Files.DependencyMetadataFileList --static-metadata-file-list /Users/admin/builder/spi-builder-workspace/.derivedData/Build/Intermediates.noindex/ProjectNavigator.build/Debug-watchos/Files-t.build/Files.DependencyStaticMetadataFileList --swift-const-vals-list /Users/admin/builder/spi-builder-workspace/.derivedData/Build/Intermediates.noindex/ProjectNavigator.build/Debug-watchos/Files-t.build/Objects-normal/arm64/Files.SwiftConstValuesFileList --swift-const-vals-list /Users/admin/builder/spi-builder-workspace/.derivedData/Build/Intermediates.noindex/ProjectNavigator.build/Debug-watchos/Files-t.build/Objects-normal/arm64_32/Files.SwiftConstValuesFileList --force --compile-time-extraction --deployment-aware-processing --no-app-shortcuts-localization
2026-09-25 04:36:54.474 appintentsmetadataprocessor[1522:9343] Starting appintentsmetadataprocessor export
2026-09-25 04:36:54.536 appintentsmetadataprocessor[1522:9343] Extracted no relevant App Intents symbols, skipping writing output
Ld /Users/admin/builder/spi-builder-workspace/.derivedData/Build/Intermediates.noindex/ProjectNavigator.build/Debug-watchos/_FilesTestSupport-t.build/Objects-normal/arm64_32/Binary/_FilesTestSupport.o normal arm64_32 (in target '_FilesTestSupport' from project 'ProjectNavigator')
cd /Users/admin/builder/spi-builder-workspace
/Applications/Xcode-27.0.0-Release.Candidate.app/Contents/Developer/Toolchains/XcodeDefault.xctoolchain/usr/bin/clang -Xlinker -reproducible -target arm64_32-apple-watchos10.0 -r -isysroot /Applications/Xcode-27.0.0-Release.Candidate.app/Contents/Developer/Platforms/WatchOS.platform/Developer/SDKs/WatchOS27.0.sdk -O0 -Xlinker -no_warn_duplicate_libraries -F/Users/admin/builder/spi-builder-workspace/.derivedData/Build/Intermediates.noindex/EagerLinkingTBDs/Debug-watchos -F/Users/admin/builder/spi-builder-workspace/.derivedData/Build/Products/Debug-watchos/PackageFrameworks -F/Users/admin/builder/spi-builder-workspace/.derivedData/Build/Products/Debug-watchos -iframework /Applications/Xcode-27.0.0-Release.Candidate.app/Contents/Developer/Platforms/WatchOS.platform/Developer/Library/Frameworks -iframework /Applications/Xcode-27.0.0-Release.Candidate.app/Contents/Developer/Platforms/WatchOS.platform/Developer/SDKs/WatchOS27.0.sdk/Developer/Library/Frameworks -filelist /Users/admin/builder/spi-builder-workspace/.derivedData/Build/Intermediates.noindex/ProjectNavigator.build/Debug-watchos/_FilesTestSupport-t.build/Objects-normal/arm64_32/_FilesTestSupport.LinkFileList -nostdlib -Xlinker -object_path_lto -Xlinker /Users/admin/builder/spi-builder-workspace/.derivedData/Build/Intermediates.noindex/ProjectNavigator.build/Debug-watchos/_FilesTestSupport-t.build/Objects-normal/arm64_32/_FilesTestSupport_lto.o -Xlinker -no_deduplicate -Xlinker -debug_variant -Xlinker -dependency_info -Xlinker /Users/admin/builder/spi-builder-workspace/.derivedData/Build/Intermediates.noindex/ProjectNavigator.build/Debug-watchos/_FilesTestSupport-t.build/Objects-normal/arm64_32/_FilesTestSupport_dependency_info.dat -fobjc-link-runtime -L/Applications/Xcode-27.0.0-Release.Candidate.app/Contents/Developer/Toolchains/XcodeDefault.xctoolchain/usr/lib/swift/watchos -L/usr/lib/swift -Xlinker -add_ast_path -Xlinker /Users/admin/builder/spi-builder-workspace/.derivedData/Build/Intermediates.noindex/ProjectNavigator.build/Debug-watchos/_FilesTestSupport-t.build/Objects-normal/arm64_32/_FilesTestSupport.swiftmodule -o /Users/admin/builder/spi-builder-workspace/.derivedData/Build/Intermediates.noindex/ProjectNavigator.build/Debug-watchos/_FilesTestSupport-t.build/Objects-normal/arm64_32/Binary/_FilesTestSupport.o
Ld /Users/admin/builder/spi-builder-workspace/.derivedData/Build/Intermediates.noindex/ProjectNavigator.build/Debug-watchos/_FilesTestSupport-t.build/Objects-normal/arm64/Binary/_FilesTestSupport.o normal arm64 (in target '_FilesTestSupport' from project 'ProjectNavigator')
cd /Users/admin/builder/spi-builder-workspace
/Applications/Xcode-27.0.0-Release.Candidate.app/Contents/Developer/Toolchains/XcodeDefault.xctoolchain/usr/bin/clang -Xlinker -reproducible -target arm64-apple-watchos10.0 -r -isysroot /Applications/Xcode-27.0.0-Release.Candidate.app/Contents/Developer/Platforms/WatchOS.platform/Developer/SDKs/WatchOS27.0.sdk -O0 -Xlinker -no_warn_duplicate_libraries -F/Users/admin/builder/spi-builder-workspace/.derivedData/Build/Intermediates.noindex/EagerLinkingTBDs/Debug-watchos -F/Users/admin/builder/spi-builder-workspace/.derivedData/Build/Products/Debug-watchos/PackageFrameworks -F/Users/admin/builder/spi-builder-workspace/.derivedData/Build/Products/Debug-watchos -iframework /Applications/Xcode-27.0.0-Release.Candidate.app/Contents/Developer/Platforms/WatchOS.platform/Developer/Library/Frameworks -iframework /Applications/Xcode-27.0.0-Release.Candidate.app/Contents/Developer/Platforms/WatchOS.platform/Developer/SDKs/WatchOS27.0.sdk/Developer/Library/Frameworks -filelist /Users/admin/builder/spi-builder-workspace/.derivedData/Build/Intermediates.noindex/ProjectNavigator.build/Debug-watchos/_FilesTestSupport-t.build/Objects-normal/arm64/_FilesTestSupport.LinkFileList -nostdlib -Xlinker -object_path_lto -Xlinker /Users/admin/builder/spi-builder-workspace/.derivedData/Build/Intermediates.noindex/ProjectNavigator.build/Debug-watchos/_FilesTestSupport-t.build/Objects-normal/arm64/_FilesTestSupport_lto.o -Xlinker -no_deduplicate -Xlinker -debug_variant -Xlinker -dependency_info -Xlinker /Users/admin/builder/spi-builder-workspace/.derivedData/Build/Intermediates.noindex/ProjectNavigator.build/Debug-watchos/_FilesTestSupport-t.build/Objects-normal/arm64/_FilesTestSupport_dependency_info.dat -fobjc-link-runtime -L/Applications/Xcode-27.0.0-Release.Candidate.app/Contents/Developer/Toolchains/XcodeDefault.xctoolchain/usr/lib/swift/watchos -L/usr/lib/swift -Xlinker -add_ast_path -Xlinker /Users/admin/builder/spi-builder-workspace/.derivedData/Build/Intermediates.noindex/ProjectNavigator.build/Debug-watchos/_FilesTestSupport-t.build/Objects-normal/arm64/_FilesTestSupport.swiftmodule -o /Users/admin/builder/spi-builder-workspace/.derivedData/Build/Intermediates.noindex/ProjectNavigator.build/Debug-watchos/_FilesTestSupport-t.build/Objects-normal/arm64/Binary/_FilesTestSupport.o
CreateUniversalBinary /Users/admin/builder/spi-builder-workspace/.derivedData/Build/Products/Debug-watchos/_FilesTestSupport.o normal arm64\ arm64_32 (in target '_FilesTestSupport' from project 'ProjectNavigator')
cd /Users/admin/builder/spi-builder-workspace
/Applications/Xcode-27.0.0-Release.Candidate.app/Contents/Developer/Toolchains/XcodeDefault.xctoolchain/usr/bin/lipo -create /Users/admin/builder/spi-builder-workspace/.derivedData/Build/Intermediates.noindex/ProjectNavigator.build/Debug-watchos/_FilesTestSupport-t.build/Objects-normal/arm64/Binary/_FilesTestSupport.o /Users/admin/builder/spi-builder-workspace/.derivedData/Build/Intermediates.noindex/ProjectNavigator.build/Debug-watchos/_FilesTestSupport-t.build/Objects-normal/arm64_32/Binary/_FilesTestSupport.o -output /Users/admin/builder/spi-builder-workspace/.derivedData/Build/Products/Debug-watchos/_FilesTestSupport.o
ExtractAppIntentsMetadata (in target '_FilesTestSupport' from project 'ProjectNavigator')
cd /Users/admin/builder/spi-builder-workspace
/Applications/Xcode-27.0.0-Release.Candidate.app/Contents/Developer/Toolchains/XcodeDefault.xctoolchain/usr/bin/appintentsmetadataprocessor --toolchain-dir /var/run/com.apple.security.cryptexd/mnt/com.apple.MobileAsset.MetalToolchain-v27.1.266.1.W3WxxV/Metal.xctoolchain --module-name _FilesTestSupport --sdk-root /Applications/Xcode-27.0.0-Release.Candidate.app/Contents/Developer/Platforms/WatchOS.platform/Developer/SDKs/WatchOS27.0.sdk --xcode-version 27A266a --platform-family watchOS --deployment-target 10.0 --bundle-identifier spi-builder-workspace.-FilesTestSupport --output /Users/admin/builder/spi-builder-workspace/.derivedData/Build/Products/Debug-watchos/_FilesTestSupport.appintents --target-triple arm64-apple-watchos10.0 --target-triple arm64_32-apple-watchos10.0 --binary-file /Users/admin/builder/spi-builder-workspace/.derivedData/Build/Products/Debug-watchos/_FilesTestSupport.o --dependency-file /Users/admin/builder/spi-builder-workspace/.derivedData/Build/Intermediates.noindex/ProjectNavigator.build/Debug-watchos/_FilesTestSupport-t.build/Objects-normal/arm64/_FilesTestSupport_dependency_info.dat --dependency-file /Users/admin/builder/spi-builder-workspace/.derivedData/Build/Intermediates.noindex/ProjectNavigator.build/Debug-watchos/_FilesTestSupport-t.build/Objects-normal/arm64_32/_FilesTestSupport_dependency_info.dat --stringsdata-file /Users/admin/builder/spi-builder-workspace/.derivedData/Build/Intermediates.noindex/ProjectNavigator.build/Debug-watchos/_FilesTestSupport-t.build/Objects-normal/arm64/ExtractedAppShortcutsMetadata.stringsdata --stringsdata-file /Users/admin/builder/spi-builder-workspace/.derivedData/Build/Intermediates.noindex/ProjectNavigator.build/Debug-watchos/_FilesTestSupport-t.build/Objects-normal/arm64_32/ExtractedAppShortcutsMetadata.stringsdata --source-file-list /Users/admin/builder/spi-builder-workspace/.derivedData/Build/Intermediates.noindex/ProjectNavigator.build/Debug-watchos/_FilesTestSupport-t.build/Objects-normal/arm64/_FilesTestSupport.SwiftFileList --source-file-list /Users/admin/builder/spi-builder-workspace/.derivedData/Build/Intermediates.noindex/ProjectNavigator.build/Debug-watchos/_FilesTestSupport-t.build/Objects-normal/arm64_32/_FilesTestSupport.SwiftFileList --metadata-file-list /Users/admin/builder/spi-builder-workspace/.derivedData/Build/Intermediates.noindex/ProjectNavigator.build/Debug-watchos/_FilesTestSupport-t.build/_FilesTestSupport.DependencyMetadataFileList --static-metadata-file-list /Users/admin/builder/spi-builder-workspace/.derivedData/Build/Intermediates.noindex/ProjectNavigator.build/Debug-watchos/_FilesTestSupport-t.build/_FilesTestSupport.DependencyStaticMetadataFileList --swift-const-vals-list /Users/admin/builder/spi-builder-workspace/.derivedData/Build/Intermediates.noindex/ProjectNavigator.build/Debug-watchos/_FilesTestSupport-t.build/Objects-normal/arm64/_FilesTestSupport.SwiftConstValuesFileList --swift-const-vals-list /Users/admin/builder/spi-builder-workspace/.derivedData/Build/Intermediates.noindex/ProjectNavigator.build/Debug-watchos/_FilesTestSupport-t.build/Objects-normal/arm64_32/_FilesTestSupport.SwiftConstValuesFileList --force --compile-time-extraction --deployment-aware-processing --no-app-shortcuts-localization
2026-09-25 04:36:54.617 appintentsmetadataprocessor[1528:9388] Starting appintentsmetadataprocessor export
2026-09-25 04:36:54.743 appintentsmetadataprocessor[1528:9388] Extracted no relevant App Intents symbols, skipping writing output
SwiftEmitModule normal arm64 Emitting\ module\ for\ ProjectNavigator (in target 'ProjectNavigator' from project 'ProjectNavigator')
SwiftCompile normal arm64 (in target 'ProjectNavigator' from project 'ProjectNavigator')
cd /Users/admin/builder/spi-builder-workspace/.swiftpm/xcode
/Users/admin/builder/spi-builder-workspace/Sources/ProjectNavigator/FileNavigator.swift:622:39: warning: 'contextMenu(menuItems:)' was deprecated in watchOS 7.0 [#DeprecatedDeclaration]
620 | }
621 | }
622 | .contextMenu {
| `- warning: 'contextMenu(menuItems:)' was deprecated in watchOS 7.0 [#DeprecatedDeclaration]
623 | Button {
624 | editedText = cursor.name
/Users/admin/builder/spi-builder-workspace/Sources/ProjectNavigator/FileNavigator.swift:638:41: warning: 'contextMenu(menuItems:)' was deprecated in watchOS 7.0 [#DeprecatedDeclaration]
636 | }
637 | }
638 | .contextMenu {
| `- warning: 'contextMenu(menuItems:)' was deprecated in watchOS 7.0 [#DeprecatedDeclaration]
639 | Button {
640 | editedText = cursor.name
[#DeprecatedDeclaration]: <https://docs.swift.org/compiler/documentation/diagnostics/deprecated-declaration>
SwiftEmitModule normal arm64_32 Emitting\ module\ for\ ProjectNavigator (in target 'ProjectNavigator' from project 'ProjectNavigator')
/Users/admin/builder/spi-builder-workspace/Sources/ProjectNavigator/FileNavigator.swift:622:39: warning: 'contextMenu(menuItems:)' was deprecated in watchOS 7.0 [#DeprecatedDeclaration]
620 | }
621 | }
622 | .contextMenu {
| `- warning: 'contextMenu(menuItems:)' was deprecated in watchOS 7.0 [#DeprecatedDeclaration]
623 | Button {
624 | editedText = cursor.name
/Users/admin/builder/spi-builder-workspace/Sources/ProjectNavigator/FileNavigator.swift:638:41: warning: 'contextMenu(menuItems:)' was deprecated in watchOS 7.0 [#DeprecatedDeclaration]
636 | }
637 | }
638 | .contextMenu {
| `- warning: 'contextMenu(menuItems:)' was deprecated in watchOS 7.0 [#DeprecatedDeclaration]
639 | Button {
640 | editedText = cursor.name
[#DeprecatedDeclaration]: <https://docs.swift.org/compiler/documentation/diagnostics/deprecated-declaration>
SwiftCompile normal arm64_32 (in target 'ProjectNavigator' from project 'ProjectNavigator')
cd /Users/admin/builder/spi-builder-workspace/.swiftpm/xcode
SwiftCompile normal arm64 Compiling\ FileNavigator.swift /Users/admin/builder/spi-builder-workspace/Sources/ProjectNavigator/FileNavigator.swift (in target 'ProjectNavigator' from project 'ProjectNavigator')
/Users/admin/builder/spi-builder-workspace/Sources/ProjectNavigator/FileNavigator.swift:622:39: warning: 'contextMenu(menuItems:)' was deprecated in watchOS 7.0 [#DeprecatedDeclaration]
620 | }
621 | }
622 | .contextMenu {
| `- warning: 'contextMenu(menuItems:)' was deprecated in watchOS 7.0 [#DeprecatedDeclaration]
623 | Button {
624 | editedText = cursor.name
/Users/admin/builder/spi-builder-workspace/Sources/ProjectNavigator/FileNavigator.swift:638:41: warning: 'contextMenu(menuItems:)' was deprecated in watchOS 7.0 [#DeprecatedDeclaration]
636 | }
637 | }
638 | .contextMenu {
| `- warning: 'contextMenu(menuItems:)' was deprecated in watchOS 7.0 [#DeprecatedDeclaration]
639 | Button {
640 | editedText = cursor.name
/Users/admin/builder/spi-builder-workspace/Sources/ProjectNavigator/FileNavigator.swift:492:7: error: 'DisclosureGroup' is unavailable in watchOS
490 | if let name {
491 |
492 | DisclosureGroup(isExpanded: $viewState.expansions[folder.id]) {
| `- error: 'DisclosureGroup' is unavailable in watchOS
493 |
494 | ForEach(folder.children.elements.filter{ navigatorFilter($0.key) }, id: \.value.id) { keyValue in
SwiftUI.DisclosureGroup:4:27: note: 'DisclosureGroup' has been explicitly marked unavailable here
2 | @available(tvOS, unavailable)
3 | @available(watchOS, unavailable)
4 | nonisolated public struct DisclosureGroup<Label, Content> : View, ~Sendable where Label : View, Content : View {
| `- note: 'DisclosureGroup' has been explicitly marked unavailable here
5 | nonisolated public init(@ContentBuilder content: @escaping () -> Content, @ContentBuilder label: () -> Label)
6 | nonisolated public init(isExpanded: Binding<Bool>, @ContentBuilder content: @escaping () -> Content, @ContentBuilder label: () -> Label)
macro expansion #Preview:45:55: warning: 'contextMenu(menuItems:)' was deprecated in watchOS 7.0 [#DeprecatedDeclaration]
`- /Users/admin/builder/spi-builder-workspace/Sources/ProjectNavigator/FileNavigator.swift:664:2: note: expanded code originates here
592 | }
593 |
594 | #Preview("EditLabel") {
| `- note: in expansion of macro 'Preview' here
595 |
596 | @Previewable @State var fileTree
:
662 | }
663 | }
664 | }
+--- macro expansion #Preview --------------------------------------
|43 | }
|44 | }
|45 | .contextMenu {
| | `- warning: 'contextMenu(menuItems:)' was deprecated in watchOS 7.0 [#DeprecatedDeclaration]
|46 | Button {
|47 | editedText = cursor.name
+-------------------------------------------------------------------
665 |
666 | #Preview("SingleFile") {
macro expansion #Preview:61:57: warning: 'contextMenu(menuItems:)' was deprecated in watchOS 7.0 [#DeprecatedDeclaration]
`- /Users/admin/builder/spi-builder-workspace/Sources/ProjectNavigator/FileNavigator.swift:664:2: note: expanded code originates here
592 | }
593 |
594 | #Preview("EditLabel") {
| `- note: in expansion of macro 'Preview' here
595 |
596 | @Previewable @State var fileTree
:
662 | }
663 | }
664 | }
+--- macro expansion #Preview --------------------------------------
|59 | }
|60 | }
|61 | .contextMenu {
| | `- warning: 'contextMenu(menuItems:)' was deprecated in watchOS 7.0 [#DeprecatedDeclaration]
|62 | Button {
|63 | editedText = cursor.name
+-------------------------------------------------------------------
665 |
666 | #Preview("SingleFile") {
[#DeprecatedDeclaration]: <https://docs.swift.org/compiler/documentation/diagnostics/deprecated-declaration>
Failed frontend command:
SwiftCompile normal arm64 /Users/admin/builder/spi-builder-workspace/Sources/ProjectNavigator/FileNavigator.swift (in target 'ProjectNavigator' from project 'ProjectNavigator')
cd /Users/admin/builder/spi-builder-workspace/.swiftpm/xcode
builtin-SwiftPerFileCompile FileNavigator.swift
/Applications/Xcode-27.0.0-Release.Candidate.app/Contents/Developer/Toolchains/XcodeDefault.xctoolchain/usr/bin/swift-frontend -frontend -c /Users/admin/builder/spi-builder-workspace/Sources/ProjectNavigator/EditableLabel.swift -primary-file /Users/admin/builder/spi-builder-workspace/Sources/ProjectNavigator/FileNavigator.swift /Users/admin/builder/spi-builder-workspace/Sources/ProjectNavigator/SwitchFileOrFolder.swift /Users/admin/builder/spi-builder-workspace/Sources/ProjectNavigator/WrappedUUIDSet.swift -emit-dependencies-path /Users/admin/builder/spi-builder-workspace/.derivedData/Build/Intermediates.noindex/ProjectNavigator.build/Debug-watchos/ProjectNavigator-t.build/Objects-normal/arm64/FileNavigator.d -emit-const-values-path /Users/admin/builder/spi-builder-workspace/.derivedData/Build/Intermediates.noindex/ProjectNavigator.build/Debug-watchos/ProjectNavigator-t.build/Objects-normal/arm64/FileNavigator.swiftconstvalues -emit-reference-dependencies-path /Users/admin/builder/spi-builder-workspace/.derivedData/Build/Intermediates.noindex/ProjectNavigator.build/Debug-watchos/ProjectNavigator-t.build/Objects-normal/arm64/FileNavigator.swiftdeps -serialize-diagnostics-path /Users/admin/builder/spi-builder-workspace/.derivedData/Build/Intermediates.noindex/ProjectNavigator.build/Debug-watchos/ProjectNavigator-t.build/Objects-normal/arm64/FileNavigator.dia -target arm64-apple-watchos10.0 -disable-cross-import-overlay-search -load-resolved-plugin /Applications/Xcode-27.0.0-Release.Candidate.app/Contents/Developer/Platforms/WatchOS.platform/Developer/usr/lib/swift/host/plugins/libFoundationMacros.dylib\#/Applications/Xcode-27.0.0-Release.Candidate.app/Contents/Developer/Platforms/WatchOS.platform/Developer/usr/bin/swift-plugin-server\#FoundationMacros -load-resolved-plugin /Applications/Xcode-27.0.0-Release.Candidate.app/Contents/Developer/Platforms/WatchOS.platform/Developer/usr/lib/swift/host/plugins/libObservationMacros.dylib\#/Applications/Xcode-27.0.0-Release.Candidate.app/Contents/Developer/Platforms/WatchOS.platform/Developer/usr/bin/swift-plugin-server\#ObservationMacros -load-resolved-plugin /Applications/Xcode-27.0.0-Release.Candidate.app/Contents/Developer/Platforms/WatchOS.platform/Developer/usr/lib/swift/host/plugins/libPreviewsMacros.dylib\#/Applications/Xcode-27.0.0-Release.Candidate.app/Contents/Developer/Platforms/WatchOS.platform/Developer/usr/bin/swift-plugin-server\#PreviewsMacros -load-resolved-plugin /Applications/Xcode-27.0.0-Release.Candidate.app/Contents/Developer/Platforms/WatchOS.platform/Developer/usr/lib/swift/host/plugins/libSwiftMacros.dylib\#/Applications/Xcode-27.0.0-Release.Candidate.app/Contents/Developer/Platforms/WatchOS.platform/Developer/usr/bin/swift-plugin-server\#SwiftMacros -load-resolved-plugin /Applications/Xcode-27.0.0-Release.Candidate.app/Contents/Developer/Platforms/WatchOS.platform/Developer/usr/lib/swift/host/plugins/libSwiftUIMacros.dylib\#/Applications/Xcode-27.0.0-Release.Candidate.app/Contents/Developer/Platforms/WatchOS.platform/Developer/usr/bin/swift-plugin-server\#SwiftUIMacros -disable-implicit-swift-modules -Xcc -fno-implicit-modules -Xcc -fno-implicit-module-maps -explicit-swift-module-map-file /Users/admin/builder/spi-builder-workspace/.derivedData/Build/Intermediates.noindex/ProjectNavigator.build/Debug-watchos/ProjectNavigator-t.build/Objects-normal/arm64/ProjectNavigator-dependencies-1.json -Xllvm -aarch64-use-tbi -enable-objc-interop -stack-check -sdk /Applications/Xcode-27.0.0-Release.Candidate.app/Contents/Developer/Platforms/WatchOS.platform/Developer/SDKs/WatchOS27.0.sdk -I /Users/admin/builder/spi-builder-workspace/.derivedData/Build/Products/Debug-watchos -Isystem /Applications/Xcode-27.0.0-Release.Candidate.app/Contents/Developer/Platforms/WatchOS.platform/Developer/usr/lib -F /Users/admin/builder/spi-builder-workspace/.derivedData/Build/Products/Debug-watchos/PackageFrameworks -F /Users/admin/builder/spi-builder-workspace/.derivedData/Build/Products/Debug-watchos -F /Applications/Xcode-27.0.0-Release.Candidate.app/Contents/Developer/Platforms/WatchOS.platform/Developer/Library/Frameworks -F /Applications/Xcode-27.0.0-Release.Candidate.app/Contents/Developer/Platforms/WatchOS.platform/Developer/SDKs/WatchOS27.0.sdk/Developer/Library/Frameworks -module-cache-path /Users/admin/builder/spi-builder-workspace/.derivedData/Build/Intermediates.noindex/SwiftExplicitPrecompiledModules -no-color-diagnostics -Xcc -fno-color-diagnostics -enable-testing -g -debug-info-format\=dwarf -dwarf-version\=4 -profile-generate -profile-coverage-mapping -swift-version 6 -Onone -D SWIFT_PACKAGE -D DEBUG -D SWIFT_MODULE_RESOURCE_BUNDLE_UNAVAILABLE -D Xcode -serialize-debugging-options -enable-upcoming-feature InferIsolatedConformances -enable-upcoming-feature NonisolatedNonsendingByDefault -enable-experimental-feature DebugDescriptionMacro -empty-abi-descriptor -validate-clang-modules-once -clang-build-session-file /Users/admin/builder/spi-builder-workspace/.derivedData/ModuleCache.noindex/Session.modulevalidation -Xcc -working-directory -Xcc /Users/admin/builder/spi-builder-workspace/.swiftpm/xcode -enable-anonymous-context-mangled-names -file-compilation-dir /Users/admin/builder/spi-builder-workspace/.swiftpm/xcode -Xcc -D_LIBCPP_HARDENING_MODE\=_LIBCPP_HARDENING_MODE_DEBUG -Xcc -ivfsstatcache -Xcc /Users/admin/builder/spi-builder-workspace/.derivedData/SDKStatCaches.noindex/watchos27.0-24R360-e829b21a6f8c9b70876ba0858053c04477534ef55a1706bf4c1112bbb242f0a2.sdkstatcache -Xcc -fmodules-prune-interval\=86400 -Xcc -fmodules-prune-after\=345600 -Xcc -I/Users/admin/builder/spi-builder-workspace/.derivedData/Build/Products/Debug-watchos/include -Xcc -I/Users/admin/builder/spi-builder-workspace/.derivedData/Build/Intermediates.noindex/ProjectNavigator.build/Debug-watchos/ProjectNavigator-t.build/DerivedSources-normal/arm64 -Xcc -I/Users/admin/builder/spi-builder-workspace/.derivedData/Build/Intermediates.noindex/ProjectNavigator.build/Debug-watchos/ProjectNavigator-t.build/DerivedSources/arm64 -Xcc -I/Users/admin/builder/spi-builder-workspace/.derivedData/Build/Intermediates.noindex/ProjectNavigator.build/Debug-watchos/ProjectNavigator-t.build/DerivedSources -Xcc -DSWIFT_PACKAGE -Xcc -DDEBUG\=1 -no-auto-bridging-header-chaining -module-name ProjectNavigator -package-name spi_builder_workspace -const-gather-protocols-file /Users/admin/builder/spi-builder-workspace/.derivedData/Build/Intermediates.noindex/ProjectNavigator.build/Debug-watchos/ProjectNavigator-t.build/Objects-normal/arm64/ProjectNavigator_const_extract_protocols.json -disable-clang-spi -clang-target arm64-apple-watchos27.0 -target-sdk-version 27.0 -target-sdk-name watchos27.0 -in-process-plugin-server-path /Applications/Xcode-27.0.0-Release.Candidate.app/Contents/Developer/Toolchains/XcodeDefault.xctoolchain/usr/lib/swift/host/libSwiftInProcPluginServer.dylib -parse-as-library -o /Users/admin/builder/spi-builder-workspace/.derivedData/Build/Intermediates.noindex/ProjectNavigator.build/Debug-watchos/ProjectNavigator-t.build/Objects-normal/arm64/FileNavigator.o -debug-module-path /Users/admin/builder/spi-builder-workspace/.derivedData/Build/Intermediates.noindex/ProjectNavigator.build/Debug-watchos/ProjectNavigator-t.build/Objects-normal/arm64/ProjectNavigator.swiftmodule -index-unit-output-path /ProjectNavigator.build/Debug-watchos/ProjectNavigator-t.build/Objects-normal/arm64/FileNavigator.o -index-store-path /Users/admin/builder/spi-builder-workspace/.derivedData/Index.noindex/DataStore -index-system-modules
SwiftCompile normal arm64_32 Compiling\ EditableLabel.swift /Users/admin/builder/spi-builder-workspace/Sources/ProjectNavigator/EditableLabel.swift (in target 'ProjectNavigator' from project 'ProjectNavigator')
SwiftCompile normal arm64_32 /Users/admin/builder/spi-builder-workspace/Sources/ProjectNavigator/EditableLabel.swift (in target 'ProjectNavigator' from project 'ProjectNavigator')
cd /Users/admin/builder/spi-builder-workspace/.swiftpm/xcode
builtin-SwiftPerFileCompile EditableLabel.swift
SwiftCompile normal arm64_32 Compiling\ FileNavigator.swift /Users/admin/builder/spi-builder-workspace/Sources/ProjectNavigator/FileNavigator.swift (in target 'ProjectNavigator' from project 'ProjectNavigator')
/Users/admin/builder/spi-builder-workspace/Sources/ProjectNavigator/FileNavigator.swift:622:39: warning: 'contextMenu(menuItems:)' was deprecated in watchOS 7.0 [#DeprecatedDeclaration]
620 | }
621 | }
622 | .contextMenu {
| `- warning: 'contextMenu(menuItems:)' was deprecated in watchOS 7.0 [#DeprecatedDeclaration]
623 | Button {
624 | editedText = cursor.name
/Users/admin/builder/spi-builder-workspace/Sources/ProjectNavigator/FileNavigator.swift:638:41: warning: 'contextMenu(menuItems:)' was deprecated in watchOS 7.0 [#DeprecatedDeclaration]
636 | }
637 | }
638 | .contextMenu {
| `- warning: 'contextMenu(menuItems:)' was deprecated in watchOS 7.0 [#DeprecatedDeclaration]
639 | Button {
640 | editedText = cursor.name
/Users/admin/builder/spi-builder-workspace/Sources/ProjectNavigator/FileNavigator.swift:492:7: error: 'DisclosureGroup' is unavailable in watchOS
490 | if let name {
491 |
492 | DisclosureGroup(isExpanded: $viewState.expansions[folder.id]) {
| `- error: 'DisclosureGroup' is unavailable in watchOS
493 |
494 | ForEach(folder.children.elements.filter{ navigatorFilter($0.key) }, id: \.value.id) { keyValue in
SwiftUI.DisclosureGroup:4:27: note: 'DisclosureGroup' has been explicitly marked unavailable here
2 | @available(tvOS, unavailable)
3 | @available(watchOS, unavailable)
4 | nonisolated public struct DisclosureGroup<Label, Content> : View, ~Sendable where Label : View, Content : View {
| `- note: 'DisclosureGroup' has been explicitly marked unavailable here
5 | nonisolated public init(@ContentBuilder content: @escaping () -> Content, @ContentBuilder label: () -> Label)
6 | nonisolated public init(isExpanded: Binding<Bool>, @ContentBuilder content: @escaping () -> Content, @ContentBuilder label: () -> Label)
macro expansion #Preview:45:55: warning: 'contextMenu(menuItems:)' was deprecated in watchOS 7.0 [#DeprecatedDeclaration]
`- /Users/admin/builder/spi-builder-workspace/Sources/ProjectNavigator/FileNavigator.swift:664:2: note: expanded code originates here
592 | }
593 |
594 | #Preview("EditLabel") {
| `- note: in expansion of macro 'Preview' here
595 |
596 | @Previewable @State var fileTree
:
662 | }
663 | }
664 | }
+--- macro expansion #Preview --------------------------------------
|43 | }
|44 | }
|45 | .contextMenu {
| | `- warning: 'contextMenu(menuItems:)' was deprecated in watchOS 7.0 [#DeprecatedDeclaration]
|46 | Button {
|47 | editedText = cursor.name
+-------------------------------------------------------------------
665 |
666 | #Preview("SingleFile") {
macro expansion #Preview:61:57: warning: 'contextMenu(menuItems:)' was deprecated in watchOS 7.0 [#DeprecatedDeclaration]
`- /Users/admin/builder/spi-builder-workspace/Sources/ProjectNavigator/FileNavigator.swift:664:2: note: expanded code originates here
592 | }
593 |
594 | #Preview("EditLabel") {
| `- note: in expansion of macro 'Preview' here
595 |
596 | @Previewable @State var fileTree
:
662 | }
663 | }
664 | }
+--- macro expansion #Preview --------------------------------------
|59 | }
|60 | }
|61 | .contextMenu {
| | `- warning: 'contextMenu(menuItems:)' was deprecated in watchOS 7.0 [#DeprecatedDeclaration]
|62 | Button {
|63 | editedText = cursor.name
+-------------------------------------------------------------------
665 |
666 | #Preview("SingleFile") {
[#DeprecatedDeclaration]: <https://docs.swift.org/compiler/documentation/diagnostics/deprecated-declaration>
Failed frontend command:
/Applications/Xcode-27.0.0-Release.Candidate.app/Contents/Developer/Toolchains/XcodeDefault.xctoolchain/usr/bin/swift-frontend -frontend -c /Users/admin/builder/spi-builder-workspace/Sources/ProjectNavigator/EditableLabel.swift -primary-file /Users/admin/builder/spi-builder-workspace/Sources/ProjectNavigator/FileNavigator.swift /Users/admin/builder/spi-builder-workspace/Sources/ProjectNavigator/SwitchFileOrFolder.swift /Users/admin/builder/spi-builder-workspace/Sources/ProjectNavigator/WrappedUUIDSet.swift -emit-dependencies-path /Users/admin/builder/spi-builder-workspace/.derivedData/Build/Intermediates.noindex/ProjectNavigator.build/Debug-watchos/ProjectNavigator-t.build/Objects-normal/arm64_32/FileNavigator.d -emit-const-values-path /Users/admin/builder/spi-builder-workspace/.derivedData/Build/Intermediates.noindex/ProjectNavigator.build/Debug-watchos/ProjectNavigator-t.build/Objects-normal/arm64_32/FileNavigator.swiftconstvalues -emit-reference-dependencies-path /Users/admin/builder/spi-builder-workspace/.derivedData/Build/Intermediates.noindex/ProjectNavigator.build/Debug-watchos/ProjectNavigator-t.build/Objects-normal/arm64_32/FileNavigator.swiftdeps -serialize-diagnostics-path /Users/admin/builder/spi-builder-workspace/.derivedData/Build/Intermediates.noindex/ProjectNavigator.build/Debug-watchos/ProjectNavigator-t.build/Objects-normal/arm64_32/FileNavigator.dia -target arm64_32-apple-watchos10.0 -disable-cross-import-overlay-search -load-resolved-plugin /Applications/Xcode-27.0.0-Release.Candidate.app/Contents/Developer/Platforms/WatchOS.platform/Developer/usr/lib/swift/host/plugins/libFoundationMacros.dylib\#/Applications/Xcode-27.0.0-Release.Candidate.app/Contents/Developer/Platforms/WatchOS.platform/Developer/usr/bin/swift-plugin-server\#FoundationMacros -load-resolved-plugin /Applications/Xcode-27.0.0-Release.Candidate.app/Contents/Developer/Platforms/WatchOS.platform/Developer/usr/lib/swift/host/plugins/libObservationMacros.dylib\#/Applications/Xcode-27.0.0-Release.Candidate.app/Contents/Developer/Platforms/WatchOS.platform/Developer/usr/bin/swift-plugin-server\#ObservationMacros -load-resolved-plugin /Applications/Xcode-27.0.0-Release.Candidate.app/Contents/Developer/Platforms/WatchOS.platform/Developer/usr/lib/swift/host/plugins/libPreviewsMacros.dylib\#/Applications/Xcode-27.0.0-Release.Candidate.app/Contents/Developer/Platforms/WatchOS.platform/Developer/usr/bin/swift-plugin-server\#PreviewsMacros -load-resolved-plugin /Applications/Xcode-27.0.0-Release.Candidate.app/Contents/Developer/Platforms/WatchOS.platform/Developer/usr/lib/swift/host/plugins/libSwiftMacros.dylib\#/Applications/Xcode-27.0.0-Release.Candidate.app/Contents/Developer/Platforms/WatchOS.platform/Developer/usr/bin/swift-plugin-server\#SwiftMacros -load-resolved-plugin /Applications/Xcode-27.0.0-Release.Candidate.app/Contents/Developer/Platforms/WatchOS.platform/Developer/usr/lib/swift/host/plugins/libSwiftUIMacros.dylib\#/Applications/Xcode-27.0.0-Release.Candidate.app/Contents/Developer/Platforms/WatchOS.platform/Developer/usr/bin/swift-plugin-server\#SwiftUIMacros -disable-implicit-swift-modules -Xcc -fno-implicit-modules -Xcc -fno-implicit-module-maps -explicit-swift-module-map-file /Users/admin/builder/spi-builder-workspace/.derivedData/Build/Intermediates.noindex/ProjectNavigator.build/Debug-watchos/ProjectNavigator-t.build/Objects-normal/arm64_32/ProjectNavigator-dependencies-2.json -enable-objc-interop -sdk /Applications/Xcode-27.0.0-Release.Candidate.app/Contents/Developer/Platforms/WatchOS.platform/Developer/SDKs/WatchOS27.0.sdk -I /Users/admin/builder/spi-builder-workspace/.derivedData/Build/Products/Debug-watchos -Isystem /Applications/Xcode-27.0.0-Release.Candidate.app/Contents/Developer/Platforms/WatchOS.platform/Developer/usr/lib -F /Users/admin/builder/spi-builder-workspace/.derivedData/Build/Products/Debug-watchos/PackageFrameworks -F /Users/admin/builder/spi-builder-workspace/.derivedData/Build/Products/Debug-watchos -F /Applications/Xcode-27.0.0-Release.Candidate.app/Contents/Developer/Platforms/WatchOS.platform/Developer/Library/Frameworks -F /Applications/Xcode-27.0.0-Release.Candidate.app/Contents/Developer/Platforms/WatchOS.platform/Developer/SDKs/WatchOS27.0.sdk/Developer/Library/Frameworks -module-cache-path /Users/admin/builder/spi-builder-workspace/.derivedData/Build/Intermediates.noindex/SwiftExplicitPrecompiledModules -no-color-diagnostics -Xcc -fno-color-diagnostics -enable-testing -g -debug-info-format\=dwarf -dwarf-version\=4 -profile-generate -profile-coverage-mapping -swift-version 6 -Onone -D SWIFT_PACKAGE -D DEBUG -D SWIFT_MODULE_RESOURCE_BUNDLE_UNAVAILABLE -D Xcode -serialize-debugging-options -enable-upcoming-feature InferIsolatedConformances -enable-upcoming-feature NonisolatedNonsendingByDefault -enable-experimental-feature DebugDescriptionMacro -empty-abi-descriptor -validate-clang-modules-once -clang-build-session-file /Users/admin/builder/spi-builder-workspace/.derivedData/ModuleCache.noindex/Session.modulevalidation -Xcc -working-directory -Xcc /Users/admin/builder/spi-builder-workspace/.swiftpm/xcode -enable-anonymous-context-mangled-names -file-compilation-dir /Users/admin/builder/spi-builder-workspace/.swiftpm/xcode -Xcc -D_LIBCPP_HARDENING_MODE\=_LIBCPP_HARDENING_MODE_DEBUG -Xcc -ivfsstatcache -Xcc /Users/admin/builder/spi-builder-workspace/.derivedData/SDKStatCaches.noindex/watchos27.0-24R360-e829b21a6f8c9b70876ba0858053c04477534ef55a1706bf4c1112bbb242f0a2.sdkstatcache -Xcc -fmodules-prune-interval\=86400 -Xcc -fmodules-prune-after\=345600 -Xcc -I/Users/admin/builder/spi-builder-workspace/.derivedData/Build/Products/Debug-watchos/include -Xcc -I/Users/admin/builder/spi-builder-workspace/.derivedData/Build/Intermediates.noindex/ProjectNavigator.build/Debug-watchos/ProjectNavigator-t.build/DerivedSources-normal/arm64_32 -Xcc -I/Users/admin/builder/spi-builder-workspace/.derivedData/Build/Intermediates.noindex/ProjectNavigator.build/Debug-watchos/ProjectNavigator-t.build/DerivedSources/arm64_32 -Xcc -I/Users/admin/builder/spi-builder-workspace/.derivedData/Build/Intermediates.noindex/ProjectNavigator.build/Debug-watchos/ProjectNavigator-t.build/DerivedSources -Xcc -DSWIFT_PACKAGE -Xcc -DDEBUG\=1 -no-auto-bridging-header-chaining -module-name ProjectNavigator -package-name spi_builder_workspace -const-gather-protocols-file /Users/admin/builder/spi-builder-workspace/.derivedData/Build/Intermediates.noindex/ProjectNavigator.build/Debug-watchos/ProjectNavigator-t.build/Objects-normal/arm64_32/ProjectNavigator_const_extract_protocols.json -disable-clang-spi -clang-target arm64_32-apple-watchos27.0 -target-sdk-version 27.0 -target-sdk-name watchos27.0 -in-process-plugin-server-path /Applications/Xcode-27.0.0-Release.Candidate.app/Contents/Developer/Toolchains/XcodeDefault.xctoolchain/usr/lib/swift/host/libSwiftInProcPluginServer.dylib -parse-as-library -o /Users/admin/builder/spi-builder-workspace/.derivedData/Build/Intermediates.noindex/ProjectNavigator.build/Debug-watchos/ProjectNavigator-t.build/Objects-normal/arm64_32/FileNavigator.o -debug-module-path /Users/admin/builder/spi-builder-workspace/.derivedData/Build/Intermediates.noindex/ProjectNavigator.build/Debug-watchos/ProjectNavigator-t.build/Objects-normal/arm64_32/ProjectNavigator.swiftmodule -index-unit-output-path /ProjectNavigator.build/Debug-watchos/ProjectNavigator-t.build/Objects-normal/arm64_32/FileNavigator.o -index-store-path /Users/admin/builder/spi-builder-workspace/.derivedData/Index.noindex/DataStore -index-system-modules
SwiftCompile normal arm64_32 /Users/admin/builder/spi-builder-workspace/Sources/ProjectNavigator/FileNavigator.swift (in target 'ProjectNavigator' from project 'ProjectNavigator')
cd /Users/admin/builder/spi-builder-workspace/.swiftpm/xcode
builtin-SwiftPerFileCompile FileNavigator.swift
SwiftDriverJobDiscovery normal arm64_32 Compiling EditableLabel.swift (in target 'ProjectNavigator' from project 'ProjectNavigator')
SwiftCompile normal arm64_32 Compiling\ SwitchFileOrFolder.swift /Users/admin/builder/spi-builder-workspace/Sources/ProjectNavigator/SwitchFileOrFolder.swift (in target 'ProjectNavigator' from project 'ProjectNavigator')
SwiftCompile normal arm64_32 /Users/admin/builder/spi-builder-workspace/Sources/ProjectNavigator/SwitchFileOrFolder.swift (in target 'ProjectNavigator' from project 'ProjectNavigator')
cd /Users/admin/builder/spi-builder-workspace/.swiftpm/xcode
builtin-SwiftPerFileCompile SwitchFileOrFolder.swift
PruneExplicitPrecompiledModules /Users/admin/builder/spi-builder-workspace/.derivedData/Build/Intermediates.noindex/ExplicitPrecompiledModules
PruneExplicitPrecompiledModules /Users/admin/builder/spi-builder-workspace/.derivedData/SDKExplicitPrecompiledModules
PruneExplicitPrecompiledModules /Users/admin/builder/spi-builder-workspace/.derivedData/Build/Intermediates.noindex/SwiftExplicitPrecompiledModules
2026-09-25 04:36:53.417 xcodebuild[1468:8982] [MT] IDERunDestination: Supported platforms for the buildables in the current scheme is empty.
** BUILD FAILED **
The following build commands failed:
SwiftCompile normal arm64 /Users/admin/builder/spi-builder-workspace/Sources/ProjectNavigator/FileNavigator.swift (in target 'ProjectNavigator' from project 'ProjectNavigator')
SwiftCompile normal arm64 Compiling\ FileNavigator.swift /Users/admin/builder/spi-builder-workspace/Sources/ProjectNavigator/FileNavigator.swift (in target 'ProjectNavigator' from project 'ProjectNavigator')
SwiftCompile normal arm64_32 Compiling\ FileNavigator.swift /Users/admin/builder/spi-builder-workspace/Sources/ProjectNavigator/FileNavigator.swift (in target 'ProjectNavigator' from project 'ProjectNavigator')
SwiftCompile normal arm64_32 /Users/admin/builder/spi-builder-workspace/Sources/ProjectNavigator/FileNavigator.swift (in target 'ProjectNavigator' from project 'ProjectNavigator')
Building workspace ProjectNavigator with scheme ProjectNavigator-Package
(5 failures)
BUILD FAILURE 6.4 watchOS