The Swift Package Index logo.Swift Package Index

Build Information

Failed to build KVKCalendar, reference 0.6.30 (330086), with Swift 6.4 for macOS (SPM) on 23 Sep 2026 07:50:59 UTC.

Build Command

env DEVELOPER_DIR=/Applications/Xcode-27.0.0-Release.Candidate.app xcrun swift build --arch arm64

Build Log

========================================
RunAll
========================================
Builder version: 5.1.0
Interrupt handler set up.
========================================
Checkout
========================================
Clone URL: https://github.com/kvyatkovskys/KVKCalendar.git
Reference: 0.6.30
Initialized empty Git repository in /Users/admin/builder/spi-builder-workspace/.git/
From https://github.com/kvyatkovskys/KVKCalendar
 * tag               0.6.30     -> FETCH_HEAD
HEAD is now at 330086b Updates version to 0.6.30
Cloned https://github.com/kvyatkovskys/KVKCalendar.git
Revision (git rev-parse @):
330086ba06c747c8ad15d332ef1094e91398af10
SUCCESS checkout https://github.com/kvyatkovskys/KVKCalendar.git at 0.6.30
========================================
Build
========================================
Selected platform:         macosSpm
Swift version:             6.4
Building package at path:  $PWD
https://github.com/kvyatkovskys/KVKCalendar.git
Running build ...
env DEVELOPER_DIR=/Applications/Xcode-27.0.0-Release.Candidate.app xcrun swift build --arch arm64
Building for debugging...
[Planning deferred tasks]
[19 / 28]
[20 / 29] KVKCalendar
[30 / 110]
[33 / 110]
[41 / 110]
[43 / 110]
[44 / 110]
[49 / 110]
[52 / 110]
[55 / 110]
[61 / 110]
[64 / 110]
[66 / 110]
[67 / 110]
[78 / 110]
[82 / 110]
[83 / 110]
[87 / 110]
[89 / 110]
[101 / 110] KVKCalendar
error: SwiftCompile normal arm64 failed with a nonzero exit code. Command line:     cd /Users/admin/builder

/Users/admin/builder/spi-builder-workspace/Sources/KVKCalendar/ScrollWeekView.swift:15:33: error: cannot find type 'Style' in scope
 13 | public struct ScrollWeekWrapper<Cell: View>: UIViewControllerRepresentable {
 14 |     @Binding private var date: Date
 15 |     @Binding private var style: Style
    |                                 `- error: cannot find type 'Style' in scope
 16 |     @ViewBuilder private var content: (_ date: Date?, _ type: DayType?) -> Cell
 17 |     private let view: ScrollWeekView
/Users/admin/builder/spi-builder-workspace/Sources/KVKCalendar/ScrollWeekView.swift:16:63: error: cannot find type 'DayType' in scope
 14 |     @Binding private var date: Date
 15 |     @Binding private var style: Style
 16 |     @ViewBuilder private var content: (_ date: Date?, _ type: DayType?) -> Cell
    |                                                               `- error: cannot find type 'DayType' in scope
 17 |     private let view: ScrollWeekView
 18 |
/Users/admin/builder/spi-builder-workspace/Sources/KVKCalendar/ScrollWeekView.swift:21:24: error: cannot find type 'Style' in scope
 19 |     public init(
 20 |         date: Binding<Date>,
 21 |         style: Binding<Style>,
    |                        `- error: cannot find type 'Style' in scope
 22 |         @ViewBuilder cellContent: @escaping (
 23 |             _ date: Date?,
/Users/admin/builder/spi-builder-workspace/Sources/KVKCalendar/ScrollWeekView.swift:24:21: error: cannot find type 'DayType' in scope
 22 |         @ViewBuilder cellContent: @escaping (
 23 |             _ date: Date?,
 24 |             _ type: DayType?
    |                     `- error: cannot find type 'DayType' in scope
 25 |         ) -> Cell = { _, _ in EmptyView() }
 26 |     ) {
/Users/admin/builder/spi-builder-workspace/Sources/KVKCalendar/ScrollWeekView.swift:22:9: error: result builder attribute 'ViewBuilder' can only be applied to a parameter of function type
 20 |         date: Binding<Date>,
 21 |         style: Binding<Style>,
 22 |         @ViewBuilder cellContent: @escaping (
    |         `- error: result builder attribute 'ViewBuilder' can only be applied to a parameter of function type
 23 |             _ date: Date?,
 24 |             _ type: DayType?
/Users/admin/builder/spi-builder-workspace/Sources/KVKCalendar/ScrollWeekView.swift:36:64: error: cannot find type 'UIViewController' in scope
 34 |     }
 35 |
 36 |     public func makeUIViewController(context: Context) -> some UIViewController {
    |                                                                `- error: cannot find type 'UIViewController' in scope
 37 |         view.delegate = context.coordinator
 38 |         view.dataSource = context.coordinator
/Users/admin/builder/spi-builder-workspace/Sources/KVKCalendar/ScrollWeekView.swift:36:47: error: cannot find type 'Context' in scope
 34 |     }
 35 |
 36 |     public func makeUIViewController(context: Context) -> some UIViewController {
    |                                               `- error: cannot find type 'Context' in scope
 37 |         view.delegate = context.coordinator
 38 |         view.dataSource = context.coordinator
/Users/admin/builder/spi-builder-workspace/Sources/KVKCalendar/ScrollWeekView.swift:43:29: error: cannot find type 'UIViewControllerType' in scope
 41 |
 42 |     public func updateUIViewController(
 43 |         _ uiViewController: UIViewControllerType,
    |                             `- error: cannot find type 'UIViewControllerType' in scope
 44 |         context: Context
 45 |     ) {
/Users/admin/builder/spi-builder-workspace/Sources/KVKCalendar/ScrollWeekView.swift:44:18: error: cannot find type 'Context' in scope
 42 |     public func updateUIViewController(
 43 |         _ uiViewController: UIViewControllerType,
 44 |         context: Context
    |                  `- error: cannot find type 'Context' in scope
 45 |     ) {
 46 |         view.setDate(date)
/Users/admin/builder/spi-builder-workspace/Sources/KVKCalendar/ScrollWeekView.swift:54:41: error: cannot find type 'CalendarDelegate' in scope
 52 |
 53 |     @available(iOS 16.0, *)
 54 |     public class Coordinator: NSObject, CalendarDelegate, CalendarDataSource {
    |                                         `- error: cannot find type 'CalendarDelegate' in scope
 55 |         private let parent: ScrollWeekWrapper
 56 |
/Users/admin/builder/spi-builder-workspace/Sources/KVKCalendar/ScrollWeekView.swift:54:59: error: cannot find type 'CalendarDataSource' in scope
 52 |
 53 |     @available(iOS 16.0, *)
 54 |     public class Coordinator: NSObject, CalendarDelegate, CalendarDataSource {
    |                                                           `- error: cannot find type 'CalendarDataSource' in scope
 55 |         private let parent: ScrollWeekWrapper
 56 |
/Users/admin/builder/spi-builder-workspace/Sources/KVKCalendar/ScrollWeekView.swift:62:68: error: cannot find type 'Event' in scope
 60 |         }
 61 |
 62 |         public func eventsForCalendar(systemEvents: [EKEvent]) -> [Event] {
    |                                                                    `- error: cannot find type 'Event' in scope
 63 |             []
 64 |         }
/Users/admin/builder/spi-builder-workspace/Sources/KVKCalendar/ScrollWeekView.swift:68:19: error: cannot find type 'CalendarType' in scope
 66 |         public func didSelectDates(
 67 |             _ dates: [Date],
 68 |             type: CalendarType,
    |                   `- error: cannot find type 'CalendarType' in scope
 69 |             frame: CGRect?
 70 |         ) {
/Users/admin/builder/spi-builder-workspace/Sources/KVKCalendar/ScrollWeekView.swift:75:22: error: cannot find type 'Style' in scope
 73 |
 74 |         public func didUpdateStyle(
 75 |             _ style: Style,
    |                      `- error: cannot find type 'Style' in scope
 76 |             type: CalendarType
 77 |         ) {
/Users/admin/builder/spi-builder-workspace/Sources/KVKCalendar/ScrollWeekView.swift:76:19: error: cannot find type 'CalendarType' in scope
 74 |         public func didUpdateStyle(
 75 |             _ style: Style,
 76 |             type: CalendarType
    |                   `- error: cannot find type 'CalendarType' in scope
 77 |         ) {
 78 |             parent.style = style
/Users/admin/builder/spi-builder-workspace/Sources/KVKCalendar/ScrollWeekView.swift:82:24: error: cannot find type 'CellParameter' in scope
 80 |
 81 |         public func dequeueCell<T>(
 82 |             parameter: CellParameter,
    |                        `- error: cannot find type 'CellParameter' in scope
 83 |             type: CalendarType,
 84 |             view: T,
/Users/admin/builder/spi-builder-workspace/Sources/KVKCalendar/ScrollWeekView.swift:83:19: error: cannot find type 'CalendarType' in scope
 81 |         public func dequeueCell<T>(
 82 |             parameter: CellParameter,
 83 |             type: CalendarType,
    |                   `- error: cannot find type 'CalendarType' in scope
 84 |             view: T,
 85 |             indexPath: IndexPath
/Users/admin/builder/spi-builder-workspace/Sources/KVKCalendar/ScrollWeekView.swift:86:19: error: cannot find type 'KVKCalendarCellProtocol' in scope
 84 |             view: T,
 85 |             indexPath: IndexPath
 86 |         ) -> (any KVKCalendarCellProtocol)? where T: UIScrollView {
    |                   `- error: cannot find type 'KVKCalendarCellProtocol' in scope
 87 |             if parent.content(parameter.date, parameter.type) is EmptyView {
 88 |                 nil
/Users/admin/builder/spi-builder-workspace/Sources/KVKCalendar/ScrollWeekView.swift:86:54: error: cannot find type 'UIScrollView' in scope
 84 |             view: T,
 85 |             indexPath: IndexPath
 86 |         ) -> (any KVKCalendarCellProtocol)? where T: UIScrollView {
    |                                                      `- error: cannot find type 'UIScrollView' in scope
 87 |             if parent.content(parameter.date, parameter.type) is EmptyView {
 88 |                 nil
/Users/admin/builder/spi-builder-workspace/Sources/KVKCalendar/ScrollWeekView.swift:13:46: error: cannot find type 'UIViewControllerRepresentable' in scope
 11 | @available(iOS 16.0, *)
 12 |
 13 | public struct ScrollWeekWrapper<Cell: View>: UIViewControllerRepresentable {
    |                                              `- error: cannot find type 'UIViewControllerRepresentable' in scope
 14 |     @Binding private var date: Date
 15 |     @Binding private var style: Style
/Users/admin/builder/spi-builder-workspace/Sources/KVKCalendar/ScrollWeekView.swift:104:53: error: cannot find 'Style' in scope
102 | #Preview {
103 |     @Previewable @State var date = Date()
104 |     ScrollWeekWrapper(date: $date, style: .constant(Style()))
    |                                                     `- error: cannot find 'Style' in scope
105 | }
106 |
/Users/admin/builder/spi-builder-workspace/Sources/KVKCalendar/ScrollWeekView.swift:104:5: error: generic parameter 'Cell' could not be inferred
 11 | @available(iOS 16.0, *)
 12 |
 13 | public struct ScrollWeekWrapper<Cell: View>: UIViewControllerRepresentable {
    |                                 `- note: 'Cell' declared as parameter to type 'ScrollWeekWrapper'
 14 |     @Binding private var date: Date
 15 |     @Binding private var style: Style
    :
102 | #Preview {
103 |     @Previewable @State var date = Date()
104 |     ScrollWeekWrapper(date: $date, style: .constant(Style()))
    |     |- error: generic parameter 'Cell' could not be inferred
    |     `- note: explicitly specify the generic arguments to fix this issue
105 | }
106 |
/Users/admin/builder/spi-builder-workspace/Sources/KVKCalendar/ScrollWeekView.swift:107:28: error: cannot find type 'UIViewController' in scope
105 | }
106 |
107 | open class ScrollWeekView: UIViewController {
    |                            `- error: cannot find type 'UIViewController' in scope
108 |     private var style: Style
109 |     private var dayData: DayData
/Users/admin/builder/spi-builder-workspace/Sources/KVKCalendar/ScrollWeekView.swift:108:24: error: cannot find type 'Style' in scope
106 |
107 | open class ScrollWeekView: UIViewController {
108 |     private var style: Style
    |                        `- error: cannot find type 'Style' in scope
109 |     private var dayData: DayData
110 |     private var scrollView: ScrollableWeekView
/Users/admin/builder/spi-builder-workspace/Sources/KVKCalendar/ScrollWeekView.swift:109:26: error: cannot find type 'DayData' in scope
107 | open class ScrollWeekView: UIViewController {
108 |     private var style: Style
109 |     private var dayData: DayData
    |                          `- error: cannot find type 'DayData' in scope
110 |     private var scrollView: ScrollableWeekView
111 |
/Users/admin/builder/spi-builder-workspace/Sources/KVKCalendar/ScrollWeekView.swift:110:29: error: cannot find type 'ScrollableWeekView' in scope
108 |     private var style: Style
109 |     private var dayData: DayData
110 |     private var scrollView: ScrollableWeekView
    |                             `- error: cannot find type 'ScrollableWeekView' in scope
111 |
112 |     public weak var delegate: CalendarDelegate?
/Users/admin/builder/spi-builder-workspace/Sources/KVKCalendar/ScrollWeekView.swift:112:31: error: cannot find type 'CalendarDelegate' in scope
110 |     private var scrollView: ScrollableWeekView
111 |
112 |     public weak var delegate: CalendarDelegate?
    |                               `- error: cannot find type 'CalendarDelegate' in scope
113 |     public weak var dataSource: CalendarDataSource?
114 |
/Users/admin/builder/spi-builder-workspace/Sources/KVKCalendar/ScrollWeekView.swift:113:33: error: cannot find type 'CalendarDataSource' in scope
111 |
112 |     public weak var delegate: CalendarDelegate?
113 |     public weak var dataSource: CalendarDataSource?
    |                                 `- error: cannot find type 'CalendarDataSource' in scope
114 |
115 |     public init(date: Date, style: Style) {
/Users/admin/builder/spi-builder-workspace/Sources/KVKCalendar/ScrollWeekView.swift:115:36: error: cannot find type 'Style' in scope
113 |     public weak var dataSource: CalendarDataSource?
114 |
115 |     public init(date: Date, style: Style) {
    |                                    `- error: cannot find type 'Style' in scope
116 |         var styleProxy = style
117 |         styleProxy.timeline.widthTime = 0
/Users/admin/builder/spi-builder-workspace/Sources/KVKCalendar/ScrollWeekView.swift:138:24: error: method does not override any method from its superclass
136 |     }
137 |
138 |     open override func viewDidLoad() {
    |                        `- error: method does not override any method from its superclass
139 |         super.viewDidLoad()
140 |         view.addSubview(scrollView)
/Users/admin/builder/spi-builder-workspace/Sources/KVKCalendar/ScrollWeekView.swift:151:24: error: method does not override any method from its superclass
149 |     }
150 |
151 |     open override func viewDidLayoutSubviews() {
    |                        `- error: method does not override any method from its superclass
152 |         scrollView.setUI(reload: true)
153 |     }
/Users/admin/builder/spi-builder-workspace/Sources/KVKCalendar/ScrollWeekView.swift:178:27: error: cannot find type 'DisplayDataSource' in scope
176 | }
177 |
178 | extension ScrollWeekView: DisplayDataSource {
    |                           `- error: cannot find type 'DisplayDataSource' in scope
179 |     public func dequeueCell<T>(
180 |         parameter: CellParameter,
/Users/admin/builder/spi-builder-workspace/Sources/KVKCalendar/ScrollWeekView.swift:180:20: error: cannot find type 'CellParameter' in scope
178 | extension ScrollWeekView: DisplayDataSource {
179 |     public func dequeueCell<T>(
180 |         parameter: CellParameter,
    |                    `- error: cannot find type 'CellParameter' in scope
181 |         type: CalendarType,
182 |         view: T,
/Users/admin/builder/spi-builder-workspace/Sources/KVKCalendar/ScrollWeekView.swift:181:15: error: cannot find type 'CalendarType' in scope
179 |     public func dequeueCell<T>(
180 |         parameter: CellParameter,
181 |         type: CalendarType,
    |               `- error: cannot find type 'CalendarType' in scope
182 |         view: T,
183 |         indexPath: IndexPath
/Users/admin/builder/spi-builder-workspace/Sources/KVKCalendar/ScrollWeekView.swift:184:15: error: cannot find type 'KVKCalendarCellProtocol' in scope
182 |         view: T,
183 |         indexPath: IndexPath
184 |     ) -> (any KVKCalendarCellProtocol)? where T: UIScrollView {
    |               `- error: cannot find type 'KVKCalendarCellProtocol' in scope
185 |         dataSource?.dequeueCell(
186 |             parameter: parameter,
/Users/admin/builder/spi-builder-workspace/Sources/KVKCalendar/ScrollWeekView.swift:184:50: error: cannot find type 'UIScrollView' in scope
182 |         view: T,
183 |         indexPath: IndexPath
184 |     ) -> (any KVKCalendarCellProtocol)? where T: UIScrollView {
    |                                                  `- error: cannot find type 'UIScrollView' in scope
185 |         dataSource?.dequeueCell(
186 |             parameter: parameter,
/Users/admin/builder/spi-builder-workspace/Sources/KVKCalendar/SwiftUI+Extensions.swift:12:18: error: cannot find type 'UIInterfaceOrientation' in scope
 10 | struct DeviceRotationViewModifier: ViewModifier {
 11 |
 12 |     let action: (UIInterfaceOrientation) -> Void
    |                  `- error: cannot find type 'UIInterfaceOrientation' in scope
 13 |
 14 |     func body(content: Content) -> some View {
/Users/admin/builder/spi-builder-workspace/Sources/KVKCalendar/SwiftUI+Extensions.swift:26:41: error: cannot find type 'UIInterfaceOrientation' in scope
 24 | public extension View {
 25 |
 26 |     func kvkOnRotate(action: @escaping (UIInterfaceOrientation) -> Void) -> some View {
    |                                         `- error: cannot find type 'UIInterfaceOrientation' in scope
 27 |         modifier(DeviceRotationViewModifier(action: action))
 28 |     }
Failed frontend command:
/Applications/Xcode-27.0.0-Release.Candidate.app/Contents/Developer/Toolchains/XcodeDefault.xctoolchain/usr/bin/swift-frontend -frontend -emit-module -experimental-skip-non-inlinable-function-bodies-without-types /Users/admin/builder/spi-builder-workspace/Sources/KVKCalendar/AllDayEventModel.swift /Users/admin/builder/spi-builder-workspace/Sources/KVKCalendar/AllDayEventView.swift /Users/admin/builder/spi-builder-workspace/Sources/KVKCalendar/AllDayView.swift /Users/admin/builder/spi-builder-workspace/Sources/KVKCalendar/Calendar+Extension.swift /Users/admin/builder/spi-builder-workspace/Sources/KVKCalendar/CalendarData.swift /Users/admin/builder/spi-builder-workspace/Sources/KVKCalendar/CalendarModel.swift /Users/admin/builder/spi-builder-workspace/Sources/KVKCalendar/CurrentLineView.swift /Users/admin/builder/spi-builder-workspace/Sources/KVKCalendar/Date+Extension.swift /Users/admin/builder/spi-builder-workspace/Sources/KVKCalendar/DayCell.swift /Users/admin/builder/spi-builder-workspace/Sources/KVKCalendar/DayData.swift /Users/admin/builder/spi-builder-workspace/Sources/KVKCalendar/DayPadCell.swift /Users/admin/builder/spi-builder-workspace/Sources/KVKCalendar/DayPhoneCell.swift /Users/admin/builder/spi-builder-workspace/Sources/KVKCalendar/DayView.swift /Users/admin/builder/spi-builder-workspace/Sources/KVKCalendar/DefaultTimelineEventLayout.swift /Users/admin/builder/spi-builder-workspace/Sources/KVKCalendar/DividerView.swift /Users/admin/builder/spi-builder-workspace/Sources/KVKCalendar/EventView.swift /Users/admin/builder/spi-builder-workspace/Sources/KVKCalendar/EventViewGeneral.swift /Users/admin/builder/spi-builder-workspace/Sources/KVKCalendar/EventViewList.swift /Users/admin/builder/spi-builder-workspace/Sources/KVKCalendar/KVKCalendarView+Extension.swift /Users/admin/builder/spi-builder-workspace/Sources/KVKCalendar/KVKCalendarView.swift /Users/admin/builder/spi-builder-workspace/Sources/KVKCalendar/KVKCollectionViewCell.swift /Users/admin/builder/spi-builder-workspace/Sources/KVKCalendar/KVKTableViewCell.swift /Users/admin/builder/spi-builder-workspace/Sources/KVKCalendar/KVKTableViewHeaderFooterView.swift /Users/admin/builder/spi-builder-workspace/Sources/KVKCalendar/ListView.swift /Users/admin/builder/spi-builder-workspace/Sources/KVKCalendar/ListViewCell.swift /Users/admin/builder/spi-builder-workspace/Sources/KVKCalendar/ListViewData.swift /Users/admin/builder/spi-builder-workspace/Sources/KVKCalendar/ListViewHeader.swift /Users/admin/builder/spi-builder-workspace/Sources/KVKCalendar/MonthCell.swift /Users/admin/builder/spi-builder-workspace/Sources/KVKCalendar/MonthData.swift /Users/admin/builder/spi-builder-workspace/Sources/KVKCalendar/MonthHeaderView.swift /Users/admin/builder/spi-builder-workspace/Sources/KVKCalendar/MonthView.swift /Users/admin/builder/spi-builder-workspace/Sources/KVKCalendar/ResizeEventView.swift /Users/admin/builder/spi-builder-workspace/Sources/KVKCalendar/ScrollWeekView.swift /Users/admin/builder/spi-builder-workspace/Sources/KVKCalendar/ScrollableWeekHeaderTitleView.swift /Users/admin/builder/spi-builder-workspace/Sources/KVKCalendar/ScrollableWeekView.swift /Users/admin/builder/spi-builder-workspace/Sources/KVKCalendar/ShadowDayView.swift /Users/admin/builder/spi-builder-workspace/Sources/KVKCalendar/SkeletonView.swift /Users/admin/builder/spi-builder-workspace/Sources/KVKCalendar/StubEventView.swift /Users/admin/builder/spi-builder-workspace/Sources/KVKCalendar/StubStackView.swift /Users/admin/builder/spi-builder-workspace/Sources/KVKCalendar/Style.swift /Users/admin/builder/spi-builder-workspace/Sources/KVKCalendar/SwiftUI+Extensions.swift /Users/admin/builder/spi-builder-workspace/Sources/KVKCalendar/Timeline+Extension.swift /Users/admin/builder/spi-builder-workspace/Sources/KVKCalendar/TimelineContainerVC.swift /Users/admin/builder/spi-builder-workspace/Sources/KVKCalendar/TimelineEventLayout.swift /Users/admin/builder/spi-builder-workspace/Sources/KVKCalendar/TimelineLabel.swift /Users/admin/builder/spi-builder-workspace/Sources/KVKCalendar/TimelineModel.swift /Users/admin/builder/spi-builder-workspace/Sources/KVKCalendar/TimelinePageView.swift /Users/admin/builder/spi-builder-workspace/Sources/KVKCalendar/TimelineView.swift /Users/admin/builder/spi-builder-workspace/Sources/KVKCalendar/VerticalLineView.swift /Users/admin/builder/spi-builder-workspace/Sources/KVKCalendar/WeekData.swift /Users/admin/builder/spi-builder-workspace/Sources/KVKCalendar/WeekHeaderView.swift /Users/admin/builder/spi-builder-workspace/Sources/KVKCalendar/WeekView.swift /Users/admin/builder/spi-builder-workspace/Sources/KVKCalendar/YearCell.swift /Users/admin/builder/spi-builder-workspace/Sources/KVKCalendar/YearData.swift /Users/admin/builder/spi-builder-workspace/Sources/KVKCalendar/YearHeaderView.swift /Users/admin/builder/spi-builder-workspace/Sources/KVKCalendar/YearRange.swift /Users/admin/builder/spi-builder-workspace/Sources/KVKCalendar/YearView.swift -target arm64-apple-macos12.0 -disable-cross-import-overlay-search -load-resolved-plugin /Applications/Xcode-27.0.0-Release.Candidate.app/Contents/Developer/Platforms/MacOSX.platform/Developer/usr/lib/swift/host/plugins/libFoundationMacros.dylib\#/Applications/Xcode-27.0.0-Release.Candidate.app/Contents/Developer/Platforms/MacOSX.platform/Developer/usr/bin/swift-plugin-server\#FoundationMacros -load-resolved-plugin /Applications/Xcode-27.0.0-Release.Candidate.app/Contents/Developer/Platforms/MacOSX.platform/Developer/usr/lib/swift/host/plugins/libObservationMacros.dylib\#/Applications/Xcode-27.0.0-Release.Candidate.app/Contents/Developer/Platforms/MacOSX.platform/Developer/usr/bin/swift-plugin-server\#ObservationMacros -load-resolved-plugin /Applications/Xcode-27.0.0-Release.Candidate.app/Contents/Developer/Platforms/MacOSX.platform/Developer/usr/lib/swift/host/plugins/libPreviewsMacros.dylib\#/Applications/Xcode-27.0.0-Release.Candidate.app/Contents/Developer/Platforms/MacOSX.platform/Developer/usr/bin/swift-plugin-server\#PreviewsMacros -load-resolved-plugin /Applications/Xcode-27.0.0-Release.Candidate.app/Contents/Developer/Platforms/MacOSX.platform/Developer/usr/lib/swift/host/plugins/libSwiftMacros.dylib\#/Applications/Xcode-27.0.0-Release.Candidate.app/Contents/Developer/Platforms/MacOSX.platform/Developer/usr/bin/swift-plugin-server\#SwiftMacros -load-resolved-plugin /Applications/Xcode-27.0.0-Release.Candidate.app/Contents/Developer/Platforms/MacOSX.platform/Developer/usr/lib/swift/host/plugins/libSwiftUIMacros.dylib\#/Applications/Xcode-27.0.0-Release.Candidate.app/Contents/Developer/Platforms/MacOSX.platform/Developer/usr/bin/swift-plugin-server\#SwiftUIMacros -disable-implicit-swift-modules -Xcc -fno-implicit-modules -Xcc -fno-implicit-module-maps -explicit-swift-module-map-file /Users/admin/builder/spi-builder-workspace/.build/out/Intermediates.noindex/KVKCalendar.build/Debug/KVKCalendar-t.build/Objects-normal/arm64/KVKCalendar-dependencies-1.json -Xllvm -aarch64-use-tbi -enable-objc-interop -stack-check -sdk /Applications/Xcode-27.0.0-Release.Candidate.app/Contents/Developer/Platforms/MacOSX.platform/Developer/SDKs/MacOSX27.0.sdk -I /Users/admin/builder/spi-builder-workspace/.build/out/Products/Debug -Isystem /Applications/Xcode-27.0.0-Release.Candidate.app/Contents/Developer/Platforms/MacOSX.platform/Developer/usr/lib -F /Users/admin/builder/spi-builder-workspace/.build/out/Products/Debug -F /Applications/Xcode-27.0.0-Release.Candidate.app/Contents/Developer/Platforms/MacOSX.platform/Developer/Library/Frameworks -module-cache-path /Users/admin/builder/spi-builder-workspace/.build/out/Intermediates.noindex/SwiftExplicitPrecompiledModules -color-diagnostics -Xcc -fcolor-diagnostics -enable-testing -g -debug-info-format\=dwarf -dwarf-version\=4 -swift-version 5 -Onone -D SWIFT_PACKAGE -D DEBUG -D SWIFT_MODULE_RESOURCE_BUNDLE_UNAVAILABLE -D Xcode -serialize-debugging-options -enable-experimental-feature DebugDescriptionMacro -empty-abi-descriptor -validate-clang-modules-once -clang-build-session-file /Users/admin/builder/spi-builder-workspace/.build/out/ModuleCache.noindex/Session.modulevalidation -Xcc -working-directory -Xcc /Users/admin/builder -enable-anonymous-context-mangled-names -file-compilation-dir /Users/admin/builder -Xcc -D_LIBCPP_HARDENING_MODE\=_LIBCPP_HARDENING_MODE_DEBUG -Xcc -ivfsstatcache -Xcc /Users/admin/builder/spi-builder-workspace/.build/out/SDKStatCaches.noindex/macosx27.0-26A425-80c5bbf1d171475443272936d42f90a36a22442a12e9d48fe1a705f55a1adfc4.sdkstatcache -Xcc -fmodules-prune-interval\=86400 -Xcc -fmodules-prune-after\=345600 -Xcc -I/Users/admin/builder/spi-builder-workspace/.build/out/Products/Debug/include -Xcc -I/Users/admin/builder/spi-builder-workspace/.build/out/Intermediates.noindex/KVKCalendar.build/Debug/KVKCalendar-t.build/DerivedSources-normal/arm64 -Xcc -I/Users/admin/builder/spi-builder-workspace/.build/out/Intermediates.noindex/KVKCalendar.build/Debug/KVKCalendar-t.build/DerivedSources/arm64 -Xcc -I/Users/admin/builder/spi-builder-workspace/.build/out/Intermediates.noindex/KVKCalendar.build/Debug/KVKCalendar-t.build/DerivedSources -Xcc -DSWIFT_PACKAGE -Xcc -DDEBUG\=1 -no-auto-bridging-header-chaining -module-name KVKCalendar -const-gather-protocols-file /Users/admin/builder/spi-builder-workspace/.build/out/Intermediates.noindex/KVKCalendar.build/Debug/KVKCalendar-t.build/Objects-normal/arm64/KVKCalendar_const_extract_protocols.json -disable-clang-spi -clang-target arm64-apple-macos27.0 -target-sdk-version 27.0 -target-sdk-name macosx27.0 -in-process-plugin-server-path /Applications/Xcode-27.0.0-Release.Candidate.app/Contents/Developer/Toolchains/XcodeDefault.xctoolchain/usr/lib/swift/host/libSwiftInProcPluginServer.dylib -emit-module-doc-path /Users/admin/builder/spi-builder-workspace/.build/out/Intermediates.noindex/KVKCalendar.build/Debug/KVKCalendar-t.build/Objects-normal/arm64/KVKCalendar.swiftdoc -emit-module-source-info-path /Users/admin/builder/spi-builder-workspace/.build/out/Intermediates.noindex/KVKCalendar.build/Debug/KVKCalendar-t.build/Objects-normal/arm64/KVKCalendar.swiftsourceinfo -emit-objc-header-path /Users/admin/builder/spi-builder-workspace/.build/out/Intermediates.noindex/KVKCalendar.build/Debug/KVKCalendar-t.build/Objects-normal/arm64/KVKCalendar-Swift.h -serialize-diagnostics-path /Users/admin/builder/spi-builder-workspace/.build/out/Intermediates.noindex/KVKCalendar.build/Debug/KVKCalendar-t.build/Objects-normal/arm64/KVKCalendar-primary-emit-module.dia -emit-dependencies-path /Users/admin/builder/spi-builder-workspace/.build/out/Intermediates.noindex/KVKCalendar.build/Debug/KVKCalendar-t.build/Objects-normal/arm64/KVKCalendar-primary-emit-module.d -parse-as-library -o /Users/admin/builder/spi-builder-workspace/.build/out/Intermediates.noindex/KVKCalendar.build/Debug/KVKCalendar-t.build/Objects-normal/arm64/KVKCalendar.swiftmodule -emit-abi-descriptor-path /Users/admin/builder/spi-builder-workspace/.build/out/Intermediates.noindex/KVKCalendar.build/Debug/KVKCalendar-t.build/Objects-normal/arm64/KVKCalendar.abi.json
error: Build failed
BUILD FAILURE 6.4 macosSpm