The Swift Package Index logo.Swift Package Index

Build Information

Failed to build Inkable, reference main (ee05f3), with Swift 6.4 for macOS (Xcode) using Xcode 27.0 on 21 Sep 2026 10:21:08 UTC.

Build Command

env DEVELOPER_DIR=/Applications/Xcode-27.0.0-Release.Candidate.app xcrun xcodebuild -IDEClonedSourcePackagesDirPathOverride=$PWD/.dependencies -skipMacroValidation -skipPackagePluginValidation -derivedDataPath $PWD/.derivedData build -scheme Inkable -destination platform=macOS,arch=arm64

Build Log

========================================
RunAll
========================================
Builder version: 5.1.0
Interrupt handler set up.
========================================
Checkout
========================================
Clone URL: https://github.com/adamwulf/Inkable.git
Reference: main
Initialized empty Git repository in /Users/admin/builder/spi-builder-workspace/.git/
From https://github.com/adamwulf/Inkable
 * branch            main       -> FETCH_HEAD
 * [new branch]      main       -> origin/main
HEAD is now at ee05f32 Merge branch 'fix/bezier-reset'
Cloned https://github.com/adamwulf/Inkable.git
Revision (git rev-parse @):
ee05f325e39fe9e291d1ec3598bbfa865a144fb1
SUCCESS checkout https://github.com/adamwulf/Inkable.git at main
========================================
Build
========================================
Selected platform:         macosXcodebuild
Swift version:             6.4
Building package at path:  $PWD
https://github.com/adamwulf/Inkable.git
Command line invocation:
    /Applications/Xcode-27.0.0-Release.Candidate.app/Contents/Developer/usr/bin/xcodebuild -IDEClonedSourcePackagesDirPathOverride=/Users/admin/builder/spi-builder-workspace/.dependencies -resolvePackageDependencies
Resolve Package Graph
Fetching from https://github.com/adamwulf/SwiftToolbox.git
Fetching from https://github.com/adamwulf/PerformanceBezier.git
Fetching from https://github.com/adamwulf/ClippingBezier.git
Fetching from https://github.com/apple/swift-docc-plugin
Fetching from https://github.com/swiftlang/swift-docc-symbolkit
Creating working copy of package ‘swift-docc-plugin’
Checking out 1.5.0 of package ‘swift-docc-plugin’
Creating working copy of package ‘ClippingBezier’
Checking out 1.2.5 of package ‘ClippingBezier’
Creating working copy of package ‘swift-docc-symbolkit’
Checking out 1.0.0 of package ‘swift-docc-symbolkit’
Creating working copy of package ‘PerformanceBezier’
Checking out 1.3.2 of package ‘PerformanceBezier’
Creating working copy of package ‘SwiftToolbox’
Checking out main (48432fc) of package ‘SwiftToolbox’
Resolve Package Graph
Resolved source packages:
  SwiftDocCPlugin: https://github.com/apple/swift-docc-plugin @ 1.5.0
  Inkable: /Users/admin/builder/spi-builder-workspace
  SwiftToolbox: https://github.com/adamwulf/SwiftToolbox.git @ main (48432fc)
  SymbolKit: https://github.com/swiftlang/swift-docc-symbolkit @ 1.0.0
  ClippingBezier: https://github.com/adamwulf/ClippingBezier.git @ 1.2.5
  PerformanceBezier: https://github.com/adamwulf/PerformanceBezier.git @ 1.3.2
resolved source packages: SwiftDocCPlugin, Inkable, SwiftToolbox, SymbolKit, ClippingBezier, PerformanceBezier
2026-09-21 06:19:16.912 xcodebuild[529:3058] [MT] IDERunDestination: Supported platforms for the buildables in the current scheme is empty.
{
  "dependencies" : [
    {
      "identity" : "performancebezier",
      "requirement" : {
        "range" : [
          {
            "lower_bound" : "1.3.0",
            "upper_bound" : "2.0.0"
          }
        ]
      },
      "type" : "sourceControl",
      "url" : "https://github.com/adamwulf/PerformanceBezier.git"
    },
    {
      "identity" : "clippingbezier",
      "requirement" : {
        "range" : [
          {
            "lower_bound" : "1.2.0",
            "upper_bound" : "2.0.0"
          }
        ]
      },
      "type" : "sourceControl",
      "url" : "https://github.com/adamwulf/ClippingBezier.git"
    },
    {
      "identity" : "swifttoolbox",
      "requirement" : {
        "branch" : [
          "main"
        ]
      },
      "type" : "sourceControl",
      "url" : "https://github.com/adamwulf/SwiftToolbox.git"
    },
    {
      "identity" : "swift-docc-plugin",
      "requirement" : {
        "range" : [
          {
            "lower_bound" : "1.0.0",
            "upper_bound" : "2.0.0"
          }
        ]
      },
      "type" : "sourceControl",
      "url" : "https://github.com/apple/swift-docc-plugin"
    }
  ],
  "manifest_display_name" : "Inkable",
  "name" : "Inkable",
  "path" : "/Users/admin/builder/spi-builder-workspace",
  "platforms" : [
    {
      "name" : "ios",
      "version" : "13.0"
    }
  ],
  "products" : [
    {
      "name" : "Inkable",
      "targets" : [
        "Inkable"
      ],
      "type" : {
        "library" : [
          "automatic"
        ]
      }
    }
  ],
  "targets" : [
    {
      "c99name" : "InkableTests",
      "module_type" : "SwiftTarget",
      "name" : "InkableTests",
      "path" : "Tests/InkableTests",
      "resources" : [
        {
          "path" : "/Users/admin/builder/spi-builder-workspace/Tests/InkableTests/events.json",
          "rule" : {
            "copy" : {
            }
          }
        },
        {
          "path" : "/Users/admin/builder/spi-builder-workspace/Tests/InkableTests/pencil-antigrain.json",
          "rule" : {
            "copy" : {
            }
          }
        },
        {
          "path" : "/Users/admin/builder/spi-builder-workspace/Tests/InkableTests/pencil-antigrain2.json",
          "rule" : {
            "copy" : {
            }
          }
        },
        {
          "path" : "/Users/admin/builder/spi-builder-workspace/Tests/InkableTests/pencil-error.json",
          "rule" : {
            "copy" : {
            }
          }
        },
        {
          "path" : "/Users/admin/builder/spi-builder-workspace/Tests/InkableTests/unknown-polyline-index.json",
          "rule" : {
            "copy" : {
            }
          }
        }
      ],
      "sources" : [
        "AntigrainSmootherTests.swift",
        "BezierStreamTests.swift",
        "DouglasPeuckerTests.swift",
        "HelperTests.swift",
        "PolylineTests.swift",
        "ReplayEventTests.swift",
        "SavitzkyGolayTests.swift",
        "TestHelpers.swift",
        "TestsOfTests.swift",
        "TouchPathTests.swift"
      ],
      "target_dependencies" : [
        "Inkable"
      ],
      "type" : "test"
    },
    {
      "c99name" : "Inkable",
      "module_type" : "SwiftTarget",
      "name" : "Inkable",
      "path" : "Sources/Inkable",
      "product_dependencies" : [
        "PerformanceBezier",
        "ClippingBezier",
        "SwiftToolbox"
      ],
      "product_memberships" : [
        "Inkable"
      ],
      "sources" : [
        "Extensions/UIBezierPath+Elements.swift",
        "Extensions/UITouch+Extensions.swift",
        "External/ColorCodable/ColorCodable.swift",
        "External/OrderedSet/OrderedSet.swift",
        "Gestures/TouchEventGestureRecognizer.swift",
        "Helpers/MinMaxIndex.swift",
        "Inkable.swift",
        "Model/BezierSmoothers/AntigrainSmoother.swift",
        "Model/BezierSmoothers/LineSmoother.swift",
        "Model/BezierSmoothers/Smoother.swift",
        "Model/BezierStream.swift",
        "Model/Polyline.swift",
        "Model/PolylineFilters/IterativeDouglasPeucker.swift",
        "Model/PolylineFilters/NaiveDouglasPeucker.swift",
        "Model/PolylineFilters/NaivePointDistance.swift",
        "Model/PolylineFilters/NaiveSavitzkyGolay.swift",
        "Model/PolylineFilters/SavitzkyGolay.swift",
        "Model/PolylineStream.swift",
        "Model/ProducerConsumer.swift",
        "Model/TouchEvent.swift",
        "Model/TouchEventStream.swift",
        "Model/TouchPath.swift",
        "Model/TouchPathStream.swift"
      ],
      "type" : "library"
    }
  ],
  "tools_version" : "5.6"
}
{
  "workspace" : {
    "name" : "Inkable",
    "schemes" : [
      "Inkable",
      "MMSwiftToolbox"
    ]
  }
}
2026-09-21 06:20:10.658 xcodebuild[987:5772] [MT] IDERunDestination: Supported platforms for the buildables in the current scheme is empty.
{
  "workspace" : {
    "name" : "Inkable",
    "schemes" : [
      "Inkable",
      "MMSwiftToolbox"
    ]
  }
}
2026-09-21 06:20:17.983 xcodebuild[1039:6143] [MT] IDERunDestination: Supported platforms for the buildables in the current scheme is empty.
Running build ...
env DEVELOPER_DIR=/Applications/Xcode-27.0.0-Release.Candidate.app xcrun xcodebuild -IDEClonedSourcePackagesDirPathOverride=$PWD/.dependencies -skipMacroValidation -skipPackagePluginValidation -derivedDataPath $PWD/.derivedData build -scheme Inkable -destination platform=macOS,arch=arm64
Command line invocation:
    /Applications/Xcode-27.0.0-Release.Candidate.app/Contents/Developer/usr/bin/xcodebuild -IDEClonedSourcePackagesDirPathOverride=/Users/admin/builder/spi-builder-workspace/.dependencies -skipMacroValidation -skipPackagePluginValidation -derivedDataPath /Users/admin/builder/spi-builder-workspace/.derivedData build -scheme Inkable -destination platform=macOS,arch=arm64
Resolve Package Graph
Resolve Package Graph
Resolved source packages:
  PerformanceBezier: https://github.com/adamwulf/PerformanceBezier.git @ 1.3.2
  ClippingBezier: https://github.com/adamwulf/ClippingBezier.git @ 1.2.5
  SwiftDocCPlugin: https://github.com/apple/swift-docc-plugin @ 1.5.0
  Inkable: /Users/admin/builder/spi-builder-workspace
  SwiftToolbox: https://github.com/adamwulf/SwiftToolbox.git @ main (48432fc)
  SymbolKit: https://github.com/swiftlang/swift-docc-symbolkit @ 1.0.0
ComputePackagePrebuildTargetDependencyGraph
Prepare packages
CreateBuildRequest
SendProjectDescription
CreateBuildOperation
ComputeTargetDependencyGraph
note: Building targets in dependency order
note: Target dependency graph (8 targets)
    Target 'Inkable-product' in project 'Inkable'
        ➜ Explicit dependency on target 'Inkable' in project 'Inkable'
        ➜ Explicit dependency on target 'PerformanceBezier-product' in project 'PerformanceBezier'
        ➜ Explicit dependency on target 'ClippingBezier-product' in project 'ClippingBezier'
        ➜ Explicit dependency on target 'SwiftToolbox-product' in project 'SwiftToolbox'
    Target 'Inkable' in project 'Inkable'
        ➜ Explicit dependency on target 'PerformanceBezier-product' in project 'PerformanceBezier'
        ➜ Explicit dependency on target 'ClippingBezier-product' in project 'ClippingBezier'
        ➜ Explicit dependency on target 'SwiftToolbox-product' in project 'SwiftToolbox'
    Target 'SwiftToolbox-product' in project 'SwiftToolbox'
        ➜ Explicit dependency on target 'SwiftToolbox' in project 'SwiftToolbox'
    Target 'SwiftToolbox' in project 'SwiftToolbox' (no dependencies)
    Target 'ClippingBezier-product' in project 'ClippingBezier'
        ➜ Explicit dependency on target 'ClippingBezier' in project 'ClippingBezier'
        ➜ Explicit dependency on target 'PerformanceBezier-product' in project 'PerformanceBezier'
    Target 'ClippingBezier' in project 'ClippingBezier'
        ➜ Explicit dependency on target 'PerformanceBezier-product' in project 'PerformanceBezier'
    Target 'PerformanceBezier-product' in project 'PerformanceBezier'
        ➜ Explicit dependency on target 'PerformanceBezier' in project 'PerformanceBezier'
    Target 'PerformanceBezier' in project 'PerformanceBezier' (no dependencies)
GatherProvisioningInputs
CreateBuildDescription
ExecuteExternalTool /Applications/Xcode-27.0.0-Release.Candidate.app/Contents/Developer/Toolchains/XcodeDefault.xctoolchain/usr/bin/clang -v -E -dM -arch arm64 -isysroot /Applications/Xcode-27.0.0-Release.Candidate.app/Contents/Developer/Platforms/MacOSX.platform/Developer/SDKs/MacOSX27.0.sdk -x objective-c -c /dev/null
ExecuteExternalTool /Applications/Xcode-27.0.0-Release.Candidate.app/Contents/Developer/Toolchains/XcodeDefault.xctoolchain/usr/bin/clang -v -E -dM -isysroot /Applications/Xcode-27.0.0-Release.Candidate.app/Contents/Developer/Platforms/MacOSX.platform/Developer/SDKs/MacOSX27.0.sdk -x c -c /dev/null
ExecuteExternalTool /Applications/Xcode-27.0.0-Release.Candidate.app/Contents/Developer/Toolchains/XcodeDefault.xctoolchain/usr/bin/swiftc --version
ExecuteExternalTool /Applications/Xcode-27.0.0-Release.Candidate.app/Contents/Developer/Toolchains/XcodeDefault.xctoolchain/usr/bin/clang -v -E -dM -arch arm64 -isysroot /Applications/Xcode-27.0.0-Release.Candidate.app/Contents/Developer/Platforms/MacOSX.platform/Developer/SDKs/MacOSX27.0.sdk -x c -c /dev/null
ExecuteExternalTool /Applications/Xcode-27.0.0-Release.Candidate.app/Contents/Developer/Toolchains/XcodeDefault.xctoolchain/usr/bin/ld -version_details
ExecuteExternalTool /Applications/Xcode-27.0.0-Release.Candidate.app/Contents/Developer/Toolchains/XcodeDefault.xctoolchain/usr/bin/clang -v -E -dM -arch arm64 -isysroot /Applications/Xcode-27.0.0-Release.Candidate.app/Contents/Developer/Platforms/MacOSX.platform/Developer/SDKs/MacOSX27.0.sdk -x objective-c++ -c /dev/null
ExecuteExternalTool /Applications/Xcode-27.0.0-Release.Candidate.app/Contents/Developer/Toolchains/XcodeDefault.xctoolchain/usr/bin/clang -v -E -dM -arch arm64 -isysroot /Applications/Xcode-27.0.0-Release.Candidate.app/Contents/Developer/Platforms/MacOSX.platform/Developer/SDKs/MacOSX27.0.sdk -x c++ -c /dev/null
ReadFileContents /Applications/Xcode-27.0.0-Release.Candidate.app/Contents/Developer/Toolchains/XcodeDefault.xctoolchain/usr/share/docc/features.json
Build description signature: 375eba80fe6f41140377bc790500b89c
Build description path: /Users/admin/builder/spi-builder-workspace/.derivedData/Build/Intermediates.noindex/XCBuildData/375eba80fe6f41140377bc790500b89c.xcbuilddata
CreateBuildDirectory /Users/admin/builder/spi-builder-workspace/.derivedData/SDKExplicitPrecompiledModules
    cd /Users/admin/builder/spi-builder-workspace/.swiftpm/xcode
    builtin-create-build-directory /Users/admin/builder/spi-builder-workspace/.derivedData/SDKExplicitPrecompiledModules
CreateBuildDirectory /Users/admin/builder/spi-builder-workspace/.derivedData/ModuleCache.noindex
    cd /Users/admin/builder/spi-builder-workspace/.swiftpm/xcode
    builtin-create-build-directory /Users/admin/builder/spi-builder-workspace/.derivedData/ModuleCache.noindex
CreateBuildDirectory /Users/admin/builder/spi-builder-workspace/.derivedData/CompilationCache.noindex
    cd /Users/admin/builder/spi-builder-workspace/.swiftpm/xcode
    builtin-create-build-directory /Users/admin/builder/spi-builder-workspace/.derivedData/CompilationCache.noindex
ClangStatCache /Applications/Xcode-27.0.0-Release.Candidate.app/Contents/Developer/Toolchains/XcodeDefault.xctoolchain/usr/bin/clang-stat-cache /Applications/Xcode-27.0.0-Release.Candidate.app/Contents/Developer/Platforms/MacOSX.platform/Developer/SDKs/MacOSX27.0.sdk /Users/admin/builder/spi-builder-workspace/.derivedData/SDKStatCaches.noindex/macosx27.0-26A425-e829b21a6f8c9b70876ba0858053c0446a22442a12e9d48fe1a705f55a1adfc4.sdkstatcache
    cd /Users/admin/builder/spi-builder-workspace/.swiftpm/xcode
    /Applications/Xcode-27.0.0-Release.Candidate.app/Contents/Developer/Toolchains/XcodeDefault.xctoolchain/usr/bin/clang-stat-cache /Applications/Xcode-27.0.0-Release.Candidate.app/Contents/Developer/Platforms/MacOSX.platform/Developer/SDKs/MacOSX27.0.sdk -o /Users/admin/builder/spi-builder-workspace/.derivedData/SDKStatCaches.noindex/macosx27.0-26A425-e829b21a6f8c9b70876ba0858053c0446a22442a12e9d48fe1a705f55a1adfc4.sdkstatcache
CreateBuildDirectory /Users/admin/builder/spi-builder-workspace/.derivedData/Build/Intermediates.noindex
    cd /Users/admin/builder/spi-builder-workspace/.swiftpm/xcode
    builtin-create-build-directory /Users/admin/builder/spi-builder-workspace/.derivedData/Build/Intermediates.noindex
CreateBuildDirectory /Users/admin/builder/spi-builder-workspace/.derivedData/Build/Products
    cd /Users/admin/builder/spi-builder-workspace/.swiftpm/xcode
    builtin-create-build-directory /Users/admin/builder/spi-builder-workspace/.derivedData/Build/Products
CreateBuildDirectory /Users/admin/builder/spi-builder-workspace/.derivedData/Build/Intermediates.noindex/SwiftExplicitPrecompiledModules
    cd /Users/admin/builder/spi-builder-workspace/.swiftpm/xcode
    builtin-create-build-directory /Users/admin/builder/spi-builder-workspace/.derivedData/Build/Intermediates.noindex/SwiftExplicitPrecompiledModules
CreateBuildDirectory /Users/admin/builder/spi-builder-workspace/.derivedData/Build/Intermediates.noindex/ExplicitPrecompiledModules
    cd /Users/admin/builder/spi-builder-workspace/.swiftpm/xcode
    builtin-create-build-directory /Users/admin/builder/spi-builder-workspace/.derivedData/Build/Intermediates.noindex/ExplicitPrecompiledModules
CreateBuildDirectory /Users/admin/builder/spi-builder-workspace/.derivedData/Build/Intermediates.noindex/PrecompiledHeaders
    cd /Users/admin/builder/spi-builder-workspace/.swiftpm/xcode
    builtin-create-build-directory /Users/admin/builder/spi-builder-workspace/.derivedData/Build/Intermediates.noindex/PrecompiledHeaders
CreateBuildDirectory /Users/admin/builder/spi-builder-workspace/.derivedData/Build/Intermediates.noindex/EagerLinkingTBDs/Debug
    cd /Users/admin/builder/spi-builder-workspace/.swiftpm/xcode
    builtin-create-build-directory /Users/admin/builder/spi-builder-workspace/.derivedData/Build/Intermediates.noindex/EagerLinkingTBDs/Debug
CreateBuildDirectory /Users/admin/builder/spi-builder-workspace/.derivedData/Build/Products/Debug
    cd /Users/admin/builder/spi-builder-workspace/.swiftpm/xcode
    builtin-create-build-directory /Users/admin/builder/spi-builder-workspace/.derivedData/Build/Products/Debug
CreateBuildDirectory /Users/admin/builder/spi-builder-workspace/.derivedData/Build/Products/Debug/PackageFrameworks
    cd /Users/admin/builder/spi-builder-workspace/.swiftpm/xcode
    builtin-create-build-directory /Users/admin/builder/spi-builder-workspace/.derivedData/Build/Products/Debug/PackageFrameworks
WriteAuxiliaryFile /Users/admin/builder/spi-builder-workspace/.derivedData/Build/Intermediates.noindex/SwiftToolbox.build/Debug/SwiftToolbox-t.build/SwiftToolbox.modulemap (in target 'SwiftToolbox' from project 'SwiftToolbox')
    cd /Users/admin/builder/spi-builder-workspace/.dependencies/checkouts/SwiftToolbox
    write-file /Users/admin/builder/spi-builder-workspace/.derivedData/Build/Intermediates.noindex/SwiftToolbox.build/Debug/SwiftToolbox-t.build/SwiftToolbox.modulemap
WriteAuxiliaryFile /Users/admin/builder/spi-builder-workspace/.derivedData/Build/Intermediates.noindex/SwiftToolbox.build/Debug/SwiftToolbox-t.build/SwiftToolbox.DependencyMetadataFileList (in target 'SwiftToolbox' from project 'SwiftToolbox')
    cd /Users/admin/builder/spi-builder-workspace/.dependencies/checkouts/SwiftToolbox
    write-file /Users/admin/builder/spi-builder-workspace/.derivedData/Build/Intermediates.noindex/SwiftToolbox.build/Debug/SwiftToolbox-t.build/SwiftToolbox.DependencyMetadataFileList
WriteAuxiliaryFile /Users/admin/builder/spi-builder-workspace/.derivedData/Build/Intermediates.noindex/SwiftToolbox.build/Debug/SwiftToolbox-t.build/SwiftToolbox.DependencyStaticMetadataFileList (in target 'SwiftToolbox' from project 'SwiftToolbox')
    cd /Users/admin/builder/spi-builder-workspace/.dependencies/checkouts/SwiftToolbox
    write-file /Users/admin/builder/spi-builder-workspace/.derivedData/Build/Intermediates.noindex/SwiftToolbox.build/Debug/SwiftToolbox-t.build/SwiftToolbox.DependencyStaticMetadataFileList
WriteAuxiliaryFile /Users/admin/builder/spi-builder-workspace/.derivedData/Build/Intermediates.noindex/SwiftToolbox.build/Debug/SwiftToolbox-t.build/Objects-normal/arm64/SwiftToolbox-OutputFileMap.json (in target 'SwiftToolbox' from project 'SwiftToolbox')
    cd /Users/admin/builder/spi-builder-workspace/.dependencies/checkouts/SwiftToolbox
    write-file /Users/admin/builder/spi-builder-workspace/.derivedData/Build/Intermediates.noindex/SwiftToolbox.build/Debug/SwiftToolbox-t.build/Objects-normal/arm64/SwiftToolbox-OutputFileMap.json
WriteAuxiliaryFile /Users/admin/builder/spi-builder-workspace/.derivedData/Build/Intermediates.noindex/SwiftToolbox.build/Debug/SwiftToolbox-t.build/Objects-normal/arm64/SwiftToolbox.LinkFileList (in target 'SwiftToolbox' from project 'SwiftToolbox')
    cd /Users/admin/builder/spi-builder-workspace/.dependencies/checkouts/SwiftToolbox
    write-file /Users/admin/builder/spi-builder-workspace/.derivedData/Build/Intermediates.noindex/SwiftToolbox.build/Debug/SwiftToolbox-t.build/Objects-normal/arm64/SwiftToolbox.LinkFileList
WriteAuxiliaryFile /Users/admin/builder/spi-builder-workspace/.derivedData/Build/Intermediates.noindex/SwiftToolbox.build/Debug/SwiftToolbox-t.build/Objects-normal/arm64/SwiftToolbox_const_extract_protocols.json (in target 'SwiftToolbox' from project 'SwiftToolbox')
    cd /Users/admin/builder/spi-builder-workspace/.dependencies/checkouts/SwiftToolbox
    write-file /Users/admin/builder/spi-builder-workspace/.derivedData/Build/Intermediates.noindex/SwiftToolbox.build/Debug/SwiftToolbox-t.build/Objects-normal/arm64/SwiftToolbox_const_extract_protocols.json
WriteAuxiliaryFile /Users/admin/builder/spi-builder-workspace/.derivedData/Build/Intermediates.noindex/SwiftToolbox.build/Debug/SwiftToolbox-t.build/Objects-normal/arm64/SwiftToolbox.SwiftConstValuesFileList (in target 'SwiftToolbox' from project 'SwiftToolbox')
    cd /Users/admin/builder/spi-builder-workspace/.dependencies/checkouts/SwiftToolbox
    write-file /Users/admin/builder/spi-builder-workspace/.derivedData/Build/Intermediates.noindex/SwiftToolbox.build/Debug/SwiftToolbox-t.build/Objects-normal/arm64/SwiftToolbox.SwiftConstValuesFileList
WriteAuxiliaryFile /Users/admin/builder/spi-builder-workspace/.derivedData/Build/Intermediates.noindex/SwiftToolbox.build/Debug/SwiftToolbox-t.build/Objects-normal/arm64/SwiftToolbox.SwiftFileList (in target 'SwiftToolbox' from project 'SwiftToolbox')
    cd /Users/admin/builder/spi-builder-workspace/.dependencies/checkouts/SwiftToolbox
    write-file /Users/admin/builder/spi-builder-workspace/.derivedData/Build/Intermediates.noindex/SwiftToolbox.build/Debug/SwiftToolbox-t.build/Objects-normal/arm64/SwiftToolbox.SwiftFileList
WriteAuxiliaryFile /Users/admin/builder/spi-builder-workspace/.derivedData/Build/Intermediates.noindex/PerformanceBezier.build/Debug/PerformanceBezier-t.build/PerformanceBezier.DependencyStaticMetadataFileList (in target 'PerformanceBezier' from project 'PerformanceBezier')
    cd /Users/admin/builder/spi-builder-workspace/.dependencies/checkouts/PerformanceBezier
    write-file /Users/admin/builder/spi-builder-workspace/.derivedData/Build/Intermediates.noindex/PerformanceBezier.build/Debug/PerformanceBezier-t.build/PerformanceBezier.DependencyStaticMetadataFileList
WriteAuxiliaryFile /Users/admin/builder/spi-builder-workspace/.derivedData/Build/Intermediates.noindex/PerformanceBezier.build/Debug/PerformanceBezier-t.build/PerformanceBezier.modulemap (in target 'PerformanceBezier' from project 'PerformanceBezier')
    cd /Users/admin/builder/spi-builder-workspace/.dependencies/checkouts/PerformanceBezier
    write-file /Users/admin/builder/spi-builder-workspace/.derivedData/Build/Intermediates.noindex/PerformanceBezier.build/Debug/PerformanceBezier-t.build/PerformanceBezier.modulemap
WriteAuxiliaryFile /Users/admin/builder/spi-builder-workspace/.derivedData/Build/Intermediates.noindex/PerformanceBezier.build/Debug/PerformanceBezier-t.build/PerformanceBezier.DependencyMetadataFileList (in target 'PerformanceBezier' from project 'PerformanceBezier')
    cd /Users/admin/builder/spi-builder-workspace/.dependencies/checkouts/PerformanceBezier
    write-file /Users/admin/builder/spi-builder-workspace/.derivedData/Build/Intermediates.noindex/PerformanceBezier.build/Debug/PerformanceBezier-t.build/PerformanceBezier.DependencyMetadataFileList
WriteAuxiliaryFile /Users/admin/builder/spi-builder-workspace/.derivedData/Build/Intermediates.noindex/PerformanceBezier.build/Debug/PerformanceBezier-t.build/Objects-normal/arm64/PerformanceBezier.LinkFileList (in target 'PerformanceBezier' from project 'PerformanceBezier')
    cd /Users/admin/builder/spi-builder-workspace/.dependencies/checkouts/PerformanceBezier
    write-file /Users/admin/builder/spi-builder-workspace/.derivedData/Build/Intermediates.noindex/PerformanceBezier.build/Debug/PerformanceBezier-t.build/Objects-normal/arm64/PerformanceBezier.LinkFileList
WriteAuxiliaryFile /Users/admin/builder/spi-builder-workspace/.derivedData/Build/Intermediates.noindex/PerformanceBezier.build/Debug/PerformanceBezier-t.build/Objects-normal/arm64/e6072d4f65d7061329687fe24e3d63a7-common-args.resp (in target 'PerformanceBezier' from project 'PerformanceBezier')
    cd /Users/admin/builder/spi-builder-workspace/.dependencies/checkouts/PerformanceBezier
    write-file /Users/admin/builder/spi-builder-workspace/.derivedData/Build/Intermediates.noindex/PerformanceBezier.build/Debug/PerformanceBezier-t.build/Objects-normal/arm64/e6072d4f65d7061329687fe24e3d63a7-common-args.resp
-fobjc-arc -fmodules -gmodules '-fmodules-cache-path=/Users/admin/builder/spi-builder-workspace/.derivedData/ModuleCache.noindex' '-fmodule-name=PerformanceBezier' -fpascal-strings -O0 -DSWIFT_PACKAGE '-DDEBUG=1' '-DOBJC_OLD_DISPATCH_PROTOTYPES=1' -g -fprofile-instr-generate -fcoverage-mapping -I/Users/admin/builder/spi-builder-workspace/.derivedData/Build/Products/Debug/include -I/Users/admin/builder/spi-builder-workspace/.dependencies/checkouts/PerformanceBezier/PerformanceBezier -I/Users/admin/builder/spi-builder-workspace/.derivedData/Build/Intermediates.noindex/PerformanceBezier.build/Debug/PerformanceBezier-t.build/DerivedSources-normal/arm64 -I/Users/admin/builder/spi-builder-workspace/.derivedData/Build/Intermediates.noindex/PerformanceBezier.build/Debug/PerformanceBezier-t.build/DerivedSources/arm64 -I/Users/admin/builder/spi-builder-workspace/.derivedData/Build/Intermediates.noindex/PerformanceBezier.build/Debug/PerformanceBezier-t.build/DerivedSources -F/Users/admin/builder/spi-builder-workspace/.derivedData/Build/Products/Debug -iframework /Applications/Xcode-27.0.0-Release.Candidate.app/Contents/Developer/Platforms/MacOSX.platform/Developer/Library/Frameworks -DXcode
WriteAuxiliaryFile /Users/admin/builder/spi-builder-workspace/.derivedData/Build/Intermediates.noindex/Inkable.build/Debug/Inkable-t.build/Objects-normal/arm64/Inkable_const_extract_protocols.json (in target 'Inkable' from project 'Inkable')
    cd /Users/admin/builder/spi-builder-workspace
    write-file /Users/admin/builder/spi-builder-workspace/.derivedData/Build/Intermediates.noindex/Inkable.build/Debug/Inkable-t.build/Objects-normal/arm64/Inkable_const_extract_protocols.json
WriteAuxiliaryFile /Users/admin/builder/spi-builder-workspace/.derivedData/Build/Intermediates.noindex/Inkable.build/Debug/Inkable-t.build/Objects-normal/arm64/Inkable.SwiftFileList (in target 'Inkable' from project 'Inkable')
    cd /Users/admin/builder/spi-builder-workspace
    write-file /Users/admin/builder/spi-builder-workspace/.derivedData/Build/Intermediates.noindex/Inkable.build/Debug/Inkable-t.build/Objects-normal/arm64/Inkable.SwiftFileList
Copy /Users/admin/builder/spi-builder-workspace/.derivedData/Build/Intermediates.noindex/GeneratedModuleMaps/SwiftToolbox.modulemap /Users/admin/builder/spi-builder-workspace/.derivedData/Build/Intermediates.noindex/SwiftToolbox.build/Debug/SwiftToolbox-t.build/SwiftToolbox.modulemap (in target 'SwiftToolbox' from project 'SwiftToolbox')
    cd /Users/admin/builder/spi-builder-workspace/.dependencies/checkouts/SwiftToolbox
    builtin-copy -exclude .DS_Store -exclude CVS -exclude .svn -exclude .git -exclude .hg -resolve-src-symlinks /Users/admin/builder/spi-builder-workspace/.derivedData/Build/Intermediates.noindex/SwiftToolbox.build/Debug/SwiftToolbox-t.build/SwiftToolbox.modulemap /Users/admin/builder/spi-builder-workspace/.derivedData/Build/Intermediates.noindex/GeneratedModuleMaps
WriteAuxiliaryFile /Users/admin/builder/spi-builder-workspace/.derivedData/Build/Intermediates.noindex/Inkable.build/Debug/Inkable-t.build/Objects-normal/arm64/Inkable.SwiftConstValuesFileList (in target 'Inkable' from project 'Inkable')
    cd /Users/admin/builder/spi-builder-workspace
    write-file /Users/admin/builder/spi-builder-workspace/.derivedData/Build/Intermediates.noindex/Inkable.build/Debug/Inkable-t.build/Objects-normal/arm64/Inkable.SwiftConstValuesFileList
WriteAuxiliaryFile /Users/admin/builder/spi-builder-workspace/.derivedData/Build/Intermediates.noindex/Inkable.build/Debug/Inkable-t.build/Objects-normal/arm64/Inkable.LinkFileList (in target 'Inkable' from project 'Inkable')
    cd /Users/admin/builder/spi-builder-workspace
    write-file /Users/admin/builder/spi-builder-workspace/.derivedData/Build/Intermediates.noindex/Inkable.build/Debug/Inkable-t.build/Objects-normal/arm64/Inkable.LinkFileList
WriteAuxiliaryFile /Users/admin/builder/spi-builder-workspace/.derivedData/Build/Intermediates.noindex/Inkable.build/Debug/Inkable-t.build/Objects-normal/arm64/Inkable-OutputFileMap.json (in target 'Inkable' from project 'Inkable')
    cd /Users/admin/builder/spi-builder-workspace
    write-file /Users/admin/builder/spi-builder-workspace/.derivedData/Build/Intermediates.noindex/Inkable.build/Debug/Inkable-t.build/Objects-normal/arm64/Inkable-OutputFileMap.json
Copy /Users/admin/builder/spi-builder-workspace/.derivedData/Build/Intermediates.noindex/GeneratedModuleMaps/PerformanceBezier.modulemap /Users/admin/builder/spi-builder-workspace/.derivedData/Build/Intermediates.noindex/PerformanceBezier.build/Debug/PerformanceBezier-t.build/PerformanceBezier.modulemap (in target 'PerformanceBezier' from project 'PerformanceBezier')
    cd /Users/admin/builder/spi-builder-workspace/.dependencies/checkouts/PerformanceBezier
    builtin-copy -exclude .DS_Store -exclude CVS -exclude .svn -exclude .git -exclude .hg -resolve-src-symlinks /Users/admin/builder/spi-builder-workspace/.derivedData/Build/Intermediates.noindex/PerformanceBezier.build/Debug/PerformanceBezier-t.build/PerformanceBezier.modulemap /Users/admin/builder/spi-builder-workspace/.derivedData/Build/Intermediates.noindex/GeneratedModuleMaps
WriteAuxiliaryFile /Users/admin/builder/spi-builder-workspace/.derivedData/Build/Intermediates.noindex/Inkable.build/Debug/Inkable-t.build/Inkable.modulemap (in target 'Inkable' from project 'Inkable')
    cd /Users/admin/builder/spi-builder-workspace
    write-file /Users/admin/builder/spi-builder-workspace/.derivedData/Build/Intermediates.noindex/Inkable.build/Debug/Inkable-t.build/Inkable.modulemap
WriteAuxiliaryFile /Users/admin/builder/spi-builder-workspace/.derivedData/Build/Intermediates.noindex/Inkable.build/Debug/Inkable-t.build/Inkable.DependencyStaticMetadataFileList (in target 'Inkable' from project 'Inkable')
    cd /Users/admin/builder/spi-builder-workspace
    write-file /Users/admin/builder/spi-builder-workspace/.derivedData/Build/Intermediates.noindex/Inkable.build/Debug/Inkable-t.build/Inkable.DependencyStaticMetadataFileList
WriteAuxiliaryFile /Users/admin/builder/spi-builder-workspace/.derivedData/Build/Intermediates.noindex/Inkable.build/Debug/Inkable-t.build/Inkable.DependencyMetadataFileList (in target 'Inkable' from project 'Inkable')
    cd /Users/admin/builder/spi-builder-workspace
    write-file /Users/admin/builder/spi-builder-workspace/.derivedData/Build/Intermediates.noindex/Inkable.build/Debug/Inkable-t.build/Inkable.DependencyMetadataFileList
WriteAuxiliaryFile /Users/admin/builder/spi-builder-workspace/.derivedData/Build/Intermediates.noindex/ClippingBezier.build/Debug/ClippingBezier-t.build/Objects-normal/arm64/e6072d4f65d7061329687fe24e3d63a7-common-args.resp (in target 'ClippingBezier' from project 'ClippingBezier')
    cd /Users/admin/builder/spi-builder-workspace/.dependencies/checkouts/ClippingBezier
    write-file /Users/admin/builder/spi-builder-workspace/.derivedData/Build/Intermediates.noindex/ClippingBezier.build/Debug/ClippingBezier-t.build/Objects-normal/arm64/e6072d4f65d7061329687fe24e3d63a7-common-args.resp
'-std=gnu99' -fobjc-arc -fmodules -gmodules '-fmodules-cache-path=/Users/admin/builder/spi-builder-workspace/.derivedData/ModuleCache.noindex' '-fmodule-name=ClippingBezier' -fpascal-strings -O0 -DSWIFT_PACKAGE '-DDEBUG=1' '-DOBJC_OLD_DISPATCH_PROTOTYPES=1' -g -fprofile-instr-generate -fcoverage-mapping -I/Users/admin/builder/spi-builder-workspace/.dependencies/checkouts/PerformanceBezier/PerformanceBezier -I/Users/admin/builder/spi-builder-workspace/.derivedData/Build/Products/Debug/include -I/Users/admin/builder/spi-builder-workspace/.dependencies/checkouts/ClippingBezier/ClippingBezier/PublicHeaders -I/Users/admin/builder/spi-builder-workspace/.derivedData/Build/Intermediates.noindex/ClippingBezier.build/Debug/ClippingBezier-t.build/DerivedSources-normal/arm64 -I/Users/admin/builder/spi-builder-workspace/.derivedData/Build/Intermediates.noindex/ClippingBezier.build/Debug/ClippingBezier-t.build/DerivedSources/arm64 -I/Users/admin/builder/spi-builder-workspace/.derivedData/Build/Intermediates.noindex/ClippingBezier.build/Debug/ClippingBezier-t.build/DerivedSources -F/Users/admin/builder/spi-builder-workspace/.derivedData/Build/Products/Debug/PackageFrameworks -F/Users/admin/builder/spi-builder-workspace/.derivedData/Build/Products/Debug -iframework /Applications/Xcode-27.0.0-Release.Candidate.app/Contents/Developer/Platforms/MacOSX.platform/Developer/Library/Frameworks '-fmodule-map-file=/Users/admin/builder/spi-builder-workspace/.derivedData/Build/Intermediates.noindex/GeneratedModuleMaps/PerformanceBezier.modulemap' -DXcode
WriteAuxiliaryFile /Users/admin/builder/spi-builder-workspace/.derivedData/Build/Intermediates.noindex/ClippingBezier.build/Debug/ClippingBezier-t.build/Objects-normal/arm64/af3fcb34312c57c0f52879cdce924b91-common-args.resp (in target 'ClippingBezier' from project 'ClippingBezier')
    cd /Users/admin/builder/spi-builder-workspace/.dependencies/checkouts/ClippingBezier
    write-file /Users/admin/builder/spi-builder-workspace/.derivedData/Build/Intermediates.noindex/ClippingBezier.build/Debug/ClippingBezier-t.build/Objects-normal/arm64/af3fcb34312c57c0f52879cdce924b91-common-args.resp
'-std=gnu++11' -fobjc-arc -fmodules -fno-cxx-modules -gmodules '-fmodules-cache-path=/Users/admin/builder/spi-builder-workspace/.derivedData/ModuleCache.noindex' '-fmodule-name=ClippingBezier' '-D_LIBCPP_HARDENING_MODE=_LIBCPP_HARDENING_MODE_DEBUG' -fpascal-strings -O0 -DSWIFT_PACKAGE '-DDEBUG=1' '-DOBJC_OLD_DISPATCH_PROTOTYPES=1' -g -fvisibility-inlines-hidden -fprofile-instr-generate -fcoverage-mapping -I/Users/admin/builder/spi-builder-workspace/.dependencies/checkouts/PerformanceBezier/PerformanceBezier -I/Users/admin/builder/spi-builder-workspace/.derivedData/Build/Products/Debug/include -I/Users/admin/builder/spi-builder-workspace/.dependencies/checkouts/ClippingBezier/ClippingBezier/PublicHeaders -I/Users/admin/builder/spi-builder-workspace/.derivedData/Build/Intermediates.noindex/ClippingBezier.build/Debug/ClippingBezier-t.build/DerivedSources-normal/arm64 -I/Users/admin/builder/spi-builder-workspace/.derivedData/Build/Intermediates.noindex/ClippingBezier.build/Debug/ClippingBezier-t.build/DerivedSources/arm64 -I/Users/admin/builder/spi-builder-workspace/.derivedData/Build/Intermediates.noindex/ClippingBezier.build/Debug/ClippingBezier-t.build/DerivedSources -F/Users/admin/builder/spi-builder-workspace/.derivedData/Build/Products/Debug/PackageFrameworks -F/Users/admin/builder/spi-builder-workspace/.derivedData/Build/Products/Debug -iframework /Applications/Xcode-27.0.0-Release.Candidate.app/Contents/Developer/Platforms/MacOSX.platform/Developer/Library/Frameworks '-fmodule-map-file=/Users/admin/builder/spi-builder-workspace/.derivedData/Build/Intermediates.noindex/GeneratedModuleMaps/PerformanceBezier.modulemap' -DXcode
WriteAuxiliaryFile /Users/admin/builder/spi-builder-workspace/.derivedData/Build/Intermediates.noindex/ClippingBezier.build/Debug/ClippingBezier-t.build/Objects-normal/arm64/ClippingBezier.LinkFileList (in target 'ClippingBezier' from project 'ClippingBezier')
    cd /Users/admin/builder/spi-builder-workspace/.dependencies/checkouts/ClippingBezier
    write-file /Users/admin/builder/spi-builder-workspace/.derivedData/Build/Intermediates.noindex/ClippingBezier.build/Debug/ClippingBezier-t.build/Objects-normal/arm64/ClippingBezier.LinkFileList
WriteAuxiliaryFile /Users/admin/builder/spi-builder-workspace/.derivedData/Build/Intermediates.noindex/ClippingBezier.build/Debug/ClippingBezier-t.build/Objects-normal/arm64/82b82416624d2658e5098eb0a28c15c5-common-args.resp (in target 'ClippingBezier' from project 'ClippingBezier')
    cd /Users/admin/builder/spi-builder-workspace/.dependencies/checkouts/ClippingBezier
    write-file /Users/admin/builder/spi-builder-workspace/.derivedData/Build/Intermediates.noindex/ClippingBezier.build/Debug/ClippingBezier-t.build/Objects-normal/arm64/82b82416624d2658e5098eb0a28c15c5-common-args.resp
'-std=gnu++11' -fmodules -fno-cxx-modules -gmodules '-fmodules-cache-path=/Users/admin/builder/spi-builder-workspace/.derivedData/ModuleCache.noindex' '-fmodule-name=ClippingBezier' '-D_LIBCPP_HARDENING_MODE=_LIBCPP_HARDENING_MODE_DEBUG' -fpascal-strings -O0 -DSWIFT_PACKAGE '-DDEBUG=1' -g -fvisibility-inlines-hidden -fprofile-instr-generate -fcoverage-mapping -I/Users/admin/builder/spi-builder-workspace/.dependencies/checkouts/PerformanceBezier/PerformanceBezier -I/Users/admin/builder/spi-builder-workspace/.derivedData/Build/Products/Debug/include -I/Users/admin/builder/spi-builder-workspace/.dependencies/checkouts/ClippingBezier/ClippingBezier/PublicHeaders -I/Users/admin/builder/spi-builder-workspace/.derivedData/Build/Intermediates.noindex/ClippingBezier.build/Debug/ClippingBezier-t.build/DerivedSources-normal/arm64 -I/Users/admin/builder/spi-builder-workspace/.derivedData/Build/Intermediates.noindex/ClippingBezier.build/Debug/ClippingBezier-t.build/DerivedSources/arm64 -I/Users/admin/builder/spi-builder-workspace/.derivedData/Build/Intermediates.noindex/ClippingBezier.build/Debug/ClippingBezier-t.build/DerivedSources -F/Users/admin/builder/spi-builder-workspace/.derivedData/Build/Products/Debug/PackageFrameworks -F/Users/admin/builder/spi-builder-workspace/.derivedData/Build/Products/Debug -iframework /Applications/Xcode-27.0.0-Release.Candidate.app/Contents/Developer/Platforms/MacOSX.platform/Developer/Library/Frameworks '-fmodule-map-file=/Users/admin/builder/spi-builder-workspace/.derivedData/Build/Intermediates.noindex/GeneratedModuleMaps/PerformanceBezier.modulemap' -DXcode
WriteAuxiliaryFile /Users/admin/builder/spi-builder-workspace/.derivedData/Build/Intermediates.noindex/ClippingBezier.build/Debug/ClippingBezier-t.build/Objects-normal/arm64/7187679823f38a2a940e0043cdf9d637-common-args.resp (in target 'ClippingBezier' from project 'ClippingBezier')
    cd /Users/admin/builder/spi-builder-workspace/.dependencies/checkouts/ClippingBezier
    write-file /Users/admin/builder/spi-builder-workspace/.derivedData/Build/Intermediates.noindex/ClippingBezier.build/Debug/ClippingBezier-t.build/Objects-normal/arm64/7187679823f38a2a940e0043cdf9d637-common-args.resp
'-std=gnu99' -fmodules -gmodules '-fmodules-cache-path=/Users/admin/builder/spi-builder-workspace/.derivedData/ModuleCache.noindex' '-fmodule-name=ClippingBezier' -fpascal-strings -O0 -DSWIFT_PACKAGE '-DDEBUG=1' -g -fprofile-instr-generate -fcoverage-mapping -I/Users/admin/builder/spi-builder-workspace/.dependencies/checkouts/PerformanceBezier/PerformanceBezier -I/Users/admin/builder/spi-builder-workspace/.derivedData/Build/Products/Debug/include -I/Users/admin/builder/spi-builder-workspace/.dependencies/checkouts/ClippingBezier/ClippingBezier/PublicHeaders -I/Users/admin/builder/spi-builder-workspace/.derivedData/Build/Intermediates.noindex/ClippingBezier.build/Debug/ClippingBezier-t.build/DerivedSources-normal/arm64 -I/Users/admin/builder/spi-builder-workspace/.derivedData/Build/Intermediates.noindex/ClippingBezier.build/Debug/ClippingBezier-t.build/DerivedSources/arm64 -I/Users/admin/builder/spi-builder-workspace/.derivedData/Build/Intermediates.noindex/ClippingBezier.build/Debug/ClippingBezier-t.build/DerivedSources -F/Users/admin/builder/spi-builder-workspace/.derivedData/Build/Products/Debug/PackageFrameworks -F/Users/admin/builder/spi-builder-workspace/.derivedData/Build/Products/Debug -iframework /Applications/Xcode-27.0.0-Release.Candidate.app/Contents/Developer/Platforms/MacOSX.platform/Developer/Library/Frameworks '-fmodule-map-file=/Users/admin/builder/spi-builder-workspace/.derivedData/Build/Intermediates.noindex/GeneratedModuleMaps/PerformanceBezier.modulemap' -DXcode
Copy /Users/admin/builder/spi-builder-workspace/.derivedData/Build/Intermediates.noindex/GeneratedModuleMaps/Inkable.modulemap /Users/admin/builder/spi-builder-workspace/.derivedData/Build/Intermediates.noindex/Inkable.build/Debug/Inkable-t.build/Inkable.modulemap (in target 'Inkable' from project 'Inkable')
    cd /Users/admin/builder/spi-builder-workspace
    builtin-copy -exclude .DS_Store -exclude CVS -exclude .svn -exclude .git -exclude .hg -resolve-src-symlinks /Users/admin/builder/spi-builder-workspace/.derivedData/Build/Intermediates.noindex/Inkable.build/Debug/Inkable-t.build/Inkable.modulemap /Users/admin/builder/spi-builder-workspace/.derivedData/Build/Intermediates.noindex/GeneratedModuleMaps
WriteAuxiliaryFile /Users/admin/builder/spi-builder-workspace/.derivedData/Build/Intermediates.noindex/ClippingBezier.build/Debug/ClippingBezier-t.build/ClippingBezier.modulemap (in target 'ClippingBezier' from project 'ClippingBezier')
    cd /Users/admin/builder/spi-builder-workspace/.dependencies/checkouts/ClippingBezier
    write-file /Users/admin/builder/spi-builder-workspace/.derivedData/Build/Intermediates.noindex/ClippingBezier.build/Debug/ClippingBezier-t.build/ClippingBezier.modulemap
WriteAuxiliaryFile /Users/admin/builder/spi-builder-workspace/.derivedData/Build/Intermediates.noindex/ClippingBezier.build/Debug/ClippingBezier-t.build/ClippingBezier.DependencyStaticMetadataFileList (in target 'ClippingBezier' from project 'ClippingBezier')
    cd /Users/admin/builder/spi-builder-workspace/.dependencies/checkouts/ClippingBezier
    write-file /Users/admin/builder/spi-builder-workspace/.derivedData/Build/Intermediates.noindex/ClippingBezier.build/Debug/ClippingBezier-t.build/ClippingBezier.DependencyStaticMetadataFileList
WriteAuxiliaryFile /Users/admin/builder/spi-builder-workspace/.derivedData/Build/Intermediates.noindex/ClippingBezier.build/Debug/ClippingBezier-t.build/ClippingBezier.DependencyMetadataFileList (in target 'ClippingBezier' from project 'ClippingBezier')
    cd /Users/admin/builder/spi-builder-workspace/.dependencies/checkouts/ClippingBezier
    write-file /Users/admin/builder/spi-builder-workspace/.derivedData/Build/Intermediates.noindex/ClippingBezier.build/Debug/ClippingBezier-t.build/ClippingBezier.DependencyMetadataFileList
Copy /Users/admin/builder/spi-builder-workspace/.derivedData/Build/Intermediates.noindex/GeneratedModuleMaps/ClippingBezier.modulemap /Users/admin/builder/spi-builder-workspace/.derivedData/Build/Intermediates.noindex/ClippingBezier.build/Debug/ClippingBezier-t.build/ClippingBezier.modulemap (in target 'ClippingBezier' from project 'ClippingBezier')
    cd /Users/admin/builder/spi-builder-workspace/.dependencies/checkouts/ClippingBezier
    builtin-copy -exclude .DS_Store -exclude CVS -exclude .svn -exclude .git -exclude .hg -resolve-src-symlinks /Users/admin/builder/spi-builder-workspace/.derivedData/Build/Intermediates.noindex/ClippingBezier.build/Debug/ClippingBezier-t.build/ClippingBezier.modulemap /Users/admin/builder/spi-builder-workspace/.derivedData/Build/Intermediates.noindex/GeneratedModuleMaps
ScanDependencies /Users/admin/builder/spi-builder-workspace/.derivedData/Build/Intermediates.noindex/PerformanceBezier.build/Debug/PerformanceBezier-t.build/Objects-normal/arm64/UIBezierPathProperties.o /Users/admin/builder/spi-builder-workspace/.dependencies/checkouts/PerformanceBezier/PerformanceBezier/UIBezierPathProperties.m normal arm64 objective-c com.apple.compilers.llvm.clang.1_0.compiler (in target 'PerformanceBezier' from project 'PerformanceBezier')
    cd /Users/admin/builder/spi-builder-workspace/.swiftpm/xcode

    Using response file: /Users/admin/builder/spi-builder-workspace/.derivedData/Build/Intermediates.noindex/PerformanceBezier.build/Debug/PerformanceBezier-t.build/Objects-normal/arm64/e6072d4f65d7061329687fe24e3d63a7-common-args.resp

    builtin-ScanDependencies -o /Users/admin/builder/spi-builder-workspace/.derivedData/Build/Intermediates.noindex/PerformanceBezier.build/Debug/PerformanceBezier-t.build/Objects-normal/arm64/UIBezierPathProperties.o.scan -- /Applications/Xcode-27.0.0-Release.Candidate.app/Contents/Developer/Toolchains/XcodeDefault.xctoolchain/usr/bin/clang -x objective-c -ivfsstatcache /Users/admin/builder/spi-builder-workspace/.derivedData/SDKStatCaches.noindex/macosx27.0-26A425-e829b21a6f8c9b70876ba0858053c0446a22442a12e9d48fe1a705f55a1adfc4.sdkstatcache -target arm64-apple-macos12.0 -fmessage-length\=0 -fdiagnostics-show-note-include-stack -fmacro-backtrace-limit\=0 -fno-color-diagnostics -fmodules-prune-interval\=86400 -fmodules-prune-after\=345600 -fbuild-session-file\=/Users/admin/builder/spi-builder-workspace/.derivedData/ModuleCache.noindex/Session.modulevalidation -fmodules-validate-once-per-build-session -Wnon-modular-include-in-framework-module -Werror\=non-modular-include-in-framework-module -Wno-trigraphs -Wno-missing-field-initializers -Wno-missing-prototypes -Wno-return-type -Wno-implicit-atomic-properties -Wno-objc-interface-ivars -Wno-arc-repeated-use-of-weak -Wno-missing-braces -Wparentheses -Wswitch -Wno-unused-function -Wno-unused-label -Wno-unused-parameter -Wno-unused-variable -Wunused-value -Wno-empty-body -Wno-uninitialized -Wno-unknown-pragmas -w -Wno-shadow -Wno-four-char-constants -Wno-conversion -Wno-constant-conversion -Wno-int-conversion -Wno-bool-conversion -Wno-enum-conversion -Wno-float-conversion -Wno-non-literal-null-conversion -Wno-objc-literal-conversion -Wshorten-64-to-32 -Wpointer-sign -Wno-newline-eof -Wno-selector -Wno-strict-selector-match -Wno-undeclared-selector -Wno-deprecated-implementations -Wno-implicit-fallthrough -isysroot /Applications/Xcode-27.0.0-Release.Candidate.app/Contents/Developer/Platforms/MacOSX.platform/Developer/SDKs/MacOSX27.0.sdk -fstrict-aliasing -Wprotocol -Wdeprecated-declarations -Wno-sign-conversion -Wno-infinite-recursion -Wno-comma -Wno-block-capture-autoreleasing -Wno-strict-prototypes -Wno-semicolon-before-method-body -index-store-path /Users/admin/builder/spi-builder-workspace/.derivedData/Index.noindex/DataStore @/Users/admin/builder/spi-builder-workspace/.derivedData/Build/Intermediates.noindex/PerformanceBezier.build/Debug/PerformanceBezier-t.build/Objects-normal/arm64/e6072d4f65d7061329687fe24e3d63a7-common-args.resp -MMD -MT dependencies -MF /Users/admin/builder/spi-builder-workspace/.derivedData/Build/Intermediates.noindex/PerformanceBezier.build/Debug/PerformanceBezier-t.build/Objects-normal/arm64/UIBezierPathProperties.d --serialize-diagnostics /Users/admin/builder/spi-builder-workspace/.derivedData/Build/Intermediates.noindex/PerformanceBezier.build/Debug/PerformanceBezier-t.build/Objects-normal/arm64/UIBezierPathProperties.dia -c /Users/admin/builder/spi-builder-workspace/.dependencies/checkouts/PerformanceBezier/PerformanceBezier/UIBezierPathProperties.m -o /Users/admin/builder/spi-builder-workspace/.derivedData/Build/Intermediates.noindex/PerformanceBezier.build/Debug/PerformanceBezier-t.build/Objects-normal/arm64/UIBezierPathProperties.o -index-unit-output-path /PerformanceBezier.build/Debug/PerformanceBezier-t.build/Objects-normal/arm64/UIBezierPathProperties.o
/Users/admin/builder/spi-builder-workspace/.dependencies/checkouts/PerformanceBezier/PerformanceBezier/UIBezierPathProperties.h:10:9: error: 'UIKit/UIKit.h' file not found (in target 'PerformanceBezier' from project 'PerformanceBezier')
    /Users/admin/builder/spi-builder-workspace/.dependencies/checkouts/PerformanceBezier/PerformanceBezier/UIBezierPathProperties.m:9:9: note: in file included from /Users/admin/builder/spi-builder-workspace/.dependencies/checkouts/PerformanceBezier/PerformanceBezier/UIBezierPathProperties.m:9:
ScanDependencies /Users/admin/builder/spi-builder-workspace/.derivedData/Build/Intermediates.noindex/PerformanceBezier.build/Debug/PerformanceBezier-t.build/Objects-normal/arm64/UIBezierPath+Util.o /Users/admin/builder/spi-builder-workspace/.dependencies/checkouts/PerformanceBezier/PerformanceBezier/UIBezierPath+Util.m normal arm64 objective-c com.apple.compilers.llvm.clang.1_0.compiler (in target 'PerformanceBezier' from project 'PerformanceBezier')
    cd /Users/admin/builder/spi-builder-workspace/.swiftpm/xcode

    Using response file: /Users/admin/builder/spi-builder-workspace/.derivedData/Build/Intermediates.noindex/PerformanceBezier.build/Debug/PerformanceBezier-t.build/Objects-normal/arm64/e6072d4f65d7061329687fe24e3d63a7-common-args.resp

    builtin-ScanDependencies -o /Users/admin/builder/spi-builder-workspace/.derivedData/Build/Intermediates.noindex/PerformanceBezier.build/Debug/PerformanceBezier-t.build/Objects-normal/arm64/UIBezierPath+Util.o.scan -- /Applications/Xcode-27.0.0-Release.Candidate.app/Contents/Developer/Toolchains/XcodeDefault.xctoolchain/usr/bin/clang -x objective-c -ivfsstatcache /Users/admin/builder/spi-builder-workspace/.derivedData/SDKStatCaches.noindex/macosx27.0-26A425-e829b21a6f8c9b70876ba0858053c0446a22442a12e9d48fe1a705f55a1adfc4.sdkstatcache -target arm64-apple-macos12.0 -fmessage-length\=0 -fdiagnostics-show-note-include-stack -fmacro-backtrace-limit\=0 -fno-color-diagnostics -fmodules-prune-interval\=86400 -fmodules-prune-after\=345600 -fbuild-session-file\=/Users/admin/builder/spi-builder-workspace/.derivedData/ModuleCache.noindex/Session.modulevalidation -fmodules-validate-once-per-build-session -Wnon-modular-include-in-framework-module -Werror\=non-modular-include-in-framework-module -Wno-trigraphs -Wno-missing-field-initializers -Wno-missing-prototypes -Wno-return-type -Wno-implicit-atomic-properties -Wno-objc-interface-ivars -Wno-arc-repeated-use-of-weak -Wno-missing-braces -Wparentheses -Wswitch -Wno-unused-function -Wno-unused-label -Wno-unused-parameter -Wno-unused-variable -Wunused-value -Wno-empty-body -Wno-uninitialized -Wno-unknown-pragmas -w -Wno-shadow -Wno-four-char-constants -Wno-conversion -Wno-constant-conversion -Wno-int-conversion -Wno-bool-conversion -Wno-enum-conversion -Wno-float-conversion -Wno-non-literal-null-conversion -Wno-objc-literal-conversion -Wshorten-64-to-32 -Wpointer-sign -Wno-newline-eof -Wno-selector -Wno-strict-selector-match -Wno-undeclared-selector -Wno-deprecated-implementations -Wno-implicit-fallthrough -isysroot /Applications/Xcode-27.0.0-Release.Candidate.app/Contents/Developer/Platforms/MacOSX.platform/Developer/SDKs/MacOSX27.0.sdk -fstrict-aliasing -Wprotocol -Wdeprecated-declarations -Wno-sign-conversion -Wno-infinite-recursion -Wno-comma -Wno-block-capture-autoreleasing -Wno-strict-prototypes -Wno-semicolon-before-method-body -index-store-path /Users/admin/builder/spi-builder-workspace/.derivedData/Index.noindex/DataStore @/Users/admin/builder/spi-builder-workspace/.derivedData/Build/Intermediates.noindex/PerformanceBezier.build/Debug/PerformanceBezier-t.build/Objects-normal/arm64/e6072d4f65d7061329687fe24e3d63a7-common-args.resp -MMD -MT dependencies -MF /Users/admin/builder/spi-builder-workspace/.derivedData/Build/Intermediates.noindex/PerformanceBezier.build/Debug/PerformanceBezier-t.build/Objects-normal/arm64/UIBezierPath+Util.d --serialize-diagnostics /Users/admin/builder/spi-builder-workspace/.derivedData/Build/Intermediates.noindex/PerformanceBezier.build/Debug/PerformanceBezier-t.build/Objects-normal/arm64/UIBezierPath+Util.dia -c /Users/admin/builder/spi-builder-workspace/.dependencies/checkouts/PerformanceBezier/PerformanceBezier/UIBezierPath+Util.m -o /Users/admin/builder/spi-builder-workspace/.derivedData/Build/Intermediates.noindex/PerformanceBezier.build/Debug/PerformanceBezier-t.build/Objects-normal/arm64/UIBezierPath+Util.o -index-unit-output-path /PerformanceBezier.build/Debug/PerformanceBezier-t.build/Objects-normal/arm64/UIBezierPath+Util.o
/Users/admin/builder/spi-builder-workspace/.dependencies/checkouts/PerformanceBezier/PerformanceBezier/UIBezierPath+Center.h:9:9: error: 'UIKit/UIKit.h' file not found (in target 'PerformanceBezier' from project 'PerformanceBezier')
    /Users/admin/builder/spi-builder-workspace/.dependencies/checkouts/PerformanceBezier/PerformanceBezier/UIBezierPath+Util.m:9:9: note: in file included from /Users/admin/builder/spi-builder-workspace/.dependencies/checkouts/PerformanceBezier/PerformanceBezier/UIBezierPath+Util.m:9:
    /Users/admin/builder/spi-builder-workspace/.dependencies/checkouts/PerformanceBezier/PerformanceBezier/PerformanceBezier.h:11:9: note: in file included from /Users/admin/builder/spi-builder-workspace/.dependencies/checkouts/PerformanceBezier/PerformanceBezier/PerformanceBezier.h:11:
ScanDependencies /Users/admin/builder/spi-builder-workspace/.derivedData/Build/Intermediates.noindex/PerformanceBezier.build/Debug/PerformanceBezier-t.build/Objects-normal/arm64/UIBezierPath+Uncached.o /Users/admin/builder/spi-builder-workspace/.dependencies/checkouts/PerformanceBezier/PerformanceBezier/UIBezierPath+Uncached.m normal arm64 objective-c com.apple.compilers.llvm.clang.1_0.compiler (in target 'PerformanceBezier' from project 'PerformanceBezier')
    cd /Users/admin/builder/spi-builder-workspace/.swiftpm/xcode

    Using response file: /Users/admin/builder/spi-builder-workspace/.derivedData/Build/Intermediates.noindex/PerformanceBezier.build/Debug/PerformanceBezier-t.build/Objects-normal/arm64/e6072d4f65d7061329687fe24e3d63a7-common-args.resp

    builtin-ScanDependencies -o /Users/admin/builder/spi-builder-workspace/.derivedData/Build/Intermediates.noindex/PerformanceBezier.build/Debug/PerformanceBezier-t.build/Objects-normal/arm64/UIBezierPath+Uncached.o.scan -- /Applications/Xcode-27.0.0-Release.Candidate.app/Contents/Developer/Toolchains/XcodeDefault.xctoolchain/usr/bin/clang -x objective-c -ivfsstatcache /Users/admin/builder/spi-builder-workspace/.derivedData/SDKStatCaches.noindex/macosx27.0-26A425-e829b21a6f8c9b70876ba0858053c0446a22442a12e9d48fe1a705f55a1adfc4.sdkstatcache -target arm64-apple-macos12.0 -fmessage-length\=0 -fdiagnostics-show-note-include-stack -fmacro-backtrace-limit\=0 -fno-color-diagnostics -fmodules-prune-interval\=86400 -fmodules-prune-after\=345600 -fbuild-session-file\=/Users/admin/builder/spi-builder-workspace/.derivedData/ModuleCache.noindex/Session.modulevalidation -fmodules-validate-once-per-build-session -Wnon-modular-include-in-framework-module -Werror\=non-modular-include-in-framework-module -Wno-trigraphs -Wno-missing-field-initializers -Wno-missing-prototypes -Wno-return-type -Wno-implicit-atomic-properties -Wno-objc-interface-ivars -Wno-arc-repeated-use-of-weak -Wno-missing-braces -Wparentheses -Wswitch -Wno-unused-function -Wno-unused-label -Wno-unused-parameter -Wno-unused-variable -Wunused-value -Wno-empty-body -Wno-uninitialized -Wno-unknown-pragmas -w -Wno-shadow -Wno-four-char-constants -Wno-conversion -Wno-constant-conversion -Wno-int-conversion -Wno-bool-conversion -Wno-enum-conversion -Wno-float-conversion -Wno-non-literal-null-conversion -Wno-objc-literal-conversion -Wshorten-64-to-32 -Wpointer-sign -Wno-newline-eof -Wno-selector -Wno-strict-selector-match -Wno-undeclared-selector -Wno-deprecated-implementations -Wno-implicit-fallthrough -isysroot /Applications/Xcode-27.0.0-Release.Candidate.app/Contents/Developer/Platforms/MacOSX.platform/Developer/SDKs/MacOSX27.0.sdk -fstrict-aliasing -Wprotocol -Wdeprecated-declarations -Wno-sign-conversion -Wno-infinite-recursion -Wno-comma -Wno-block-capture-autoreleasing -Wno-strict-prototypes -Wno-semicolon-before-method-body -index-store-path /Users/admin/builder/spi-builder-workspace/.derivedData/Index.noindex/DataStore @/Users/admin/builder/spi-builder-workspace/.derivedData/Build/Intermediates.noindex/PerformanceBezier.build/Debug/PerformanceBezier-t.build/Objects-normal/arm64/e6072d4f65d7061329687fe24e3d63a7-common-args.resp -MMD -MT dependencies -MF /Users/admin/builder/spi-builder-workspace/.derivedData/Build/Intermediates.noindex/PerformanceBezier.build/Debug/PerformanceBezier-t.build/Objects-normal/arm64/UIBezierPath+Uncached.d --serialize-diagnostics /Users/admin/builder/spi-builder-workspace/.derivedData/Build/Intermediates.noindex/PerformanceBezier.build/Debug/PerformanceBezier-t.build/Objects-normal/arm64/UIBezierPath+Uncached.dia -c /Users/admin/builder/spi-builder-workspace/.dependencies/checkouts/PerformanceBezier/PerformanceBezier/UIBezierPath+Uncached.m -o /Users/admin/builder/spi-builder-workspace/.derivedData/Build/Intermediates.noindex/PerformanceBezier.build/Debug/PerformanceBezier-t.build/Objects-normal/arm64/UIBezierPath+Uncached.o -index-unit-output-path /PerformanceBezier.build/Debug/PerformanceBezier-t.build/Objects-normal/arm64/UIBezierPath+Uncached.o
/Users/admin/builder/spi-builder-workspace/.dependencies/checkouts/PerformanceBezier/PerformanceBezier/UIBezierPath+Uncached.h:9:9: error: 'UIKit/UIKit.h' file not found (in target 'PerformanceBezier' from project 'PerformanceBezier')
    /Users/admin/builder/spi-builder-workspace/.dependencies/checkouts/PerformanceBezier/PerformanceBezier/UIBezierPath+Uncached.m:9:9: note: in file included from /Users/admin/builder/spi-builder-workspace/.dependencies/checkouts/PerformanceBezier/PerformanceBezier/UIBezierPath+Uncached.m:9:
ScanDependencies /Users/admin/builder/spi-builder-workspace/.derivedData/Build/Intermediates.noindex/PerformanceBezier.build/Debug/PerformanceBezier-t.build/Objects-normal/arm64/UIBezierPath+Trim.o /Users/admin/builder/spi-builder-workspace/.dependencies/checkouts/PerformanceBezier/PerformanceBezier/UIBezierPath+Trim.m normal arm64 objective-c com.apple.compilers.llvm.clang.1_0.compiler (in target 'PerformanceBezier' from project 'PerformanceBezier')
    cd /Users/admin/builder/spi-builder-workspace/.swiftpm/xcode

    Using response file: /Users/admin/builder/spi-builder-workspace/.derivedData/Build/Intermediates.noindex/PerformanceBezier.build/Debug/PerformanceBezier-t.build/Objects-normal/arm64/e6072d4f65d7061329687fe24e3d63a7-common-args.resp

    builtin-ScanDependencies -o /Users/admin/builder/spi-builder-workspace/.derivedData/Build/Intermediates.noindex/PerformanceBezier.build/Debug/PerformanceBezier-t.build/Objects-normal/arm64/UIBezierPath+Trim.o.scan -- /Applications/Xcode-27.0.0-Release.Candidate.app/Contents/Developer/Toolchains/XcodeDefault.xctoolchain/usr/bin/clang -x objective-c -ivfsstatcache /Users/admin/builder/spi-builder-workspace/.derivedData/SDKStatCaches.noindex/macosx27.0-26A425-e829b21a6f8c9b70876ba0858053c0446a22442a12e9d48fe1a705f55a1adfc4.sdkstatcache -target arm64-apple-macos12.0 -fmessage-length\=0 -fdiagnostics-show-note-include-stack -fmacro-backtrace-limit\=0 -fno-color-diagnostics -fmodules-prune-interval\=86400 -fmodules-prune-after\=345600 -fbuild-session-file\=/Users/admin/builder/spi-builder-workspace/.derivedData/ModuleCache.noindex/Session.modulevalidation -fmodules-validate-once-per-build-session -Wnon-modular-include-in-framework-module -Werror\=non-modular-include-in-framework-module -Wno-trigraphs -Wno-missing-field-initializers -Wno-missing-prototypes -Wno-return-type -Wno-implicit-atomic-properties -Wno-objc-interface-ivars -Wno-arc-repeated-use-of-weak -Wno-missing-braces -Wparentheses -Wswitch -Wno-unused-function -Wno-unused-label -Wno-unused-parameter -Wno-unused-variable -Wunused-value -Wno-empty-body -Wno-uninitialized -Wno-unknown-pragmas -w -Wno-shadow -Wno-four-char-constants -Wno-conversion -Wno-constant-conversion -Wno-int-conversion -Wno-bool-conversion -Wno-enum-conversion -Wno-float-conversion -Wno-non-literal-null-conversion -Wno-objc-literal-conversion -Wshorten-64-to-32 -Wpointer-sign -Wno-newline-eof -Wno-selector -Wno-strict-selector-match -Wno-undeclared-selector -Wno-deprecated-implementations -Wno-implicit-fallthrough -isysroot /Applications/Xcode-27.0.0-Release.Candidate.app/Contents/Developer/Platforms/MacOSX.platform/Developer/SDKs/MacOSX27.0.sdk -fstrict-aliasing -Wprotocol -Wdeprecated-declarations -Wno-sign-conversion -Wno-infinite-recursion -Wno-comma -Wno-block-capture-autoreleasing -Wno-strict-prototypes -Wno-semicolon-before-method-body -index-store-path /Users/admin/builder/spi-builder-workspace/.derivedData/Index.noindex/DataStore @/Users/admin/builder/spi-builder-workspace/.derivedData/Build/Intermediates.noindex/PerformanceBezier.build/Debug/PerformanceBezier-t.build/Objects-normal/arm64/e6072d4f65d7061329687fe24e3d63a7-common-args.resp -MMD -MT dependencies -MF /Users/admin/builder/spi-builder-workspace/.derivedData/Build/Intermediates.noindex/PerformanceBezier.build/Debug/PerformanceBezier-t.build/Objects-normal/arm64/UIBezierPath+Trim.d --serialize-diagnostics /Users/admin/builder/spi-builder-workspace/.derivedData/Build/Intermediates.noindex/PerformanceBezier.build/Debug/PerformanceBezier-t.build/Objects-normal/arm64/UIBezierPath+Trim.dia -c /Users/admin/builder/spi-builder-workspace/.dependencies/checkouts/PerformanceBezier/PerformanceBezier/UIBezierPath+Trim.m -o /Users/admin/builder/spi-builder-workspace/.derivedData/Build/Intermediates.noindex/PerformanceBezier.build/Debug/PerformanceBezier-t.build/Objects-normal/arm64/UIBezierPath+Trim.o -index-unit-output-path /PerformanceBezier.build/Debug/PerformanceBezier-t.build/Objects-normal/arm64/UIBezierPath+Trim.o
/Users/admin/builder/spi-builder-workspace/.dependencies/checkouts/PerformanceBezier/PerformanceBezier/UIBezierPath+Trim.h:19:9: error: 'UIKit/UIKit.h' file not found (in target 'PerformanceBezier' from project 'PerformanceBezier')
    /Users/admin/builder/spi-builder-workspace/.dependencies/checkouts/PerformanceBezier/PerformanceBezier/UIBezierPath+Trim.m:9:9: note: in file included from /Users/admin/builder/spi-builder-workspace/.dependencies/checkouts/PerformanceBezier/PerformanceBezier/UIBezierPath+Trim.m:9:
ScanDependencies /Users/admin/builder/spi-builder-workspace/.derivedData/Build/Intermediates.noindex/PerformanceBezier.build/Debug/PerformanceBezier-t.build/Objects-normal/arm64/UIBezierPath+Performance.o /Users/admin/builder/spi-builder-workspace/.dependencies/checkouts/PerformanceBezier/PerformanceBezier/UIBezierPath+Performance.m normal arm64 objective-c com.apple.compilers.llvm.clang.1_0.compiler (in target 'PerformanceBezier' from project 'PerformanceBezier')
    cd /Users/admin/builder/spi-builder-workspace/.swiftpm/xcode

    Using response file: /Users/admin/builder/spi-builder-workspace/.derivedData/Build/Intermediates.noindex/PerformanceBezier.build/Debug/PerformanceBezier-t.build/Objects-normal/arm64/e6072d4f65d7061329687fe24e3d63a7-common-args.resp

    builtin-ScanDependencies -o /Users/admin/builder/spi-builder-workspace/.derivedData/Build/Intermediates.noindex/PerformanceBezier.build/Debug/PerformanceBezier-t.build/Objects-normal/arm64/UIBezierPath+Performance.o.scan -- /Applications/Xcode-27.0.0-Release.Candidate.app/Contents/Developer/Toolchains/XcodeDefault.xctoolchain/usr/bin/clang -x objective-c -ivfsstatcache /Users/admin/builder/spi-builder-workspace/.derivedData/SDKStatCaches.noindex/macosx27.0-26A425-e829b21a6f8c9b70876ba0858053c0446a22442a12e9d48fe1a705f55a1adfc4.sdkstatcache -target arm64-apple-macos12.0 -fmessage-length\=0 -fdiagnostics-show-note-include-stack -fmacro-backtrace-limit\=0 -fno-color-diagnostics -fmodules-prune-interval\=86400 -fmodules-prune-after\=345600 -fbuild-session-file\=/Users/admin/builder/spi-builder-workspace/.derivedData/ModuleCache.noindex/Session.modulevalidation -fmodules-validate-once-per-build-session -Wnon-modular-include-in-framework-module -Werror\=non-modular-include-in-framework-module -Wno-trigraphs -Wno-missing-field-initializers -Wno-missing-prototypes -Wno-return-type -Wno-implicit-atomic-properties -Wno-objc-interface-ivars -Wno-arc-repeated-use-of-weak -Wno-missing-braces -Wparentheses -Wswitch -Wno-unused-function -Wno-unused-label -Wno-unused-parameter -Wno-unused-variable -Wunused-value -Wno-empty-body -Wno-uninitialized -Wno-unknown-pragmas -w -Wno-shadow -Wno-four-char-constants -Wno-conversion -Wno-constant-conversion -Wno-int-conversion -Wno-bool-conversion -Wno-enum-conversion -Wno-float-conversion -Wno-non-literal-null-conversion -Wno-objc-literal-conversion -Wshorten-64-to-32 -Wpointer-sign -Wno-newline-eof -Wno-selector -Wno-strict-selector-match -Wno-undeclared-selector -Wno-deprecated-implementations -Wno-implicit-fallthrough -isysroot /Applications/Xcode-27.0.0-Release.Candidate.app/Contents/Developer/Platforms/MacOSX.platform/Developer/SDKs/MacOSX27.0.sdk -fstrict-aliasing -Wprotocol -Wdeprecated-declarations -Wno-sign-conversion -Wno-infinite-recursion -Wno-comma -Wno-block-capture-autoreleasing -Wno-strict-prototypes -Wno-semicolon-before-method-body -index-store-path /Users/admin/builder/spi-builder-workspace/.derivedData/Index.noindex/DataStore @/Users/admin/builder/spi-builder-workspace/.derivedData/Build/Intermediates.noindex/PerformanceBezier.build/Debug/PerformanceBezier-t.build/Objects-normal/arm64/e6072d4f65d7061329687fe24e3d63a7-common-args.resp -MMD -MT dependencies -MF /Users/admin/builder/spi-builder-workspace/.derivedData/Build/Intermediates.noindex/PerformanceBezier.build/Debug/PerformanceBezier-t.build/Objects-normal/arm64/UIBezierPath+Performance.d --serialize-diagnostics /Users/admin/builder/spi-builder-workspace/.derivedData/Build/Intermediates.noindex/PerformanceBezier.build/Debug/PerformanceBezier-t.build/Objects-normal/arm64/UIBezierPath+Performance.dia -c /Users/admin/builder/spi-builder-workspace/.dependencies/checkouts/PerformanceBezier/PerformanceBezier/UIBezierPath+Performance.m -o /Users/admin/builder/spi-builder-workspace/.derivedData/Build/Intermediates.noindex/PerformanceBezier.build/Debug/PerformanceBezier-t.build/Objects-normal/arm64/UIBezierPath+Performance.o -index-unit-output-path /PerformanceBezier.build/Debug/PerformanceBezier-t.build/Objects-normal/arm64/UIBezierPath+Performance.o
/Users/admin/builder/spi-builder-workspace/.dependencies/checkouts/PerformanceBezier/PerformanceBezier/UIBezierPathProperties.h:10:9: error: 'UIKit/UIKit.h' file not found (in target 'PerformanceBezier' from project 'PerformanceBezier')
    /Users/admin/builder/spi-builder-workspace/.dependencies/checkouts/PerformanceBezier/PerformanceBezier/UIBezierPath+Performance.m:9:9: note: in file included from /Users/admin/builder/spi-builder-workspace/.dependencies/checkouts/PerformanceBezier/PerformanceBezier/UIBezierPath+Performance.m:9:
    /Users/admin/builder/spi-builder-workspace/.dependencies/checkouts/PerformanceBezier/PerformanceBezier/UIBezierPath+Performance.h:9:9: note: in file included from /Users/admin/builder/spi-builder-workspace/.dependencies/checkouts/PerformanceBezier/PerformanceBezier/UIBezierPath+Performance.h:9:
ScanDependencies /Users/admin/builder/spi-builder-workspace/.derivedData/Build/Intermediates.noindex/PerformanceBezier.build/Debug/PerformanceBezier-t.build/Objects-normal/arm64/UIBezierPath+NSOSX.o /Users/admin/builder/spi-builder-workspace/.dependencies/checkouts/PerformanceBezier/PerformanceBezier/UIBezierPath+NSOSX.m normal arm64 objective-c com.apple.compilers.llvm.clang.1_0.compiler (in target 'PerformanceBezier' from project 'PerformanceBezier')
    cd /Users/admin/builder/spi-builder-workspace/.swiftpm/xcode

    Using response file: /Users/admin/builder/spi-builder-workspace/.derivedData/Build/Intermediates.noindex/PerformanceBezier.build/Debug/PerformanceBezier-t.build/Objects-normal/arm64/e6072d4f65d7061329687fe24e3d63a7-common-args.resp

    builtin-ScanDependencies -o /Users/admin/builder/spi-builder-workspace/.derivedData/Build/Intermediates.noindex/PerformanceBezier.build/Debug/PerformanceBezier-t.build/Objects-normal/arm64/UIBezierPath+NSOSX.o.scan -- /Applications/Xcode-27.0.0-Release.Candidate.app/Contents/Developer/Toolchains/XcodeDefault.xctoolchain/usr/bin/clang -x objective-c -ivfsstatcache /Users/admin/builder/spi-builder-workspace/.derivedData/SDKStatCaches.noindex/macosx27.0-26A425-e829b21a6f8c9b70876ba0858053c0446a22442a12e9d48fe1a705f55a1adfc4.sdkstatcache -target arm64-apple-macos12.0 -fmessage-length\=0 -fdiagnostics-show-note-include-stack -fmacro-backtrace-limit\=0 -fno-color-diagnostics -fmodules-prune-interval\=86400 -fmodules-prune-after\=345600 -fbuild-session-file\=/Users/admin/builder/spi-builder-workspace/.derivedData/ModuleCache.noindex/Session.modulevalidation -fmodules-validate-once-per-build-session -Wnon-modular-include-in-framework-module -Werror\=non-modular-include-in-framework-module -Wno-trigraphs -Wno-missing-field-initializers -Wno-missing-prototypes -Wno-return-type -Wno-implicit-atomic-properties -Wno-objc-interface-ivars -Wno-arc-repeated-use-of-weak -Wno-missing-braces -Wparentheses -Wswitch -Wno-unused-function -Wno-unused-label -Wno-unused-parameter -Wno-unused-variable -Wunused-value -Wno-empty-body -Wno-uninitialized -Wno-unknown-pragmas -w -Wno-shadow -Wno-four-char-constants -Wno-conversion -Wno-constant-conversion -Wno-int-conversion -Wno-bool-conversion -Wno-enum-conversion -Wno-float-conversion -Wno-non-literal-null-conversion -Wno-objc-literal-conversion -Wshorten-64-to-32 -Wpointer-sign -Wno-newline-eof -Wno-selector -Wno-strict-selector-match -Wno-undeclared-selector -Wno-deprecated-implementations -Wno-implicit-fallthrough -isysroot /Applications/Xcode-27.0.0-Release.Candidate.app/Contents/Developer/Platforms/MacOSX.platform/Developer/SDKs/MacOSX27.0.sdk -fstrict-aliasing -Wprotocol -Wdeprecated-declarations -Wno-sign-conversion -Wno-infinite-recursion -Wno-comma -Wno-block-capture-autoreleasing -Wno-strict-prototypes -Wno-semicolon-before-method-body -index-store-path /Users/admin/builder/spi-builder-workspace/.derivedData/Index.noindex/DataStore @/Users/admin/builder/spi-builder-workspace/.derivedData/Build/Intermediates.noindex/PerformanceBezier.build/Debug/PerformanceBezier-t.build/Objects-normal/arm64/e6072d4f65d7061329687fe24e3d63a7-common-args.resp -MMD -MT dependencies -MF /Users/admin/builder/spi-builder-workspace/.derivedData/Build/Intermediates.noindex/PerformanceBezier.build/Debug/PerformanceBezier-t.build/Objects-normal/arm64/UIBezierPath+NSOSX.d --serialize-diagnostics /Users/admin/builder/spi-builder-workspace/.derivedData/Build/Intermediates.noindex/PerformanceBezier.build/Debug/PerformanceBezier-t.build/Objects-normal/arm64/UIBezierPath+NSOSX.dia -c /Users/admin/builder/spi-builder-workspace/.dependencies/checkouts/PerformanceBezier/PerformanceBezier/UIBezierPath+NSOSX.m -o /Users/admin/builder/spi-builder-workspace/.derivedData/Build/Intermediates.noindex/PerformanceBezier.build/Debug/PerformanceBezier-t.build/Objects-normal/arm64/UIBezierPath+NSOSX.o -index-unit-output-path /PerformanceBezier.build/Debug/PerformanceBezier-t.build/Objects-normal/arm64/UIBezierPath+NSOSX.o
/Users/admin/builder/spi-builder-workspace/.dependencies/checkouts/PerformanceBezier/PerformanceBezier/UIBezierPath+NSOSX.h:9:9: error: 'UIKit/UIKit.h' file not found (in target 'PerformanceBezier' from project 'PerformanceBezier')
    /Users/admin/builder/spi-builder-workspace/.dependencies/checkouts/PerformanceBezier/PerformanceBezier/UIBezierPath+NSOSX.m:9:9: note: in file included from /Users/admin/builder/spi-builder-workspace/.dependencies/checkouts/PerformanceBezier/PerformanceBezier/UIBezierPath+NSOSX.m:9:
ScanDependencies /Users/admin/builder/spi-builder-workspace/.derivedData/Build/Intermediates.noindex/PerformanceBezier.build/Debug/PerformanceBezier-t.build/Objects-normal/arm64/UIBezierPath+Equals.o /Users/admin/builder/spi-builder-workspace/.dependencies/checkouts/PerformanceBezier/PerformanceBezier/UIBezierPath+Equals.m normal arm64 objective-c com.apple.compilers.llvm.clang.1_0.compiler (in target 'PerformanceBezier' from project 'PerformanceBezier')
    cd /Users/admin/builder/spi-builder-workspace/.swiftpm/xcode

    Using response file: /Users/admin/builder/spi-builder-workspace/.derivedData/Build/Intermediates.noindex/PerformanceBezier.build/Debug/PerformanceBezier-t.build/Objects-normal/arm64/e6072d4f65d7061329687fe24e3d63a7-common-args.resp

    builtin-ScanDependencies -o /Users/admin/builder/spi-builder-workspace/.derivedData/Build/Intermediates.noindex/PerformanceBezier.build/Debug/PerformanceBezier-t.build/Objects-normal/arm64/UIBezierPath+Equals.o.scan -- /Applications/Xcode-27.0.0-Release.Candidate.app/Contents/Developer/Toolchains/XcodeDefault.xctoolchain/usr/bin/clang -x objective-c -ivfsstatcache /Users/admin/builder/spi-builder-workspace/.derivedData/SDKStatCaches.noindex/macosx27.0-26A425-e829b21a6f8c9b70876ba0858053c0446a22442a12e9d48fe1a705f55a1adfc4.sdkstatcache -target arm64-apple-macos12.0 -fmessage-length\=0 -fdiagnostics-show-note-include-stack -fmacro-backtrace-limit\=0 -fno-color-diagnostics -fmodules-prune-interval\=86400 -fmodules-prune-after\=345600 -fbuild-session-file\=/Users/admin/builder/spi-builder-workspace/.derivedData/ModuleCache.noindex/Session.modulevalidation -fmodules-validate-once-per-build-session -Wnon-modular-include-in-framework-module -Werror\=non-modular-include-in-framework-module -Wno-trigraphs -Wno-missing-field-initializers -Wno-missing-prototypes -Wno-return-type -Wno-implicit-atomic-properties -Wno-objc-interface-ivars -Wno-arc-repeated-use-of-weak -Wno-missing-braces -Wparentheses -Wswitch -Wno-unused-function -Wno-unused-label -Wno-unused-parameter -Wno-unused-variable -Wunused-value -Wno-empty-body -Wno-uninitialized -Wno-unknown-pragmas -w -Wno-shadow -Wno-four-char-constants -Wno-conversion -Wno-constant-conversion -Wno-int-conversion -Wno-bool-conversion -Wno-enum-conversion -Wno-float-conversion -Wno-non-literal-null-conversion -Wno-objc-literal-conversion -Wshorten-64-to-32 -Wpointer-sign -Wno-newline-eof -Wno-selector -Wno-strict-selector-match -Wno-undeclared-selector -Wno-deprecated-implementations -Wno-implicit-fallthrough -isysroot /Applications/Xcode-27.0.0-Release.Candidate.app/Contents/Developer/Platforms/MacOSX.platform/Developer/SDKs/MacOSX27.0.sdk -fstrict-aliasing -Wprotocol -Wdeprecated-declarations -Wno-sign-conversion -Wno-infinite-recursion -Wno-comma -Wno-block-capture-autoreleasing -Wno-strict-prototypes -Wno-semicolon-before-method-body -index-store-path /Users/admin/builder/spi-builder-workspace/.derivedData/Index.noindex/DataStore @/Users/admin/builder/spi-builder-workspace/.derivedData/Build/Intermediates.noindex/PerformanceBezier.build/Debug/PerformanceBezier-t.build/Objects-normal/arm64/e6072d4f65d7061329687fe24e3d63a7-common-args.resp -MMD -MT dependencies -MF /Users/admin/builder/spi-builder-workspace/.derivedData/Build/Intermediates.noindex/PerformanceBezier.build/Debug/PerformanceBezier-t.build/Objects-normal/arm64/UIBezierPath+Equals.d --serialize-diagnostics /Users/admin/builder/spi-builder-workspace/.derivedData/Build/Intermediates.noindex/PerformanceBezier.build/Debug/PerformanceBezier-t.build/Objects-normal/arm64/UIBezierPath+Equals.dia -c /Users/admin/builder/spi-builder-workspace/.dependencies/checkouts/PerformanceBezier/PerformanceBezier/UIBezierPath+Equals.m -o /Users/admin/builder/spi-builder-workspace/.derivedData/Build/Intermediates.noindex/PerformanceBezier.build/Debug/PerformanceBezier-t.build/Objects-normal/arm64/UIBezierPath+Equals.o -index-unit-output-path /PerformanceBezier.build/Debug/PerformanceBezier-t.build/Objects-normal/arm64/UIBezierPath+Equals.o
/Users/admin/builder/spi-builder-workspace/.dependencies/checkouts/PerformanceBezier/PerformanceBezier/UIBezierPath+Equals.h:9:9: error: 'UIKit/UIKit.h' file not found (in target 'PerformanceBezier' from project 'PerformanceBezier')
    /Users/admin/builder/spi-builder-workspace/.dependencies/checkouts/PerformanceBezier/PerformanceBezier/UIBezierPath+Equals.m:9:9: note: in file included from /Users/admin/builder/spi-builder-workspace/.dependencies/checkouts/PerformanceBezier/PerformanceBezier/UIBezierPath+Equals.m:9:
ScanDependencies /Users/admin/builder/spi-builder-workspace/.derivedData/Build/Intermediates.noindex/PerformanceBezier.build/Debug/PerformanceBezier-t.build/Objects-normal/arm64/UIBezierPath+FirstLast.o /Users/admin/builder/spi-builder-workspace/.dependencies/checkouts/PerformanceBezier/PerformanceBezier/UIBezierPath+FirstLast.m normal arm64 objective-c com.apple.compilers.llvm.clang.1_0.compiler (in target 'PerformanceBezier' from project 'PerformanceBezier')
    cd /Users/admin/builder/spi-builder-workspace/.swiftpm/xcode

    Using response file: /Users/admin/builder/spi-builder-workspace/.derivedData/Build/Intermediates.noindex/PerformanceBezier.build/Debug/PerformanceBezier-t.build/Objects-normal/arm64/e6072d4f65d7061329687fe24e3d63a7-common-args.resp

    builtin-ScanDependencies -o /Users/admin/builder/spi-builder-workspace/.derivedData/Build/Intermediates.noindex/PerformanceBezier.build/Debug/PerformanceBezier-t.build/Objects-normal/arm64/UIBezierPath+FirstLast.o.scan -- /Applications/Xcode-27.0.0-Release.Candidate.app/Contents/Developer/Toolchains/XcodeDefault.xctoolchain/usr/bin/clang -x objective-c -ivfsstatcache /Users/admin/builder/spi-builder-workspace/.derivedData/SDKStatCaches.noindex/macosx27.0-26A425-e829b21a6f8c9b70876ba0858053c0446a22442a12e9d48fe1a705f55a1adfc4.sdkstatcache -target arm64-apple-macos12.0 -fmessage-length\=0 -fdiagnostics-show-note-include-stack -fmacro-backtrace-limit\=0 -fno-color-diagnostics -fmodules-prune-interval\=86400 -fmodules-prune-after\=345600 -fbuild-session-file\=/Users/admin/builder/spi-builder-workspace/.derivedData/ModuleCache.noindex/Session.modulevalidation -fmodules-validate-once-per-build-session -Wnon-modular-include-in-framework-module -Werror\=non-modular-include-in-framework-module -Wno-trigraphs -Wno-missing-field-initializers -Wno-missing-prototypes -Wno-return-type -Wno-implicit-atomic-properties -Wno-objc-interface-ivars -Wno-arc-repeated-use-of-weak -Wno-missing-braces -Wparentheses -Wswitch -Wno-unused-function -Wno-unused-label -Wno-unused-parameter -Wno-unused-variable -Wunused-value -Wno-empty-body -Wno-uninitialized -Wno-unknown-pragmas -w -Wno-shadow -Wno-four-char-constants -Wno-conversion -Wno-constant-conversion -Wno-int-conversion -Wno-bool-conversion -Wno-enum-conversion -Wno-float-conversion -Wno-non-literal-null-conversion -Wno-objc-literal-conversion -Wshorten-64-to-32 -Wpointer-sign -Wno-newline-eof -Wno-selector -Wno-strict-selector-match -Wno-undeclared-selector -Wno-deprecated-implementations -Wno-implicit-fallthrough -isysroot /Applications/Xcode-27.0.0-Release.Candidate.app/Contents/Developer/Platforms/MacOSX.platform/Developer/SDKs/MacOSX27.0.sdk -fstrict-aliasing -Wprotocol -Wdeprecated-declarations -Wno-sign-conversion -Wno-infinite-recursion -Wno-comma -Wno-block-capture-autoreleasing -Wno-strict-prototypes -Wno-semicolon-before-method-body -index-store-path /Users/admin/builder/spi-builder-workspace/.derivedData/Index.noindex/DataStore @/Users/admin/builder/spi-builder-workspace/.derivedData/Build/Intermediates.noindex/PerformanceBezier.build/Debug/PerformanceBezier-t.build/Objects-normal/arm64/e6072d4f65d7061329687fe24e3d63a7-common-args.resp -MMD -MT dependencies -MF /Users/admin/builder/spi-builder-workspace/.derivedData/Build/Intermediates.noindex/PerformanceBezier.build/Debug/PerformanceBezier-t.build/Objects-normal/arm64/UIBezierPath+FirstLast.d --serialize-diagnostics /Users/admin/builder/spi-builder-workspace/.derivedData/Build/Intermediates.noindex/PerformanceBezier.build/Debug/PerformanceBezier-t.build/Objects-normal/arm64/UIBezierPath+FirstLast.dia -c /Users/admin/builder/spi-builder-workspace/.dependencies/checkouts/PerformanceBezier/PerformanceBezier/UIBezierPath+FirstLast.m -o /Users/admin/builder/spi-builder-workspace/.derivedData/Build/Intermediates.noindex/PerformanceBezier.build/Debug/PerformanceBezier-t.build/Objects-normal/arm64/UIBezierPath+FirstLast.o -index-unit-output-path /PerformanceBezier.build/Debug/PerformanceBezier-t.build/Objects-normal/arm64/UIBezierPath+FirstLast.o
/Users/admin/builder/spi-builder-workspace/.dependencies/checkouts/PerformanceBezier/PerformanceBezier/UIBezierPath+FirstLast.h:9:9: error: 'UIKit/UIKit.h' file not found (in target 'PerformanceBezier' from project 'PerformanceBezier')
    /Users/admin/builder/spi-builder-workspace/.dependencies/checkouts/PerformanceBezier/PerformanceBezier/UIBezierPath+FirstLast.m:9:9: note: in file included from /Users/admin/builder/spi-builder-workspace/.dependencies/checkouts/PerformanceBezier/PerformanceBezier/UIBezierPath+FirstLast.m:9:
CompileC /Users/admin/builder/spi-builder-workspace/.derivedData/Build/Intermediates.noindex/ClippingBezier.build/Debug/ClippingBezier-t.build/Objects-normal/arm64/transforms.o /Users/admin/builder/spi-builder-workspace/.dependencies/checkouts/ClippingBezier/ClippingBezier/transforms.cpp normal arm64 c++ com.apple.compilers.llvm.clang.1_0.compiler (in target 'ClippingBezier' from project 'ClippingBezier')
    cd /Users/admin/builder/spi-builder-workspace/.swiftpm/xcode

    Using response file: /Users/admin/builder/spi-builder-workspace/.derivedData/Build/Intermediates.noindex/ClippingBezier.build/Debug/ClippingBezier-t.build/Objects-normal/arm64/82b82416624d2658e5098eb0a28c15c5-common-args.resp

    /Applications/Xcode-27.0.0-Release.Candidate.app/Contents/Developer/Toolchains/XcodeDefault.xctoolchain/usr/bin/clang -x c++ -ivfsstatcache /Users/admin/builder/spi-builder-workspace/.derivedData/SDKStatCaches.noindex/macosx27.0-26A425-e829b21a6f8c9b70876ba0858053c0446a22442a12e9d48fe1a705f55a1adfc4.sdkstatcache -target arm64-apple-macos12.0 -fmessage-length\=0 -fdiagnostics-show-note-include-stack -fmacro-backtrace-limit\=0 -fno-color-diagnostics -fmodules-prune-interval\=86400 -fmodules-prune-after\=345600 -fbuild-session-file\=/Users/admin/builder/spi-builder-workspace/.derivedData/ModuleCache.noindex/Session.modulevalidation -fmodules-validate-once-per-build-session -Wnon-modular-include-in-framework-module -Werror\=non-modular-include-in-framework-module -Wno-trigraphs -Wno-missing-field-initializers -Wno-missing-prototypes -Wno-return-type -Wno-non-virtual-dtor -Wno-overloaded-virtual -Wno-exit-time-destructors -Wno-missing-braces -Wparentheses -Wswitch -Wno-unused-function -Wno-unused-label -Wno-unused-parameter -Wno-unused-variable -Wunused-value -Wno-empty-body -Wno-uninitialized -Wno-unknown-pragmas -w -Wno-shadow -Wno-four-char-constants -Wno-conversion -Wno-constant-conversion -Wno-int-conversion -Wno-bool-conversion -Wno-enum-conversion -Wno-float-conversion -Wno-non-literal-null-conversion -Wno-objc-literal-conversion -Wshorten-64-to-32 -Wno-newline-eof -Wno-c++11-extensions -Wno-implicit-fallthrough -isysroot /Applications/Xcode-27.0.0-Release.Candidate.app/Contents/Developer/Platforms/MacOSX.platform/Developer/SDKs/MacOSX27.0.sdk -fstrict-aliasing -Wdeprecated-declarations -Winvalid-offsetof -Wno-sign-conversion -Wno-infinite-recursion -Wno-move -Wno-comma -Wno-block-capture-autoreleasing -Wno-strict-prototypes -Wno-range-loop-analysis -Wno-semicolon-before-method-body -index-store-path /Users/admin/builder/spi-builder-workspace/.derivedData/Index.noindex/DataStore @/Users/admin/builder/spi-builder-workspace/.derivedData/Build/Intermediates.noindex/ClippingBezier.build/Debug/ClippingBezier-t.build/Objects-normal/arm64/82b82416624d2658e5098eb0a28c15c5-common-args.resp -MMD -MT dependencies -MF /Users/admin/builder/spi-builder-workspace/.derivedData/Build/Intermediates.noindex/ClippingBezier.build/Debug/ClippingBezier-t.build/Objects-normal/arm64/transforms.d --serialize-diagnostics /Users/admin/builder/spi-builder-workspace/.derivedData/Build/Intermediates.noindex/ClippingBezier.build/Debug/ClippingBezier-t.build/Objects-normal/arm64/transforms.dia -c /Users/admin/builder/spi-builder-workspace/.dependencies/checkouts/ClippingBezier/ClippingBezier/transforms.cpp -o /Users/admin/builder/spi-builder-workspace/.derivedData/Build/Intermediates.noindex/ClippingBezier.build/Debug/ClippingBezier-t.build/Objects-normal/arm64/transforms.o -index-unit-output-path /ClippingBezier.build/Debug/ClippingBezier-t.build/Objects-normal/arm64/transforms.o
CompileC /Users/admin/builder/spi-builder-workspace/.derivedData/Build/Intermediates.noindex/ClippingBezier.build/Debug/ClippingBezier-t.build/Objects-normal/arm64/point.o /Users/admin/builder/spi-builder-workspace/.dependencies/checkouts/ClippingBezier/ClippingBezier/point.cpp normal arm64 c++ com.apple.compilers.llvm.clang.1_0.compiler (in target 'ClippingBezier' from project 'ClippingBezier')
    cd /Users/admin/builder/spi-builder-workspace/.swiftpm/xcode

    Using response file: /Users/admin/builder/spi-builder-workspace/.derivedData/Build/Intermediates.noindex/ClippingBezier.build/Debug/ClippingBezier-t.build/Objects-normal/arm64/82b82416624d2658e5098eb0a28c15c5-common-args.resp

    /Applications/Xcode-27.0.0-Release.Candidate.app/Contents/Developer/Toolchains/XcodeDefault.xctoolchain/usr/bin/clang -x c++ -ivfsstatcache /Users/admin/builder/spi-builder-workspace/.derivedData/SDKStatCaches.noindex/macosx27.0-26A425-e829b21a6f8c9b70876ba0858053c0446a22442a12e9d48fe1a705f55a1adfc4.sdkstatcache -target arm64-apple-macos12.0 -fmessage-length\=0 -fdiagnostics-show-note-include-stack -fmacro-backtrace-limit\=0 -fno-color-diagnostics -fmodules-prune-interval\=86400 -fmodules-prune-after\=345600 -fbuild-session-file\=/Users/admin/builder/spi-builder-workspace/.derivedData/ModuleCache.noindex/Session.modulevalidation -fmodules-validate-once-per-build-session -Wnon-modular-include-in-framework-module -Werror\=non-modular-include-in-framework-module -Wno-trigraphs -Wno-missing-field-initializers -Wno-missing-prototypes -Wno-return-type -Wno-non-virtual-dtor -Wno-overloaded-virtual -Wno-exit-time-destructors -Wno-missing-braces -Wparentheses -Wswitch -Wno-unused-function -Wno-unused-label -Wno-unused-parameter -Wno-unused-variable -Wunused-value -Wno-empty-body -Wno-uninitialized -Wno-unknown-pragmas -w -Wno-shadow -Wno-four-char-constants -Wno-conversion -Wno-constant-conversion -Wno-int-conversion -Wno-bool-conversion -Wno-enum-conversion -Wno-float-conversion -Wno-non-literal-null-conversion -Wno-objc-literal-conversion -Wshorten-64-to-32 -Wno-newline-eof -Wno-c++11-extensions -Wno-implicit-fallthrough -isysroot /Applications/Xcode-27.0.0-Release.Candidate.app/Contents/Developer/Platforms/MacOSX.platform/Developer/SDKs/MacOSX27.0.sdk -fstrict-aliasing -Wdeprecated-declarations -Winvalid-offsetof -Wno-sign-conversion -Wno-infinite-recursion -Wno-move -Wno-comma -Wno-block-capture-autoreleasing -Wno-strict-prototypes -Wno-range-loop-analysis -Wno-semicolon-before-method-body -index-store-path /Users/admin/builder/spi-builder-workspace/.derivedData/Index.noindex/DataStore @/Users/admin/builder/spi-builder-workspace/.derivedData/Build/Intermediates.noindex/ClippingBezier.build/Debug/ClippingBezier-t.build/Objects-normal/arm64/82b82416624d2658e5098eb0a28c15c5-common-args.resp -MMD -MT dependencies -MF /Users/admin/builder/spi-builder-workspace/.derivedData/Build/Intermediates.noindex/ClippingBezier.build/Debug/ClippingBezier-t.build/Objects-normal/arm64/point.d --serialize-diagnostics /Users/admin/builder/spi-builder-workspace/.derivedData/Build/Intermediates.noindex/ClippingBezier.build/Debug/ClippingBezier-t.build/Objects-normal/arm64/point.dia -c /Users/admin/builder/spi-builder-workspace/.dependencies/checkouts/ClippingBezier/ClippingBezier/point.cpp -o /Users/admin/builder/spi-builder-workspace/.derivedData/Build/Intermediates.noindex/ClippingBezier.build/Debug/ClippingBezier-t.build/Objects-normal/arm64/point.o -index-unit-output-path /ClippingBezier.build/Debug/ClippingBezier-t.build/Objects-normal/arm64/point.o
PruneExplicitPrecompiledModules /Users/admin/builder/spi-builder-workspace/.derivedData/Build/Intermediates.noindex/ExplicitPrecompiledModules
PruneExplicitPrecompiledModules /Users/admin/builder/spi-builder-workspace/.derivedData/Build/Intermediates.noindex/SwiftExplicitPrecompiledModules
PruneExplicitPrecompiledModules /Users/admin/builder/spi-builder-workspace/.derivedData/SDKExplicitPrecompiledModules
2026-09-21 06:20:27.927 xcodebuild[1090:6496] [MT] IDERunDestination: Supported platforms for the buildables in the current scheme is empty.
--- xcodebuild: WARNING: Using the first of multiple matching destinations:
{ platform:macOS, arch:arm64, id:82eb0dba91f741126cfc7de5beda3decdc442009, name:My Mac }
{ platform:macOS, arch:arm64, variant:Mac Catalyst, id:82eb0dba91f741126cfc7de5beda3decdc442009, name:My Mac }
{ platform:macOS, arch:arm64, variant:DriverKit, id:82eb0dba91f741126cfc7de5beda3decdc442009, name:My Mac }
{ platform:macOS, arch:arm64, variant:Designed for [iPad,iPhone], id:82eb0dba91f741126cfc7de5beda3decdc442009, name:My Mac }
** BUILD FAILED **
The following build commands failed:
	ScanDependencies /Users/admin/builder/spi-builder-workspace/.derivedData/Build/Intermediates.noindex/PerformanceBezier.build/Debug/PerformanceBezier-t.build/Objects-normal/arm64/UIBezierPathProperties.o /Users/admin/builder/spi-builder-workspace/.dependencies/checkouts/PerformanceBezier/PerformanceBezier/UIBezierPathProperties.m normal arm64 objective-c com.apple.compilers.llvm.clang.1_0.compiler (in target 'PerformanceBezier' from project 'PerformanceBezier')
	ScanDependencies /Users/admin/builder/spi-builder-workspace/.derivedData/Build/Intermediates.noindex/PerformanceBezier.build/Debug/PerformanceBezier-t.build/Objects-normal/arm64/UIBezierPath+Util.o /Users/admin/builder/spi-builder-workspace/.dependencies/checkouts/PerformanceBezier/PerformanceBezier/UIBezierPath+Util.m normal arm64 objective-c com.apple.compilers.llvm.clang.1_0.compiler (in target 'PerformanceBezier' from project 'PerformanceBezier')
	ScanDependencies /Users/admin/builder/spi-builder-workspace/.derivedData/Build/Intermediates.noindex/PerformanceBezier.build/Debug/PerformanceBezier-t.build/Objects-normal/arm64/UIBezierPath+Uncached.o /Users/admin/builder/spi-builder-workspace/.dependencies/checkouts/PerformanceBezier/PerformanceBezier/UIBezierPath+Uncached.m normal arm64 objective-c com.apple.compilers.llvm.clang.1_0.compiler (in target 'PerformanceBezier' from project 'PerformanceBezier')
	ScanDependencies /Users/admin/builder/spi-builder-workspace/.derivedData/Build/Intermediates.noindex/PerformanceBezier.build/Debug/PerformanceBezier-t.build/Objects-normal/arm64/UIBezierPath+Trim.o /Users/admin/builder/spi-builder-workspace/.dependencies/checkouts/PerformanceBezier/PerformanceBezier/UIBezierPath+Trim.m normal arm64 objective-c com.apple.compilers.llvm.clang.1_0.compiler (in target 'PerformanceBezier' from project 'PerformanceBezier')
	ScanDependencies /Users/admin/builder/spi-builder-workspace/.derivedData/Build/Intermediates.noindex/PerformanceBezier.build/Debug/PerformanceBezier-t.build/Objects-normal/arm64/UIBezierPath+Performance.o /Users/admin/builder/spi-builder-workspace/.dependencies/checkouts/PerformanceBezier/PerformanceBezier/UIBezierPath+Performance.m normal arm64 objective-c com.apple.compilers.llvm.clang.1_0.compiler (in target 'PerformanceBezier' from project 'PerformanceBezier')
	ScanDependencies /Users/admin/builder/spi-builder-workspace/.derivedData/Build/Intermediates.noindex/PerformanceBezier.build/Debug/PerformanceBezier-t.build/Objects-normal/arm64/UIBezierPath+NSOSX.o /Users/admin/builder/spi-builder-workspace/.dependencies/checkouts/PerformanceBezier/PerformanceBezier/UIBezierPath+NSOSX.m normal arm64 objective-c com.apple.compilers.llvm.clang.1_0.compiler (in target 'PerformanceBezier' from project 'PerformanceBezier')
	ScanDependencies /Users/admin/builder/spi-builder-workspace/.derivedData/Build/Intermediates.noindex/PerformanceBezier.build/Debug/PerformanceBezier-t.build/Objects-normal/arm64/UIBezierPath+Equals.o /Users/admin/builder/spi-builder-workspace/.dependencies/checkouts/PerformanceBezier/PerformanceBezier/UIBezierPath+Equals.m normal arm64 objective-c com.apple.compilers.llvm.clang.1_0.compiler (in target 'PerformanceBezier' from project 'PerformanceBezier')
	ScanDependencies /Users/admin/builder/spi-builder-workspace/.derivedData/Build/Intermediates.noindex/PerformanceBezier.build/Debug/PerformanceBezier-t.build/Objects-normal/arm64/UIBezierPath+FirstLast.o /Users/admin/builder/spi-builder-workspace/.dependencies/checkouts/PerformanceBezier/PerformanceBezier/UIBezierPath+FirstLast.m normal arm64 objective-c com.apple.compilers.llvm.clang.1_0.compiler (in target 'PerformanceBezier' from project 'PerformanceBezier')
	Building workspace Inkable with scheme Inkable
(9 failures)
Command line invocation:
    /Applications/Xcode-27.0.0-Release.Candidate.app/Contents/Developer/usr/bin/xcodebuild -IDEClonedSourcePackagesDirPathOverride=/Users/admin/builder/spi-builder-workspace/.dependencies -resolvePackageDependencies
Resolve Package Graph
Resolved source packages:
  SwiftToolbox: https://github.com/adamwulf/SwiftToolbox.git @ main (48432fc)
  PerformanceBezier: https://github.com/adamwulf/PerformanceBezier.git @ 1.3.2
  SwiftDocCPlugin: https://github.com/apple/swift-docc-plugin @ 1.5.0
  SymbolKit: https://github.com/swiftlang/swift-docc-symbolkit @ 1.0.0
  ClippingBezier: https://github.com/adamwulf/ClippingBezier.git @ 1.2.5
  Inkable: /Users/admin/builder/spi-builder-workspace
resolved source packages: SwiftToolbox, PerformanceBezier, SwiftDocCPlugin, SymbolKit, ClippingBezier, Inkable
2026-09-21 06:20:45.289 xcodebuild[1257:7534] [MT] IDERunDestination: Supported platforms for the buildables in the current scheme is empty.
{
  "dependencies" : [
    {
      "identity" : "performancebezier",
      "requirement" : {
        "range" : [
          {
            "lower_bound" : "1.3.0",
            "upper_bound" : "2.0.0"
          }
        ]
      },
      "type" : "sourceControl",
      "url" : "https://github.com/adamwulf/PerformanceBezier.git"
    },
    {
      "identity" : "clippingbezier",
      "requirement" : {
        "range" : [
          {
            "lower_bound" : "1.2.0",
            "upper_bound" : "2.0.0"
          }
        ]
      },
      "type" : "sourceControl",
      "url" : "https://github.com/adamwulf/ClippingBezier.git"
    },
    {
      "identity" : "swifttoolbox",
      "requirement" : {
        "branch" : [
          "main"
        ]
      },
      "type" : "sourceControl",
      "url" : "https://github.com/adamwulf/SwiftToolbox.git"
    },
    {
      "identity" : "swift-docc-plugin",
      "requirement" : {
        "range" : [
          {
            "lower_bound" : "1.0.0",
            "upper_bound" : "2.0.0"
          }
        ]
      },
      "type" : "sourceControl",
      "url" : "https://github.com/apple/swift-docc-plugin"
    }
  ],
  "manifest_display_name" : "Inkable",
  "name" : "Inkable",
  "path" : "/Users/admin/builder/spi-builder-workspace",
  "platforms" : [
    {
      "name" : "ios",
      "version" : "13.0"
    }
  ],
  "products" : [
    {
      "name" : "Inkable",
      "targets" : [
        "Inkable"
      ],
      "type" : {
        "library" : [
          "automatic"
        ]
      }
    }
  ],
  "targets" : [
    {
      "c99name" : "InkableTests",
      "module_type" : "SwiftTarget",
      "name" : "InkableTests",
      "path" : "Tests/InkableTests",
      "resources" : [
        {
          "path" : "/Users/admin/builder/spi-builder-workspace/Tests/InkableTests/events.json",
          "rule" : {
            "copy" : {
            }
          }
        },
        {
          "path" : "/Users/admin/builder/spi-builder-workspace/Tests/InkableTests/pencil-antigrain.json",
          "rule" : {
            "copy" : {
            }
          }
        },
        {
          "path" : "/Users/admin/builder/spi-builder-workspace/Tests/InkableTests/pencil-antigrain2.json",
          "rule" : {
            "copy" : {
            }
          }
        },
        {
          "path" : "/Users/admin/builder/spi-builder-workspace/Tests/InkableTests/pencil-error.json",
          "rule" : {
            "copy" : {
            }
          }
        },
        {
          "path" : "/Users/admin/builder/spi-builder-workspace/Tests/InkableTests/unknown-polyline-index.json",
          "rule" : {
            "copy" : {
            }
          }
        }
      ],
      "sources" : [
        "AntigrainSmootherTests.swift",
        "BezierStreamTests.swift",
        "DouglasPeuckerTests.swift",
        "HelperTests.swift",
        "PolylineTests.swift",
        "ReplayEventTests.swift",
        "SavitzkyGolayTests.swift",
        "TestHelpers.swift",
        "TestsOfTests.swift",
        "TouchPathTests.swift"
      ],
      "target_dependencies" : [
        "Inkable"
      ],
      "type" : "test"
    },
    {
      "c99name" : "Inkable",
      "module_type" : "SwiftTarget",
      "name" : "Inkable",
      "path" : "Sources/Inkable",
      "product_dependencies" : [
        "PerformanceBezier",
        "ClippingBezier",
        "SwiftToolbox"
      ],
      "product_memberships" : [
        "Inkable"
      ],
      "sources" : [
        "Extensions/UIBezierPath+Elements.swift",
        "Extensions/UITouch+Extensions.swift",
        "External/ColorCodable/ColorCodable.swift",
        "External/OrderedSet/OrderedSet.swift",
        "Gestures/TouchEventGestureRecognizer.swift",
        "Helpers/MinMaxIndex.swift",
        "Inkable.swift",
        "Model/BezierSmoothers/AntigrainSmoother.swift",
        "Model/BezierSmoothers/LineSmoother.swift",
        "Model/BezierSmoothers/Smoother.swift",
        "Model/BezierStream.swift",
        "Model/Polyline.swift",
        "Model/PolylineFilters/IterativeDouglasPeucker.swift",
        "Model/PolylineFilters/NaiveDouglasPeucker.swift",
        "Model/PolylineFilters/NaivePointDistance.swift",
        "Model/PolylineFilters/NaiveSavitzkyGolay.swift",
        "Model/PolylineFilters/SavitzkyGolay.swift",
        "Model/PolylineStream.swift",
        "Model/ProducerConsumer.swift",
        "Model/TouchEvent.swift",
        "Model/TouchEventStream.swift",
        "Model/TouchPath.swift",
        "Model/TouchPathStream.swift"
      ],
      "type" : "library"
    }
  ],
  "tools_version" : "5.6"
}
{
  "workspace" : {
    "name" : "Inkable",
    "schemes" : [
      "Inkable",
      "MMSwiftToolbox"
    ]
  }
}
2026-09-21 06:20:52.995 xcodebuild[1315:7922] [MT] IDERunDestination: Supported platforms for the buildables in the current scheme is empty.
{
  "workspace" : {
    "name" : "Inkable",
    "schemes" : [
      "Inkable",
      "MMSwiftToolbox"
    ]
  }
}
2026-09-21 06:21:00.214 xcodebuild[1367:8277] [MT] IDERunDestination: Supported platforms for the buildables in the current scheme is empty.
Running build ...
env DEVELOPER_DIR=/Applications/Xcode-27.0.0-Release.Candidate.app xcrun xcodebuild -IDEClonedSourcePackagesDirPathOverride=$PWD/.dependencies -skipMacroValidation -skipPackagePluginValidation -derivedDataPath $PWD/.derivedData build -scheme Inkable -destination platform=macOS,arch=arm64
Command line invocation:
    /Applications/Xcode-27.0.0-Release.Candidate.app/Contents/Developer/usr/bin/xcodebuild -IDEClonedSourcePackagesDirPathOverride=/Users/admin/builder/spi-builder-workspace/.dependencies -skipMacroValidation -skipPackagePluginValidation -derivedDataPath /Users/admin/builder/spi-builder-workspace/.derivedData build -scheme Inkable -destination platform=macOS,arch=arm64
Resolve Package Graph
Resolved source packages:
  PerformanceBezier: https://github.com/adamwulf/PerformanceBezier.git @ 1.3.2
  SwiftToolbox: https://github.com/adamwulf/SwiftToolbox.git @ main (48432fc)
  SymbolKit: https://github.com/swiftlang/swift-docc-symbolkit @ 1.0.0
  SwiftDocCPlugin: https://github.com/apple/swift-docc-plugin @ 1.5.0
  Inkable: /Users/admin/builder/spi-builder-workspace
  ClippingBezier: https://github.com/adamwulf/ClippingBezier.git @ 1.2.5
ComputePackagePrebuildTargetDependencyGraph
Prepare packages
CreateBuildRequest
SendProjectDescription
CreateBuildOperation
ComputeTargetDependencyGraph
note: Building targets in dependency order
note: Target dependency graph (8 targets)
    Target 'Inkable-product' in project 'Inkable'
        ➜ Explicit dependency on target 'Inkable' in project 'Inkable'
        ➜ Explicit dependency on target 'PerformanceBezier-product' in project 'PerformanceBezier'
        ➜ Explicit dependency on target 'ClippingBezier-product' in project 'ClippingBezier'
        ➜ Explicit dependency on target 'SwiftToolbox-product' in project 'SwiftToolbox'
    Target 'Inkable' in project 'Inkable'
        ➜ Explicit dependency on target 'PerformanceBezier-product' in project 'PerformanceBezier'
        ➜ Explicit dependency on target 'ClippingBezier-product' in project 'ClippingBezier'
        ➜ Explicit dependency on target 'SwiftToolbox-product' in project 'SwiftToolbox'
    Target 'SwiftToolbox-product' in project 'SwiftToolbox'
        ➜ Explicit dependency on target 'SwiftToolbox' in project 'SwiftToolbox'
    Target 'SwiftToolbox' in project 'SwiftToolbox' (no dependencies)
    Target 'ClippingBezier-product' in project 'ClippingBezier'
        ➜ Explicit dependency on target 'ClippingBezier' in project 'ClippingBezier'
        ➜ Explicit dependency on target 'PerformanceBezier-product' in project 'PerformanceBezier'
    Target 'ClippingBezier' in project 'ClippingBezier'
        ➜ Explicit dependency on target 'PerformanceBezier-product' in project 'PerformanceBezier'
    Target 'PerformanceBezier-product' in project 'PerformanceBezier'
        ➜ Explicit dependency on target 'PerformanceBezier' in project 'PerformanceBezier'
    Target 'PerformanceBezier' in project 'PerformanceBezier' (no dependencies)
GatherProvisioningInputs
CreateBuildDescription
ClangStatCache /Applications/Xcode-27.0.0-Release.Candidate.app/Contents/Developer/Toolchains/XcodeDefault.xctoolchain/usr/bin/clang-stat-cache /Applications/Xcode-27.0.0-Release.Candidate.app/Contents/Developer/Platforms/MacOSX.platform/Developer/SDKs/MacOSX27.0.sdk /Users/admin/builder/spi-builder-workspace/.derivedData/SDKStatCaches.noindex/macosx27.0-26A425-e829b21a6f8c9b70876ba0858053c0446a22442a12e9d48fe1a705f55a1adfc4.sdkstatcache
    cd /Users/admin/builder/spi-builder-workspace/.swiftpm/xcode
    /Applications/Xcode-27.0.0-Release.Candidate.app/Contents/Developer/Toolchains/XcodeDefault.xctoolchain/usr/bin/clang-stat-cache /Applications/Xcode-27.0.0-Release.Candidate.app/Contents/Developer/Platforms/MacOSX.platform/Developer/SDKs/MacOSX27.0.sdk -o /Users/admin/builder/spi-builder-workspace/.derivedData/SDKStatCaches.noindex/macosx27.0-26A425-e829b21a6f8c9b70876ba0858053c0446a22442a12e9d48fe1a705f55a1adfc4.sdkstatcache
ScanDependencies /Users/admin/builder/spi-builder-workspace/.derivedData/Build/Intermediates.noindex/PerformanceBezier.build/Debug/PerformanceBezier-t.build/Objects-normal/arm64/UIBezierPath+Trim.o /Users/admin/builder/spi-builder-workspace/.dependencies/checkouts/PerformanceBezier/PerformanceBezier/UIBezierPath+Trim.m normal arm64 objective-c com.apple.compilers.llvm.clang.1_0.compiler (in target 'PerformanceBezier' from project 'PerformanceBezier')
    cd /Users/admin/builder/spi-builder-workspace/.swiftpm/xcode

    Using response file: /Users/admin/builder/spi-builder-workspace/.derivedData/Build/Intermediates.noindex/PerformanceBezier.build/Debug/PerformanceBezier-t.build/Objects-normal/arm64/e6072d4f65d7061329687fe24e3d63a7-common-args.resp

    builtin-ScanDependencies -o /Users/admin/builder/spi-builder-workspace/.derivedData/Build/Intermediates.noindex/PerformanceBezier.build/Debug/PerformanceBezier-t.build/Objects-normal/arm64/UIBezierPath+Trim.o.scan -- /Applications/Xcode-27.0.0-Release.Candidate.app/Contents/Developer/Toolchains/XcodeDefault.xctoolchain/usr/bin/clang -x objective-c -ivfsstatcache /Users/admin/builder/spi-builder-workspace/.derivedData/SDKStatCaches.noindex/macosx27.0-26A425-e829b21a6f8c9b70876ba0858053c0446a22442a12e9d48fe1a705f55a1adfc4.sdkstatcache -target arm64-apple-macos12.0 -fmessage-length\=0 -fdiagnostics-show-note-include-stack -fmacro-backtrace-limit\=0 -fno-color-diagnostics -fmodules-prune-interval\=86400 -fmodules-prune-after\=345600 -fbuild-session-file\=/Users/admin/builder/spi-builder-workspace/.derivedData/ModuleCache.noindex/Session.modulevalidation -fmodules-validate-once-per-build-session -Wnon-modular-include-in-framework-module -Werror\=non-modular-include-in-framework-module -Wno-trigraphs -Wno-missing-field-initializers -Wno-missing-prototypes -Wno-return-type -Wno-implicit-atomic-properties -Wno-objc-interface-ivars -Wno-arc-repeated-use-of-weak -Wno-missing-braces -Wparentheses -Wswitch -Wno-unused-function -Wno-unused-label -Wno-unused-parameter -Wno-unused-variable -Wunused-value -Wno-empty-body -Wno-uninitialized -Wno-unknown-pragmas -w -Wno-shadow -Wno-four-char-constants -Wno-conversion -Wno-constant-conversion -Wno-int-conversion -Wno-bool-conversion -Wno-enum-conversion -Wno-float-conversion -Wno-non-literal-null-conversion -Wno-objc-literal-conversion -Wshorten-64-to-32 -Wpointer-sign -Wno-newline-eof -Wno-selector -Wno-strict-selector-match -Wno-undeclared-selector -Wno-deprecated-implementations -Wno-implicit-fallthrough -isysroot /Applications/Xcode-27.0.0-Release.Candidate.app/Contents/Developer/Platforms/MacOSX.platform/Developer/SDKs/MacOSX27.0.sdk -fstrict-aliasing -Wprotocol -Wdeprecated-declarations -Wno-sign-conversion -Wno-infinite-recursion -Wno-comma -Wno-block-capture-autoreleasing -Wno-strict-prototypes -Wno-semicolon-before-method-body -index-store-path /Users/admin/builder/spi-builder-workspace/.derivedData/Index.noindex/DataStore @/Users/admin/builder/spi-builder-workspace/.derivedData/Build/Intermediates.noindex/PerformanceBezier.build/Debug/PerformanceBezier-t.build/Objects-normal/arm64/e6072d4f65d7061329687fe24e3d63a7-common-args.resp -MMD -MT dependencies -MF /Users/admin/builder/spi-builder-workspace/.derivedData/Build/Intermediates.noindex/PerformanceBezier.build/Debug/PerformanceBezier-t.build/Objects-normal/arm64/UIBezierPath+Trim.d --serialize-diagnostics /Users/admin/builder/spi-builder-workspace/.derivedData/Build/Intermediates.noindex/PerformanceBezier.build/Debug/PerformanceBezier-t.build/Objects-normal/arm64/UIBezierPath+Trim.dia -c /Users/admin/builder/spi-builder-workspace/.dependencies/checkouts/PerformanceBezier/PerformanceBezier/UIBezierPath+Trim.m -o /Users/admin/builder/spi-builder-workspace/.derivedData/Build/Intermediates.noindex/PerformanceBezier.build/Debug/PerformanceBezier-t.build/Objects-normal/arm64/UIBezierPath+Trim.o -index-unit-output-path /PerformanceBezier.build/Debug/PerformanceBezier-t.build/Objects-normal/arm64/UIBezierPath+Trim.o
/Users/admin/builder/spi-builder-workspace/.dependencies/checkouts/PerformanceBezier/PerformanceBezier/UIBezierPath+Trim.h:19:9: error: 'UIKit/UIKit.h' file not found (in target 'PerformanceBezier' from project 'PerformanceBezier')
    /Users/admin/builder/spi-builder-workspace/.dependencies/checkouts/PerformanceBezier/PerformanceBezier/UIBezierPath+Trim.m:9:9: note: in file included from /Users/admin/builder/spi-builder-workspace/.dependencies/checkouts/PerformanceBezier/PerformanceBezier/UIBezierPath+Trim.m:9:
ScanDependencies /Users/admin/builder/spi-builder-workspace/.derivedData/Build/Intermediates.noindex/PerformanceBezier.build/Debug/PerformanceBezier-t.build/Objects-normal/arm64/UIBezierPath+Uncached.o /Users/admin/builder/spi-builder-workspace/.dependencies/checkouts/PerformanceBezier/PerformanceBezier/UIBezierPath+Uncached.m normal arm64 objective-c com.apple.compilers.llvm.clang.1_0.compiler (in target 'PerformanceBezier' from project 'PerformanceBezier')
    cd /Users/admin/builder/spi-builder-workspace/.swiftpm/xcode

    Using response file: /Users/admin/builder/spi-builder-workspace/.derivedData/Build/Intermediates.noindex/PerformanceBezier.build/Debug/PerformanceBezier-t.build/Objects-normal/arm64/e6072d4f65d7061329687fe24e3d63a7-common-args.resp

    builtin-ScanDependencies -o /Users/admin/builder/spi-builder-workspace/.derivedData/Build/Intermediates.noindex/PerformanceBezier.build/Debug/PerformanceBezier-t.build/Objects-normal/arm64/UIBezierPath+Uncached.o.scan -- /Applications/Xcode-27.0.0-Release.Candidate.app/Contents/Developer/Toolchains/XcodeDefault.xctoolchain/usr/bin/clang -x objective-c -ivfsstatcache /Users/admin/builder/spi-builder-workspace/.derivedData/SDKStatCaches.noindex/macosx27.0-26A425-e829b21a6f8c9b70876ba0858053c0446a22442a12e9d48fe1a705f55a1adfc4.sdkstatcache -target arm64-apple-macos12.0 -fmessage-length\=0 -fdiagnostics-show-note-include-stack -fmacro-backtrace-limit\=0 -fno-color-diagnostics -fmodules-prune-interval\=86400 -fmodules-prune-after\=345600 -fbuild-session-file\=/Users/admin/builder/spi-builder-workspace/.derivedData/ModuleCache.noindex/Session.modulevalidation -fmodules-validate-once-per-build-session -Wnon-modular-include-in-framework-module -Werror\=non-modular-include-in-framework-module -Wno-trigraphs -Wno-missing-field-initializers -Wno-missing-prototypes -Wno-return-type -Wno-implicit-atomic-properties -Wno-objc-interface-ivars -Wno-arc-repeated-use-of-weak -Wno-missing-braces -Wparentheses -Wswitch -Wno-unused-function -Wno-unused-label -Wno-unused-parameter -Wno-unused-variable -Wunused-value -Wno-empty-body -Wno-uninitialized -Wno-unknown-pragmas -w -Wno-shadow -Wno-four-char-constants -Wno-conversion -Wno-constant-conversion -Wno-int-conversion -Wno-bool-conversion -Wno-enum-conversion -Wno-float-conversion -Wno-non-literal-null-conversion -Wno-objc-literal-conversion -Wshorten-64-to-32 -Wpointer-sign -Wno-newline-eof -Wno-selector -Wno-strict-selector-match -Wno-undeclared-selector -Wno-deprecated-implementations -Wno-implicit-fallthrough -isysroot /Applications/Xcode-27.0.0-Release.Candidate.app/Contents/Developer/Platforms/MacOSX.platform/Developer/SDKs/MacOSX27.0.sdk -fstrict-aliasing -Wprotocol -Wdeprecated-declarations -Wno-sign-conversion -Wno-infinite-recursion -Wno-comma -Wno-block-capture-autoreleasing -Wno-strict-prototypes -Wno-semicolon-before-method-body -index-store-path /Users/admin/builder/spi-builder-workspace/.derivedData/Index.noindex/DataStore @/Users/admin/builder/spi-builder-workspace/.derivedData/Build/Intermediates.noindex/PerformanceBezier.build/Debug/PerformanceBezier-t.build/Objects-normal/arm64/e6072d4f65d7061329687fe24e3d63a7-common-args.resp -MMD -MT dependencies -MF /Users/admin/builder/spi-builder-workspace/.derivedData/Build/Intermediates.noindex/PerformanceBezier.build/Debug/PerformanceBezier-t.build/Objects-normal/arm64/UIBezierPath+Uncached.d --serialize-diagnostics /Users/admin/builder/spi-builder-workspace/.derivedData/Build/Intermediates.noindex/PerformanceBezier.build/Debug/PerformanceBezier-t.build/Objects-normal/arm64/UIBezierPath+Uncached.dia -c /Users/admin/builder/spi-builder-workspace/.dependencies/checkouts/PerformanceBezier/PerformanceBezier/UIBezierPath+Uncached.m -o /Users/admin/builder/spi-builder-workspace/.derivedData/Build/Intermediates.noindex/PerformanceBezier.build/Debug/PerformanceBezier-t.build/Objects-normal/arm64/UIBezierPath+Uncached.o -index-unit-output-path /PerformanceBezier.build/Debug/PerformanceBezier-t.build/Objects-normal/arm64/UIBezierPath+Uncached.o
/Users/admin/builder/spi-builder-workspace/.dependencies/checkouts/PerformanceBezier/PerformanceBezier/UIBezierPath+Uncached.h:9:9: error: 'UIKit/UIKit.h' file not found (in target 'PerformanceBezier' from project 'PerformanceBezier')
    /Users/admin/builder/spi-builder-workspace/.dependencies/checkouts/PerformanceBezier/PerformanceBezier/UIBezierPath+Uncached.m:9:9: note: in file included from /Users/admin/builder/spi-builder-workspace/.dependencies/checkouts/PerformanceBezier/PerformanceBezier/UIBezierPath+Uncached.m:9:
ScanDependencies /Users/admin/builder/spi-builder-workspace/.derivedData/Build/Intermediates.noindex/PerformanceBezier.build/Debug/PerformanceBezier-t.build/Objects-normal/arm64/UIBezierPath+Util.o /Users/admin/builder/spi-builder-workspace/.dependencies/checkouts/PerformanceBezier/PerformanceBezier/UIBezierPath+Util.m normal arm64 objective-c com.apple.compilers.llvm.clang.1_0.compiler (in target 'PerformanceBezier' from project 'PerformanceBezier')
    cd /Users/admin/builder/spi-builder-workspace/.swiftpm/xcode

    Using response file: /Users/admin/builder/spi-builder-workspace/.derivedData/Build/Intermediates.noindex/PerformanceBezier.build/Debug/PerformanceBezier-t.build/Objects-normal/arm64/e6072d4f65d7061329687fe24e3d63a7-common-args.resp

    builtin-ScanDependencies -o /Users/admin/builder/spi-builder-workspace/.derivedData/Build/Intermediates.noindex/PerformanceBezier.build/Debug/PerformanceBezier-t.build/Objects-normal/arm64/UIBezierPath+Util.o.scan -- /Applications/Xcode-27.0.0-Release.Candidate.app/Contents/Developer/Toolchains/XcodeDefault.xctoolchain/usr/bin/clang -x objective-c -ivfsstatcache /Users/admin/builder/spi-builder-workspace/.derivedData/SDKStatCaches.noindex/macosx27.0-26A425-e829b21a6f8c9b70876ba0858053c0446a22442a12e9d48fe1a705f55a1adfc4.sdkstatcache -target arm64-apple-macos12.0 -fmessage-length\=0 -fdiagnostics-show-note-include-stack -fmacro-backtrace-limit\=0 -fno-color-diagnostics -fmodules-prune-interval\=86400 -fmodules-prune-after\=345600 -fbuild-session-file\=/Users/admin/builder/spi-builder-workspace/.derivedData/ModuleCache.noindex/Session.modulevalidation -fmodules-validate-once-per-build-session -Wnon-modular-include-in-framework-module -Werror\=non-modular-include-in-framework-module -Wno-trigraphs -Wno-missing-field-initializers -Wno-missing-prototypes -Wno-return-type -Wno-implicit-atomic-properties -Wno-objc-interface-ivars -Wno-arc-repeated-use-of-weak -Wno-missing-braces -Wparentheses -Wswitch -Wno-unused-function -Wno-unused-label -Wno-unused-parameter -Wno-unused-variable -Wunused-value -Wno-empty-body -Wno-uninitialized -Wno-unknown-pragmas -w -Wno-shadow -Wno-four-char-constants -Wno-conversion -Wno-constant-conversion -Wno-int-conversion -Wno-bool-conversion -Wno-enum-conversion -Wno-float-conversion -Wno-non-literal-null-conversion -Wno-objc-literal-conversion -Wshorten-64-to-32 -Wpointer-sign -Wno-newline-eof -Wno-selector -Wno-strict-selector-match -Wno-undeclared-selector -Wno-deprecated-implementations -Wno-implicit-fallthrough -isysroot /Applications/Xcode-27.0.0-Release.Candidate.app/Contents/Developer/Platforms/MacOSX.platform/Developer/SDKs/MacOSX27.0.sdk -fstrict-aliasing -Wprotocol -Wdeprecated-declarations -Wno-sign-conversion -Wno-infinite-recursion -Wno-comma -Wno-block-capture-autoreleasing -Wno-strict-prototypes -Wno-semicolon-before-method-body -index-store-path /Users/admin/builder/spi-builder-workspace/.derivedData/Index.noindex/DataStore @/Users/admin/builder/spi-builder-workspace/.derivedData/Build/Intermediates.noindex/PerformanceBezier.build/Debug/PerformanceBezier-t.build/Objects-normal/arm64/e6072d4f65d7061329687fe24e3d63a7-common-args.resp -MMD -MT dependencies -MF /Users/admin/builder/spi-builder-workspace/.derivedData/Build/Intermediates.noindex/PerformanceBezier.build/Debug/PerformanceBezier-t.build/Objects-normal/arm64/UIBezierPath+Util.d --serialize-diagnostics /Users/admin/builder/spi-builder-workspace/.derivedData/Build/Intermediates.noindex/PerformanceBezier.build/Debug/PerformanceBezier-t.build/Objects-normal/arm64/UIBezierPath+Util.dia -c /Users/admin/builder/spi-builder-workspace/.dependencies/checkouts/PerformanceBezier/PerformanceBezier/UIBezierPath+Util.m -o /Users/admin/builder/spi-builder-workspace/.derivedData/Build/Intermediates.noindex/PerformanceBezier.build/Debug/PerformanceBezier-t.build/Objects-normal/arm64/UIBezierPath+Util.o -index-unit-output-path /PerformanceBezier.build/Debug/PerformanceBezier-t.build/Objects-normal/arm64/UIBezierPath+Util.o
/Users/admin/builder/spi-builder-workspace/.dependencies/checkouts/PerformanceBezier/PerformanceBezier/UIBezierPath+Center.h:9:9: error: 'UIKit/UIKit.h' file not found (in target 'PerformanceBezier' from project 'PerformanceBezier')
    /Users/admin/builder/spi-builder-workspace/.dependencies/checkouts/PerformanceBezier/PerformanceBezier/UIBezierPath+Util.m:9:9: note: in file included from /Users/admin/builder/spi-builder-workspace/.dependencies/checkouts/PerformanceBezier/PerformanceBezier/UIBezierPath+Util.m:9:
    /Users/admin/builder/spi-builder-workspace/.dependencies/checkouts/PerformanceBezier/PerformanceBezier/PerformanceBezier.h:11:9: note: in file included from /Users/admin/builder/spi-builder-workspace/.dependencies/checkouts/PerformanceBezier/PerformanceBezier/PerformanceBezier.h:11:
ScanDependencies /Users/admin/builder/spi-builder-workspace/.derivedData/Build/Intermediates.noindex/PerformanceBezier.build/Debug/PerformanceBezier-t.build/Objects-normal/arm64/UIBezierPath+Performance.o /Users/admin/builder/spi-builder-workspace/.dependencies/checkouts/PerformanceBezier/PerformanceBezier/UIBezierPath+Performance.m normal arm64 objective-c com.apple.compilers.llvm.clang.1_0.compiler (in target 'PerformanceBezier' from project 'PerformanceBezier')
    cd /Users/admin/builder/spi-builder-workspace/.swiftpm/xcode

    Using response file: /Users/admin/builder/spi-builder-workspace/.derivedData/Build/Intermediates.noindex/PerformanceBezier.build/Debug/PerformanceBezier-t.build/Objects-normal/arm64/e6072d4f65d7061329687fe24e3d63a7-common-args.resp

    builtin-ScanDependencies -o /Users/admin/builder/spi-builder-workspace/.derivedData/Build/Intermediates.noindex/PerformanceBezier.build/Debug/PerformanceBezier-t.build/Objects-normal/arm64/UIBezierPath+Performance.o.scan -- /Applications/Xcode-27.0.0-Release.Candidate.app/Contents/Developer/Toolchains/XcodeDefault.xctoolchain/usr/bin/clang -x objective-c -ivfsstatcache /Users/admin/builder/spi-builder-workspace/.derivedData/SDKStatCaches.noindex/macosx27.0-26A425-e829b21a6f8c9b70876ba0858053c0446a22442a12e9d48fe1a705f55a1adfc4.sdkstatcache -target arm64-apple-macos12.0 -fmessage-length\=0 -fdiagnostics-show-note-include-stack -fmacro-backtrace-limit\=0 -fno-color-diagnostics -fmodules-prune-interval\=86400 -fmodules-prune-after\=345600 -fbuild-session-file\=/Users/admin/builder/spi-builder-workspace/.derivedData/ModuleCache.noindex/Session.modulevalidation -fmodules-validate-once-per-build-session -Wnon-modular-include-in-framework-module -Werror\=non-modular-include-in-framework-module -Wno-trigraphs -Wno-missing-field-initializers -Wno-missing-prototypes -Wno-return-type -Wno-implicit-atomic-properties -Wno-objc-interface-ivars -Wno-arc-repeated-use-of-weak -Wno-missing-braces -Wparentheses -Wswitch -Wno-unused-function -Wno-unused-label -Wno-unused-parameter -Wno-unused-variable -Wunused-value -Wno-empty-body -Wno-uninitialized -Wno-unknown-pragmas -w -Wno-shadow -Wno-four-char-constants -Wno-conversion -Wno-constant-conversion -Wno-int-conversion -Wno-bool-conversion -Wno-enum-conversion -Wno-float-conversion -Wno-non-literal-null-conversion -Wno-objc-literal-conversion -Wshorten-64-to-32 -Wpointer-sign -Wno-newline-eof -Wno-selector -Wno-strict-selector-match -Wno-undeclared-selector -Wno-deprecated-implementations -Wno-implicit-fallthrough -isysroot /Applications/Xcode-27.0.0-Release.Candidate.app/Contents/Developer/Platforms/MacOSX.platform/Developer/SDKs/MacOSX27.0.sdk -fstrict-aliasing -Wprotocol -Wdeprecated-declarations -Wno-sign-conversion -Wno-infinite-recursion -Wno-comma -Wno-block-capture-autoreleasing -Wno-strict-prototypes -Wno-semicolon-before-method-body -index-store-path /Users/admin/builder/spi-builder-workspace/.derivedData/Index.noindex/DataStore @/Users/admin/builder/spi-builder-workspace/.derivedData/Build/Intermediates.noindex/PerformanceBezier.build/Debug/PerformanceBezier-t.build/Objects-normal/arm64/e6072d4f65d7061329687fe24e3d63a7-common-args.resp -MMD -MT dependencies -MF /Users/admin/builder/spi-builder-workspace/.derivedData/Build/Intermediates.noindex/PerformanceBezier.build/Debug/PerformanceBezier-t.build/Objects-normal/arm64/UIBezierPath+Performance.d --serialize-diagnostics /Users/admin/builder/spi-builder-workspace/.derivedData/Build/Intermediates.noindex/PerformanceBezier.build/Debug/PerformanceBezier-t.build/Objects-normal/arm64/UIBezierPath+Performance.dia -c /Users/admin/builder/spi-builder-workspace/.dependencies/checkouts/PerformanceBezier/PerformanceBezier/UIBezierPath+Performance.m -o /Users/admin/builder/spi-builder-workspace/.derivedData/Build/Intermediates.noindex/PerformanceBezier.build/Debug/PerformanceBezier-t.build/Objects-normal/arm64/UIBezierPath+Performance.o -index-unit-output-path /PerformanceBezier.build/Debug/PerformanceBezier-t.build/Objects-normal/arm64/UIBezierPath+Performance.o
/Users/admin/builder/spi-builder-workspace/.dependencies/checkouts/PerformanceBezier/PerformanceBezier/UIBezierPathProperties.h:10:9: error: 'UIKit/UIKit.h' file not found (in target 'PerformanceBezier' from project 'PerformanceBezier')
    /Users/admin/builder/spi-builder-workspace/.dependencies/checkouts/PerformanceBezier/PerformanceBezier/UIBezierPath+Performance.m:9:9: note: in file included from /Users/admin/builder/spi-builder-workspace/.dependencies/checkouts/PerformanceBezier/PerformanceBezier/UIBezierPath+Performance.m:9:
    /Users/admin/builder/spi-builder-workspace/.dependencies/checkouts/PerformanceBezier/PerformanceBezier/UIBezierPath+Performance.h:9:9: note: in file included from /Users/admin/builder/spi-builder-workspace/.dependencies/checkouts/PerformanceBezier/PerformanceBezier/UIBezierPath+Performance.h:9:
ScanDependencies /Users/admin/builder/spi-builder-workspace/.derivedData/Build/Intermediates.noindex/PerformanceBezier.build/Debug/PerformanceBezier-t.build/Objects-normal/arm64/UIBezierPath+NSOSX.o /Users/admin/builder/spi-builder-workspace/.dependencies/checkouts/PerformanceBezier/PerformanceBezier/UIBezierPath+NSOSX.m normal arm64 objective-c com.apple.compilers.llvm.clang.1_0.compiler (in target 'PerformanceBezier' from project 'PerformanceBezier')
    cd /Users/admin/builder/spi-builder-workspace/.swiftpm/xcode

    Using response file: /Users/admin/builder/spi-builder-workspace/.derivedData/Build/Intermediates.noindex/PerformanceBezier.build/Debug/PerformanceBezier-t.build/Objects-normal/arm64/e6072d4f65d7061329687fe24e3d63a7-common-args.resp

    builtin-ScanDependencies -o /Users/admin/builder/spi-builder-workspace/.derivedData/Build/Intermediates.noindex/PerformanceBezier.build/Debug/PerformanceBezier-t.build/Objects-normal/arm64/UIBezierPath+NSOSX.o.scan -- /Applications/Xcode-27.0.0-Release.Candidate.app/Contents/Developer/Toolchains/XcodeDefault.xctoolchain/usr/bin/clang -x objective-c -ivfsstatcache /Users/admin/builder/spi-builder-workspace/.derivedData/SDKStatCaches.noindex/macosx27.0-26A425-e829b21a6f8c9b70876ba0858053c0446a22442a12e9d48fe1a705f55a1adfc4.sdkstatcache -target arm64-apple-macos12.0 -fmessage-length\=0 -fdiagnostics-show-note-include-stack -fmacro-backtrace-limit\=0 -fno-color-diagnostics -fmodules-prune-interval\=86400 -fmodules-prune-after\=345600 -fbuild-session-file\=/Users/admin/builder/spi-builder-workspace/.derivedData/ModuleCache.noindex/Session.modulevalidation -fmodules-validate-once-per-build-session -Wnon-modular-include-in-framework-module -Werror\=non-modular-include-in-framework-module -Wno-trigraphs -Wno-missing-field-initializers -Wno-missing-prototypes -Wno-return-type -Wno-implicit-atomic-properties -Wno-objc-interface-ivars -Wno-arc-repeated-use-of-weak -Wno-missing-braces -Wparentheses -Wswitch -Wno-unused-function -Wno-unused-label -Wno-unused-parameter -Wno-unused-variable -Wunused-value -Wno-empty-body -Wno-uninitialized -Wno-unknown-pragmas -w -Wno-shadow -Wno-four-char-constants -Wno-conversion -Wno-constant-conversion -Wno-int-conversion -Wno-bool-conversion -Wno-enum-conversion -Wno-float-conversion -Wno-non-literal-null-conversion -Wno-objc-literal-conversion -Wshorten-64-to-32 -Wpointer-sign -Wno-newline-eof -Wno-selector -Wno-strict-selector-match -Wno-undeclared-selector -Wno-deprecated-implementations -Wno-implicit-fallthrough -isysroot /Applications/Xcode-27.0.0-Release.Candidate.app/Contents/Developer/Platforms/MacOSX.platform/Developer/SDKs/MacOSX27.0.sdk -fstrict-aliasing -Wprotocol -Wdeprecated-declarations -Wno-sign-conversion -Wno-infinite-recursion -Wno-comma -Wno-block-capture-autoreleasing -Wno-strict-prototypes -Wno-semicolon-before-method-body -index-store-path /Users/admin/builder/spi-builder-workspace/.derivedData/Index.noindex/DataStore @/Users/admin/builder/spi-builder-workspace/.derivedData/Build/Intermediates.noindex/PerformanceBezier.build/Debug/PerformanceBezier-t.build/Objects-normal/arm64/e6072d4f65d7061329687fe24e3d63a7-common-args.resp -MMD -MT dependencies -MF /Users/admin/builder/spi-builder-workspace/.derivedData/Build/Intermediates.noindex/PerformanceBezier.build/Debug/PerformanceBezier-t.build/Objects-normal/arm64/UIBezierPath+NSOSX.d --serialize-diagnostics /Users/admin/builder/spi-builder-workspace/.derivedData/Build/Intermediates.noindex/PerformanceBezier.build/Debug/PerformanceBezier-t.build/Objects-normal/arm64/UIBezierPath+NSOSX.dia -c /Users/admin/builder/spi-builder-workspace/.dependencies/checkouts/PerformanceBezier/PerformanceBezier/UIBezierPath+NSOSX.m -o /Users/admin/builder/spi-builder-workspace/.derivedData/Build/Intermediates.noindex/PerformanceBezier.build/Debug/PerformanceBezier-t.build/Objects-normal/arm64/UIBezierPath+NSOSX.o -index-unit-output-path /PerformanceBezier.build/Debug/PerformanceBezier-t.build/Objects-normal/arm64/UIBezierPath+NSOSX.o
/Users/admin/builder/spi-builder-workspace/.dependencies/checkouts/PerformanceBezier/PerformanceBezier/UIBezierPath+NSOSX.h:9:9: error: 'UIKit/UIKit.h' file not found (in target 'PerformanceBezier' from project 'PerformanceBezier')
    /Users/admin/builder/spi-builder-workspace/.dependencies/checkouts/PerformanceBezier/PerformanceBezier/UIBezierPath+NSOSX.m:9:9: note: in file included from /Users/admin/builder/spi-builder-workspace/.dependencies/checkouts/PerformanceBezier/PerformanceBezier/UIBezierPath+NSOSX.m:9:
ScanDependencies /Users/admin/builder/spi-builder-workspace/.derivedData/Build/Intermediates.noindex/PerformanceBezier.build/Debug/PerformanceBezier-t.build/Objects-normal/arm64/UIBezierPathProperties.o /Users/admin/builder/spi-builder-workspace/.dependencies/checkouts/PerformanceBezier/PerformanceBezier/UIBezierPathProperties.m normal arm64 objective-c com.apple.compilers.llvm.clang.1_0.compiler (in target 'PerformanceBezier' from project 'PerformanceBezier')
    cd /Users/admin/builder/spi-builder-workspace/.swiftpm/xcode

    Using response file: /Users/admin/builder/spi-builder-workspace/.derivedData/Build/Intermediates.noindex/PerformanceBezier.build/Debug/PerformanceBezier-t.build/Objects-normal/arm64/e6072d4f65d7061329687fe24e3d63a7-common-args.resp

    builtin-ScanDependencies -o /Users/admin/builder/spi-builder-workspace/.derivedData/Build/Intermediates.noindex/PerformanceBezier.build/Debug/PerformanceBezier-t.build/Objects-normal/arm64/UIBezierPathProperties.o.scan -- /Applications/Xcode-27.0.0-Release.Candidate.app/Contents/Developer/Toolchains/XcodeDefault.xctoolchain/usr/bin/clang -x objective-c -ivfsstatcache /Users/admin/builder/spi-builder-workspace/.derivedData/SDKStatCaches.noindex/macosx27.0-26A425-e829b21a6f8c9b70876ba0858053c0446a22442a12e9d48fe1a705f55a1adfc4.sdkstatcache -target arm64-apple-macos12.0 -fmessage-length\=0 -fdiagnostics-show-note-include-stack -fmacro-backtrace-limit\=0 -fno-color-diagnostics -fmodules-prune-interval\=86400 -fmodules-prune-after\=345600 -fbuild-session-file\=/Users/admin/builder/spi-builder-workspace/.derivedData/ModuleCache.noindex/Session.modulevalidation -fmodules-validate-once-per-build-session -Wnon-modular-include-in-framework-module -Werror\=non-modular-include-in-framework-module -Wno-trigraphs -Wno-missing-field-initializers -Wno-missing-prototypes -Wno-return-type -Wno-implicit-atomic-properties -Wno-objc-interface-ivars -Wno-arc-repeated-use-of-weak -Wno-missing-braces -Wparentheses -Wswitch -Wno-unused-function -Wno-unused-label -Wno-unused-parameter -Wno-unused-variable -Wunused-value -Wno-empty-body -Wno-uninitialized -Wno-unknown-pragmas -w -Wno-shadow -Wno-four-char-constants -Wno-conversion -Wno-constant-conversion -Wno-int-conversion -Wno-bool-conversion -Wno-enum-conversion -Wno-float-conversion -Wno-non-literal-null-conversion -Wno-objc-literal-conversion -Wshorten-64-to-32 -Wpointer-sign -Wno-newline-eof -Wno-selector -Wno-strict-selector-match -Wno-undeclared-selector -Wno-deprecated-implementations -Wno-implicit-fallthrough -isysroot /Applications/Xcode-27.0.0-Release.Candidate.app/Contents/Developer/Platforms/MacOSX.platform/Developer/SDKs/MacOSX27.0.sdk -fstrict-aliasing -Wprotocol -Wdeprecated-declarations -Wno-sign-conversion -Wno-infinite-recursion -Wno-comma -Wno-block-capture-autoreleasing -Wno-strict-prototypes -Wno-semicolon-before-method-body -index-store-path /Users/admin/builder/spi-builder-workspace/.derivedData/Index.noindex/DataStore @/Users/admin/builder/spi-builder-workspace/.derivedData/Build/Intermediates.noindex/PerformanceBezier.build/Debug/PerformanceBezier-t.build/Objects-normal/arm64/e6072d4f65d7061329687fe24e3d63a7-common-args.resp -MMD -MT dependencies -MF /Users/admin/builder/spi-builder-workspace/.derivedData/Build/Intermediates.noindex/PerformanceBezier.build/Debug/PerformanceBezier-t.build/Objects-normal/arm64/UIBezierPathProperties.d --serialize-diagnostics /Users/admin/builder/spi-builder-workspace/.derivedData/Build/Intermediates.noindex/PerformanceBezier.build/Debug/PerformanceBezier-t.build/Objects-normal/arm64/UIBezierPathProperties.dia -c /Users/admin/builder/spi-builder-workspace/.dependencies/checkouts/PerformanceBezier/PerformanceBezier/UIBezierPathProperties.m -o /Users/admin/builder/spi-builder-workspace/.derivedData/Build/Intermediates.noindex/PerformanceBezier.build/Debug/PerformanceBezier-t.build/Objects-normal/arm64/UIBezierPathProperties.o -index-unit-output-path /PerformanceBezier.build/Debug/PerformanceBezier-t.build/Objects-normal/arm64/UIBezierPathProperties.o
/Users/admin/builder/spi-builder-workspace/.dependencies/checkouts/PerformanceBezier/PerformanceBezier/UIBezierPathProperties.h:10:9: error: 'UIKit/UIKit.h' file not found (in target 'PerformanceBezier' from project 'PerformanceBezier')
    /Users/admin/builder/spi-builder-workspace/.dependencies/checkouts/PerformanceBezier/PerformanceBezier/UIBezierPathProperties.m:9:9: note: in file included from /Users/admin/builder/spi-builder-workspace/.dependencies/checkouts/PerformanceBezier/PerformanceBezier/UIBezierPathProperties.m:9:
ScanDependencies /Users/admin/builder/spi-builder-workspace/.derivedData/Build/Intermediates.noindex/PerformanceBezier.build/Debug/PerformanceBezier-t.build/Objects-normal/arm64/UIBezierPath+FirstLast.o /Users/admin/builder/spi-builder-workspace/.dependencies/checkouts/PerformanceBezier/PerformanceBezier/UIBezierPath+FirstLast.m normal arm64 objective-c com.apple.compilers.llvm.clang.1_0.compiler (in target 'PerformanceBezier' from project 'PerformanceBezier')
    cd /Users/admin/builder/spi-builder-workspace/.swiftpm/xcode

    Using response file: /Users/admin/builder/spi-builder-workspace/.derivedData/Build/Intermediates.noindex/PerformanceBezier.build/Debug/PerformanceBezier-t.build/Objects-normal/arm64/e6072d4f65d7061329687fe24e3d63a7-common-args.resp

    builtin-ScanDependencies -o /Users/admin/builder/spi-builder-workspace/.derivedData/Build/Intermediates.noindex/PerformanceBezier.build/Debug/PerformanceBezier-t.build/Objects-normal/arm64/UIBezierPath+FirstLast.o.scan -- /Applications/Xcode-27.0.0-Release.Candidate.app/Contents/Developer/Toolchains/XcodeDefault.xctoolchain/usr/bin/clang -x objective-c -ivfsstatcache /Users/admin/builder/spi-builder-workspace/.derivedData/SDKStatCaches.noindex/macosx27.0-26A425-e829b21a6f8c9b70876ba0858053c0446a22442a12e9d48fe1a705f55a1adfc4.sdkstatcache -target arm64-apple-macos12.0 -fmessage-length\=0 -fdiagnostics-show-note-include-stack -fmacro-backtrace-limit\=0 -fno-color-diagnostics -fmodules-prune-interval\=86400 -fmodules-prune-after\=345600 -fbuild-session-file\=/Users/admin/builder/spi-builder-workspace/.derivedData/ModuleCache.noindex/Session.modulevalidation -fmodules-validate-once-per-build-session -Wnon-modular-include-in-framework-module -Werror\=non-modular-include-in-framework-module -Wno-trigraphs -Wno-missing-field-initializers -Wno-missing-prototypes -Wno-return-type -Wno-implicit-atomic-properties -Wno-objc-interface-ivars -Wno-arc-repeated-use-of-weak -Wno-missing-braces -Wparentheses -Wswitch -Wno-unused-function -Wno-unused-label -Wno-unused-parameter -Wno-unused-variable -Wunused-value -Wno-empty-body -Wno-uninitialized -Wno-unknown-pragmas -w -Wno-shadow -Wno-four-char-constants -Wno-conversion -Wno-constant-conversion -Wno-int-conversion -Wno-bool-conversion -Wno-enum-conversion -Wno-float-conversion -Wno-non-literal-null-conversion -Wno-objc-literal-conversion -Wshorten-64-to-32 -Wpointer-sign -Wno-newline-eof -Wno-selector -Wno-strict-selector-match -Wno-undeclared-selector -Wno-deprecated-implementations -Wno-implicit-fallthrough -isysroot /Applications/Xcode-27.0.0-Release.Candidate.app/Contents/Developer/Platforms/MacOSX.platform/Developer/SDKs/MacOSX27.0.sdk -fstrict-aliasing -Wprotocol -Wdeprecated-declarations -Wno-sign-conversion -Wno-infinite-recursion -Wno-comma -Wno-block-capture-autoreleasing -Wno-strict-prototypes -Wno-semicolon-before-method-body -index-store-path /Users/admin/builder/spi-builder-workspace/.derivedData/Index.noindex/DataStore @/Users/admin/builder/spi-builder-workspace/.derivedData/Build/Intermediates.noindex/PerformanceBezier.build/Debug/PerformanceBezier-t.build/Objects-normal/arm64/e6072d4f65d7061329687fe24e3d63a7-common-args.resp -MMD -MT dependencies -MF /Users/admin/builder/spi-builder-workspace/.derivedData/Build/Intermediates.noindex/PerformanceBezier.build/Debug/PerformanceBezier-t.build/Objects-normal/arm64/UIBezierPath+FirstLast.d --serialize-diagnostics /Users/admin/builder/spi-builder-workspace/.derivedData/Build/Intermediates.noindex/PerformanceBezier.build/Debug/PerformanceBezier-t.build/Objects-normal/arm64/UIBezierPath+FirstLast.dia -c /Users/admin/builder/spi-builder-workspace/.dependencies/checkouts/PerformanceBezier/PerformanceBezier/UIBezierPath+FirstLast.m -o /Users/admin/builder/spi-builder-workspace/.derivedData/Build/Intermediates.noindex/PerformanceBezier.build/Debug/PerformanceBezier-t.build/Objects-normal/arm64/UIBezierPath+FirstLast.o -index-unit-output-path /PerformanceBezier.build/Debug/PerformanceBezier-t.build/Objects-normal/arm64/UIBezierPath+FirstLast.o
/Users/admin/builder/spi-builder-workspace/.dependencies/checkouts/PerformanceBezier/PerformanceBezier/UIBezierPath+FirstLast.h:9:9: error: 'UIKit/UIKit.h' file not found (in target 'PerformanceBezier' from project 'PerformanceBezier')
    /Users/admin/builder/spi-builder-workspace/.dependencies/checkouts/PerformanceBezier/PerformanceBezier/UIBezierPath+FirstLast.m:9:9: note: in file included from /Users/admin/builder/spi-builder-workspace/.dependencies/checkouts/PerformanceBezier/PerformanceBezier/UIBezierPath+FirstLast.m:9:
CompileC /Users/admin/builder/spi-builder-workspace/.derivedData/Build/Intermediates.noindex/ClippingBezier.build/Debug/ClippingBezier-t.build/Objects-normal/arm64/transforms.o /Users/admin/builder/spi-builder-workspace/.dependencies/checkouts/ClippingBezier/ClippingBezier/transforms.cpp normal arm64 c++ com.apple.compilers.llvm.clang.1_0.compiler (in target 'ClippingBezier' from project 'ClippingBezier')
    cd /Users/admin/builder/spi-builder-workspace/.swiftpm/xcode

    Using response file: /Users/admin/builder/spi-builder-workspace/.derivedData/Build/Intermediates.noindex/ClippingBezier.build/Debug/ClippingBezier-t.build/Objects-normal/arm64/82b82416624d2658e5098eb0a28c15c5-common-args.resp

    /Applications/Xcode-27.0.0-Release.Candidate.app/Contents/Developer/Toolchains/XcodeDefault.xctoolchain/usr/bin/clang -x c++ -ivfsstatcache /Users/admin/builder/spi-builder-workspace/.derivedData/SDKStatCaches.noindex/macosx27.0-26A425-e829b21a6f8c9b70876ba0858053c0446a22442a12e9d48fe1a705f55a1adfc4.sdkstatcache -target arm64-apple-macos12.0 -fmessage-length\=0 -fdiagnostics-show-note-include-stack -fmacro-backtrace-limit\=0 -fno-color-diagnostics -fmodules-prune-interval\=86400 -fmodules-prune-after\=345600 -fbuild-session-file\=/Users/admin/builder/spi-builder-workspace/.derivedData/ModuleCache.noindex/Session.modulevalidation -fmodules-validate-once-per-build-session -Wnon-modular-include-in-framework-module -Werror\=non-modular-include-in-framework-module -Wno-trigraphs -Wno-missing-field-initializers -Wno-missing-prototypes -Wno-return-type -Wno-non-virtual-dtor -Wno-overloaded-virtual -Wno-exit-time-destructors -Wno-missing-braces -Wparentheses -Wswitch -Wno-unused-function -Wno-unused-label -Wno-unused-parameter -Wno-unused-variable -Wunused-value -Wno-empty-body -Wno-uninitialized -Wno-unknown-pragmas -w -Wno-shadow -Wno-four-char-constants -Wno-conversion -Wno-constant-conversion -Wno-int-conversion -Wno-bool-conversion -Wno-enum-conversion -Wno-float-conversion -Wno-non-literal-null-conversion -Wno-objc-literal-conversion -Wshorten-64-to-32 -Wno-newline-eof -Wno-c++11-extensions -Wno-implicit-fallthrough -isysroot /Applications/Xcode-27.0.0-Release.Candidate.app/Contents/Developer/Platforms/MacOSX.platform/Developer/SDKs/MacOSX27.0.sdk -fstrict-aliasing -Wdeprecated-declarations -Winvalid-offsetof -Wno-sign-conversion -Wno-infinite-recursion -Wno-move -Wno-comma -Wno-block-capture-autoreleasing -Wno-strict-prototypes -Wno-range-loop-analysis -Wno-semicolon-before-method-body -index-store-path /Users/admin/builder/spi-builder-workspace/.derivedData/Index.noindex/DataStore @/Users/admin/builder/spi-builder-workspace/.derivedData/Build/Intermediates.noindex/ClippingBezier.build/Debug/ClippingBezier-t.build/Objects-normal/arm64/82b82416624d2658e5098eb0a28c15c5-common-args.resp -MMD -MT dependencies -MF /Users/admin/builder/spi-builder-workspace/.derivedData/Build/Intermediates.noindex/ClippingBezier.build/Debug/ClippingBezier-t.build/Objects-normal/arm64/transforms.d --serialize-diagnostics /Users/admin/builder/spi-builder-workspace/.derivedData/Build/Intermediates.noindex/ClippingBezier.build/Debug/ClippingBezier-t.build/Objects-normal/arm64/transforms.dia -c /Users/admin/builder/spi-builder-workspace/.dependencies/checkouts/ClippingBezier/ClippingBezier/transforms.cpp -o /Users/admin/builder/spi-builder-workspace/.derivedData/Build/Intermediates.noindex/ClippingBezier.build/Debug/ClippingBezier-t.build/Objects-normal/arm64/transforms.o -index-unit-output-path /ClippingBezier.build/Debug/ClippingBezier-t.build/Objects-normal/arm64/transforms.o
SwiftDriver SwiftToolbox normal arm64 com.apple.xcode.tools.swift.compiler (in target 'SwiftToolbox' from project 'SwiftToolbox')
    cd /Users/admin/builder/spi-builder-workspace/.swiftpm/xcode
    builtin-SwiftDriver -- /Applications/Xcode-27.0.0-Release.Candidate.app/Contents/Developer/Toolchains/XcodeDefault.xctoolchain/usr/bin/swiftc -parse-as-library -module-name SwiftToolbox -Onone @/Users/admin/builder/spi-builder-workspace/.derivedData/Build/Intermediates.noindex/SwiftToolbox.build/Debug/SwiftToolbox-t.build/Objects-normal/arm64/SwiftToolbox.SwiftFileList -DSWIFT_PACKAGE -DDEBUG -DSWIFT_MODULE_RESOURCE_BUNDLE_UNAVAILABLE -DXcode -plugin-path /Applications/Xcode-27.0.0-Release.Candidate.app/Contents/Developer/Toolchains/XcodeDefault.xctoolchain/usr/lib/swift/host/plugins/testing -enable-experimental-feature DebugDescriptionMacro -sdk /Applications/Xcode-27.0.0-Release.Candidate.app/Contents/Developer/Platforms/MacOSX.platform/Developer/SDKs/MacOSX27.0.sdk -target arm64-apple-macos12.0 -g -module-cache-path /Users/admin/builder/spi-builder-workspace/.derivedData/ModuleCache.noindex -Xfrontend -serialize-debugging-options -profile-coverage-mapping -profile-generate -enable-testing -suppress-warnings -index-store-path /Users/admin/builder/spi-builder-workspace/.derivedData/Index.noindex/DataStore -Xcc -D_LIBCPP_HARDENING_MODE\=_LIBCPP_HARDENING_MODE_DEBUG -swift-version 5 -I /Users/admin/builder/spi-builder-workspace/.derivedData/Build/Products/Debug -Isystem /Applications/Xcode-27.0.0-Release.Candidate.app/Contents/Developer/Platforms/MacOSX.platform/Developer/usr/lib -F /Users/admin/builder/spi-builder-workspace/.derivedData/Build/Products/Debug -F /Applications/Xcode-27.0.0-Release.Candidate.app/Contents/Developer/Platforms/MacOSX.platform/Developer/Library/Frameworks -c -j10 -enable-batch-mode -incremental -Xcc -ivfsstatcache -Xcc /Users/admin/builder/spi-builder-workspace/.derivedData/SDKStatCaches.noindex/macosx27.0-26A425-e829b21a6f8c9b70876ba0858053c0446a22442a12e9d48fe1a705f55a1adfc4.sdkstatcache -output-file-map /Users/admin/builder/spi-builder-workspace/.derivedData/Build/Intermediates.noindex/SwiftToolbox.build/Debug/SwiftToolbox-t.build/Objects-normal/arm64/SwiftToolbox-OutputFileMap.json -save-temps -no-color-diagnostics -explicit-module-build -module-cache-path /Users/admin/builder/spi-builder-workspace/.derivedData/Build/Intermediates.noindex/SwiftExplicitPrecompiledModules -clang-scanner-module-cache-path /Users/admin/builder/spi-builder-workspace/.derivedData/ModuleCache.noindex -sdk-module-cache-path /Users/admin/builder/spi-builder-workspace/.derivedData/SDKExplicitPrecompiledModules -emit-dependencies -emit-module -emit-module-path /Users/admin/builder/spi-builder-workspace/.derivedData/Build/Intermediates.noindex/SwiftToolbox.build/Debug/SwiftToolbox-t.build/Objects-normal/arm64/SwiftToolbox.swiftmodule -serialize-diagnostics -dependency-scan-serialize-diagnostics-path /Users/admin/builder/spi-builder-workspace/.derivedData/Build/Intermediates.noindex/SwiftToolbox.build/Debug/SwiftToolbox-t.build/Objects-normal/arm64/SwiftToolbox-dependency-scan.dia -validate-clang-modules-once -clang-build-session-file /Users/admin/builder/spi-builder-workspace/.derivedData/ModuleCache.noindex/Session.modulevalidation -Xcc -fmodules-prune-interval\=86400 -Xcc -fmodules-prune-after\=345600 -emit-const-values -const-gather-protocols-list /Users/admin/builder/spi-builder-workspace/.derivedData/Build/Intermediates.noindex/SwiftToolbox.build/Debug/SwiftToolbox-t.build/Objects-normal/arm64/SwiftToolbox_const_extract_protocols.json -Xcc -I/Users/admin/builder/spi-builder-workspace/.derivedData/Build/Products/Debug/include -Xcc -I/Users/admin/builder/spi-builder-workspace/.derivedData/Build/Intermediates.noindex/SwiftToolbox.build/Debug/SwiftToolbox-t.build/DerivedSources-normal/arm64 -Xcc -I/Users/admin/builder/spi-builder-workspace/.derivedData/Build/Intermediates.noindex/SwiftToolbox.build/Debug/SwiftToolbox-t.build/DerivedSources/arm64 -Xcc -I/Users/admin/builder/spi-builder-workspace/.derivedData/Build/Intermediates.noindex/SwiftToolbox.build/Debug/SwiftToolbox-t.build/DerivedSources -Xcc -DSWIFT_PACKAGE -Xcc -DDEBUG\=1 -emit-objc-header -emit-objc-header-path /Users/admin/builder/spi-builder-workspace/.derivedData/Build/Intermediates.noindex/SwiftToolbox.build/Debug/SwiftToolbox-t.build/Objects-normal/arm64/SwiftToolbox-Swift.h -working-directory /Users/admin/builder/spi-builder-workspace/.swiftpm/xcode -experimental-emit-module-separately -disable-cmo
CompileC /Users/admin/builder/spi-builder-workspace/.derivedData/Build/Intermediates.noindex/ClippingBezier.build/Debug/ClippingBezier-t.build/Objects-normal/arm64/point.o /Users/admin/builder/spi-builder-workspace/.dependencies/checkouts/ClippingBezier/ClippingBezier/point.cpp normal arm64 c++ com.apple.compilers.llvm.clang.1_0.compiler (in target 'ClippingBezier' from project 'ClippingBezier')
    cd /Users/admin/builder/spi-builder-workspace/.swiftpm/xcode

    Using response file: /Users/admin/builder/spi-builder-workspace/.derivedData/Build/Intermediates.noindex/ClippingBezier.build/Debug/ClippingBezier-t.build/Objects-normal/arm64/82b82416624d2658e5098eb0a28c15c5-common-args.resp

    /Applications/Xcode-27.0.0-Release.Candidate.app/Contents/Developer/Toolchains/XcodeDefault.xctoolchain/usr/bin/clang -x c++ -ivfsstatcache /Users/admin/builder/spi-builder-workspace/.derivedData/SDKStatCaches.noindex/macosx27.0-26A425-e829b21a6f8c9b70876ba0858053c0446a22442a12e9d48fe1a705f55a1adfc4.sdkstatcache -target arm64-apple-macos12.0 -fmessage-length\=0 -fdiagnostics-show-note-include-stack -fmacro-backtrace-limit\=0 -fno-color-diagnostics -fmodules-prune-interval\=86400 -fmodules-prune-after\=345600 -fbuild-session-file\=/Users/admin/builder/spi-builder-workspace/.derivedData/ModuleCache.noindex/Session.modulevalidation -fmodules-validate-once-per-build-session -Wnon-modular-include-in-framework-module -Werror\=non-modular-include-in-framework-module -Wno-trigraphs -Wno-missing-field-initializers -Wno-missing-prototypes -Wno-return-type -Wno-non-virtual-dtor -Wno-overloaded-virtual -Wno-exit-time-destructors -Wno-missing-braces -Wparentheses -Wswitch -Wno-unused-function -Wno-unused-label -Wno-unused-parameter -Wno-unused-variable -Wunused-value -Wno-empty-body -Wno-uninitialized -Wno-unknown-pragmas -w -Wno-shadow -Wno-four-char-constants -Wno-conversion -Wno-constant-conversion -Wno-int-conversion -Wno-bool-conversion -Wno-enum-conversion -Wno-float-conversion -Wno-non-literal-null-conversion -Wno-objc-literal-conversion -Wshorten-64-to-32 -Wno-newline-eof -Wno-c++11-extensions -Wno-implicit-fallthrough -isysroot /Applications/Xcode-27.0.0-Release.Candidate.app/Contents/Developer/Platforms/MacOSX.platform/Developer/SDKs/MacOSX27.0.sdk -fstrict-aliasing -Wdeprecated-declarations -Winvalid-offsetof -Wno-sign-conversion -Wno-infinite-recursion -Wno-move -Wno-comma -Wno-block-capture-autoreleasing -Wno-strict-prototypes -Wno-range-loop-analysis -Wno-semicolon-before-method-body -index-store-path /Users/admin/builder/spi-builder-workspace/.derivedData/Index.noindex/DataStore @/Users/admin/builder/spi-builder-workspace/.derivedData/Build/Intermediates.noindex/ClippingBezier.build/Debug/ClippingBezier-t.build/Objects-normal/arm64/82b82416624d2658e5098eb0a28c15c5-common-args.resp -MMD -MT dependencies -MF /Users/admin/builder/spi-builder-workspace/.derivedData/Build/Intermediates.noindex/ClippingBezier.build/Debug/ClippingBezier-t.build/Objects-normal/arm64/point.d --serialize-diagnostics /Users/admin/builder/spi-builder-workspace/.derivedData/Build/Intermediates.noindex/ClippingBezier.build/Debug/ClippingBezier-t.build/Objects-normal/arm64/point.dia -c /Users/admin/builder/spi-builder-workspace/.dependencies/checkouts/ClippingBezier/ClippingBezier/point.cpp -o /Users/admin/builder/spi-builder-workspace/.derivedData/Build/Intermediates.noindex/ClippingBezier.build/Debug/ClippingBezier-t.build/Objects-normal/arm64/point.o -index-unit-output-path /ClippingBezier.build/Debug/ClippingBezier-t.build/Objects-normal/arm64/point.o
CompileC /Users/admin/builder/spi-builder-workspace/.derivedData/Build/Intermediates.noindex/ClippingBezier.build/Debug/ClippingBezier-t.build/Objects-normal/arm64/matrix.o /Users/admin/builder/spi-builder-workspace/.dependencies/checkouts/ClippingBezier/ClippingBezier/matrix.cpp normal arm64 c++ com.apple.compilers.llvm.clang.1_0.compiler (in target 'ClippingBezier' from project 'ClippingBezier')
    cd /Users/admin/builder/spi-builder-workspace/.swiftpm/xcode

    Using response file: /Users/admin/builder/spi-builder-workspace/.derivedData/Build/Intermediates.noindex/ClippingBezier.build/Debug/ClippingBezier-t.build/Objects-normal/arm64/82b82416624d2658e5098eb0a28c15c5-common-args.resp

    /Applications/Xcode-27.0.0-Release.Candidate.app/Contents/Developer/Toolchains/XcodeDefault.xctoolchain/usr/bin/clang -x c++ -ivfsstatcache /Users/admin/builder/spi-builder-workspace/.derivedData/SDKStatCaches.noindex/macosx27.0-26A425-e829b21a6f8c9b70876ba0858053c0446a22442a12e9d48fe1a705f55a1adfc4.sdkstatcache -target arm64-apple-macos12.0 -fmessage-length\=0 -fdiagnostics-show-note-include-stack -fmacro-backtrace-limit\=0 -fno-color-diagnostics -fmodules-prune-interval\=86400 -fmodules-prune-after\=345600 -fbuild-session-file\=/Users/admin/builder/spi-builder-workspace/.derivedData/ModuleCache.noindex/Session.modulevalidation -fmodules-validate-once-per-build-session -Wnon-modular-include-in-framework-module -Werror\=non-modular-include-in-framework-module -Wno-trigraphs -Wno-missing-field-initializers -Wno-missing-prototypes -Wno-return-type -Wno-non-virtual-dtor -Wno-overloaded-virtual -Wno-exit-time-destructors -Wno-missing-braces -Wparentheses -Wswitch -Wno-unused-function -Wno-unused-label -Wno-unused-parameter -Wno-unused-variable -Wunused-value -Wno-empty-body -Wno-uninitialized -Wno-unknown-pragmas -w -Wno-shadow -Wno-four-char-constants -Wno-conversion -Wno-constant-conversion -Wno-int-conversion -Wno-bool-conversion -Wno-enum-conversion -Wno-float-conversion -Wno-non-literal-null-conversion -Wno-objc-literal-conversion -Wshorten-64-to-32 -Wno-newline-eof -Wno-c++11-extensions -Wno-implicit-fallthrough -isysroot /Applications/Xcode-27.0.0-Release.Candidate.app/Contents/Developer/Platforms/MacOSX.platform/Developer/SDKs/MacOSX27.0.sdk -fstrict-aliasing -Wdeprecated-declarations -Winvalid-offsetof -Wno-sign-conversion -Wno-infinite-recursion -Wno-move -Wno-comma -Wno-block-capture-autoreleasing -Wno-strict-prototypes -Wno-range-loop-analysis -Wno-semicolon-before-method-body -index-store-path /Users/admin/builder/spi-builder-workspace/.derivedData/Index.noindex/DataStore @/Users/admin/builder/spi-builder-workspace/.derivedData/Build/Intermediates.noindex/ClippingBezier.build/Debug/ClippingBezier-t.build/Objects-normal/arm64/82b82416624d2658e5098eb0a28c15c5-common-args.resp -MMD -MT dependencies -MF /Users/admin/builder/spi-builder-workspace/.derivedData/Build/Intermediates.noindex/ClippingBezier.build/Debug/ClippingBezier-t.build/Objects-normal/arm64/matrix.d --serialize-diagnostics /Users/admin/builder/spi-builder-workspace/.derivedData/Build/Intermediates.noindex/ClippingBezier.build/Debug/ClippingBezier-t.build/Objects-normal/arm64/matrix.dia -c /Users/admin/builder/spi-builder-workspace/.dependencies/checkouts/ClippingBezier/ClippingBezier/matrix.cpp -o /Users/admin/builder/spi-builder-workspace/.derivedData/Build/Intermediates.noindex/ClippingBezier.build/Debug/ClippingBezier-t.build/Objects-normal/arm64/matrix.o -index-unit-output-path /ClippingBezier.build/Debug/ClippingBezier-t.build/Objects-normal/arm64/matrix.o
PruneExplicitPrecompiledModules /Users/admin/builder/spi-builder-workspace/.derivedData/Build/Intermediates.noindex/ExplicitPrecompiledModules
PruneExplicitPrecompiledModules /Users/admin/builder/spi-builder-workspace/.derivedData/Build/Intermediates.noindex/SwiftExplicitPrecompiledModules
PruneExplicitPrecompiledModules /Users/admin/builder/spi-builder-workspace/.derivedData/SDKExplicitPrecompiledModules
2026-09-21 06:21:07.318 xcodebuild[1418:8631] [MT] IDERunDestination: Supported platforms for the buildables in the current scheme is empty.
--- xcodebuild: WARNING: Using the first of multiple matching destinations:
{ platform:macOS, arch:arm64, id:82eb0dba91f741126cfc7de5beda3decdc442009, name:My Mac }
{ platform:macOS, arch:arm64, variant:Mac Catalyst, id:82eb0dba91f741126cfc7de5beda3decdc442009, name:My Mac }
{ platform:macOS, arch:arm64, variant:DriverKit, id:82eb0dba91f741126cfc7de5beda3decdc442009, name:My Mac }
{ platform:macOS, arch:arm64, variant:Designed for [iPad,iPhone], id:82eb0dba91f741126cfc7de5beda3decdc442009, name:My Mac }
** BUILD FAILED **
The following build commands failed:
	ScanDependencies /Users/admin/builder/spi-builder-workspace/.derivedData/Build/Intermediates.noindex/PerformanceBezier.build/Debug/PerformanceBezier-t.build/Objects-normal/arm64/UIBezierPath+Trim.o /Users/admin/builder/spi-builder-workspace/.dependencies/checkouts/PerformanceBezier/PerformanceBezier/UIBezierPath+Trim.m normal arm64 objective-c com.apple.compilers.llvm.clang.1_0.compiler (in target 'PerformanceBezier' from project 'PerformanceBezier')
	ScanDependencies /Users/admin/builder/spi-builder-workspace/.derivedData/Build/Intermediates.noindex/PerformanceBezier.build/Debug/PerformanceBezier-t.build/Objects-normal/arm64/UIBezierPath+Uncached.o /Users/admin/builder/spi-builder-workspace/.dependencies/checkouts/PerformanceBezier/PerformanceBezier/UIBezierPath+Uncached.m normal arm64 objective-c com.apple.compilers.llvm.clang.1_0.compiler (in target 'PerformanceBezier' from project 'PerformanceBezier')
	ScanDependencies /Users/admin/builder/spi-builder-workspace/.derivedData/Build/Intermediates.noindex/PerformanceBezier.build/Debug/PerformanceBezier-t.build/Objects-normal/arm64/UIBezierPath+Util.o /Users/admin/builder/spi-builder-workspace/.dependencies/checkouts/PerformanceBezier/PerformanceBezier/UIBezierPath+Util.m normal arm64 objective-c com.apple.compilers.llvm.clang.1_0.compiler (in target 'PerformanceBezier' from project 'PerformanceBezier')
	ScanDependencies /Users/admin/builder/spi-builder-workspace/.derivedData/Build/Intermediates.noindex/PerformanceBezier.build/Debug/PerformanceBezier-t.build/Objects-normal/arm64/UIBezierPath+Performance.o /Users/admin/builder/spi-builder-workspace/.dependencies/checkouts/PerformanceBezier/PerformanceBezier/UIBezierPath+Performance.m normal arm64 objective-c com.apple.compilers.llvm.clang.1_0.compiler (in target 'PerformanceBezier' from project 'PerformanceBezier')
	ScanDependencies /Users/admin/builder/spi-builder-workspace/.derivedData/Build/Intermediates.noindex/PerformanceBezier.build/Debug/PerformanceBezier-t.build/Objects-normal/arm64/UIBezierPath+NSOSX.o /Users/admin/builder/spi-builder-workspace/.dependencies/checkouts/PerformanceBezier/PerformanceBezier/UIBezierPath+NSOSX.m normal arm64 objective-c com.apple.compilers.llvm.clang.1_0.compiler (in target 'PerformanceBezier' from project 'PerformanceBezier')
	ScanDependencies /Users/admin/builder/spi-builder-workspace/.derivedData/Build/Intermediates.noindex/PerformanceBezier.build/Debug/PerformanceBezier-t.build/Objects-normal/arm64/UIBezierPathProperties.o /Users/admin/builder/spi-builder-workspace/.dependencies/checkouts/PerformanceBezier/PerformanceBezier/UIBezierPathProperties.m normal arm64 objective-c com.apple.compilers.llvm.clang.1_0.compiler (in target 'PerformanceBezier' from project 'PerformanceBezier')
	ScanDependencies /Users/admin/builder/spi-builder-workspace/.derivedData/Build/Intermediates.noindex/PerformanceBezier.build/Debug/PerformanceBezier-t.build/Objects-normal/arm64/UIBezierPath+FirstLast.o /Users/admin/builder/spi-builder-workspace/.dependencies/checkouts/PerformanceBezier/PerformanceBezier/UIBezierPath+FirstLast.m normal arm64 objective-c com.apple.compilers.llvm.clang.1_0.compiler (in target 'PerformanceBezier' from project 'PerformanceBezier')
	Building workspace Inkable with scheme Inkable
(8 failures)
BUILD FAILURE 6.4 macosXcodebuild