The Swift Package Index logo.Swift Package Index

Build Information

Failed to build swift-app-macros, reference 0.4.0 (414663), with Swift 6.4 for Wasm on 5 Oct 2026 07:59:43 UTC.

Build Command

bash -c docker run --pull=always --rm -v "checkouts-54344843-3":/host -w "$PWD" -e JAVA_HOME="/root/.sdkman/candidates/java/current" -e SPI_BUILD="1" -e SPI_PROCESSING="1" registry.gitlab.com/saguaro1/spi-images:wasm-6.4-latest swift build --swift-sdk swift-6.4.x-DEVELOPMENT-SNAPSHOT-2026-09-04-a_wasm 2>&1

Build Log

========================================
RunAll
========================================
Builder version: 5.1.1
Interrupt handler set up.
========================================
Checkout
========================================
Clone URL: https://github.com/9uiLe/swift-app-macros.git
Reference: 0.4.0
Initialized empty Git repository in /host/spi-builder-workspace/.git/
hint: Using 'master' as the name for the initial branch. This default branch name
hint: is subject to change. To configure the initial branch name to use in all
hint: of your new repositories, which will suppress this warning, call:
hint:
hint: 	git config --global init.defaultBranch <name>
hint:
hint: Names commonly chosen instead of 'master' are 'main', 'trunk' and
hint: 'development'. The just-created branch can be renamed via this command:
hint:
hint: 	git branch -m <name>
From https://github.com/9uiLe/swift-app-macros
 * tag               0.4.0      -> FETCH_HEAD
HEAD is now at 4146637 Prepare 0.4.0 release (#11)
Cloned https://github.com/9uiLe/swift-app-macros.git
Revision (git rev-parse @):
4146637f4d9cf59e5051840311063ddd45a1b316
SUCCESS checkout https://github.com/9uiLe/swift-app-macros.git at 0.4.0
========================================
Build
========================================
Selected platform:         wasm
Swift version:             6.4
Building package at path:  $PWD
https://github.com/9uiLe/swift-app-macros.git
Running build ...
bash -c docker run --pull=always --rm -v "checkouts-54344843-3":/host -w "$PWD" -e JAVA_HOME="/root/.sdkman/candidates/java/current" -e SPI_BUILD="1" -e SPI_PROCESSING="1" registry.gitlab.com/saguaro1/spi-images:wasm-6.4-latest swift build --swift-sdk swift-6.4.x-DEVELOPMENT-SNAPSHOT-2026-09-04-a_wasm 2>&1
wasm-6.4-latest: Pulling from saguaro1/spi-images
Digest: sha256:4328fdb43c680d205c1d6761b1e3267aa38277eefdda9ddfb17b6a0f1a77857a
Status: Image is up to date for registry.gitlab.com/saguaro1/spi-images:wasm-6.4-latest
Fetching https://github.com/swiftlang/swift-syntax.git
[1/80269] Fetching swift-syntax
Fetched https://github.com/swiftlang/swift-syntax.git (6.97s)
Computing version for https://github.com/swiftlang/swift-syntax.git
Computed https://github.com/swiftlang/swift-syntax.git at 604.0.0 (9.24s)
Creating working copy for https://github.com/swiftlang/swift-syntax.git
Working copy of https://github.com/swiftlang/swift-syntax.git resolved at 604.0.0
Building for debugging...
[Computing dependencies]
[Pre-planning 1 / 681]
[Planning 508 / 681]
[Planning deferred tasks]
[Starting]
[55 / 287] SwiftSyntax603
[146 / 296] SwiftSyntax604
[154 / 308] SwiftSyntax604
[189 / 308] SwiftSyntax602
[195 / 309] SwiftSyntax
[197 / 318] SwiftSyntax
[204 / 322] SwiftSyntax602
[212 / 322] SwiftSyntax601
[215 / 324] SwiftSyntax604
[218 / 324] SwiftSyntax509
[222 / 325] SwiftSyntax603
[224 / 325] SwiftSyntax603
[225 / 325] SwiftSyntax
[237 / 344] SwiftDiagnostics
[238 / 353] SwiftParser
[238 / 353] SwiftBasicFormat
[250 / 353] SwiftParser
[251 / 353] SwiftParser
[252 / 353] SwiftParser
[253 / 353] SwiftParser
[256 / 353] SwiftParser
[260 / 353] SwiftParser
[261 / 353] SwiftDiagnostics
[262 / 353] SwiftOperators
[263 / 353] SwiftOperators
[266 / 353] SwiftDiagnostics
[268 / 353] SwiftDiagnostics
[269 / 353] SwiftDiagnostics
[269 / 353] SwiftBasicFormat
[270 / 353] SwiftParserDiagnostics
[271 / 353] SwiftParserDiagnostics
[273 / 353] SwiftBasicFormat
[277 / 364] SwiftParserDiagnostics
[279 / 364] SwiftParserDiagnostics
[281 / 365] SwiftParserDiagnostics
[282 / 365] SwiftParserDiagnostics
[283 / 365] SwiftParserDiagnostics
[283 / 365] SwiftParser
[286 / 366] SwiftParserDiagnostics
[293 / 366]
[296 / 378] SwiftSyntaxBuilder
[299 / 386] SwiftSyntaxBuilder
[300 / 386] SwiftOperators
[311 / 386] SwiftSyntaxBuilder
[312 / 386] SwiftSyntaxBuilder
[313 / 386] SwiftSyntaxBuilder
[314 / 386] SwiftSyntaxBuilder-product
[315 / 386] SwiftSyntaxBuilder-product
[316 / 387] SwiftSyntaxBuilder-product
[320 / 387] SwiftParserDiagnostics
[322 / 387] SwiftSyntaxBuilder
[323 / 387] SwiftOperators
[324 / 387] SwiftOperators
[325 / 387] SwiftOperators
[326 / 387] SwiftOperators
[329 / 397] SwiftIfConfig
[330 / 397] SwiftIfConfig
[331 / 397] SwiftIfConfig
[332 / 397] SwiftIfConfig
[334 / 398] SwiftIfConfig
[337 / 399] SwiftIfConfig
[343 / 399] SwiftSyntaxMacros
[344 / 399] SwiftSyntaxMacros
[345 / 399]
[348 / 409] SwiftSyntaxMacros
[354 / 409] SwiftSyntaxMacros
[355 / 409] SwiftSyntaxMacros
[357 / 409] SwiftSyntaxMacros-product
[360 / 409] SwiftSyntaxMacros
[364 / 419] SwiftSyntaxMacroExpansion
[365 / 419] SwiftSyntaxMacroExpansion
[366 / 420] SwiftSyntaxMacros
[367 / 420] SwiftSyntaxMacros
[369 / 420] SwiftSyntaxMacros
[370 / 421] SwiftSyntaxMacroExpansion
[372 / 421] SwiftSyntaxMacroExpansion
[373 / 421] SwiftSyntaxMacroExpansion
[375 / 421] SwiftSyntaxMacroExpansion
[382 / 431] SwiftCompilerPluginMessageHandling
[383 / 431] SwiftCompilerPluginMessageHandling
[385 / 431] SwiftCompilerPluginMessageHandling
[387 / 431] SwiftCompilerPluginMessageHandling
[392 / 431] SwiftCompilerPluginMessageHandling
[395 / 432] SwiftCompilerPlugin
[396 / 432]
[399 / 435] SwiftCompilerPluginMessageHandling
[399 / 435] SwiftCompilerPlugin
[404 / 436] SwiftCompilerPlugin
[405 / 436] SwiftCompilerPlugin
[406 / 436] SwiftCompilerPluginMessageHandling
[408 / 437] SwiftSyntax
[409 / 438] SwiftSyntax
[411 / 438] SwiftSyntax
[414 / 438] SwiftParser
[418 / 438] SwiftIfConfig
[426 / 438] AppMacrosMacros
[427 / 439] AppMacrosMacros
[435 / 447] AppMacrosMacros
[440 / 448] AppMacrosMacros
error: SwiftCompile normal wasm32 failed with a nonzero exit code. Command line:     cd /host

/host/spi-builder-workspace/Sources/AppMacros/EquatableMacro.swift:66:36: error: cannot find 'EquatableBodyView' in scope
64 | /// view changes. Its instances do not conform to `Equatable` automatically.
65 | @attached(member, names: named(body), named(==))
66 | @attached(extension, conformances: EquatableBodyView, Equatable, names: named(==))
   |                                    `- error: cannot find 'EquatableBodyView' in scope
67 | public macro AutoEquatableView() =
68 |     #externalMacro(module: "AppMacrosMacros", type: "AutoEquatableViewMacro")
/host/spi-builder-workspace/Sources/AppMacros/EquatableMacro.swift:66:36: error: expected type
64 | /// view changes. Its instances do not conform to `Equatable` automatically.
65 | @attached(member, names: named(body), named(==))
66 | @attached(extension, conformances: EquatableBodyView, Equatable, names: named(==))
   |                                    `- error: expected type
67 | public macro AutoEquatableView() =
68 |     #externalMacro(module: "AppMacrosMacros", type: "AutoEquatableViewMacro")
Failed frontend command:
/usr/bin/swift-frontend -frontend -emit-module -experimental-skip-non-inlinable-function-bodies-without-types /host/spi-builder-workspace/Sources/AppMacros/EquatableBodyView.swift /host/spi-builder-workspace/Sources/AppMacros/EquatableMacro.swift -target wasm32-unknown-wasip1 -disable-objc-interop -sdk /root/.swiftpm/swift-sdks/swift-6.4.x-DEVELOPMENT-SNAPSHOT-2026-09-04-a_wasm.artifactbundle/swift-6.4.x-DEVELOPMENT-SNAPSHOT-2026-09-04-a_wasm/wasm32-unknown-wasip1/WASI.sdk -sysroot /root/.swiftpm/swift-sdks/swift-6.4.x-DEVELOPMENT-SNAPSHOT-2026-09-04-a_wasm.artifactbundle/swift-6.4.x-DEVELOPMENT-SNAPSHOT-2026-09-04-a_wasm/wasm32-unknown-wasip1/WASI.sdk -I /host/spi-builder-workspace/.build/out/Products/Debug-webassembly-wasm32 -module-cache-path /host/spi-builder-workspace/.build/out/ModuleCache.noindex -color-diagnostics -Xcc -fcolor-diagnostics -enable-testing -g -debug-info-format\=dwarf -dwarf-version\=4 -swift-version 6 -Onone -D SWIFT_PACKAGE -D DEBUG -D SWIFT_MODULE_RESOURCE_BUNDLE_UNAVAILABLE -D Xcode -serialize-debugging-options -load-plugin-executable /host/spi-builder-workspace/.build/out/Products/Debug-linux-x86_64/AppMacrosMacros\#AppMacrosMacros -enable-experimental-feature DebugDescriptionMacro -empty-abi-descriptor -external-plugin-path /usr/lib/swift/host/plugins/testing\#/usr/bin/swift-plugin-server -validate-clang-modules-once -clang-build-session-file /host/spi-builder-workspace/.build/out/ModuleCache.noindex/Session.modulevalidation -Xcc -working-directory -Xcc /host -resource-dir /root/.swiftpm/swift-sdks/swift-6.4.x-DEVELOPMENT-SNAPSHOT-2026-09-04-a_wasm.artifactbundle/swift-6.4.x-DEVELOPMENT-SNAPSHOT-2026-09-04-a_wasm/wasm32-unknown-wasip1/swift.xctoolchain/usr/lib/swift_static -use-static-resource-dir -enable-anonymous-context-mangled-names -file-compilation-dir /host -Xcc -resource-dir -Xcc /root/.swiftpm/swift-sdks/swift-6.4.x-DEVELOPMENT-SNAPSHOT-2026-09-04-a_wasm.artifactbundle/swift-6.4.x-DEVELOPMENT-SNAPSHOT-2026-09-04-a_wasm/wasm32-unknown-wasip1/swift.xctoolchain/usr/lib/swift_static/clang -Xcc -D_LIBCPP_HARDENING_MODE\=_LIBCPP_HARDENING_MODE_DEBUG -Xcc -fmodules-prune-interval\=86400 -Xcc -fmodules-prune-after\=345600 -Xcc -I/host/spi-builder-workspace/.build/out/Products/Debug-webassembly-wasm32/include -Xcc -I/host/spi-builder-workspace/.build/out/Intermediates.noindex/swift-app-macros.build/Debug-webassembly-wasm32/AppMacros-t.build/DerivedSources-normal/wasm32 -Xcc -I/host/spi-builder-workspace/.build/out/Intermediates.noindex/swift-app-macros.build/Debug-webassembly-wasm32/AppMacros-t.build/DerivedSources/wasm32 -Xcc -I/host/spi-builder-workspace/.build/out/Intermediates.noindex/swift-app-macros.build/Debug-webassembly-wasm32/AppMacros-t.build/DerivedSources -Xcc -DSWIFT_PACKAGE -Xcc -DDEBUG\=1 -no-auto-bridging-header-chaining -module-name AppMacros -package-name spi_builder_workspace -const-gather-protocols-file /host/spi-builder-workspace/.build/out/Intermediates.noindex/swift-app-macros.build/Debug-webassembly-wasm32/AppMacros-t.build/Objects-normal/wasm32/AppMacros_const_extract_protocols.json -in-process-plugin-server-path /usr/lib/swift/host/libSwiftInProcPluginServer.so -plugin-path /usr/lib/swift/host/plugins -plugin-path /usr/local/lib/swift/host/plugins -emit-module-doc-path /host/spi-builder-workspace/.build/out/Intermediates.noindex/swift-app-macros.build/Debug-webassembly-wasm32/AppMacros-t.build/Objects-normal/wasm32/Modules/AppMacros.swiftdoc -emit-module-source-info-path /host/spi-builder-workspace/.build/out/Intermediates.noindex/swift-app-macros.build/Debug-webassembly-wasm32/AppMacros-t.build/Objects-normal/wasm32/Modules/AppMacros.swiftsourceinfo -emit-objc-header-path /host/spi-builder-workspace/.build/out/Intermediates.noindex/swift-app-macros.build/Debug-webassembly-wasm32/AppMacros-t.build/Objects-normal/wasm32/AppMacros-Swift.h -serialize-diagnostics-path /host/spi-builder-workspace/.build/out/Intermediates.noindex/swift-app-macros.build/Debug-webassembly-wasm32/AppMacros-t.build/Objects-normal/wasm32/AppMacros-primary-emit-module.dia -emit-dependencies-path /host/spi-builder-workspace/.build/out/Intermediates.noindex/swift-app-macros.build/Debug-webassembly-wasm32/AppMacros-t.build/Objects-normal/wasm32/AppMacros-primary-emit-module.d -parse-as-library -o /host/spi-builder-workspace/.build/out/Intermediates.noindex/swift-app-macros.build/Debug-webassembly-wasm32/AppMacros-t.build/Objects-normal/wasm32/Modules/AppMacros.swiftmodule
error: Build failed
BUILD FAILURE 6.4 wasm