Build Information
Failed to build shieldfraud-spm, reference 2.1.0 (96857c), with Swift 6.3 for tvOS using Xcode 26.4 on 23 Sep 2026 13:04:42 UTC.
Build Command
env DEVELOPER_DIR=/Applications/Xcode-26.5.0.app xcrun xcodebuild -IDEClonedSourcePackagesDirPathOverride=$PWD/.dependencies -skipMacroValidation -skipPackagePluginValidation -derivedDataPath $PWD/.derivedData build -scheme shieldfraud-spm -destination generic/platform=tvOSBuild Log
========================================
RunAll
========================================
Builder version: 5.1.0
Interrupt handler set up.
========================================
Checkout
========================================
Clone URL: https://github.com/shield-ai-technology/shieldfraud-spm.git
Reference: 2.1.0
Initialized empty Git repository in /Users/admin/builder/spi-builder-workspace/.git/
From https://github.com/shield-ai-technology/shieldfraud-spm
* tag 2.1.0 -> FETCH_HEAD
HEAD is now at 96857ce version updated to 2.1.0
Cloned https://github.com/shield-ai-technology/shieldfraud-spm.git
Revision (git rev-parse @):
96857cef7c16373a7d206f91cc4cf4b20e06416b
SUCCESS checkout https://github.com/shield-ai-technology/shieldfraud-spm.git at 2.1.0
========================================
Build
========================================
Selected platform: tvOS
Swift version: 6.3
Building package at path: $PWD
https://github.com/shield-ai-technology/shieldfraud-spm.git
Command line invocation:
/Applications/Xcode-26.5.0.app/Contents/Developer/usr/bin/xcodebuild -IDEClonedSourcePackagesDirPathOverride=/Users/admin/builder/spi-builder-workspace/.dependencies -resolvePackageDependencies
Resolve Package Graph
Resolve Package Graph
Resolved source packages:
shieldfraud-spm: /Users/admin/builder/spi-builder-workspace
resolved source packages: shieldfraud-spm
2026-09-23 09:04:30.065 xcodebuild[535:3067] [MT] IDERunDestination: Supported platforms for the buildables in the current scheme is empty.
{
"dependencies" : [
],
"manifest_display_name" : "shieldfraud-spm",
"name" : "shieldfraud-spm",
"path" : "/Users/admin/builder/spi-builder-workspace",
"platforms" : [
{
"name" : "ios",
"version" : "12.0"
}
],
"products" : [
{
"name" : "ShieldFraud",
"targets" : [
"ShieldFraud"
],
"type" : {
"library" : [
"automatic"
]
}
}
],
"targets" : [
{
"c99name" : "ShieldFraud",
"module_type" : "BinaryTarget",
"name" : "ShieldFraud",
"path" : "remote/archive/shield-ios-swift-2-1-0.zip",
"product_memberships" : [
"ShieldFraud"
],
"sources" : [
],
"type" : "binary"
}
],
"tools_version" : "5.5"
}
{
"workspace" : {
"name" : "spi-builder-workspace",
"schemes" : [
"shieldfraud-spm"
]
}
}
2026-09-23 09:04:37.755 xcodebuild[663:3930] [MT] IDERunDestination: Supported platforms for the buildables in the current scheme is empty.
Running build ...
env DEVELOPER_DIR=/Applications/Xcode-26.5.0.app xcrun xcodebuild -IDEClonedSourcePackagesDirPathOverride=$PWD/.dependencies -skipMacroValidation -skipPackagePluginValidation -derivedDataPath $PWD/.derivedData build -scheme shieldfraud-spm -destination generic/platform=tvOS
Command line invocation:
/Applications/Xcode-26.5.0.app/Contents/Developer/usr/bin/xcodebuild -IDEClonedSourcePackagesDirPathOverride=/Users/admin/builder/spi-builder-workspace/.dependencies -skipMacroValidation -skipPackagePluginValidation -derivedDataPath /Users/admin/builder/spi-builder-workspace/.derivedData build -scheme shieldfraud-spm -destination generic/platform=tvOS
Resolve Package Graph
Resolved source packages:
shieldfraud-spm: /Users/admin/builder/spi-builder-workspace
ComputePackagePrebuildTargetDependencyGraph
Prepare packages
CreateBuildRequest
SendProjectDescription
CreateBuildOperation
ComputeTargetDependencyGraph
note: Building targets in dependency order
note: Target dependency graph (1 target)
Target 'ShieldFraud' in project 'shieldfraud-spm' (no dependencies)
GatherProvisioningInputs
CreateBuildDescription
ExecuteExternalTool /Applications/Xcode-26.5.0.app/Contents/Developer/Toolchains/XcodeDefault.xctoolchain/usr/bin/clang -v -E -dM -isysroot /Applications/Xcode-26.5.0.app/Contents/Developer/Platforms/AppleTVOS.platform/Developer/SDKs/AppleTVOS26.5.sdk -x c -c /dev/null
Build description signature: 01b50389bcb05327fd2facbd739b07b9
Build description path: /Users/admin/builder/spi-builder-workspace/.derivedData/Build/Intermediates.noindex/XCBuildData/01b50389bcb05327fd2facbd739b07b9.xcbuilddata
/Users/admin/builder/spi-builder-workspace/.dependencies/artifacts/spi-builder-workspace/ShieldFraud/ShieldFraud.xcframework:1:1: error: While building for tvOS, no library for this platform was found in '/Users/admin/builder/spi-builder-workspace/.dependencies/artifacts/spi-builder-workspace/ShieldFraud/ShieldFraud.xcframework'. (in target 'ShieldFraud' from project 'shieldfraud-spm')
2026-09-23 09:04:39.126 xcodebuild[667:3975] [MT] IDERunDestination: Supported platforms for the buildables in the current scheme is empty.
** BUILD FAILED **
The following build commands failed:
Building workspace spi-builder-workspace with scheme shieldfraud-spm
(1 failure)
Command line invocation:
/Applications/Xcode-26.5.0.app/Contents/Developer/usr/bin/xcodebuild -IDEClonedSourcePackagesDirPathOverride=/Users/admin/builder/spi-builder-workspace/.dependencies -resolvePackageDependencies
Resolve Package Graph
Resolved source packages:
shieldfraud-spm: /Users/admin/builder/spi-builder-workspace
resolved source packages: shieldfraud-spm
2026-09-23 09:04:40.750 xcodebuild[680:4077] [MT] IDERunDestination: Supported platforms for the buildables in the current scheme is empty.
{
"dependencies" : [
],
"manifest_display_name" : "shieldfraud-spm",
"name" : "shieldfraud-spm",
"path" : "/Users/admin/builder/spi-builder-workspace",
"platforms" : [
{
"name" : "ios",
"version" : "12.0"
}
],
"products" : [
{
"name" : "ShieldFraud",
"targets" : [
"ShieldFraud"
],
"type" : {
"library" : [
"automatic"
]
}
}
],
"targets" : [
{
"c99name" : "ShieldFraud",
"module_type" : "BinaryTarget",
"name" : "ShieldFraud",
"path" : "remote/archive/shield-ios-swift-2-1-0.zip",
"product_memberships" : [
"ShieldFraud"
],
"sources" : [
],
"type" : "binary"
}
],
"tools_version" : "5.5"
}
{
"workspace" : {
"name" : "spi-builder-workspace",
"schemes" : [
"shieldfraud-spm"
]
}
}
2026-09-23 09:04:41.792 xcodebuild[689:4141] [MT] IDERunDestination: Supported platforms for the buildables in the current scheme is empty.
Running build ...
env DEVELOPER_DIR=/Applications/Xcode-26.5.0.app xcrun xcodebuild -IDEClonedSourcePackagesDirPathOverride=$PWD/.dependencies -skipMacroValidation -skipPackagePluginValidation -derivedDataPath $PWD/.derivedData build -scheme shieldfraud-spm -destination generic/platform=tvOS
Command line invocation:
/Applications/Xcode-26.5.0.app/Contents/Developer/usr/bin/xcodebuild -IDEClonedSourcePackagesDirPathOverride=/Users/admin/builder/spi-builder-workspace/.dependencies -skipMacroValidation -skipPackagePluginValidation -derivedDataPath /Users/admin/builder/spi-builder-workspace/.derivedData build -scheme shieldfraud-spm -destination generic/platform=tvOS
Resolve Package Graph
Resolved source packages:
shieldfraud-spm: /Users/admin/builder/spi-builder-workspace
ComputePackagePrebuildTargetDependencyGraph
Prepare packages
CreateBuildRequest
SendProjectDescription
CreateBuildOperation
ComputeTargetDependencyGraph
note: Building targets in dependency order
note: Target dependency graph (1 target)
Target 'ShieldFraud' in project 'shieldfraud-spm' (no dependencies)
GatherProvisioningInputs
CreateBuildDescription
ExecuteExternalTool /Applications/Xcode-26.5.0.app/Contents/Developer/Toolchains/XcodeDefault.xctoolchain/usr/bin/clang -v -E -dM -isysroot /Applications/Xcode-26.5.0.app/Contents/Developer/Platforms/AppleTVOS.platform/Developer/SDKs/AppleTVOS26.5.sdk -x c -c /dev/null
Build description signature: 01b50389bcb05327fd2facbd739b07b9
Build description path: /Users/admin/builder/spi-builder-workspace/.derivedData/Build/Intermediates.noindex/XCBuildData/01b50389bcb05327fd2facbd739b07b9.xcbuilddata
/Users/admin/builder/spi-builder-workspace/.dependencies/artifacts/spi-builder-workspace/ShieldFraud/ShieldFraud.xcframework:1:1: error: While building for tvOS, no library for this platform was found in '/Users/admin/builder/spi-builder-workspace/.dependencies/artifacts/spi-builder-workspace/ShieldFraud/ShieldFraud.xcframework'. (in target 'ShieldFraud' from project 'shieldfraud-spm')
2026-09-23 09:04:42.592 xcodebuild[691:4169] [MT] IDERunDestination: Supported platforms for the buildables in the current scheme is empty.
** BUILD FAILED **
The following build commands failed:
Building workspace spi-builder-workspace with scheme shieldfraud-spm
(1 failure)
BUILD FAILURE 6.3 tvOS