The Swift Package Index logo.Swift Package Index

Build Information

Failed to build thinkresearch_messenger_ios_swift_sdk, reference master (040946), with Swift 6.4 for macOS (Xcode) using Xcode 27.0 on 20 Sep 2026 21:01:21 UTC.

Build Command

env DEVELOPER_DIR=/Applications/Xcode-27.0.0-Release.Candidate.app xcrun xcodebuild -IDEClonedSourcePackagesDirPathOverride=$PWD/.dependencies -skipMacroValidation -skipPackagePluginValidation -derivedDataPath $PWD/.derivedData build -scheme thinkresearch_messenger_ios_swift_sdk -destination platform=macOS,arch=arm64

Build Log

========================================
RunAll
========================================
Builder version: 5.1.0
Interrupt handler set up.
========================================
Checkout
========================================
Clone URL: https://github.com/PatientOrderSets/thinkresearch_messenger_ios_swift_sdk.git
Reference: master
Initialized empty Git repository in /Users/admin/builder/spi-builder-workspace/.git/
From https://github.com/PatientOrderSets/thinkresearch_messenger_ios_swift_sdk
 * branch            master     -> FETCH_HEAD
 * [new branch]      master     -> origin/master
HEAD is now at 040946b Update Package.swift for release 1.0.1+3
Cloned https://github.com/PatientOrderSets/thinkresearch_messenger_ios_swift_sdk.git
Revision (git rev-parse @):
040946b6e690e8887191bcf9c1139800b884959f
SUCCESS checkout https://github.com/PatientOrderSets/thinkresearch_messenger_ios_swift_sdk.git at master
========================================
Build
========================================
Selected platform:         macosXcodebuild
Swift version:             6.4
Building package at path:  $PWD
https://github.com/PatientOrderSets/thinkresearch_messenger_ios_swift_sdk.git
Command line invocation:
    /Applications/Xcode-27.0.0-Release.Candidate.app/Contents/Developer/usr/bin/xcodebuild -IDEClonedSourcePackagesDirPathOverride=/Users/admin/builder/spi-builder-workspace/.dependencies -resolvePackageDependencies
Resolve Package Graph
Resolve Package Graph
Resolved source packages:
  thinkresearch_messenger_ios_swift_sdk: /Users/admin/builder/spi-builder-workspace
resolved source packages: thinkresearch_messenger_ios_swift_sdk
2026-09-20 17:00:33.566 xcodebuild[525:2995] [MT] IDERunDestination: Supported platforms for the buildables in the current scheme is empty.
2026-09-20 17:00:33.716 xcodebuild[525:2995] [MT] IDERunDestination: Supported platforms for the buildables in the current scheme is empty.
2026-09-20 17:00:35.388 xcodebuild[525:2995] [MT] IDERunDestination: Supported platforms for the buildables in the current scheme is empty.
{
  "dependencies" : [
  ],
  "manifest_display_name" : "thinkresearch_messenger_ios_swift_sdk",
  "name" : "thinkresearch_messenger_ios_swift_sdk",
  "path" : "/Users/admin/builder/spi-builder-workspace",
  "platforms" : [
  ],
  "products" : [
    {
      "name" : "thinkresearch_messenger_ios_swift_sdk",
      "targets" : [
        "thinkresearch_messenger_ios_swift_sdk"
      ],
      "type" : {
        "library" : [
          "automatic"
        ]
      }
    }
  ],
  "targets" : [
    {
      "c99name" : "webview_flutter_wkwebview",
      "module_type" : "BinaryTarget",
      "name" : "webview_flutter_wkwebview",
      "path" : "remote/archive/webview_flutter_wkwebview.xcframework.zip",
      "product_memberships" : [
        "thinkresearch_messenger_ios_swift_sdk"
      ],
      "sources" : [
      ],
      "type" : "binary"
    },
    {
      "c99name" : "url_launcher_ios",
      "module_type" : "BinaryTarget",
      "name" : "url_launcher_ios",
      "path" : "remote/archive/url_launcher_ios.xcframework.zip",
      "product_memberships" : [
        "thinkresearch_messenger_ios_swift_sdk"
      ],
      "sources" : [
      ],
      "type" : "binary"
    },
    {
      "c99name" : "thinkresearch_messenger_ios_swift_sdk",
      "module_type" : "SwiftTarget",
      "name" : "thinkresearch_messenger_ios_swift_sdk",
      "path" : "Sources/thinkresearch_messenger_ios_swift_sdk",
      "product_memberships" : [
        "thinkresearch_messenger_ios_swift_sdk"
      ],
      "sources" : [
        "Channel.swift",
        "ChatBotConfiguration.swift",
        "ChatBotEngine.swift",
        "ChatBotUIPresenter.swift",
        "TRC_Chatbot_SDK.swift"
      ],
      "target_dependencies" : [
        "App",
        "Flutter",
        "FlutterPluginRegistrant",
        "path_provider_foundation",
        "shared_preferences_foundation",
        "sqflite",
        "url_launcher_ios",
        "webview_flutter_wkwebview"
      ],
      "type" : "library"
    },
    {
      "c99name" : "sqflite",
      "module_type" : "BinaryTarget",
      "name" : "sqflite",
      "path" : "remote/archive/sqflite.xcframework.zip",
      "product_memberships" : [
        "thinkresearch_messenger_ios_swift_sdk"
      ],
      "sources" : [
      ],
      "type" : "binary"
    },
    {
      "c99name" : "shared_preferences_foundation",
      "module_type" : "BinaryTarget",
      "name" : "shared_preferences_foundation",
      "path" : "remote/archive/shared_preferences_foundation.xcframework.zip",
      "product_memberships" : [
        "thinkresearch_messenger_ios_swift_sdk"
      ],
      "sources" : [
      ],
      "type" : "binary"
    },
    {
      "c99name" : "path_provider_foundation",
      "module_type" : "BinaryTarget",
      "name" : "path_provider_foundation",
      "path" : "remote/archive/path_provider_foundation.xcframework.zip",
      "product_memberships" : [
        "thinkresearch_messenger_ios_swift_sdk"
      ],
      "sources" : [
      ],
      "type" : "binary"
    },
    {
      "c99name" : "FlutterPluginRegistrant",
      "module_type" : "BinaryTarget",
      "name" : "FlutterPluginRegistrant",
      "path" : "remote/archive/FlutterPluginRegistrant.xcframework.zip",
      "product_memberships" : [
        "thinkresearch_messenger_ios_swift_sdk"
      ],
      "sources" : [
      ],
      "type" : "binary"
    },
    {
      "c99name" : "Flutter",
      "module_type" : "BinaryTarget",
      "name" : "Flutter",
      "path" : "remote/archive/Flutter.xcframework.zip",
      "product_memberships" : [
        "thinkresearch_messenger_ios_swift_sdk"
      ],
      "sources" : [
      ],
      "type" : "binary"
    },
    {
      "c99name" : "App",
      "module_type" : "BinaryTarget",
      "name" : "App",
      "path" : "remote/archive/App.xcframework.zip",
      "product_memberships" : [
        "thinkresearch_messenger_ios_swift_sdk"
      ],
      "sources" : [
      ],
      "type" : "binary"
    }
  ],
  "tools_version" : "5.10"
}
{
  "workspace" : {
    "name" : "thinkresearch_messenger_ios_swift_sdk",
    "schemes" : [
      "thinkresearch_messenger_ios_swift_sdk",
      "TRC_Chatbot_SDK",
      "TRC_Chatbot_SDK-Package"
    ]
  }
}
2026-09-20 17:01:13.209 xcodebuild[718:3930] [MT] IDERunDestination: Supported platforms for the buildables in the current scheme is empty.
2026-09-20 17:01:13.482 xcodebuild[718:3930] [MT] IDERunDestination: Supported platforms for the buildables in the current scheme is empty.
{
  "workspace" : {
    "name" : "thinkresearch_messenger_ios_swift_sdk",
    "schemes" : [
      "thinkresearch_messenger_ios_swift_sdk",
      "TRC_Chatbot_SDK",
      "TRC_Chatbot_SDK-Package"
    ]
  }
}
2026-09-20 17:01:14.296 xcodebuild[720:3984] [MT] IDERunDestination: Supported platforms for the buildables in the current scheme is empty.
2026-09-20 17:01:14.560 xcodebuild[720:3984] [MT] IDERunDestination: Supported platforms for the buildables in the current scheme is empty.
Running build ...
env DEVELOPER_DIR=/Applications/Xcode-27.0.0-Release.Candidate.app xcrun xcodebuild -IDEClonedSourcePackagesDirPathOverride=$PWD/.dependencies -skipMacroValidation -skipPackagePluginValidation -derivedDataPath $PWD/.derivedData build -scheme thinkresearch_messenger_ios_swift_sdk -destination platform=macOS,arch=arm64
Command line invocation:
    /Applications/Xcode-27.0.0-Release.Candidate.app/Contents/Developer/usr/bin/xcodebuild -IDEClonedSourcePackagesDirPathOverride=/Users/admin/builder/spi-builder-workspace/.dependencies -skipMacroValidation -skipPackagePluginValidation -derivedDataPath /Users/admin/builder/spi-builder-workspace/.derivedData build -scheme thinkresearch_messenger_ios_swift_sdk -destination platform=macOS,arch=arm64
Resolve Package Graph
Resolved source packages:
  thinkresearch_messenger_ios_swift_sdk: /Users/admin/builder/spi-builder-workspace
ComputePackagePrebuildTargetDependencyGraph
Prepare packages
CreateBuildRequest
SendProjectDescription
CreateBuildOperation
ComputeTargetDependencyGraph
note: Building targets in dependency order
note: Target dependency graph (2 targets)
    Target 'thinkresearch_messenger_ios_swift_sdk-product' in project 'thinkresearch_messenger_ios_swift_sdk'
        ➜ Explicit dependency on target 'thinkresearch_messenger_ios_swift_sdk' in project 'thinkresearch_messenger_ios_swift_sdk'
    Target 'thinkresearch_messenger_ios_swift_sdk' in project 'thinkresearch_messenger_ios_swift_sdk' (no dependencies)
GatherProvisioningInputs
CreateBuildDescription
ExecuteExternalTool /Applications/Xcode-27.0.0-Release.Candidate.app/Contents/Developer/Toolchains/XcodeDefault.xctoolchain/usr/bin/clang -v -E -dM -isysroot /Applications/Xcode-27.0.0-Release.Candidate.app/Contents/Developer/Platforms/MacOSX.platform/Developer/SDKs/MacOSX27.0.sdk -x c -c /dev/null
ExecuteExternalTool /Applications/Xcode-27.0.0-Release.Candidate.app/Contents/Developer/Toolchains/XcodeDefault.xctoolchain/usr/bin/swiftc --version
ExecuteExternalTool /Applications/Xcode-27.0.0-Release.Candidate.app/Contents/Developer/Toolchains/XcodeDefault.xctoolchain/usr/bin/ld -version_details
Build description signature: f230c5e8db2a48cd16df98872087ee4c
Build description path: /Users/admin/builder/spi-builder-workspace/.derivedData/Build/Intermediates.noindex/XCBuildData/f230c5e8db2a48cd16df98872087ee4c.xcbuilddata
/Users/admin/builder/spi-builder-workspace/.dependencies/artifacts/spi-builder-workspace/App/App.xcframework:1:1: error: While building for macOS, no library for this platform was found in '/Users/admin/builder/spi-builder-workspace/.dependencies/artifacts/spi-builder-workspace/App/App.xcframework'. (in target 'thinkresearch_messenger_ios_swift_sdk' from project 'thinkresearch_messenger_ios_swift_sdk')
/Users/admin/builder/spi-builder-workspace/.dependencies/artifacts/spi-builder-workspace/Flutter/Flutter.xcframework:1:1: error: While building for macOS, no library for this platform was found in '/Users/admin/builder/spi-builder-workspace/.dependencies/artifacts/spi-builder-workspace/Flutter/Flutter.xcframework'. (in target 'thinkresearch_messenger_ios_swift_sdk' from project 'thinkresearch_messenger_ios_swift_sdk')
/Users/admin/builder/spi-builder-workspace/.dependencies/artifacts/spi-builder-workspace/FlutterPluginRegistrant/FlutterPluginRegistrant.xcframework:1:1: error: While building for macOS, no library for this platform was found in '/Users/admin/builder/spi-builder-workspace/.dependencies/artifacts/spi-builder-workspace/FlutterPluginRegistrant/FlutterPluginRegistrant.xcframework'. (in target 'thinkresearch_messenger_ios_swift_sdk' from project 'thinkresearch_messenger_ios_swift_sdk')
/Users/admin/builder/spi-builder-workspace/.dependencies/artifacts/spi-builder-workspace/path_provider_foundation/path_provider_foundation.xcframework:1:1: error: While building for macOS, no library for this platform was found in '/Users/admin/builder/spi-builder-workspace/.dependencies/artifacts/spi-builder-workspace/path_provider_foundation/path_provider_foundation.xcframework'. (in target 'thinkresearch_messenger_ios_swift_sdk' from project 'thinkresearch_messenger_ios_swift_sdk')
/Users/admin/builder/spi-builder-workspace/.dependencies/artifacts/spi-builder-workspace/shared_preferences_foundation/shared_preferences_foundation.xcframework:1:1: error: While building for macOS, no library for this platform was found in '/Users/admin/builder/spi-builder-workspace/.dependencies/artifacts/spi-builder-workspace/shared_preferences_foundation/shared_preferences_foundation.xcframework'. (in target 'thinkresearch_messenger_ios_swift_sdk' from project 'thinkresearch_messenger_ios_swift_sdk')
/Users/admin/builder/spi-builder-workspace/.dependencies/artifacts/spi-builder-workspace/sqflite/sqflite.xcframework:1:1: error: While building for macOS, no library for this platform was found in '/Users/admin/builder/spi-builder-workspace/.dependencies/artifacts/spi-builder-workspace/sqflite/sqflite.xcframework'. (in target 'thinkresearch_messenger_ios_swift_sdk' from project 'thinkresearch_messenger_ios_swift_sdk')
/Users/admin/builder/spi-builder-workspace/.dependencies/artifacts/spi-builder-workspace/url_launcher_ios/url_launcher_ios.xcframework:1:1: error: While building for macOS, no library for this platform was found in '/Users/admin/builder/spi-builder-workspace/.dependencies/artifacts/spi-builder-workspace/url_launcher_ios/url_launcher_ios.xcframework'. (in target 'thinkresearch_messenger_ios_swift_sdk' from project 'thinkresearch_messenger_ios_swift_sdk')
/Users/admin/builder/spi-builder-workspace/.dependencies/artifacts/spi-builder-workspace/webview_flutter_wkwebview/webview_flutter_wkwebview.xcframework:1:1: error: While building for macOS, no library for this platform was found in '/Users/admin/builder/spi-builder-workspace/.dependencies/artifacts/spi-builder-workspace/webview_flutter_wkwebview/webview_flutter_wkwebview.xcframework'. (in target 'thinkresearch_messenger_ios_swift_sdk' from project 'thinkresearch_messenger_ios_swift_sdk')
/Users/admin/builder/spi-builder-workspace/.dependencies/artifacts/spi-builder-workspace/App/App.xcframework:1:1: error: While building for macOS, no library for this platform was found in '/Users/admin/builder/spi-builder-workspace/.dependencies/artifacts/spi-builder-workspace/App/App.xcframework'. (in target 'thinkresearch_messenger_ios_swift_sdk-product' from project 'thinkresearch_messenger_ios_swift_sdk')
/Users/admin/builder/spi-builder-workspace/.dependencies/artifacts/spi-builder-workspace/Flutter/Flutter.xcframework:1:1: error: While building for macOS, no library for this platform was found in '/Users/admin/builder/spi-builder-workspace/.dependencies/artifacts/spi-builder-workspace/Flutter/Flutter.xcframework'. (in target 'thinkresearch_messenger_ios_swift_sdk-product' from project 'thinkresearch_messenger_ios_swift_sdk')
/Users/admin/builder/spi-builder-workspace/.dependencies/artifacts/spi-builder-workspace/FlutterPluginRegistrant/FlutterPluginRegistrant.xcframework:1:1: error: While building for macOS, no library for this platform was found in '/Users/admin/builder/spi-builder-workspace/.dependencies/artifacts/spi-builder-workspace/FlutterPluginRegistrant/FlutterPluginRegistrant.xcframework'. (in target 'thinkresearch_messenger_ios_swift_sdk-product' from project 'thinkresearch_messenger_ios_swift_sdk')
/Users/admin/builder/spi-builder-workspace/.dependencies/artifacts/spi-builder-workspace/path_provider_foundation/path_provider_foundation.xcframework:1:1: error: While building for macOS, no library for this platform was found in '/Users/admin/builder/spi-builder-workspace/.dependencies/artifacts/spi-builder-workspace/path_provider_foundation/path_provider_foundation.xcframework'. (in target 'thinkresearch_messenger_ios_swift_sdk-product' from project 'thinkresearch_messenger_ios_swift_sdk')
/Users/admin/builder/spi-builder-workspace/.dependencies/artifacts/spi-builder-workspace/shared_preferences_foundation/shared_preferences_foundation.xcframework:1:1: error: While building for macOS, no library for this platform was found in '/Users/admin/builder/spi-builder-workspace/.dependencies/artifacts/spi-builder-workspace/shared_preferences_foundation/shared_preferences_foundation.xcframework'. (in target 'thinkresearch_messenger_ios_swift_sdk-product' from project 'thinkresearch_messenger_ios_swift_sdk')
/Users/admin/builder/spi-builder-workspace/.dependencies/artifacts/spi-builder-workspace/sqflite/sqflite.xcframework:1:1: error: While building for macOS, no library for this platform was found in '/Users/admin/builder/spi-builder-workspace/.dependencies/artifacts/spi-builder-workspace/sqflite/sqflite.xcframework'. (in target 'thinkresearch_messenger_ios_swift_sdk-product' from project 'thinkresearch_messenger_ios_swift_sdk')
/Users/admin/builder/spi-builder-workspace/.dependencies/artifacts/spi-builder-workspace/url_launcher_ios/url_launcher_ios.xcframework:1:1: error: While building for macOS, no library for this platform was found in '/Users/admin/builder/spi-builder-workspace/.dependencies/artifacts/spi-builder-workspace/url_launcher_ios/url_launcher_ios.xcframework'. (in target 'thinkresearch_messenger_ios_swift_sdk-product' from project 'thinkresearch_messenger_ios_swift_sdk')
/Users/admin/builder/spi-builder-workspace/.dependencies/artifacts/spi-builder-workspace/webview_flutter_wkwebview/webview_flutter_wkwebview.xcframework:1:1: error: While building for macOS, no library for this platform was found in '/Users/admin/builder/spi-builder-workspace/.dependencies/artifacts/spi-builder-workspace/webview_flutter_wkwebview/webview_flutter_wkwebview.xcframework'. (in target 'thinkresearch_messenger_ios_swift_sdk-product' from project 'thinkresearch_messenger_ios_swift_sdk')
2026-09-20 17:01:15.302 xcodebuild[721:4011] [MT] IDERunDestination: Supported platforms for the buildables in the current scheme is empty.
2026-09-20 17:01:15.451 xcodebuild[721:4011] [MT] IDERunDestination: Supported platforms for the buildables in the current scheme is empty.
--- xcodebuild: WARNING: Using the first of multiple matching destinations:
{ platform:macOS, arch:arm64, id:b48978f9db0cfda442e807b0b25cdc1602ad6bb7, name:My Mac }
{ platform:macOS, arch:arm64, variant:Mac Catalyst, id:b48978f9db0cfda442e807b0b25cdc1602ad6bb7, name:My Mac }
{ platform:macOS, arch:arm64, variant:DriverKit, id:b48978f9db0cfda442e807b0b25cdc1602ad6bb7, name:My Mac }
{ platform:macOS, arch:arm64, variant:Designed for [iPad,iPhone], id:b48978f9db0cfda442e807b0b25cdc1602ad6bb7, name:My Mac }
2026-09-20 17:01:16.289 xcodebuild[721:4011] [MT] IDERunDestination: Supported platforms for the buildables in the current scheme is empty.
** BUILD FAILED **
The following build commands failed:
	Building workspace thinkresearch_messenger_ios_swift_sdk with scheme thinkresearch_messenger_ios_swift_sdk
(1 failure)
Command line invocation:
    /Applications/Xcode-27.0.0-Release.Candidate.app/Contents/Developer/usr/bin/xcodebuild -IDEClonedSourcePackagesDirPathOverride=/Users/admin/builder/spi-builder-workspace/.dependencies -resolvePackageDependencies
Resolve Package Graph
Resolved source packages:
  thinkresearch_messenger_ios_swift_sdk: /Users/admin/builder/spi-builder-workspace
resolved source packages: thinkresearch_messenger_ios_swift_sdk
2026-09-20 17:01:17.679 xcodebuild[735:4110] [MT] IDERunDestination: Supported platforms for the buildables in the current scheme is empty.
2026-09-20 17:01:17.823 xcodebuild[735:4110] [MT] IDERunDestination: Supported platforms for the buildables in the current scheme is empty.
{
  "dependencies" : [
  ],
  "manifest_display_name" : "thinkresearch_messenger_ios_swift_sdk",
  "name" : "thinkresearch_messenger_ios_swift_sdk",
  "path" : "/Users/admin/builder/spi-builder-workspace",
  "platforms" : [
  ],
  "products" : [
    {
      "name" : "thinkresearch_messenger_ios_swift_sdk",
      "targets" : [
        "thinkresearch_messenger_ios_swift_sdk"
      ],
      "type" : {
        "library" : [
          "automatic"
        ]
      }
    }
  ],
  "targets" : [
    {
      "c99name" : "webview_flutter_wkwebview",
      "module_type" : "BinaryTarget",
      "name" : "webview_flutter_wkwebview",
      "path" : "remote/archive/webview_flutter_wkwebview.xcframework.zip",
      "product_memberships" : [
        "thinkresearch_messenger_ios_swift_sdk"
      ],
      "sources" : [
      ],
      "type" : "binary"
    },
    {
      "c99name" : "url_launcher_ios",
      "module_type" : "BinaryTarget",
      "name" : "url_launcher_ios",
      "path" : "remote/archive/url_launcher_ios.xcframework.zip",
      "product_memberships" : [
        "thinkresearch_messenger_ios_swift_sdk"
      ],
      "sources" : [
      ],
      "type" : "binary"
    },
    {
      "c99name" : "thinkresearch_messenger_ios_swift_sdk",
      "module_type" : "SwiftTarget",
      "name" : "thinkresearch_messenger_ios_swift_sdk",
      "path" : "Sources/thinkresearch_messenger_ios_swift_sdk",
      "product_memberships" : [
        "thinkresearch_messenger_ios_swift_sdk"
      ],
      "sources" : [
        "Channel.swift",
        "ChatBotConfiguration.swift",
        "ChatBotEngine.swift",
        "ChatBotUIPresenter.swift",
        "TRC_Chatbot_SDK.swift"
      ],
      "target_dependencies" : [
        "App",
        "Flutter",
        "FlutterPluginRegistrant",
        "path_provider_foundation",
        "shared_preferences_foundation",
        "sqflite",
        "url_launcher_ios",
        "webview_flutter_wkwebview"
      ],
      "type" : "library"
    },
    {
      "c99name" : "sqflite",
      "module_type" : "BinaryTarget",
      "name" : "sqflite",
      "path" : "remote/archive/sqflite.xcframework.zip",
      "product_memberships" : [
        "thinkresearch_messenger_ios_swift_sdk"
      ],
      "sources" : [
      ],
      "type" : "binary"
    },
    {
      "c99name" : "shared_preferences_foundation",
      "module_type" : "BinaryTarget",
      "name" : "shared_preferences_foundation",
      "path" : "remote/archive/shared_preferences_foundation.xcframework.zip",
      "product_memberships" : [
        "thinkresearch_messenger_ios_swift_sdk"
      ],
      "sources" : [
      ],
      "type" : "binary"
    },
    {
      "c99name" : "path_provider_foundation",
      "module_type" : "BinaryTarget",
      "name" : "path_provider_foundation",
      "path" : "remote/archive/path_provider_foundation.xcframework.zip",
      "product_memberships" : [
        "thinkresearch_messenger_ios_swift_sdk"
      ],
      "sources" : [
      ],
      "type" : "binary"
    },
    {
      "c99name" : "FlutterPluginRegistrant",
      "module_type" : "BinaryTarget",
      "name" : "FlutterPluginRegistrant",
      "path" : "remote/archive/FlutterPluginRegistrant.xcframework.zip",
      "product_memberships" : [
        "thinkresearch_messenger_ios_swift_sdk"
      ],
      "sources" : [
      ],
      "type" : "binary"
    },
    {
      "c99name" : "Flutter",
      "module_type" : "BinaryTarget",
      "name" : "Flutter",
      "path" : "remote/archive/Flutter.xcframework.zip",
      "product_memberships" : [
        "thinkresearch_messenger_ios_swift_sdk"
      ],
      "sources" : [
      ],
      "type" : "binary"
    },
    {
      "c99name" : "App",
      "module_type" : "BinaryTarget",
      "name" : "App",
      "path" : "remote/archive/App.xcframework.zip",
      "product_memberships" : [
        "thinkresearch_messenger_ios_swift_sdk"
      ],
      "sources" : [
      ],
      "type" : "binary"
    }
  ],
  "tools_version" : "5.10"
}
{
  "workspace" : {
    "name" : "thinkresearch_messenger_ios_swift_sdk",
    "schemes" : [
      "thinkresearch_messenger_ios_swift_sdk",
      "TRC_Chatbot_SDK",
      "TRC_Chatbot_SDK-Package"
    ]
  }
}
2026-09-20 17:01:18.888 xcodebuild[743:4166] [MT] IDERunDestination: Supported platforms for the buildables in the current scheme is empty.
2026-09-20 17:01:19.032 xcodebuild[743:4166] [MT] IDERunDestination: Supported platforms for the buildables in the current scheme is empty.
{
  "workspace" : {
    "name" : "thinkresearch_messenger_ios_swift_sdk",
    "schemes" : [
      "thinkresearch_messenger_ios_swift_sdk",
      "TRC_Chatbot_SDK",
      "TRC_Chatbot_SDK-Package"
    ]
  }
}
2026-09-20 17:01:19.891 xcodebuild[745:4197] [MT] IDERunDestination: Supported platforms for the buildables in the current scheme is empty.
2026-09-20 17:01:20.161 xcodebuild[745:4197] [MT] IDERunDestination: Supported platforms for the buildables in the current scheme is empty.
Running build ...
env DEVELOPER_DIR=/Applications/Xcode-27.0.0-Release.Candidate.app xcrun xcodebuild -IDEClonedSourcePackagesDirPathOverride=$PWD/.dependencies -skipMacroValidation -skipPackagePluginValidation -derivedDataPath $PWD/.derivedData build -scheme thinkresearch_messenger_ios_swift_sdk -destination platform=macOS,arch=arm64
Command line invocation:
    /Applications/Xcode-27.0.0-Release.Candidate.app/Contents/Developer/usr/bin/xcodebuild -IDEClonedSourcePackagesDirPathOverride=/Users/admin/builder/spi-builder-workspace/.dependencies -skipMacroValidation -skipPackagePluginValidation -derivedDataPath /Users/admin/builder/spi-builder-workspace/.derivedData build -scheme thinkresearch_messenger_ios_swift_sdk -destination platform=macOS,arch=arm64
Resolve Package Graph
Resolved source packages:
  thinkresearch_messenger_ios_swift_sdk: /Users/admin/builder/spi-builder-workspace
ComputePackagePrebuildTargetDependencyGraph
Prepare packages
CreateBuildRequest
SendProjectDescription
CreateBuildOperation
ComputeTargetDependencyGraph
note: Building targets in dependency order
note: Target dependency graph (2 targets)
    Target 'thinkresearch_messenger_ios_swift_sdk-product' in project 'thinkresearch_messenger_ios_swift_sdk'
        ➜ Explicit dependency on target 'thinkresearch_messenger_ios_swift_sdk' in project 'thinkresearch_messenger_ios_swift_sdk'
    Target 'thinkresearch_messenger_ios_swift_sdk' in project 'thinkresearch_messenger_ios_swift_sdk' (no dependencies)
GatherProvisioningInputs
CreateBuildDescription
/Users/admin/builder/spi-builder-workspace/.dependencies/artifacts/spi-builder-workspace/App/App.xcframework:1:1: error: While building for macOS, no library for this platform was found in '/Users/admin/builder/spi-builder-workspace/.dependencies/artifacts/spi-builder-workspace/App/App.xcframework'. (in target 'thinkresearch_messenger_ios_swift_sdk' from project 'thinkresearch_messenger_ios_swift_sdk')
/Users/admin/builder/spi-builder-workspace/.dependencies/artifacts/spi-builder-workspace/Flutter/Flutter.xcframework:1:1: error: While building for macOS, no library for this platform was found in '/Users/admin/builder/spi-builder-workspace/.dependencies/artifacts/spi-builder-workspace/Flutter/Flutter.xcframework'. (in target 'thinkresearch_messenger_ios_swift_sdk' from project 'thinkresearch_messenger_ios_swift_sdk')
/Users/admin/builder/spi-builder-workspace/.dependencies/artifacts/spi-builder-workspace/FlutterPluginRegistrant/FlutterPluginRegistrant.xcframework:1:1: error: While building for macOS, no library for this platform was found in '/Users/admin/builder/spi-builder-workspace/.dependencies/artifacts/spi-builder-workspace/FlutterPluginRegistrant/FlutterPluginRegistrant.xcframework'. (in target 'thinkresearch_messenger_ios_swift_sdk' from project 'thinkresearch_messenger_ios_swift_sdk')
/Users/admin/builder/spi-builder-workspace/.dependencies/artifacts/spi-builder-workspace/path_provider_foundation/path_provider_foundation.xcframework:1:1: error: While building for macOS, no library for this platform was found in '/Users/admin/builder/spi-builder-workspace/.dependencies/artifacts/spi-builder-workspace/path_provider_foundation/path_provider_foundation.xcframework'. (in target 'thinkresearch_messenger_ios_swift_sdk' from project 'thinkresearch_messenger_ios_swift_sdk')
/Users/admin/builder/spi-builder-workspace/.dependencies/artifacts/spi-builder-workspace/shared_preferences_foundation/shared_preferences_foundation.xcframework:1:1: error: While building for macOS, no library for this platform was found in '/Users/admin/builder/spi-builder-workspace/.dependencies/artifacts/spi-builder-workspace/shared_preferences_foundation/shared_preferences_foundation.xcframework'. (in target 'thinkresearch_messenger_ios_swift_sdk' from project 'thinkresearch_messenger_ios_swift_sdk')
/Users/admin/builder/spi-builder-workspace/.dependencies/artifacts/spi-builder-workspace/sqflite/sqflite.xcframework:1:1: error: While building for macOS, no library for this platform was found in '/Users/admin/builder/spi-builder-workspace/.dependencies/artifacts/spi-builder-workspace/sqflite/sqflite.xcframework'. (in target 'thinkresearch_messenger_ios_swift_sdk' from project 'thinkresearch_messenger_ios_swift_sdk')
/Users/admin/builder/spi-builder-workspace/.dependencies/artifacts/spi-builder-workspace/url_launcher_ios/url_launcher_ios.xcframework:1:1: error: While building for macOS, no library for this platform was found in '/Users/admin/builder/spi-builder-workspace/.dependencies/artifacts/spi-builder-workspace/url_launcher_ios/url_launcher_ios.xcframework'. (in target 'thinkresearch_messenger_ios_swift_sdk' from project 'thinkresearch_messenger_ios_swift_sdk')
/Users/admin/builder/spi-builder-workspace/.dependencies/artifacts/spi-builder-workspace/webview_flutter_wkwebview/webview_flutter_wkwebview.xcframework:1:1: error: While building for macOS, no library for this platform was found in '/Users/admin/builder/spi-builder-workspace/.dependencies/artifacts/spi-builder-workspace/webview_flutter_wkwebview/webview_flutter_wkwebview.xcframework'. (in target 'thinkresearch_messenger_ios_swift_sdk' from project 'thinkresearch_messenger_ios_swift_sdk')
/Users/admin/builder/spi-builder-workspace/.dependencies/artifacts/spi-builder-workspace/App/App.xcframework:1:1: error: While building for macOS, no library for this platform was found in '/Users/admin/builder/spi-builder-workspace/.dependencies/artifacts/spi-builder-workspace/App/App.xcframework'. (in target 'thinkresearch_messenger_ios_swift_sdk-product' from project 'thinkresearch_messenger_ios_swift_sdk')
/Users/admin/builder/spi-builder-workspace/.dependencies/artifacts/spi-builder-workspace/Flutter/Flutter.xcframework:1:1: error: While building for macOS, no library for this platform was found in '/Users/admin/builder/spi-builder-workspace/.dependencies/artifacts/spi-builder-workspace/Flutter/Flutter.xcframework'. (in target 'thinkresearch_messenger_ios_swift_sdk-product' from project 'thinkresearch_messenger_ios_swift_sdk')
/Users/admin/builder/spi-builder-workspace/.dependencies/artifacts/spi-builder-workspace/FlutterPluginRegistrant/FlutterPluginRegistrant.xcframework:1:1: error: While building for macOS, no library for this platform was found in '/Users/admin/builder/spi-builder-workspace/.dependencies/artifacts/spi-builder-workspace/FlutterPluginRegistrant/FlutterPluginRegistrant.xcframework'. (in target 'thinkresearch_messenger_ios_swift_sdk-product' from project 'thinkresearch_messenger_ios_swift_sdk')
/Users/admin/builder/spi-builder-workspace/.dependencies/artifacts/spi-builder-workspace/path_provider_foundation/path_provider_foundation.xcframework:1:1: error: While building for macOS, no library for this platform was found in '/Users/admin/builder/spi-builder-workspace/.dependencies/artifacts/spi-builder-workspace/path_provider_foundation/path_provider_foundation.xcframework'. (in target 'thinkresearch_messenger_ios_swift_sdk-product' from project 'thinkresearch_messenger_ios_swift_sdk')
/Users/admin/builder/spi-builder-workspace/.dependencies/artifacts/spi-builder-workspace/shared_preferences_foundation/shared_preferences_foundation.xcframework:1:1: error: While building for macOS, no library for this platform was found in '/Users/admin/builder/spi-builder-workspace/.dependencies/artifacts/spi-builder-workspace/shared_preferences_foundation/shared_preferences_foundation.xcframework'. (in target 'thinkresearch_messenger_ios_swift_sdk-product' from project 'thinkresearch_messenger_ios_swift_sdk')
/Users/admin/builder/spi-builder-workspace/.dependencies/artifacts/spi-builder-workspace/sqflite/sqflite.xcframework:1:1: error: While building for macOS, no library for this platform was found in '/Users/admin/builder/spi-builder-workspace/.dependencies/artifacts/spi-builder-workspace/sqflite/sqflite.xcframework'. (in target 'thinkresearch_messenger_ios_swift_sdk-product' from project 'thinkresearch_messenger_ios_swift_sdk')
/Users/admin/builder/spi-builder-workspace/.dependencies/artifacts/spi-builder-workspace/url_launcher_ios/url_launcher_ios.xcframework:1:1: error: While building for macOS, no library for this platform was found in '/Users/admin/builder/spi-builder-workspace/.dependencies/artifacts/spi-builder-workspace/url_launcher_ios/url_launcher_ios.xcframework'. (in target 'thinkresearch_messenger_ios_swift_sdk-product' from project 'thinkresearch_messenger_ios_swift_sdk')
/Users/admin/builder/spi-builder-workspace/.dependencies/artifacts/spi-builder-workspace/webview_flutter_wkwebview/webview_flutter_wkwebview.xcframework:1:1: error: While building for macOS, no library for this platform was found in '/Users/admin/builder/spi-builder-workspace/.dependencies/artifacts/spi-builder-workspace/webview_flutter_wkwebview/webview_flutter_wkwebview.xcframework'. (in target 'thinkresearch_messenger_ios_swift_sdk-product' from project 'thinkresearch_messenger_ios_swift_sdk')
2026-09-20 17:01:21.018 xcodebuild[747:4242] [MT] IDERunDestination: Supported platforms for the buildables in the current scheme is empty.
2026-09-20 17:01:21.165 xcodebuild[747:4242] [MT] IDERunDestination: Supported platforms for the buildables in the current scheme is empty.
--- xcodebuild: WARNING: Using the first of multiple matching destinations:
{ platform:macOS, arch:arm64, id:b48978f9db0cfda442e807b0b25cdc1602ad6bb7, name:My Mac }
{ platform:macOS, arch:arm64, variant:Mac Catalyst, id:b48978f9db0cfda442e807b0b25cdc1602ad6bb7, name:My Mac }
{ platform:macOS, arch:arm64, variant:DriverKit, id:b48978f9db0cfda442e807b0b25cdc1602ad6bb7, name:My Mac }
{ platform:macOS, arch:arm64, variant:Designed for [iPad,iPhone], id:b48978f9db0cfda442e807b0b25cdc1602ad6bb7, name:My Mac }
2026-09-20 17:01:21.378 xcodebuild[747:4242] [MT] IDERunDestination: Supported platforms for the buildables in the current scheme is empty.
** BUILD FAILED **
The following build commands failed:
	Building workspace thinkresearch_messenger_ios_swift_sdk with scheme thinkresearch_messenger_ios_swift_sdk
(1 failure)
BUILD FAILURE 6.4 macosXcodebuild