Build Information
Failed to build swift-commands, reference main (5b8560), with Swift 6.4 for visionOS using Xcode 27.0 on 21 Sep 2026 14:18:52 UTC.
Build Command
env DEVELOPER_DIR=/Applications/Xcode-27.0.0-Release.Candidate.app xcrun xcodebuild -IDEClonedSourcePackagesDirPathOverride=$PWD/.dependencies -skipMacroValidation -skipPackagePluginValidation -derivedDataPath $PWD/.derivedData build -scheme swift-commands-Package -destination generic/platform=xrOSBuild Log
========================================
RunAll
========================================
Builder version: 5.1.0
Interrupt handler set up.
========================================
Checkout
========================================
Clone URL: https://github.com/QiuZhiFei/swift-commands.git
Reference: main
Initialized empty Git repository in /Users/admin/builder/spi-builder-workspace/.git/
From https://github.com/QiuZhiFei/swift-commands
* branch main -> FETCH_HEAD
* [new branch] main -> origin/main
HEAD is now at 5b85603 Merge pull request #14 from QiuZhiFei/dev
Cloned https://github.com/QiuZhiFei/swift-commands.git
Revision (git rev-parse @):
5b856036361139505820ea0fc39f8da8f71ad1d4
SUCCESS checkout https://github.com/QiuZhiFei/swift-commands.git at main
========================================
Build
========================================
Selected platform: visionOS
Swift version: 6.4
Building package at path: $PWD
https://github.com/QiuZhiFei/swift-commands.git
Command line invocation:
/Applications/Xcode-27.0.0-Release.Candidate.app/Contents/Developer/usr/bin/xcodebuild -IDEClonedSourcePackagesDirPathOverride=/Users/admin/builder/spi-builder-workspace/.dependencies -resolvePackageDependencies
Resolve Package Graph
Resolve Package Graph
Resolved source packages:
swift-commands: /Users/admin/builder/spi-builder-workspace
resolved source packages: swift-commands
2026-09-21 10:17:58.535 xcodebuild[529:3008] [MT] IDERunDestination: Supported platforms for the buildables in the current scheme is empty.
{
"dependencies" : [
],
"manifest_display_name" : "swift-commands",
"name" : "swift-commands",
"path" : "/Users/admin/builder/spi-builder-workspace",
"platforms" : [
{
"name" : "macos",
"version" : "11.0"
}
],
"products" : [
{
"name" : "Commands",
"targets" : [
"Commands"
],
"type" : {
"library" : [
"automatic"
]
}
},
{
"name" : "Examples",
"targets" : [
"Examples"
],
"type" : {
"executable" : null
}
}
],
"targets" : [
{
"c99name" : "Examples",
"module_type" : "SwiftTarget",
"name" : "Examples",
"path" : "Examples",
"product_memberships" : [
"Examples"
],
"sources" : [
"main.swift"
],
"target_dependencies" : [
"Commands"
],
"type" : "executable"
},
{
"c99name" : "CommandsTests",
"module_type" : "SwiftTarget",
"name" : "CommandsTests",
"path" : "Tests/CommandsTests",
"resources" : [
{
"path" : "/Users/admin/builder/spi-builder-workspace/Tests/CommandsTests/Resources/python/main.py",
"rule" : {
"process" : {
}
}
}
],
"sources" : [
"RequestParseTests.swift",
"XCTestManifests.swift",
"swift_commandsTests.swift"
],
"target_dependencies" : [
"Commands"
],
"type" : "test"
},
{
"c99name" : "Commands",
"module_type" : "SwiftTarget",
"name" : "Commands",
"path" : "Sources/Commands",
"product_memberships" : [
"Commands",
"Examples"
],
"sources" : [
"Commands.swift",
"CommandsAlias.swift",
"CommandsArguments.swift",
"CommandsDashcTransformer.swift",
"CommandsENV.swift",
"CommandsRequest.swift",
"CommandsResponse.swift",
"CommandsResult.swift",
"CommandsTask.swift"
],
"type" : "library"
}
],
"tools_version" : "5.3"
}
{
"workspace" : {
"name" : "swift-commands",
"schemes" : [
"Commands",
"Examples",
"swift-commands-Package"
]
}
}
2026-09-21 10:18:40.239 xcodebuild[648:4120] [MT] IDERunDestination: Supported platforms for the buildables in the current scheme is empty.
{
"workspace" : {
"name" : "swift-commands",
"schemes" : [
"Commands",
"Examples",
"swift-commands-Package"
]
}
}
2026-09-21 10:18:41.269 xcodebuild[650:4168] [MT] IDERunDestination: Supported platforms for the buildables in the current scheme is empty.
Running build ...
env DEVELOPER_DIR=/Applications/Xcode-27.0.0-Release.Candidate.app xcrun xcodebuild -IDEClonedSourcePackagesDirPathOverride=$PWD/.dependencies -skipMacroValidation -skipPackagePluginValidation -derivedDataPath $PWD/.derivedData build -scheme swift-commands-Package -destination generic/platform=xrOS
Command line invocation:
/Applications/Xcode-27.0.0-Release.Candidate.app/Contents/Developer/usr/bin/xcodebuild -IDEClonedSourcePackagesDirPathOverride=/Users/admin/builder/spi-builder-workspace/.dependencies -skipMacroValidation -skipPackagePluginValidation -derivedDataPath /Users/admin/builder/spi-builder-workspace/.derivedData build -scheme swift-commands-Package -destination generic/platform=xrOS
Resolve Package Graph
Resolved source packages:
swift-commands: /Users/admin/builder/spi-builder-workspace
ComputePackagePrebuildTargetDependencyGraph
Prepare packages
CreateBuildRequest
SendProjectDescription
CreateBuildOperation
ComputeTargetDependencyGraph
note: Building targets in dependency order
note: Target dependency graph (3 targets)
Target 'Examples-product' in project 'swift-commands'
➜ Explicit dependency on target 'Commands' in project 'swift-commands'
Target 'Commands-product' in project 'swift-commands'
➜ Explicit dependency on target 'Commands' in project 'swift-commands'
Target 'Commands' in project 'swift-commands' (no dependencies)
GatherProvisioningInputs
CreateBuildDescription
ExecuteExternalTool /Applications/Xcode-27.0.0-Release.Candidate.app/Contents/Developer/Toolchains/XcodeDefault.xctoolchain/usr/bin/clang -v -E -dM -isysroot /Applications/Xcode-27.0.0-Release.Candidate.app/Contents/Developer/Platforms/XROS.platform/Developer/SDKs/XROS27.0.sdk -x c -c /dev/null
ExecuteExternalTool /Applications/Xcode-27.0.0-Release.Candidate.app/Contents/Developer/Toolchains/XcodeDefault.xctoolchain/usr/bin/swiftc --version
ExecuteExternalTool /Applications/Xcode-27.0.0-Release.Candidate.app/Contents/Developer/Toolchains/XcodeDefault.xctoolchain/usr/bin/ld -version_details
Build description signature: ab9285f2aaa2017e60630e05c95f8d52
Build description path: /Users/admin/builder/spi-builder-workspace/.derivedData/Build/Intermediates.noindex/XCBuildData/ab9285f2aaa2017e60630e05c95f8d52.xcbuilddata
CreateBuildDirectory /Users/admin/builder/spi-builder-workspace/.derivedData/SDKExplicitPrecompiledModules
cd /Users/admin/builder/spi-builder-workspace/.swiftpm/xcode
builtin-create-build-directory /Users/admin/builder/spi-builder-workspace/.derivedData/SDKExplicitPrecompiledModules
CreateBuildDirectory /Users/admin/builder/spi-builder-workspace/.derivedData/ModuleCache.noindex
cd /Users/admin/builder/spi-builder-workspace/.swiftpm/xcode
builtin-create-build-directory /Users/admin/builder/spi-builder-workspace/.derivedData/ModuleCache.noindex
CreateBuildDirectory /Users/admin/builder/spi-builder-workspace/.derivedData/CompilationCache.noindex
cd /Users/admin/builder/spi-builder-workspace/.swiftpm/xcode
builtin-create-build-directory /Users/admin/builder/spi-builder-workspace/.derivedData/CompilationCache.noindex
CreateBuildDirectory /Users/admin/builder/spi-builder-workspace/.derivedData/Build/Intermediates.noindex
cd /Users/admin/builder/spi-builder-workspace/.swiftpm/xcode
builtin-create-build-directory /Users/admin/builder/spi-builder-workspace/.derivedData/Build/Intermediates.noindex
CreateBuildDirectory /Users/admin/builder/spi-builder-workspace/.derivedData/Build/Products
cd /Users/admin/builder/spi-builder-workspace/.swiftpm/xcode
builtin-create-build-directory /Users/admin/builder/spi-builder-workspace/.derivedData/Build/Products
ClangStatCache /Applications/Xcode-27.0.0-Release.Candidate.app/Contents/Developer/Toolchains/XcodeDefault.xctoolchain/usr/bin/clang-stat-cache /Applications/Xcode-27.0.0-Release.Candidate.app/Contents/Developer/Platforms/XROS.platform/Developer/SDKs/XROS27.0.sdk /Users/admin/builder/spi-builder-workspace/.derivedData/SDKStatCaches.noindex/xros27.0-24M361-e829b21a6f8c9b70876ba0858053c044735bd543db762f57723cac368afd1ce4.sdkstatcache
cd /Users/admin/builder/spi-builder-workspace/.swiftpm/xcode
/Applications/Xcode-27.0.0-Release.Candidate.app/Contents/Developer/Toolchains/XcodeDefault.xctoolchain/usr/bin/clang-stat-cache /Applications/Xcode-27.0.0-Release.Candidate.app/Contents/Developer/Platforms/XROS.platform/Developer/SDKs/XROS27.0.sdk -o /Users/admin/builder/spi-builder-workspace/.derivedData/SDKStatCaches.noindex/xros27.0-24M361-e829b21a6f8c9b70876ba0858053c044735bd543db762f57723cac368afd1ce4.sdkstatcache
CreateBuildDirectory /Users/admin/builder/spi-builder-workspace/.derivedData/Build/Intermediates.noindex/SwiftExplicitPrecompiledModules
cd /Users/admin/builder/spi-builder-workspace/.swiftpm/xcode
builtin-create-build-directory /Users/admin/builder/spi-builder-workspace/.derivedData/Build/Intermediates.noindex/SwiftExplicitPrecompiledModules
CreateBuildDirectory /Users/admin/builder/spi-builder-workspace/.derivedData/Build/Intermediates.noindex/ExplicitPrecompiledModules
cd /Users/admin/builder/spi-builder-workspace/.swiftpm/xcode
builtin-create-build-directory /Users/admin/builder/spi-builder-workspace/.derivedData/Build/Intermediates.noindex/ExplicitPrecompiledModules
CreateBuildDirectory /Users/admin/builder/spi-builder-workspace/.derivedData/Build/Intermediates.noindex/PrecompiledHeaders
cd /Users/admin/builder/spi-builder-workspace/.swiftpm/xcode
builtin-create-build-directory /Users/admin/builder/spi-builder-workspace/.derivedData/Build/Intermediates.noindex/PrecompiledHeaders
CreateBuildDirectory /Users/admin/builder/spi-builder-workspace/.derivedData/Build/Intermediates.noindex/EagerLinkingTBDs/Debug-xros
cd /Users/admin/builder/spi-builder-workspace/.swiftpm/xcode
builtin-create-build-directory /Users/admin/builder/spi-builder-workspace/.derivedData/Build/Intermediates.noindex/EagerLinkingTBDs/Debug-xros
CreateBuildDirectory /Users/admin/builder/spi-builder-workspace/.derivedData/Build/Products/Debug-xros
cd /Users/admin/builder/spi-builder-workspace/.swiftpm/xcode
builtin-create-build-directory /Users/admin/builder/spi-builder-workspace/.derivedData/Build/Products/Debug-xros
CreateBuildDirectory /Users/admin/builder/spi-builder-workspace/.derivedData/Build/Products/Debug-xros/PackageFrameworks
cd /Users/admin/builder/spi-builder-workspace/.swiftpm/xcode
builtin-create-build-directory /Users/admin/builder/spi-builder-workspace/.derivedData/Build/Products/Debug-xros/PackageFrameworks
WriteAuxiliaryFile /Users/admin/builder/spi-builder-workspace/.derivedData/Build/Intermediates.noindex/swift-commands.build/Debug-xros/Examples-p.build/Examples.DependencyStaticMetadataFileList (in target 'Examples-product' from project 'swift-commands')
cd /Users/admin/builder/spi-builder-workspace
write-file /Users/admin/builder/spi-builder-workspace/.derivedData/Build/Intermediates.noindex/swift-commands.build/Debug-xros/Examples-p.build/Examples.DependencyStaticMetadataFileList
WriteAuxiliaryFile /Users/admin/builder/spi-builder-workspace/.derivedData/Build/Intermediates.noindex/swift-commands.build/Debug-xros/Examples-p.build/Examples.DependencyMetadataFileList (in target 'Examples-product' from project 'swift-commands')
cd /Users/admin/builder/spi-builder-workspace
write-file /Users/admin/builder/spi-builder-workspace/.derivedData/Build/Intermediates.noindex/swift-commands.build/Debug-xros/Examples-p.build/Examples.DependencyMetadataFileList
WriteAuxiliaryFile /Users/admin/builder/spi-builder-workspace/.derivedData/Build/Intermediates.noindex/swift-commands.build/Debug-xros/Examples-p.build/Objects-normal/arm64/Examples.SwiftFileList (in target 'Examples-product' from project 'swift-commands')
cd /Users/admin/builder/spi-builder-workspace
write-file /Users/admin/builder/spi-builder-workspace/.derivedData/Build/Intermediates.noindex/swift-commands.build/Debug-xros/Examples-p.build/Objects-normal/arm64/Examples.SwiftFileList
WriteAuxiliaryFile /Users/admin/builder/spi-builder-workspace/.derivedData/Build/Intermediates.noindex/swift-commands.build/Debug-xros/Examples-p.build/Objects-normal/arm64/Examples_const_extract_protocols.json (in target 'Examples-product' from project 'swift-commands')
cd /Users/admin/builder/spi-builder-workspace
write-file /Users/admin/builder/spi-builder-workspace/.derivedData/Build/Intermediates.noindex/swift-commands.build/Debug-xros/Examples-p.build/Objects-normal/arm64/Examples_const_extract_protocols.json
WriteAuxiliaryFile /Users/admin/builder/spi-builder-workspace/.derivedData/Build/Intermediates.noindex/swift-commands.build/Debug-xros/Examples-p.build/Objects-normal/arm64/Examples.LinkFileList (in target 'Examples-product' from project 'swift-commands')
cd /Users/admin/builder/spi-builder-workspace
write-file /Users/admin/builder/spi-builder-workspace/.derivedData/Build/Intermediates.noindex/swift-commands.build/Debug-xros/Examples-p.build/Objects-normal/arm64/Examples.LinkFileList
WriteAuxiliaryFile /Users/admin/builder/spi-builder-workspace/.derivedData/Build/Intermediates.noindex/swift-commands.build/Debug-xros/Examples-p.build/Objects-normal/arm64/Examples-OutputFileMap.json (in target 'Examples-product' from project 'swift-commands')
cd /Users/admin/builder/spi-builder-workspace
write-file /Users/admin/builder/spi-builder-workspace/.derivedData/Build/Intermediates.noindex/swift-commands.build/Debug-xros/Examples-p.build/Objects-normal/arm64/Examples-OutputFileMap.json
WriteAuxiliaryFile /Users/admin/builder/spi-builder-workspace/.derivedData/Build/Intermediates.noindex/swift-commands.build/Debug-xros/Commands-t.build/Objects-normal/arm64/Commands_const_extract_protocols.json (in target 'Commands' from project 'swift-commands')
cd /Users/admin/builder/spi-builder-workspace
write-file /Users/admin/builder/spi-builder-workspace/.derivedData/Build/Intermediates.noindex/swift-commands.build/Debug-xros/Commands-t.build/Objects-normal/arm64/Commands_const_extract_protocols.json
WriteAuxiliaryFile /Users/admin/builder/spi-builder-workspace/.derivedData/Build/Intermediates.noindex/swift-commands.build/Debug-xros/Commands-t.build/Objects-normal/arm64/Commands.SwiftFileList (in target 'Commands' from project 'swift-commands')
cd /Users/admin/builder/spi-builder-workspace
write-file /Users/admin/builder/spi-builder-workspace/.derivedData/Build/Intermediates.noindex/swift-commands.build/Debug-xros/Commands-t.build/Objects-normal/arm64/Commands.SwiftFileList
WriteAuxiliaryFile /Users/admin/builder/spi-builder-workspace/.derivedData/Build/Intermediates.noindex/swift-commands.build/Debug-xros/Commands-t.build/Objects-normal/arm64/Commands.SwiftConstValuesFileList (in target 'Commands' from project 'swift-commands')
cd /Users/admin/builder/spi-builder-workspace
write-file /Users/admin/builder/spi-builder-workspace/.derivedData/Build/Intermediates.noindex/swift-commands.build/Debug-xros/Commands-t.build/Objects-normal/arm64/Commands.SwiftConstValuesFileList
WriteAuxiliaryFile /Users/admin/builder/spi-builder-workspace/.derivedData/Build/Intermediates.noindex/swift-commands.build/Debug-xros/Commands-t.build/Objects-normal/arm64/Commands.LinkFileList (in target 'Commands' from project 'swift-commands')
cd /Users/admin/builder/spi-builder-workspace
write-file /Users/admin/builder/spi-builder-workspace/.derivedData/Build/Intermediates.noindex/swift-commands.build/Debug-xros/Commands-t.build/Objects-normal/arm64/Commands.LinkFileList
WriteAuxiliaryFile /Users/admin/builder/spi-builder-workspace/.derivedData/Build/Intermediates.noindex/swift-commands.build/Debug-xros/Commands-t.build/Objects-normal/arm64/Commands-OutputFileMap.json (in target 'Commands' from project 'swift-commands')
cd /Users/admin/builder/spi-builder-workspace
write-file /Users/admin/builder/spi-builder-workspace/.derivedData/Build/Intermediates.noindex/swift-commands.build/Debug-xros/Commands-t.build/Objects-normal/arm64/Commands-OutputFileMap.json
WriteAuxiliaryFile /Users/admin/builder/spi-builder-workspace/.derivedData/Build/Intermediates.noindex/swift-commands.build/Debug-xros/Commands-t.build/Commands.modulemap (in target 'Commands' from project 'swift-commands')
cd /Users/admin/builder/spi-builder-workspace
write-file /Users/admin/builder/spi-builder-workspace/.derivedData/Build/Intermediates.noindex/swift-commands.build/Debug-xros/Commands-t.build/Commands.modulemap
WriteAuxiliaryFile /Users/admin/builder/spi-builder-workspace/.derivedData/Build/Intermediates.noindex/swift-commands.build/Debug-xros/Commands-t.build/Commands.DependencyStaticMetadataFileList (in target 'Commands' from project 'swift-commands')
cd /Users/admin/builder/spi-builder-workspace
write-file /Users/admin/builder/spi-builder-workspace/.derivedData/Build/Intermediates.noindex/swift-commands.build/Debug-xros/Commands-t.build/Commands.DependencyStaticMetadataFileList
WriteAuxiliaryFile /Users/admin/builder/spi-builder-workspace/.derivedData/Build/Intermediates.noindex/swift-commands.build/Debug-xros/Commands-t.build/Commands.DependencyMetadataFileList (in target 'Commands' from project 'swift-commands')
cd /Users/admin/builder/spi-builder-workspace
write-file /Users/admin/builder/spi-builder-workspace/.derivedData/Build/Intermediates.noindex/swift-commands.build/Debug-xros/Commands-t.build/Commands.DependencyMetadataFileList
Copy /Users/admin/builder/spi-builder-workspace/.derivedData/Build/Intermediates.noindex/GeneratedModuleMaps-xros/Commands.modulemap /Users/admin/builder/spi-builder-workspace/.derivedData/Build/Intermediates.noindex/swift-commands.build/Debug-xros/Commands-t.build/Commands.modulemap (in target 'Commands' from project 'swift-commands')
cd /Users/admin/builder/spi-builder-workspace
builtin-copy -exclude .DS_Store -exclude CVS -exclude .svn -exclude .git -exclude .hg -resolve-src-symlinks /Users/admin/builder/spi-builder-workspace/.derivedData/Build/Intermediates.noindex/swift-commands.build/Debug-xros/Commands-t.build/Commands.modulemap /Users/admin/builder/spi-builder-workspace/.derivedData/Build/Intermediates.noindex/GeneratedModuleMaps-xros
SwiftDriver Commands normal arm64 com.apple.xcode.tools.swift.compiler (in target 'Commands' from project 'swift-commands')
cd /Users/admin/builder/spi-builder-workspace/.swiftpm/xcode
builtin-SwiftDriver -- /Applications/Xcode-27.0.0-Release.Candidate.app/Contents/Developer/Toolchains/XcodeDefault.xctoolchain/usr/bin/swiftc -parse-as-library -module-name Commands -Onone @/Users/admin/builder/spi-builder-workspace/.derivedData/Build/Intermediates.noindex/swift-commands.build/Debug-xros/Commands-t.build/Objects-normal/arm64/Commands.SwiftFileList -DSWIFT_PACKAGE -DDEBUG -DSWIFT_MODULE_RESOURCE_BUNDLE_UNAVAILABLE -DXcode -plugin-path /Applications/Xcode-27.0.0-Release.Candidate.app/Contents/Developer/Toolchains/XcodeDefault.xctoolchain/usr/lib/swift/host/plugins/testing -enable-experimental-feature DebugDescriptionMacro -sdk /Applications/Xcode-27.0.0-Release.Candidate.app/Contents/Developer/Platforms/XROS.platform/Developer/SDKs/XROS27.0.sdk -target arm64-apple-xros1.0 -g -module-cache-path /Users/admin/builder/spi-builder-workspace/.derivedData/ModuleCache.noindex -Xfrontend -serialize-debugging-options -profile-coverage-mapping -profile-generate -enable-testing -index-store-path /Users/admin/builder/spi-builder-workspace/.derivedData/Index.noindex/DataStore -Xcc -D_LIBCPP_HARDENING_MODE\=_LIBCPP_HARDENING_MODE_DEBUG -swift-version 5 -I /Users/admin/builder/spi-builder-workspace/.derivedData/Build/Products/Debug-xros -Isystem /Applications/Xcode-27.0.0-Release.Candidate.app/Contents/Developer/Platforms/XROS.platform/Developer/usr/lib -F /Users/admin/builder/spi-builder-workspace/.derivedData/Build/Products/Debug-xros -F /Applications/Xcode-27.0.0-Release.Candidate.app/Contents/Developer/Platforms/XROS.platform/Developer/Library/Frameworks -F /Applications/Xcode-27.0.0-Release.Candidate.app/Contents/Developer/Platforms/XROS.platform/Developer/SDKs/XROS27.0.sdk/Developer/Library/Frameworks -c -j10 -enable-batch-mode -incremental -Xcc -ivfsstatcache -Xcc /Users/admin/builder/spi-builder-workspace/.derivedData/SDKStatCaches.noindex/xros27.0-24M361-e829b21a6f8c9b70876ba0858053c044735bd543db762f57723cac368afd1ce4.sdkstatcache -output-file-map /Users/admin/builder/spi-builder-workspace/.derivedData/Build/Intermediates.noindex/swift-commands.build/Debug-xros/Commands-t.build/Objects-normal/arm64/Commands-OutputFileMap.json -save-temps -no-color-diagnostics -explicit-module-build -module-cache-path /Users/admin/builder/spi-builder-workspace/.derivedData/Build/Intermediates.noindex/SwiftExplicitPrecompiledModules -clang-scanner-module-cache-path /Users/admin/builder/spi-builder-workspace/.derivedData/ModuleCache.noindex -sdk-module-cache-path /Users/admin/builder/spi-builder-workspace/.derivedData/SDKExplicitPrecompiledModules -emit-dependencies -emit-module -emit-module-path /Users/admin/builder/spi-builder-workspace/.derivedData/Build/Intermediates.noindex/swift-commands.build/Debug-xros/Commands-t.build/Objects-normal/arm64/Commands.swiftmodule -serialize-diagnostics -dependency-scan-serialize-diagnostics-path /Users/admin/builder/spi-builder-workspace/.derivedData/Build/Intermediates.noindex/swift-commands.build/Debug-xros/Commands-t.build/Objects-normal/arm64/Commands-dependency-scan.dia -validate-clang-modules-once -clang-build-session-file /Users/admin/builder/spi-builder-workspace/.derivedData/ModuleCache.noindex/Session.modulevalidation -Xcc -fmodules-prune-interval\=86400 -Xcc -fmodules-prune-after\=345600 -emit-const-values -const-gather-protocols-list /Users/admin/builder/spi-builder-workspace/.derivedData/Build/Intermediates.noindex/swift-commands.build/Debug-xros/Commands-t.build/Objects-normal/arm64/Commands_const_extract_protocols.json -Xcc -I/Users/admin/builder/spi-builder-workspace/.derivedData/Build/Products/Debug-xros/include -Xcc -I/Users/admin/builder/spi-builder-workspace/.derivedData/Build/Intermediates.noindex/swift-commands.build/Debug-xros/Commands-t.build/DerivedSources-normal/arm64 -Xcc -I/Users/admin/builder/spi-builder-workspace/.derivedData/Build/Intermediates.noindex/swift-commands.build/Debug-xros/Commands-t.build/DerivedSources/arm64 -Xcc -I/Users/admin/builder/spi-builder-workspace/.derivedData/Build/Intermediates.noindex/swift-commands.build/Debug-xros/Commands-t.build/DerivedSources -Xcc -DSWIFT_PACKAGE -Xcc -DDEBUG\=1 -emit-objc-header -emit-objc-header-path /Users/admin/builder/spi-builder-workspace/.derivedData/Build/Intermediates.noindex/swift-commands.build/Debug-xros/Commands-t.build/Objects-normal/arm64/Commands-Swift.h -working-directory /Users/admin/builder/spi-builder-workspace/.swiftpm/xcode -experimental-emit-module-separately -disable-cmo
SwiftExplicitDependencyGeneratePcm arm64 /Users/admin/builder/spi-builder-workspace/.derivedData/SDKExplicitPrecompiledModules/_Builtin_stddef-5NQ9Z1GV07GBSRQGAQCGXGVRI.pcm
SwiftExplicitDependencyGeneratePcm arm64 /Users/admin/builder/spi-builder-workspace/.derivedData/SDKExplicitPrecompiledModules/_Builtin_stdarg-CDA349K2K4US766844K8E0PVA.pcm
SwiftExplicitDependencyGeneratePcm arm64 /Users/admin/builder/spi-builder-workspace/.derivedData/SDKExplicitPrecompiledModules/_Builtin_stdbool-5BU2ADS7JXQMYENKQHW9X8XOU.pcm
SwiftExplicitDependencyGeneratePcm arm64 /Users/admin/builder/spi-builder-workspace/.derivedData/SDKExplicitPrecompiledModules/_SwiftConcurrencyShims-C8XHKSHX96D5YYALNM4W70Z0O.pcm
SwiftExplicitDependencyGeneratePcm arm64 /Users/admin/builder/spi-builder-workspace/.derivedData/SDKExplicitPrecompiledModules/_Builtin_float-6WKHNW5S40U2QGHXXGETUDIRA.pcm
SwiftExplicitDependencyGeneratePcm arm64 /Users/admin/builder/spi-builder-workspace/.derivedData/SDKExplicitPrecompiledModules/ptrcheck-BXA97MNLI4BB0HF5I8MJE403D.pcm
SwiftExplicitDependencyGeneratePcm arm64 /Users/admin/builder/spi-builder-workspace/.derivedData/SDKExplicitPrecompiledModules/ptrauth-1WBA714DZSVUL5JQDJ08CLKZ.pcm
SwiftExplicitDependencyGeneratePcm arm64 /Users/admin/builder/spi-builder-workspace/.derivedData/SDKExplicitPrecompiledModules/SwiftShims-CI4H5RO9IYFFWQ2COB512Q2S9.pcm
SwiftExplicitDependencyGeneratePcm arm64 /Users/admin/builder/spi-builder-workspace/.derivedData/SDKExplicitPrecompiledModules/_AvailabilityInternal-1Q8IQP6M38UWSGZ95UCEY2M44.pcm
SwiftExplicitDependencyGeneratePcm arm64 /Users/admin/builder/spi-builder-workspace/.derivedData/SDKExplicitPrecompiledModules/_DarwinFoundation1-5RGRVV2TZ6WC4WZW5IXF8NQ04.pcm
SwiftExplicitDependencyGeneratePcm arm64 /Users/admin/builder/spi-builder-workspace/.derivedData/SDKExplicitPrecompiledModules/_DarwinFoundation2-ENTECK156YEWITZRRBTOCE4KR.pcm
SwiftExplicitDependencyGeneratePcm arm64 /Users/admin/builder/spi-builder-workspace/.derivedData/SDKExplicitPrecompiledModules/_Builtin_limits-425JDMN5HPM3D0UEI8LEHP6NM.pcm
SwiftExplicitDependencyGeneratePcm arm64 /Users/admin/builder/spi-builder-workspace/.derivedData/SDKExplicitPrecompiledModules/string_h-2GT67HHHHK5CF1V1S31LH0PU2.pcm
SwiftExplicitDependencyGeneratePcm arm64 /Users/admin/builder/spi-builder-workspace/.derivedData/SDKExplicitPrecompiledModules/sys_types-AYM0BHR77VKMWZCO2T0XGV2HF.pcm
SwiftExplicitDependencyGeneratePcm arm64 /Users/admin/builder/spi-builder-workspace/.derivedData/SDKExplicitPrecompiledModules/_Builtin_stdint-8OR6T47OOYJA90ZBO3N1USDE.pcm
SwiftExplicitDependencyGeneratePcm arm64 /Users/admin/builder/spi-builder-workspace/.derivedData/SDKExplicitPrecompiledModules/_DarwinFoundation3-9ZHN6JKBS40BBA81RQMV8H0IC.pcm
SwiftExplicitDependencyGeneratePcm arm64 /Users/admin/builder/spi-builder-workspace/.derivedData/SDKExplicitPrecompiledModules/_Builtin_inttypes-11B64KJD36B3YOHBR1BBXBJY8.pcm
SwiftExplicitDependencyGeneratePcm arm64 /Users/admin/builder/spi-builder-workspace/.derivedData/SDKExplicitPrecompiledModules/Darwin-60P5LVNQO3ESRRM5DCJ05PFNK.pcm
SwiftExplicitDependencyGeneratePcm arm64 /Users/admin/builder/spi-builder-workspace/.derivedData/SDKExplicitPrecompiledModules/ObjectiveC-26TIBFYCEJZVP216ZZAU1X8KN.pcm
SwiftExplicitDependencyGeneratePcm arm64 /Users/admin/builder/spi-builder-workspace/.derivedData/SDKExplicitPrecompiledModules/os_object-692CJ8BG6RE5H04487EJJOVXW.pcm
SwiftExplicitDependencyGeneratePcm arm64 /Users/admin/builder/spi-builder-workspace/.derivedData/SDKExplicitPrecompiledModules/os_workgroup-4U1VXMWIZD80E7PRUQF2G7P9X.pcm
SwiftExplicitDependencyGeneratePcm arm64 /Users/admin/builder/spi-builder-workspace/.derivedData/SDKExplicitPrecompiledModules/Dispatch-CLT3466HKC22GCKAWSCNG0H7T.pcm
SwiftExplicitDependencyGeneratePcm arm64 /Users/admin/builder/spi-builder-workspace/.derivedData/SDKExplicitPrecompiledModules/XPC-EP5EU7FNGP4VOA3EDM18P1KHO.pcm
SwiftExplicitDependencyGeneratePcm arm64 /Users/admin/builder/spi-builder-workspace/.derivedData/SDKExplicitPrecompiledModules/CoreFoundation-AVLTZVCXBU2TO75JCN4AGU8XJ.pcm
SwiftExplicitDependencyGeneratePcm arm64 /Users/admin/builder/spi-builder-workspace/.derivedData/SDKExplicitPrecompiledModules/Security-8TH2M8WJIQMET4SADWX0N8372.pcm
SwiftExplicitDependencyGeneratePcm arm64 /Users/admin/builder/spi-builder-workspace/.derivedData/SDKExplicitPrecompiledModules/CFNetwork-5MI70N1VLDQSWTX4COWLMSIRO.pcm
SwiftExplicitDependencyGeneratePcm arm64 /Users/admin/builder/spi-builder-workspace/.derivedData/SDKExplicitPrecompiledModules/Foundation-8GON1KVEKRN3NOQI8RETBRWJP.pcm
SwiftCompile normal arm64 Compiling\ CommandsRequest.swift /Users/admin/builder/spi-builder-workspace/Sources/Commands/CommandsRequest.swift (in target 'Commands' from project 'swift-commands')
SwiftCompile normal arm64 /Users/admin/builder/spi-builder-workspace/Sources/Commands/CommandsRequest.swift (in target 'Commands' from project 'swift-commands')
cd /Users/admin/builder/spi-builder-workspace/.swiftpm/xcode
builtin-SwiftPerFileCompile CommandsRequest.swift
SwiftEmitModule normal arm64 Emitting\ module\ for\ Commands (in target 'Commands' from project 'swift-commands')
/Users/admin/builder/spi-builder-workspace/Sources/Commands/CommandsTask.swift:106:55: error: cannot find type 'Process' in scope
104 |
105 | public extension Commands.Task {
106 | static func prepare(_ request: Commands.Request) -> Process {
| `- error: cannot find type 'Process' in scope
107 | let process = Process()
108 | if #available(macOS 10.13, *) {
/Users/admin/builder/spi-builder-workspace/Sources/Commands/CommandsTask.swift:126:30: error: cannot find type 'Process' in scope
124 | }
125 |
126 | static func run(_ process: Process) throws {
| `- error: cannot find type 'Process' in scope
127 | if #available(macOS 10.13, *) {
128 | try process.run()
Failed frontend command:
/Applications/Xcode-27.0.0-Release.Candidate.app/Contents/Developer/Toolchains/XcodeDefault.xctoolchain/usr/bin/swift-frontend -frontend -emit-module -experimental-skip-non-inlinable-function-bodies-without-types /Users/admin/builder/spi-builder-workspace/Sources/Commands/Commands.swift /Users/admin/builder/spi-builder-workspace/Sources/Commands/CommandsAlias.swift /Users/admin/builder/spi-builder-workspace/Sources/Commands/CommandsArguments.swift /Users/admin/builder/spi-builder-workspace/Sources/Commands/CommandsDashcTransformer.swift /Users/admin/builder/spi-builder-workspace/Sources/Commands/CommandsENV.swift /Users/admin/builder/spi-builder-workspace/Sources/Commands/CommandsRequest.swift /Users/admin/builder/spi-builder-workspace/Sources/Commands/CommandsResponse.swift /Users/admin/builder/spi-builder-workspace/Sources/Commands/CommandsResult.swift /Users/admin/builder/spi-builder-workspace/Sources/Commands/CommandsTask.swift -target arm64-apple-xros1.0 -disable-cross-import-overlay-search -load-resolved-plugin /Applications/Xcode-27.0.0-Release.Candidate.app/Contents/Developer/Platforms/XROS.platform/Developer/usr/lib/swift/host/plugins/libFoundationMacros.dylib\#/Applications/Xcode-27.0.0-Release.Candidate.app/Contents/Developer/Platforms/XROS.platform/Developer/usr/bin/swift-plugin-server\#FoundationMacros -load-resolved-plugin /Applications/Xcode-27.0.0-Release.Candidate.app/Contents/Developer/Platforms/XROS.platform/Developer/usr/lib/swift/host/plugins/libObservationMacros.dylib\#/Applications/Xcode-27.0.0-Release.Candidate.app/Contents/Developer/Platforms/XROS.platform/Developer/usr/bin/swift-plugin-server\#ObservationMacros -load-resolved-plugin /Applications/Xcode-27.0.0-Release.Candidate.app/Contents/Developer/Platforms/XROS.platform/Developer/usr/lib/swift/host/plugins/libSwiftMacros.dylib\#/Applications/Xcode-27.0.0-Release.Candidate.app/Contents/Developer/Platforms/XROS.platform/Developer/usr/bin/swift-plugin-server\#SwiftMacros -disable-implicit-swift-modules -Xcc -fno-implicit-modules -Xcc -fno-implicit-module-maps -explicit-swift-module-map-file /Users/admin/builder/spi-builder-workspace/.derivedData/Build/Intermediates.noindex/swift-commands.build/Debug-xros/Commands-t.build/Objects-normal/arm64/Commands-dependencies-1.json -Xllvm -aarch64-use-tbi -enable-objc-interop -stack-check -sdk /Applications/Xcode-27.0.0-Release.Candidate.app/Contents/Developer/Platforms/XROS.platform/Developer/SDKs/XROS27.0.sdk -I /Users/admin/builder/spi-builder-workspace/.derivedData/Build/Products/Debug-xros -Isystem /Applications/Xcode-27.0.0-Release.Candidate.app/Contents/Developer/Platforms/XROS.platform/Developer/usr/lib -F /Users/admin/builder/spi-builder-workspace/.derivedData/Build/Products/Debug-xros -F /Applications/Xcode-27.0.0-Release.Candidate.app/Contents/Developer/Platforms/XROS.platform/Developer/Library/Frameworks -F /Applications/Xcode-27.0.0-Release.Candidate.app/Contents/Developer/Platforms/XROS.platform/Developer/SDKs/XROS27.0.sdk/Developer/Library/Frameworks -module-cache-path /Users/admin/builder/spi-builder-workspace/.derivedData/Build/Intermediates.noindex/SwiftExplicitPrecompiledModules -no-color-diagnostics -Xcc -fno-color-diagnostics -enable-testing -g -debug-info-format\=dwarf -dwarf-version\=4 -profile-generate -profile-coverage-mapping -swift-version 5 -Onone -D SWIFT_PACKAGE -D DEBUG -D SWIFT_MODULE_RESOURCE_BUNDLE_UNAVAILABLE -D Xcode -serialize-debugging-options -enable-experimental-feature DebugDescriptionMacro -empty-abi-descriptor -validate-clang-modules-once -clang-build-session-file /Users/admin/builder/spi-builder-workspace/.derivedData/ModuleCache.noindex/Session.modulevalidation -Xcc -working-directory -Xcc /Users/admin/builder/spi-builder-workspace/.swiftpm/xcode -enable-anonymous-context-mangled-names -file-compilation-dir /Users/admin/builder/spi-builder-workspace/.swiftpm/xcode -Xcc -D_LIBCPP_HARDENING_MODE\=_LIBCPP_HARDENING_MODE_DEBUG -Xcc -ivfsstatcache -Xcc /Users/admin/builder/spi-builder-workspace/.derivedData/SDKStatCaches.noindex/xros27.0-24M361-e829b21a6f8c9b70876ba0858053c044735bd543db762f57723cac368afd1ce4.sdkstatcache -Xcc -fmodules-prune-interval\=86400 -Xcc -fmodules-prune-after\=345600 -Xcc -I/Users/admin/builder/spi-builder-workspace/.derivedData/Build/Products/Debug-xros/include -Xcc -I/Users/admin/builder/spi-builder-workspace/.derivedData/Build/Intermediates.noindex/swift-commands.build/Debug-xros/Commands-t.build/DerivedSources-normal/arm64 -Xcc -I/Users/admin/builder/spi-builder-workspace/.derivedData/Build/Intermediates.noindex/swift-commands.build/Debug-xros/Commands-t.build/DerivedSources/arm64 -Xcc -I/Users/admin/builder/spi-builder-workspace/.derivedData/Build/Intermediates.noindex/swift-commands.build/Debug-xros/Commands-t.build/DerivedSources -Xcc -DSWIFT_PACKAGE -Xcc -DDEBUG\=1 -no-auto-bridging-header-chaining -module-name Commands -const-gather-protocols-file /Users/admin/builder/spi-builder-workspace/.derivedData/Build/Intermediates.noindex/swift-commands.build/Debug-xros/Commands-t.build/Objects-normal/arm64/Commands_const_extract_protocols.json -disable-clang-spi -clang-target arm64-apple-xros27.0 -target-sdk-version 27.0 -target-sdk-name xros27.0 -in-process-plugin-server-path /Applications/Xcode-27.0.0-Release.Candidate.app/Contents/Developer/Toolchains/XcodeDefault.xctoolchain/usr/lib/swift/host/libSwiftInProcPluginServer.dylib -emit-module-doc-path /Users/admin/builder/spi-builder-workspace/.derivedData/Build/Intermediates.noindex/swift-commands.build/Debug-xros/Commands-t.build/Objects-normal/arm64/Commands.swiftdoc -emit-module-source-info-path /Users/admin/builder/spi-builder-workspace/.derivedData/Build/Intermediates.noindex/swift-commands.build/Debug-xros/Commands-t.build/Objects-normal/arm64/Commands.swiftsourceinfo -emit-objc-header-path /Users/admin/builder/spi-builder-workspace/.derivedData/Build/Intermediates.noindex/swift-commands.build/Debug-xros/Commands-t.build/Objects-normal/arm64/Commands-Swift.h -serialize-diagnostics-path /Users/admin/builder/spi-builder-workspace/.derivedData/Build/Intermediates.noindex/swift-commands.build/Debug-xros/Commands-t.build/Objects-normal/arm64/Commands-primary-emit-module.dia -emit-dependencies-path /Users/admin/builder/spi-builder-workspace/.derivedData/Build/Intermediates.noindex/swift-commands.build/Debug-xros/Commands-t.build/Objects-normal/arm64/Commands-primary-emit-module.d -parse-as-library -o /Users/admin/builder/spi-builder-workspace/.derivedData/Build/Intermediates.noindex/swift-commands.build/Debug-xros/Commands-t.build/Objects-normal/arm64/Commands.swiftmodule -emit-abi-descriptor-path /Users/admin/builder/spi-builder-workspace/.derivedData/Build/Intermediates.noindex/swift-commands.build/Debug-xros/Commands-t.build/Objects-normal/arm64/Commands.abi.json
SwiftCompile normal arm64 (in target 'Commands' from project 'swift-commands')
cd /Users/admin/builder/spi-builder-workspace/.swiftpm/xcode
SwiftCompile normal arm64 Compiling\ CommandsResult.swift /Users/admin/builder/spi-builder-workspace/Sources/Commands/CommandsResult.swift (in target 'Commands' from project 'swift-commands')
SwiftCompile normal arm64 /Users/admin/builder/spi-builder-workspace/Sources/Commands/CommandsResult.swift (in target 'Commands' from project 'swift-commands')
cd /Users/admin/builder/spi-builder-workspace/.swiftpm/xcode
builtin-SwiftPerFileCompile CommandsResult.swift
SwiftCompile normal arm64 Compiling\ CommandsTask.swift /Users/admin/builder/spi-builder-workspace/Sources/Commands/CommandsTask.swift (in target 'Commands' from project 'swift-commands')
SwiftCompile normal arm64 /Users/admin/builder/spi-builder-workspace/Sources/Commands/CommandsTask.swift (in target 'Commands' from project 'swift-commands')
cd /Users/admin/builder/spi-builder-workspace/.swiftpm/xcode
builtin-SwiftPerFileCompile CommandsTask.swift
/Users/admin/builder/spi-builder-workspace/Sources/Commands/CommandsTask.swift:106:55: error: cannot find type 'Process' in scope
104 |
105 | public extension Commands.Task {
106 | static func prepare(_ request: Commands.Request) -> Process {
| `- error: cannot find type 'Process' in scope
107 | let process = Process()
108 | if #available(macOS 10.13, *) {
/Users/admin/builder/spi-builder-workspace/Sources/Commands/CommandsTask.swift:126:30: error: cannot find type 'Process' in scope
124 | }
125 |
126 | static func run(_ process: Process) throws {
| `- error: cannot find type 'Process' in scope
127 | if #available(macOS 10.13, *) {
128 | try process.run()
SwiftCompile normal arm64 Compiling\ CommandsResponse.swift /Users/admin/builder/spi-builder-workspace/Sources/Commands/CommandsResponse.swift (in target 'Commands' from project 'swift-commands')
SwiftCompile normal arm64 /Users/admin/builder/spi-builder-workspace/Sources/Commands/CommandsResponse.swift (in target 'Commands' from project 'swift-commands')
cd /Users/admin/builder/spi-builder-workspace/.swiftpm/xcode
builtin-SwiftPerFileCompile CommandsResponse.swift
SwiftCompile normal arm64 Compiling\ CommandsENV.swift /Users/admin/builder/spi-builder-workspace/Sources/Commands/CommandsENV.swift (in target 'Commands' from project 'swift-commands')
SwiftCompile normal arm64 /Users/admin/builder/spi-builder-workspace/Sources/Commands/CommandsENV.swift (in target 'Commands' from project 'swift-commands')
cd /Users/admin/builder/spi-builder-workspace/.swiftpm/xcode
builtin-SwiftPerFileCompile CommandsENV.swift
SwiftCompile normal arm64 Compiling\ CommandsArguments.swift /Users/admin/builder/spi-builder-workspace/Sources/Commands/CommandsArguments.swift (in target 'Commands' from project 'swift-commands')
SwiftCompile normal arm64 /Users/admin/builder/spi-builder-workspace/Sources/Commands/CommandsArguments.swift (in target 'Commands' from project 'swift-commands')
cd /Users/admin/builder/spi-builder-workspace/.swiftpm/xcode
builtin-SwiftPerFileCompile CommandsArguments.swift
SwiftCompile normal arm64 Compiling\ CommandsDashcTransformer.swift /Users/admin/builder/spi-builder-workspace/Sources/Commands/CommandsDashcTransformer.swift (in target 'Commands' from project 'swift-commands')
SwiftCompile normal arm64 /Users/admin/builder/spi-builder-workspace/Sources/Commands/CommandsDashcTransformer.swift (in target 'Commands' from project 'swift-commands')
cd /Users/admin/builder/spi-builder-workspace/.swiftpm/xcode
builtin-SwiftPerFileCompile CommandsDashcTransformer.swift
SwiftCompile normal arm64 Compiling\ CommandsAlias.swift /Users/admin/builder/spi-builder-workspace/Sources/Commands/CommandsAlias.swift (in target 'Commands' from project 'swift-commands')
SwiftCompile normal arm64 /Users/admin/builder/spi-builder-workspace/Sources/Commands/CommandsAlias.swift (in target 'Commands' from project 'swift-commands')
cd /Users/admin/builder/spi-builder-workspace/.swiftpm/xcode
builtin-SwiftPerFileCompile CommandsAlias.swift
SwiftCompile normal arm64 Compiling\ Commands.swift /Users/admin/builder/spi-builder-workspace/Sources/Commands/Commands.swift (in target 'Commands' from project 'swift-commands')
SwiftCompile normal arm64 /Users/admin/builder/spi-builder-workspace/Sources/Commands/Commands.swift (in target 'Commands' from project 'swift-commands')
cd /Users/admin/builder/spi-builder-workspace/.swiftpm/xcode
builtin-SwiftPerFileCompile Commands.swift
PruneExplicitPrecompiledModules /Users/admin/builder/spi-builder-workspace/.derivedData/SDKExplicitPrecompiledModules
PruneExplicitPrecompiledModules /Users/admin/builder/spi-builder-workspace/.derivedData/Build/Intermediates.noindex/ExplicitPrecompiledModules
PruneExplicitPrecompiledModules /Users/admin/builder/spi-builder-workspace/.derivedData/Build/Intermediates.noindex/SwiftExplicitPrecompiledModules
2026-09-21 10:18:42.878 xcodebuild[651:4199] [MT] IDERunDestination: Supported platforms for the buildables in the current scheme is empty.
** BUILD FAILED **
The following build commands failed:
SwiftEmitModule normal arm64 Emitting\ module\ for\ Commands (in target 'Commands' from project 'swift-commands')
SwiftCompile normal arm64 (in target 'Commands' from project 'swift-commands')
Building workspace swift-commands with scheme swift-commands-Package
(3 failures)
Command line invocation:
/Applications/Xcode-27.0.0-Release.Candidate.app/Contents/Developer/usr/bin/xcodebuild -IDEClonedSourcePackagesDirPathOverride=/Users/admin/builder/spi-builder-workspace/.dependencies -resolvePackageDependencies
Resolve Package Graph
Resolved source packages:
swift-commands: /Users/admin/builder/spi-builder-workspace
resolved source packages: swift-commands
2026-09-21 10:18:48.742 xcodebuild[712:4462] [MT] IDERunDestination: Supported platforms for the buildables in the current scheme is empty.
{
"dependencies" : [
],
"manifest_display_name" : "swift-commands",
"name" : "swift-commands",
"path" : "/Users/admin/builder/spi-builder-workspace",
"platforms" : [
{
"name" : "macos",
"version" : "11.0"
}
],
"products" : [
{
"name" : "Commands",
"targets" : [
"Commands"
],
"type" : {
"library" : [
"automatic"
]
}
},
{
"name" : "Examples",
"targets" : [
"Examples"
],
"type" : {
"executable" : null
}
}
],
"targets" : [
{
"c99name" : "Examples",
"module_type" : "SwiftTarget",
"name" : "Examples",
"path" : "Examples",
"product_memberships" : [
"Examples"
],
"sources" : [
"main.swift"
],
"target_dependencies" : [
"Commands"
],
"type" : "executable"
},
{
"c99name" : "CommandsTests",
"module_type" : "SwiftTarget",
"name" : "CommandsTests",
"path" : "Tests/CommandsTests",
"resources" : [
{
"path" : "/Users/admin/builder/spi-builder-workspace/Tests/CommandsTests/Resources/python/main.py",
"rule" : {
"process" : {
}
}
}
],
"sources" : [
"RequestParseTests.swift",
"XCTestManifests.swift",
"swift_commandsTests.swift"
],
"target_dependencies" : [
"Commands"
],
"type" : "test"
},
{
"c99name" : "Commands",
"module_type" : "SwiftTarget",
"name" : "Commands",
"path" : "Sources/Commands",
"product_memberships" : [
"Commands",
"Examples"
],
"sources" : [
"Commands.swift",
"CommandsAlias.swift",
"CommandsArguments.swift",
"CommandsDashcTransformer.swift",
"CommandsENV.swift",
"CommandsRequest.swift",
"CommandsResponse.swift",
"CommandsResult.swift",
"CommandsTask.swift"
],
"type" : "library"
}
],
"tools_version" : "5.3"
}
{
"workspace" : {
"name" : "swift-commands",
"schemes" : [
"Commands",
"Examples",
"swift-commands-Package"
]
}
}
2026-09-21 10:18:49.961 xcodebuild[720:4526] [MT] IDERunDestination: Supported platforms for the buildables in the current scheme is empty.
{
"workspace" : {
"name" : "swift-commands",
"schemes" : [
"Commands",
"Examples",
"swift-commands-Package"
]
}
}
2026-09-21 10:18:50.958 xcodebuild[722:4557] [MT] IDERunDestination: Supported platforms for the buildables in the current scheme is empty.
Running build ...
env DEVELOPER_DIR=/Applications/Xcode-27.0.0-Release.Candidate.app xcrun xcodebuild -IDEClonedSourcePackagesDirPathOverride=$PWD/.dependencies -skipMacroValidation -skipPackagePluginValidation -derivedDataPath $PWD/.derivedData build -scheme swift-commands-Package -destination generic/platform=xrOS
Command line invocation:
/Applications/Xcode-27.0.0-Release.Candidate.app/Contents/Developer/usr/bin/xcodebuild -IDEClonedSourcePackagesDirPathOverride=/Users/admin/builder/spi-builder-workspace/.dependencies -skipMacroValidation -skipPackagePluginValidation -derivedDataPath /Users/admin/builder/spi-builder-workspace/.derivedData build -scheme swift-commands-Package -destination generic/platform=xrOS
Resolve Package Graph
Resolved source packages:
swift-commands: /Users/admin/builder/spi-builder-workspace
ComputePackagePrebuildTargetDependencyGraph
Prepare packages
CreateBuildRequest
SendProjectDescription
CreateBuildOperation
ComputeTargetDependencyGraph
note: Building targets in dependency order
note: Target dependency graph (3 targets)
Target 'Examples-product' in project 'swift-commands'
➜ Explicit dependency on target 'Commands' in project 'swift-commands'
Target 'Commands-product' in project 'swift-commands'
➜ Explicit dependency on target 'Commands' in project 'swift-commands'
Target 'Commands' in project 'swift-commands' (no dependencies)
GatherProvisioningInputs
CreateBuildDescription
ClangStatCache /Applications/Xcode-27.0.0-Release.Candidate.app/Contents/Developer/Toolchains/XcodeDefault.xctoolchain/usr/bin/clang-stat-cache /Applications/Xcode-27.0.0-Release.Candidate.app/Contents/Developer/Platforms/XROS.platform/Developer/SDKs/XROS27.0.sdk /Users/admin/builder/spi-builder-workspace/.derivedData/SDKStatCaches.noindex/xros27.0-24M361-e829b21a6f8c9b70876ba0858053c044735bd543db762f57723cac368afd1ce4.sdkstatcache
cd /Users/admin/builder/spi-builder-workspace/.swiftpm/xcode
/Applications/Xcode-27.0.0-Release.Candidate.app/Contents/Developer/Toolchains/XcodeDefault.xctoolchain/usr/bin/clang-stat-cache /Applications/Xcode-27.0.0-Release.Candidate.app/Contents/Developer/Platforms/XROS.platform/Developer/SDKs/XROS27.0.sdk -o /Users/admin/builder/spi-builder-workspace/.derivedData/SDKStatCaches.noindex/xros27.0-24M361-e829b21a6f8c9b70876ba0858053c044735bd543db762f57723cac368afd1ce4.sdkstatcache
SwiftDriver Commands normal arm64 com.apple.xcode.tools.swift.compiler (in target 'Commands' from project 'swift-commands')
cd /Users/admin/builder/spi-builder-workspace/.swiftpm/xcode
builtin-SwiftDriver -- /Applications/Xcode-27.0.0-Release.Candidate.app/Contents/Developer/Toolchains/XcodeDefault.xctoolchain/usr/bin/swiftc -parse-as-library -module-name Commands -Onone @/Users/admin/builder/spi-builder-workspace/.derivedData/Build/Intermediates.noindex/swift-commands.build/Debug-xros/Commands-t.build/Objects-normal/arm64/Commands.SwiftFileList -DSWIFT_PACKAGE -DDEBUG -DSWIFT_MODULE_RESOURCE_BUNDLE_UNAVAILABLE -DXcode -plugin-path /Applications/Xcode-27.0.0-Release.Candidate.app/Contents/Developer/Toolchains/XcodeDefault.xctoolchain/usr/lib/swift/host/plugins/testing -enable-experimental-feature DebugDescriptionMacro -sdk /Applications/Xcode-27.0.0-Release.Candidate.app/Contents/Developer/Platforms/XROS.platform/Developer/SDKs/XROS27.0.sdk -target arm64-apple-xros1.0 -g -module-cache-path /Users/admin/builder/spi-builder-workspace/.derivedData/ModuleCache.noindex -Xfrontend -serialize-debugging-options -profile-coverage-mapping -profile-generate -enable-testing -index-store-path /Users/admin/builder/spi-builder-workspace/.derivedData/Index.noindex/DataStore -Xcc -D_LIBCPP_HARDENING_MODE\=_LIBCPP_HARDENING_MODE_DEBUG -swift-version 5 -I /Users/admin/builder/spi-builder-workspace/.derivedData/Build/Products/Debug-xros -Isystem /Applications/Xcode-27.0.0-Release.Candidate.app/Contents/Developer/Platforms/XROS.platform/Developer/usr/lib -F /Users/admin/builder/spi-builder-workspace/.derivedData/Build/Products/Debug-xros -F /Applications/Xcode-27.0.0-Release.Candidate.app/Contents/Developer/Platforms/XROS.platform/Developer/Library/Frameworks -F /Applications/Xcode-27.0.0-Release.Candidate.app/Contents/Developer/Platforms/XROS.platform/Developer/SDKs/XROS27.0.sdk/Developer/Library/Frameworks -c -j10 -enable-batch-mode -incremental -Xcc -ivfsstatcache -Xcc /Users/admin/builder/spi-builder-workspace/.derivedData/SDKStatCaches.noindex/xros27.0-24M361-e829b21a6f8c9b70876ba0858053c044735bd543db762f57723cac368afd1ce4.sdkstatcache -output-file-map /Users/admin/builder/spi-builder-workspace/.derivedData/Build/Intermediates.noindex/swift-commands.build/Debug-xros/Commands-t.build/Objects-normal/arm64/Commands-OutputFileMap.json -save-temps -no-color-diagnostics -explicit-module-build -module-cache-path /Users/admin/builder/spi-builder-workspace/.derivedData/Build/Intermediates.noindex/SwiftExplicitPrecompiledModules -clang-scanner-module-cache-path /Users/admin/builder/spi-builder-workspace/.derivedData/ModuleCache.noindex -sdk-module-cache-path /Users/admin/builder/spi-builder-workspace/.derivedData/SDKExplicitPrecompiledModules -emit-dependencies -emit-module -emit-module-path /Users/admin/builder/spi-builder-workspace/.derivedData/Build/Intermediates.noindex/swift-commands.build/Debug-xros/Commands-t.build/Objects-normal/arm64/Commands.swiftmodule -serialize-diagnostics -dependency-scan-serialize-diagnostics-path /Users/admin/builder/spi-builder-workspace/.derivedData/Build/Intermediates.noindex/swift-commands.build/Debug-xros/Commands-t.build/Objects-normal/arm64/Commands-dependency-scan.dia -validate-clang-modules-once -clang-build-session-file /Users/admin/builder/spi-builder-workspace/.derivedData/ModuleCache.noindex/Session.modulevalidation -Xcc -fmodules-prune-interval\=86400 -Xcc -fmodules-prune-after\=345600 -emit-const-values -const-gather-protocols-list /Users/admin/builder/spi-builder-workspace/.derivedData/Build/Intermediates.noindex/swift-commands.build/Debug-xros/Commands-t.build/Objects-normal/arm64/Commands_const_extract_protocols.json -Xcc -I/Users/admin/builder/spi-builder-workspace/.derivedData/Build/Products/Debug-xros/include -Xcc -I/Users/admin/builder/spi-builder-workspace/.derivedData/Build/Intermediates.noindex/swift-commands.build/Debug-xros/Commands-t.build/DerivedSources-normal/arm64 -Xcc -I/Users/admin/builder/spi-builder-workspace/.derivedData/Build/Intermediates.noindex/swift-commands.build/Debug-xros/Commands-t.build/DerivedSources/arm64 -Xcc -I/Users/admin/builder/spi-builder-workspace/.derivedData/Build/Intermediates.noindex/swift-commands.build/Debug-xros/Commands-t.build/DerivedSources -Xcc -DSWIFT_PACKAGE -Xcc -DDEBUG\=1 -emit-objc-header -emit-objc-header-path /Users/admin/builder/spi-builder-workspace/.derivedData/Build/Intermediates.noindex/swift-commands.build/Debug-xros/Commands-t.build/Objects-normal/arm64/Commands-Swift.h -working-directory /Users/admin/builder/spi-builder-workspace/.swiftpm/xcode -experimental-emit-module-separately -disable-cmo
SwiftCompile normal arm64 Compiling\ CommandsArguments.swift /Users/admin/builder/spi-builder-workspace/Sources/Commands/CommandsArguments.swift (in target 'Commands' from project 'swift-commands')
SwiftCompile normal arm64 /Users/admin/builder/spi-builder-workspace/Sources/Commands/CommandsArguments.swift (in target 'Commands' from project 'swift-commands')
cd /Users/admin/builder/spi-builder-workspace/.swiftpm/xcode
builtin-SwiftPerFileCompile CommandsArguments.swift
SwiftCompile normal arm64 Compiling\ CommandsAlias.swift /Users/admin/builder/spi-builder-workspace/Sources/Commands/CommandsAlias.swift (in target 'Commands' from project 'swift-commands')
SwiftCompile normal arm64 /Users/admin/builder/spi-builder-workspace/Sources/Commands/CommandsAlias.swift (in target 'Commands' from project 'swift-commands')
cd /Users/admin/builder/spi-builder-workspace/.swiftpm/xcode
builtin-SwiftPerFileCompile CommandsAlias.swift
SwiftCompile normal arm64 Compiling\ Commands.swift /Users/admin/builder/spi-builder-workspace/Sources/Commands/Commands.swift (in target 'Commands' from project 'swift-commands')
SwiftCompile normal arm64 /Users/admin/builder/spi-builder-workspace/Sources/Commands/Commands.swift (in target 'Commands' from project 'swift-commands')
cd /Users/admin/builder/spi-builder-workspace/.swiftpm/xcode
builtin-SwiftPerFileCompile Commands.swift
SwiftCompile normal arm64 Compiling\ CommandsRequest.swift /Users/admin/builder/spi-builder-workspace/Sources/Commands/CommandsRequest.swift (in target 'Commands' from project 'swift-commands')
SwiftCompile normal arm64 /Users/admin/builder/spi-builder-workspace/Sources/Commands/CommandsRequest.swift (in target 'Commands' from project 'swift-commands')
cd /Users/admin/builder/spi-builder-workspace/.swiftpm/xcode
builtin-SwiftPerFileCompile CommandsRequest.swift
SwiftCompile normal arm64 Compiling\ CommandsResponse.swift /Users/admin/builder/spi-builder-workspace/Sources/Commands/CommandsResponse.swift (in target 'Commands' from project 'swift-commands')
SwiftCompile normal arm64 /Users/admin/builder/spi-builder-workspace/Sources/Commands/CommandsResponse.swift (in target 'Commands' from project 'swift-commands')
cd /Users/admin/builder/spi-builder-workspace/.swiftpm/xcode
builtin-SwiftPerFileCompile CommandsResponse.swift
SwiftCompile normal arm64 Compiling\ CommandsENV.swift /Users/admin/builder/spi-builder-workspace/Sources/Commands/CommandsENV.swift (in target 'Commands' from project 'swift-commands')
SwiftCompile normal arm64 /Users/admin/builder/spi-builder-workspace/Sources/Commands/CommandsENV.swift (in target 'Commands' from project 'swift-commands')
cd /Users/admin/builder/spi-builder-workspace/.swiftpm/xcode
builtin-SwiftPerFileCompile CommandsENV.swift
SwiftEmitModule normal arm64 Emitting\ module\ for\ Commands (in target 'Commands' from project 'swift-commands')
/Users/admin/builder/spi-builder-workspace/Sources/Commands/CommandsTask.swift:106:55: error: cannot find type 'Process' in scope
104 |
105 | public extension Commands.Task {
106 | static func prepare(_ request: Commands.Request) -> Process {
| `- error: cannot find type 'Process' in scope
107 | let process = Process()
108 | if #available(macOS 10.13, *) {
/Users/admin/builder/spi-builder-workspace/Sources/Commands/CommandsTask.swift:126:30: error: cannot find type 'Process' in scope
124 | }
125 |
126 | static func run(_ process: Process) throws {
| `- error: cannot find type 'Process' in scope
127 | if #available(macOS 10.13, *) {
128 | try process.run()
Failed frontend command:
/Applications/Xcode-27.0.0-Release.Candidate.app/Contents/Developer/Toolchains/XcodeDefault.xctoolchain/usr/bin/swift-frontend -frontend -emit-module -experimental-skip-non-inlinable-function-bodies-without-types /Users/admin/builder/spi-builder-workspace/Sources/Commands/Commands.swift /Users/admin/builder/spi-builder-workspace/Sources/Commands/CommandsAlias.swift /Users/admin/builder/spi-builder-workspace/Sources/Commands/CommandsArguments.swift /Users/admin/builder/spi-builder-workspace/Sources/Commands/CommandsDashcTransformer.swift /Users/admin/builder/spi-builder-workspace/Sources/Commands/CommandsENV.swift /Users/admin/builder/spi-builder-workspace/Sources/Commands/CommandsRequest.swift /Users/admin/builder/spi-builder-workspace/Sources/Commands/CommandsResponse.swift /Users/admin/builder/spi-builder-workspace/Sources/Commands/CommandsResult.swift /Users/admin/builder/spi-builder-workspace/Sources/Commands/CommandsTask.swift -target arm64-apple-xros1.0 -disable-cross-import-overlay-search -load-resolved-plugin /Applications/Xcode-27.0.0-Release.Candidate.app/Contents/Developer/Platforms/XROS.platform/Developer/usr/lib/swift/host/plugins/libFoundationMacros.dylib\#/Applications/Xcode-27.0.0-Release.Candidate.app/Contents/Developer/Platforms/XROS.platform/Developer/usr/bin/swift-plugin-server\#FoundationMacros -load-resolved-plugin /Applications/Xcode-27.0.0-Release.Candidate.app/Contents/Developer/Platforms/XROS.platform/Developer/usr/lib/swift/host/plugins/libObservationMacros.dylib\#/Applications/Xcode-27.0.0-Release.Candidate.app/Contents/Developer/Platforms/XROS.platform/Developer/usr/bin/swift-plugin-server\#ObservationMacros -load-resolved-plugin /Applications/Xcode-27.0.0-Release.Candidate.app/Contents/Developer/Platforms/XROS.platform/Developer/usr/lib/swift/host/plugins/libSwiftMacros.dylib\#/Applications/Xcode-27.0.0-Release.Candidate.app/Contents/Developer/Platforms/XROS.platform/Developer/usr/bin/swift-plugin-server\#SwiftMacros -disable-implicit-swift-modules -Xcc -fno-implicit-modules -Xcc -fno-implicit-module-maps -explicit-swift-module-map-file /Users/admin/builder/spi-builder-workspace/.derivedData/Build/Intermediates.noindex/swift-commands.build/Debug-xros/Commands-t.build/Objects-normal/arm64/Commands-dependencies-1.json -Xllvm -aarch64-use-tbi -enable-objc-interop -stack-check -sdk /Applications/Xcode-27.0.0-Release.Candidate.app/Contents/Developer/Platforms/XROS.platform/Developer/SDKs/XROS27.0.sdk -I /Users/admin/builder/spi-builder-workspace/.derivedData/Build/Products/Debug-xros -Isystem /Applications/Xcode-27.0.0-Release.Candidate.app/Contents/Developer/Platforms/XROS.platform/Developer/usr/lib -F /Users/admin/builder/spi-builder-workspace/.derivedData/Build/Products/Debug-xros -F /Applications/Xcode-27.0.0-Release.Candidate.app/Contents/Developer/Platforms/XROS.platform/Developer/Library/Frameworks -F /Applications/Xcode-27.0.0-Release.Candidate.app/Contents/Developer/Platforms/XROS.platform/Developer/SDKs/XROS27.0.sdk/Developer/Library/Frameworks -module-cache-path /Users/admin/builder/spi-builder-workspace/.derivedData/Build/Intermediates.noindex/SwiftExplicitPrecompiledModules -no-color-diagnostics -Xcc -fno-color-diagnostics -enable-testing -g -debug-info-format\=dwarf -dwarf-version\=4 -profile-generate -profile-coverage-mapping -swift-version 5 -Onone -D SWIFT_PACKAGE -D DEBUG -D SWIFT_MODULE_RESOURCE_BUNDLE_UNAVAILABLE -D Xcode -serialize-debugging-options -enable-experimental-feature DebugDescriptionMacro -empty-abi-descriptor -validate-clang-modules-once -clang-build-session-file /Users/admin/builder/spi-builder-workspace/.derivedData/ModuleCache.noindex/Session.modulevalidation -Xcc -working-directory -Xcc /Users/admin/builder/spi-builder-workspace/.swiftpm/xcode -enable-anonymous-context-mangled-names -file-compilation-dir /Users/admin/builder/spi-builder-workspace/.swiftpm/xcode -Xcc -D_LIBCPP_HARDENING_MODE\=_LIBCPP_HARDENING_MODE_DEBUG -Xcc -ivfsstatcache -Xcc /Users/admin/builder/spi-builder-workspace/.derivedData/SDKStatCaches.noindex/xros27.0-24M361-e829b21a6f8c9b70876ba0858053c044735bd543db762f57723cac368afd1ce4.sdkstatcache -Xcc -fmodules-prune-interval\=86400 -Xcc -fmodules-prune-after\=345600 -Xcc -I/Users/admin/builder/spi-builder-workspace/.derivedData/Build/Products/Debug-xros/include -Xcc -I/Users/admin/builder/spi-builder-workspace/.derivedData/Build/Intermediates.noindex/swift-commands.build/Debug-xros/Commands-t.build/DerivedSources-normal/arm64 -Xcc -I/Users/admin/builder/spi-builder-workspace/.derivedData/Build/Intermediates.noindex/swift-commands.build/Debug-xros/Commands-t.build/DerivedSources/arm64 -Xcc -I/Users/admin/builder/spi-builder-workspace/.derivedData/Build/Intermediates.noindex/swift-commands.build/Debug-xros/Commands-t.build/DerivedSources -Xcc -DSWIFT_PACKAGE -Xcc -DDEBUG\=1 -no-auto-bridging-header-chaining -module-name Commands -const-gather-protocols-file /Users/admin/builder/spi-builder-workspace/.derivedData/Build/Intermediates.noindex/swift-commands.build/Debug-xros/Commands-t.build/Objects-normal/arm64/Commands_const_extract_protocols.json -disable-clang-spi -clang-target arm64-apple-xros27.0 -target-sdk-version 27.0 -target-sdk-name xros27.0 -in-process-plugin-server-path /Applications/Xcode-27.0.0-Release.Candidate.app/Contents/Developer/Toolchains/XcodeDefault.xctoolchain/usr/lib/swift/host/libSwiftInProcPluginServer.dylib -emit-module-doc-path /Users/admin/builder/spi-builder-workspace/.derivedData/Build/Intermediates.noindex/swift-commands.build/Debug-xros/Commands-t.build/Objects-normal/arm64/Commands.swiftdoc -emit-module-source-info-path /Users/admin/builder/spi-builder-workspace/.derivedData/Build/Intermediates.noindex/swift-commands.build/Debug-xros/Commands-t.build/Objects-normal/arm64/Commands.swiftsourceinfo -emit-objc-header-path /Users/admin/builder/spi-builder-workspace/.derivedData/Build/Intermediates.noindex/swift-commands.build/Debug-xros/Commands-t.build/Objects-normal/arm64/Commands-Swift.h -serialize-diagnostics-path /Users/admin/builder/spi-builder-workspace/.derivedData/Build/Intermediates.noindex/swift-commands.build/Debug-xros/Commands-t.build/Objects-normal/arm64/Commands-primary-emit-module.dia -emit-dependencies-path /Users/admin/builder/spi-builder-workspace/.derivedData/Build/Intermediates.noindex/swift-commands.build/Debug-xros/Commands-t.build/Objects-normal/arm64/Commands-primary-emit-module.d -parse-as-library -o /Users/admin/builder/spi-builder-workspace/.derivedData/Build/Intermediates.noindex/swift-commands.build/Debug-xros/Commands-t.build/Objects-normal/arm64/Commands.swiftmodule -emit-abi-descriptor-path /Users/admin/builder/spi-builder-workspace/.derivedData/Build/Intermediates.noindex/swift-commands.build/Debug-xros/Commands-t.build/Objects-normal/arm64/Commands.abi.json
SwiftCompile normal arm64 (in target 'Commands' from project 'swift-commands')
cd /Users/admin/builder/spi-builder-workspace/.swiftpm/xcode
SwiftCompile normal arm64 Compiling\ CommandsDashcTransformer.swift /Users/admin/builder/spi-builder-workspace/Sources/Commands/CommandsDashcTransformer.swift (in target 'Commands' from project 'swift-commands')
SwiftCompile normal arm64 /Users/admin/builder/spi-builder-workspace/Sources/Commands/CommandsDashcTransformer.swift (in target 'Commands' from project 'swift-commands')
cd /Users/admin/builder/spi-builder-workspace/.swiftpm/xcode
builtin-SwiftPerFileCompile CommandsDashcTransformer.swift
SwiftCompile normal arm64 Compiling\ CommandsResult.swift /Users/admin/builder/spi-builder-workspace/Sources/Commands/CommandsResult.swift (in target 'Commands' from project 'swift-commands')
SwiftCompile normal arm64 /Users/admin/builder/spi-builder-workspace/Sources/Commands/CommandsResult.swift (in target 'Commands' from project 'swift-commands')
cd /Users/admin/builder/spi-builder-workspace/.swiftpm/xcode
builtin-SwiftPerFileCompile CommandsResult.swift
SwiftCompile normal arm64 Compiling\ CommandsTask.swift /Users/admin/builder/spi-builder-workspace/Sources/Commands/CommandsTask.swift (in target 'Commands' from project 'swift-commands')
/Users/admin/builder/spi-builder-workspace/Sources/Commands/CommandsTask.swift:106:55: error: cannot find type 'Process' in scope
104 |
105 | public extension Commands.Task {
106 | static func prepare(_ request: Commands.Request) -> Process {
| `- error: cannot find type 'Process' in scope
107 | let process = Process()
108 | if #available(macOS 10.13, *) {
/Users/admin/builder/spi-builder-workspace/Sources/Commands/CommandsTask.swift:126:30: error: cannot find type 'Process' in scope
124 | }
125 |
126 | static func run(_ process: Process) throws {
| `- error: cannot find type 'Process' in scope
127 | if #available(macOS 10.13, *) {
128 | try process.run()
/Users/admin/builder/spi-builder-workspace/Sources/Commands/CommandsTask.swift:90:7: warning: 'catch' block is unreachable because no errors are thrown in 'do' block
88 | errorPipe.fileHandleForReading.readabilityHandler = nil
89 | }
90 | } catch let error {
| `- warning: 'catch' block is unreachable because no errors are thrown in 'do' block
91 | print(error.localizedDescription)
92 | }
SwiftCompile normal arm64 /Users/admin/builder/spi-builder-workspace/Sources/Commands/CommandsTask.swift (in target 'Commands' from project 'swift-commands')
cd /Users/admin/builder/spi-builder-workspace/.swiftpm/xcode
builtin-SwiftPerFileCompile CommandsTask.swift
PruneExplicitPrecompiledModules /Users/admin/builder/spi-builder-workspace/.derivedData/Build/Intermediates.noindex/SwiftExplicitPrecompiledModules
PruneExplicitPrecompiledModules /Users/admin/builder/spi-builder-workspace/.derivedData/Build/Intermediates.noindex/ExplicitPrecompiledModules
PruneExplicitPrecompiledModules /Users/admin/builder/spi-builder-workspace/.derivedData/SDKExplicitPrecompiledModules
2026-09-21 10:18:51.925 xcodebuild[723:4584] [MT] IDERunDestination: Supported platforms for the buildables in the current scheme is empty.
** BUILD FAILED **
The following build commands failed:
SwiftEmitModule normal arm64 Emitting\ module\ for\ Commands (in target 'Commands' from project 'swift-commands')
SwiftCompile normal arm64 (in target 'Commands' from project 'swift-commands')
Building workspace swift-commands with scheme swift-commands-Package
(3 failures)
BUILD FAILURE 6.4 visionOS