The Swift Package Index logo.Swift Package Index

Build Information

Failed to build PureSQL, reference main (1f086b), with Swift 6.4 for Android on 22 Oct 2026 15:23:21 UTC.

Build Command

bash -c docker run --pull=always --rm -v "checkouts-53886770-0":/host -w "$PWD" -e JAVA_HOME="/root/.sdkman/candidates/java/current" -e SPI_BUILD="1" -e SPI_PROCESSING="1" registry.gitlab.com/saguaro1/spi-images:android-6.4-latest swift build --swift-sdk aarch64-unknown-linux-android28 2>&1

Build Log

========================================
RunAll
========================================
Builder version: 5.1.3
Interrupt handler set up.
========================================
Checkout
========================================
Clone URL: https://github.com/wickwirew/PureSQL.git
Reference: main
Initialized empty Git repository in /host/spi-builder-workspace/.git/
hint: Using 'master' as the name for the initial branch. This default branch name
hint: is subject to change. To configure the initial branch name to use in all
hint: of your new repositories, which will suppress this warning, call:
hint:
hint: 	git config --global init.defaultBranch <name>
hint:
hint: Names commonly chosen instead of 'master' are 'main', 'trunk' and
hint: 'development'. The just-created branch can be renamed via this command:
hint:
hint: 	git branch -m <name>
From https://github.com/wickwirew/PureSQL
 * branch            main       -> FETCH_HEAD
 * [new branch]      main       -> origin/main
HEAD is now at 1f086ba Fixed int binding
Cloned https://github.com/wickwirew/PureSQL.git
Revision (git rev-parse @):
1f086ba05494cda38b35e74c94b4f6acb47cef2f
SUCCESS checkout https://github.com/wickwirew/PureSQL.git at main
========================================
Build
========================================
Selected platform:         android
Swift version:             6.4
Building package at path:  $PWD
https://github.com/wickwirew/PureSQL.git
Running build ...
bash -c docker run --pull=always --rm -v "checkouts-53886770-0":/host -w "$PWD" -e JAVA_HOME="/root/.sdkman/candidates/java/current" -e SPI_BUILD="1" -e SPI_PROCESSING="1" registry.gitlab.com/saguaro1/spi-images:android-6.4-latest swift build --swift-sdk aarch64-unknown-linux-android28 2>&1
android-6.4-latest: Pulling from saguaro1/spi-images
Digest: sha256:d9a84d7647394b4473e054b8d8a8f0e0b43300080afc6972ec459a3a608366e4
Status: Image is up to date for registry.gitlab.com/saguaro1/spi-images:android-6.4-latest
Fetching https://github.com/swiftlang/swift-syntax
Fetching https://github.com/jpsim/Yams
Fetching https://github.com/apple/swift-collections
Fetching https://github.com/apple/swift-argument-parser
[1/11878] Fetching yams
[358/31050] Fetching yams, swift-argument-parser
[6187/60313] Fetching yams, swift-argument-parser, swift-collections
Fetched https://github.com/apple/swift-argument-parser (0.93s)
[28452/41141] Fetching yams, swift-collections
[41142/122113] Fetching yams, swift-collections, swift-syntax
Fetched https://github.com/apple/swift-collections (3.66s)
Fetched https://github.com/jpsim/Yams (3.67s)
Fetched https://github.com/swiftlang/swift-syntax (3.67s)
Computing version for https://github.com/jpsim/Yams
Computed https://github.com/jpsim/Yams at 6.2.2 (3.82s)
Computing version for https://github.com/swiftlang/swift-syntax
Computed https://github.com/swiftlang/swift-syntax at 603.0.2 (0.94s)
Computing version for https://github.com/apple/swift-argument-parser
Computed https://github.com/apple/swift-argument-parser at 1.8.2 (0.14s)
Computing version for https://github.com/apple/swift-collections
Computed https://github.com/apple/swift-collections at 1.7.3 (0.21s)
Creating working copy for https://github.com/swiftlang/swift-syntax
Working copy of https://github.com/swiftlang/swift-syntax resolved at 603.0.2
Creating working copy for https://github.com/apple/swift-argument-parser
Working copy of https://github.com/apple/swift-argument-parser resolved at 1.8.2
Creating working copy for https://github.com/apple/swift-collections
Working copy of https://github.com/apple/swift-collections resolved at 1.7.3
Creating working copy for https://github.com/jpsim/Yams
Working copy of https://github.com/jpsim/Yams resolved at 6.2.2
Downloading package prebuilt https://download.swift.org/prebuilts/swift-syntax/603.0.2/swift-6.4.0-RELEASE-ubuntu_noble_x86_64-MacroSupport.tar.gz
Downloaded https://download.swift.org/prebuilts/swift-syntax/603.0.2/swift-6.4.0-RELEASE-ubuntu_noble_x86_64-MacroSupport.tar.gz (0.17s)
warning: 'spi-builder-workspace': you may be able to install sqlite3 using your system-packager:
    apt-get install libsqlite3-dev
Building for debugging...
[Computing dependencies]
[Constructing description]
[Pre-planning 1 / 1677]
[Planning 1444 / 1677]
[Planning deferred tasks]
[Constructing 3371 / 3673]
[143 / 748] SwiftSyntax509
[338 / 783] Yams
[368 / 783] Yams
[368 / 783] SwiftSyntax602
[370 / 784] Yams
[376 / 784] Yams
[377 / 785] Yams-product
[380 / 786] Yams
[389 / 786] Yams-product
[390 / 787] Yams-product
[396 / 787] SwiftSyntax602
[403 / 789] SwiftSyntax603
[416 / 804] SwiftSyntax600
[444 / 810] SwiftSyntax509
[464 / 814] SwiftSyntax600
[478 / 819] SwiftSyntax600
[539 / 840] PureSQL_CompilerTests
[558 / 840] ArgumentParserToolInfo
[565 / 840] InternalCollectionsUtilities
[568 / 840] InternalCollectionsUtilities
[570 / 841] Yams
[573 / 841] InternalCollectionsUtilities
[587 / 841] InternalCollectionsUtilities
[591 / 841] InternalCollectionsUtilities
[598 / 842] InternalCollectionsUtilities
[607 / 847] SpanPreview
[619 / 889] SwiftSyntax
[627 / 917] OrderedCollections
[628 / 918] _RopeModule
[631 / 918] HeapModule
[635 / 918] _RopeModule
[641 / 918] _RopeModule
[642 / 918] OrderedCollections
[653 / 918] _RopeModule
[655 / 918] SwiftSyntax
[655 / 918] _RopeModule
[658 / 918] HashTreeCollections
[663 / 918] SwiftSyntax
[665 / 918] SwiftSyntax
[666 / 919] _RopeModule
[668 / 919] _RopeModule
[671 / 919] SwiftSyntax
[672 / 919] SwiftSyntax
[683 / 919] SwiftSyntax-product
[684 / 919] SwiftSyntax-product
[685 / 919] SwiftSyntax
[686 / 919] SwiftSyntax-product
[687 / 919] SwiftParser
[692 / 920] SpanPreview
[694 / 920] SpanPreview
[695 / 920] OrderedCollections-product
[699 / 920] OrderedCollections
[701 / 920] OrderedCollections
[703 / 921] OrderedCollections
[706 / 921] OrderedCollections
[708 / 921] OrderedCollections
[709 / 921] OrderedCollections
[711 / 921] SwiftSyntax
[717 / 921] HeapModule
[719 / 921] HeapModule
[722 / 922] OrderedCollections
[724 / 923] HeapModule
[728 / 923] HashTreeCollections
[729 / 923] HashTreeCollections
[730 / 923] HashTreeCollections
[731 / 923] HashTreeCollections
[732 / 923] DequeModule
[735 / 924]
[738 / 933] SwiftParser
[739 / 933] SwiftParser
[740 / 934] SwiftParser
[741 / 934] SwiftParser
[743 / 934] SwiftParser
[748 / 934] SwiftParser
[750 / 934] HashTreeCollections
[753 / 936] BitCollections
[756 / 954] BitCollections
[759 / 954] BitCollections
[760 / 954] BitCollections
[760 / 954] SwiftParser
[767 / 955] BitCollections
[772 / 955] BitCollections
[775 / 955] SwiftSyntax
[779 / 957] BitCollections
[780 / 957] ArgumentParser
[788 / 957] BitCollections
[789 / 957] SwiftSyntax
[789 / 957] ArgumentParser-product
[795 / 987] SwiftDiagnostics
[797 / 995] SwiftBasicFormat
[805 / 995] SwiftDiagnostics
[810 / 995] SwiftDiagnostics
[811 / 995] SwiftBasicFormat
[812 / 995] ArgumentParser
[819 / 996] SwiftParser
[821 / 996] SwiftParser
[827 / 996] SwiftParser
[828 / 996] SwiftDiagnostics
[832 / 996] SwiftDiagnostics
[835 / 996] SwiftDiagnostics
[839 / 997] SwiftDiagnostics
[843 / 997] SwiftDiagnostics
[846 / 997] SwiftBasicFormat
[848 / 997] SwiftBasicFormat
[849 / 998] SwiftParserDiagnostics
[859 / 1016] Yams
[864 / 1017] SwiftParser
[874 / 1018] SwiftBasicFormat
[879 / 1018] DequeModule
[882 / 1019] SwiftBasicFormat
[884 / 1019] Yams
[889 / 1039] SwiftParserDiagnostics
[891 / 1039] SwiftParserDiagnostics
[894 / 1039] DequeModule
[896 / 1039] SwiftParserDiagnostics
[906 / 1039] SwiftParserDiagnostics
[908 / 1039] SwiftOperators
[908 / 1039] SwiftParserDiagnostics
[910 / 1039] SwiftOperators
[914 / 1040]
[924 / 1050] _RopeModule
[928 / 1050] DequeModule
[935 / 1051] SwiftParserDiagnostics
[936 / 1051] SwiftParserDiagnostics
[939 / 1053] SwiftParser
[949 / 1053] SwiftSyntaxBuilder
[958 / 1063] SwiftSyntaxBuilder
[961 / 1063] SwiftSyntaxBuilder
[963 / 1063] SwiftParserDiagnostics
[968 / 1073] SwiftSyntaxBuilder
[975 / 1073] SwiftSyntaxBuilder-product
[976 / 1073] SwiftSyntaxBuilder-product
[984 / 1074] SwiftSyntaxBuilder
[984 / 1074] SwiftSyntax
[996 / 1081] SwiftParserDiagnostics
[1005 / 1109] Compiler
[1007 / 1110] Collections
[1024 / 1110] SwiftBasicFormat
[1029 / 1110] Compiler
[1030 / 1111] SwiftIfConfig
/host/spi-builder-workspace/Sources/Compiler/DiagnosticReporter.swift:110:1: warning: extension declares a conformance of imported type 'FileHandle' to imported protocol 'TextOutputStream'; this will not behave correctly if the owners of 'Foundation' introduce this conformance in the future
108 | }
109 |
110 | extension FileHandle: TextOutputStream {
    | |- warning: extension declares a conformance of imported type 'FileHandle' to imported protocol 'TextOutputStream'; this will not behave correctly if the owners of 'Foundation' introduce this conformance in the future
    | `- note: add '@retroactive' to silence this warning
111 |     public func write(_ string: String) {
112 |         let data = Data(string.utf8)
[1039 / 1111] Compiler
[1040 / 1111] Compiler
/host/spi-builder-workspace/Sources/Compiler/Utils/FileSystem.swift:96:9: warning: result of call to 'createFile(atPath:contents:attributes:)' is unused [#]8;;https://docs.swift.org/compiler/documentation/diagnostics/no-usage\NoUsage]8;;\]
 94 |
 95 |     func write(_ data: Data, to path: String) {
 96 |         createFile(atPath: path, contents: data)
    |         `- warning: result of call to 'createFile(atPath:contents:attributes:)' is unused [#]8;;https://docs.swift.org/compiler/documentation/diagnostics/no-usage\NoUsage]8;;\]
 97 |     }
 98 |
[#NoUsage]: <https://docs.swift.org/compiler/documentation/diagnostics/no-usage>
[1041 / 1111] Compiler
/host/spi-builder-workspace/Sources/Compiler/DiagnosticReporter.swift:110:1: warning: extension declares a conformance of imported type 'FileHandle' to imported protocol 'TextOutputStream'; this will not behave correctly if the owners of 'Foundation' introduce this conformance in the future
108 | }
109 |
110 | extension FileHandle: TextOutputStream {
    | |- warning: extension declares a conformance of imported type 'FileHandle' to imported protocol 'TextOutputStream'; this will not behave correctly if the owners of 'Foundation' introduce this conformance in the future
    | `- note: add '@retroactive' to silence this warning
111 |     public func write(_ string: String) {
112 |         let data = Data(string.utf8)
[1049 / 1111] Compiler
[1050 / 1111] Compiler
[1051 / 1111] Collections
/host/spi-builder-workspace/Sources/Compiler/Utils/FileSystem.swift:96:9: warning: result of call to 'createFile(atPath:contents:attributes:)' is unused [#]8;;https://docs.swift.org/compiler/documentation/diagnostics/no-usage\NoUsage]8;;\]
 94 |
 95 |     func write(_ data: Data, to path: String) {
 96 |         createFile(atPath: path, contents: data)
    |         `- warning: result of call to 'createFile(atPath:contents:attributes:)' is unused [#]8;;https://docs.swift.org/compiler/documentation/diagnostics/no-usage\NoUsage]8;;\]
 97 |     }
 98 |
[#NoUsage]: <https://docs.swift.org/compiler/documentation/diagnostics/no-usage>
[1057 / 1128] PureSQLCLI-product
[1059 / 1128] SwiftSyntaxMacros
[1067 / 1128] SwiftSyntaxMacros
[1071 / 1128] SwiftSyntaxMacros-product
[1073 / 1128] SwiftSyntaxMacros
/host/spi-builder-workspace/Sources/Compiler/DiagnosticReporter.swift:110:1: warning: extension declares a conformance of imported type 'FileHandle' to imported protocol 'TextOutputStream'; this will not behave correctly if the owners of 'Foundation' introduce this conformance in the future
108 | }
109 |
110 | extension FileHandle: TextOutputStream {
    | |- warning: extension declares a conformance of imported type 'FileHandle' to imported protocol 'TextOutputStream'; this will not behave correctly if the owners of 'Foundation' introduce this conformance in the future
    | `- note: add '@retroactive' to silence this warning
111 |     public func write(_ string: String) {
112 |         let data = Data(string.utf8)
[1078 / 1129] SwiftSyntaxMacros
[1082 / 1139] PureSQLCLI-product
[1085 / 1139] SwiftSyntaxMacroExpansion
/host/spi-builder-workspace/Sources/PureSQLCLI/GenerateCommand.swift:79:26: warning: conformance of 'Lang' to protocol 'Language' may be isolated and cannot be passed to actor-isolated context [#]8;;https://docs.swift.org/compiler/documentation/diagnostics/isolated-conformances\IsolatedConformances]8;;\]
77 |         )
78 |
79 |         try await driver.generate(
   |                          `- warning: conformance of 'Lang' to protocol 'Language' may be isolated and cannot be passed to actor-isolated context [#]8;;https://docs.swift.org/compiler/documentation/diagnostics/isolated-conformances\IsolatedConformances]8;;\]
80 |             language: Lang.self,
81 |             to: dump ? nil : project.generatedOutputFile.path,
/host/spi-builder-workspace/Sources/PureSQLCLI/GenerateCommand.swift:79:26: warning: sending value of non-Sendable type 'Lang.Type' risks causing data races [#]8;;https://docs.swift.org/compiler/documentation/diagnostics/region-isolation\RegionIsolation]8;;\::]8;;https://docs.swift.org/compiler/documentation/diagnostics/sending-risks-data-race\SendingRisksDataRace]8;;\]
77 |         )
78 |
79 |         try await driver.generate(
   |                          |- warning: sending value of non-Sendable type 'Lang.Type' risks causing data races [#]8;;https://docs.swift.org/compiler/documentation/diagnostics/region-isolation\RegionIsolation]8;;\::]8;;https://docs.swift.org/compiler/documentation/diagnostics/sending-risks-data-race\SendingRisksDataRace]8;;\]
   |                          `- note: sending value of non-Sendable type 'Lang.Type' to actor-isolated instance method 'generate(language:to:options:)' risks causing races in between code in the current isolation context and actor-isolated uses
80 |             language: Lang.self,
81 |             to: dump ? nil : project.generatedOutputFile.path,
[#IsolatedConformances]: <https://docs.swift.org/compiler/documentation/diagnostics/isolated-conformances>
[#RegionIsolation]: <https://docs.swift.org/compiler/documentation/diagnostics/region-isolation>
[#SendingRisksDataRace]: <https://docs.swift.org/compiler/documentation/diagnostics/sending-risks-data-race>
[1087 / 1140] SwiftSyntaxMacroExpansion
[1094 / 1140] SwiftSyntaxMacroExpansion
[1097 / 1140] PureSQLCLI-product
[1100 / 1140] SwiftSyntaxMacroExpansion
/host/spi-builder-workspace/Sources/Compiler/DiagnosticReporter.swift:110:1: warning: extension declares a conformance of imported type 'FileHandle' to imported protocol 'TextOutputStream'; this will not behave correctly if the owners of 'Foundation' introduce this conformance in the future
108 | }
109 |
110 | extension FileHandle: TextOutputStream {
    | |- warning: extension declares a conformance of imported type 'FileHandle' to imported protocol 'TextOutputStream'; this will not behave correctly if the owners of 'Foundation' introduce this conformance in the future
    | `- note: add '@retroactive' to silence this warning
111 |     public func write(_ string: String) {
112 |         let data = Data(string.utf8)
[1108 / 1150] SwiftCompilerPluginMessageHandling
[1109 / 1150] SwiftCompilerPluginMessageHandling
[1110 / 1150] SwiftCompilerPluginMessageHandling
[1112 / 1151] SwiftSyntaxMacroExpansion
[1115 / 1151] SwiftCompilerPluginMessageHandling
[1128 / 1154] SwiftCompilerPluginMessageHandling
[1130 / 1155] SwiftCompilerPlugin
[1130 / 1155] SwiftCompilerPluginMessageHandling
[1134 / 1156] Compiler
[1142 / 1158] PureSQLMacros
[1149 / 1165] PureSQLMacros
[1154 / 1166] Compiler
[1157 / 1167] Compiler
[1159 / 1167] PureSQLMacros
error: SwiftCompile normal aarch64 /host/spi-builder-workspace/Sources/PureSQL/Queries/Just.swift failed with a nonzero exit code. Command line:     cd /host
    builtin-SwiftPerFileCompile Just.swift
error: SwiftCompile normal aarch64 /host/spi-builder-workspace/Sources/PureSQL/Queries/Map.swift failed with a nonzero exit code. Command line:     cd /host
    builtin-SwiftPerFileCompile Map.swift
error: SwiftCompile normal aarch64 /host/spi-builder-workspace/Sources/PureSQL/Queries/MapInput.swift failed with a nonzero exit code. Command line:     cd /host
    builtin-SwiftPerFileCompile MapInput.swift
error: SwiftCompile normal aarch64 /host/spi-builder-workspace/Sources/PureSQL/Queries/Queries.swift failed with a nonzero exit code. Command line:     cd /host
    builtin-SwiftPerFileCompile Queries.swift
/host/spi-builder-workspace/Sources/PureSQL/Cursor.swift:11:8: error: no such module 'CSQLite'
 9 | import SQLite3
10 | #else
11 | import CSQLite
   |        `- error: no such module 'CSQLite'
12 | #endif
13 |
Failed frontend command:
/root/.local/share/swiftly/toolchains/6.4.0/usr/bin/swift-frontend -frontend -c /host/spi-builder-workspace/Sources/PureSQL/Connection.swift /host/spi-builder-workspace/Sources/PureSQL/ConnectionPool.swift /host/spi-builder-workspace/Sources/PureSQL/Cursor.swift /host/spi-builder-workspace/Sources/PureSQL/Database.swift /host/spi-builder-workspace/Sources/PureSQL/DatabaseConfig.swift /host/spi-builder-workspace/Sources/PureSQL/DatabaseObserver.swift /host/spi-builder-workspace/Sources/PureSQL/DatabasePrimitive.swift /host/spi-builder-workspace/Sources/PureSQL/DatabaseValueAdapter.swift /host/spi-builder-workspace/Sources/PureSQL/Macros.swift /host/spi-builder-workspace/Sources/PureSQL/Migration.swift /host/spi-builder-workspace/Sources/PureSQL/Queries/AnyQuery.swift /host/spi-builder-workspace/Sources/PureSQL/Queries/Bulk.swift /host/spi-builder-workspace/Sources/PureSQL/Queries/DatabaseQuery.swift /host/spi-builder-workspace/Sources/PureSQL/Queries/Fail.swift -primary-file /host/spi-builder-workspace/Sources/PureSQL/Queries/Just.swift -primary-file /host/spi-builder-workspace/Sources/PureSQL/Queries/Map.swift -primary-file /host/spi-builder-workspace/Sources/PureSQL/Queries/MapInput.swift -primary-file /host/spi-builder-workspace/Sources/PureSQL/Queries/Queries.swift /host/spi-builder-workspace/Sources/PureSQL/Queries/Test.swift /host/spi-builder-workspace/Sources/PureSQL/Query+Combine.swift /host/spi-builder-workspace/Sources/PureSQL/Query.swift /host/spi-builder-workspace/Sources/PureSQL/QueryObservation.swift /host/spi-builder-workspace/Sources/PureSQL/Row.swift /host/spi-builder-workspace/Sources/PureSQL/RowDecodable.swift /host/spi-builder-workspace/Sources/PureSQL/SQL.swift /host/spi-builder-workspace/Sources/PureSQL/SQLAny.swift /host/spi-builder-workspace/Sources/PureSQL/SQLError.swift /host/spi-builder-workspace/Sources/PureSQL/SQLiteCode.swift /host/spi-builder-workspace/Sources/PureSQL/SQLiteConnection.swift /host/spi-builder-workspace/Sources/PureSQL/Statement.swift /host/spi-builder-workspace/Sources/PureSQL/Transaction.swift /host/spi-builder-workspace/Sources/PureSQL/Utils/Collection+Extensions.swift /host/spi-builder-workspace/Sources/PureSQL/Utils/Lock.swift /host/spi-builder-workspace/Sources/PureSQL/Utils/Queue.swift -supplementary-output-file-map /host/spi-builder-workspace/.build/out/Intermediates.noindex/PureSQL.build/Debug-android-aarch64/PureSQL-t.build/Objects-normal/aarch64/supplementaryOutputs-136 -target aarch64-unknown-linux-android28 -Xllvm -aarch64-use-tbi -disable-objc-interop -sdk /android-ndk/android-ndk-r30/toolchains/llvm/prebuilt/linux-x86_64/sysroot -sysroot /android-ndk/android-ndk-r30/toolchains/llvm/prebuilt/linux-x86_64/sysroot -I /host/spi-builder-workspace/.build/out/Products/Debug-android-aarch64 -module-cache-path /host/spi-builder-workspace/.build/out/ModuleCache.noindex -color-diagnostics -Xcc -fcolor-diagnostics -enable-testing -g -debug-info-format\=dwarf -dwarf-version\=4 -swift-version 6 -Onone -D SWIFT_PACKAGE -D DEBUG -D SWIFT_MODULE_RESOURCE_BUNDLE_UNAVAILABLE -D Xcode -serialize-debugging-options -load-plugin-executable /host/spi-builder-workspace/.build/out/Products/Debug-linux-x86_64/PureSQLMacros\#PureSQLMacros -enable-experimental-feature DebugDescriptionMacro -empty-abi-descriptor -external-plugin-path /root/.local/share/swiftly/toolchains/6.4.0/usr/lib/swift/host/plugins/testing\#/root/.local/share/swiftly/toolchains/6.4.0/usr/bin/swift-plugin-server -validate-clang-modules-once -clang-build-session-file /host/spi-builder-workspace/.build/out/ModuleCache.noindex/Session.modulevalidation -Xcc -working-directory -Xcc /host -resource-dir /root/.swiftpm/swift-sdks/swift-6.4.0-RELEASE_android.artifactbundle/swift-android/swift-resources/usr/lib/swift-aarch64 -enable-anonymous-context-mangled-names -file-compilation-dir /host -Xcc -resource-dir -Xcc /android-ndk/android-ndk-r30/toolchains/llvm/prebuilt/linux-x86_64/lib/clang/21 -Xcc -fno-omit-frame-pointer -Xcc -D_LIBCPP_HARDENING_MODE\=_LIBCPP_HARDENING_MODE_DEBUG -Xcc -fmodules-prune-interval\=86400 -Xcc -fmodules-prune-after\=345600 -Xcc -I/host/spi-builder-workspace/.build/out/Products/Debug-android-aarch64/include -Xcc -I/host/spi-builder-workspace/.build/out/Intermediates.noindex/PureSQL.build/Debug-android-aarch64/PureSQL-t.build/DerivedSources-normal/aarch64 -Xcc -I/host/spi-builder-workspace/.build/out/Intermediates.noindex/PureSQL.build/Debug-android-aarch64/PureSQL-t.build/DerivedSources/aarch64 -Xcc -I/host/spi-builder-workspace/.build/out/Intermediates.noindex/PureSQL.build/Debug-android-aarch64/PureSQL-t.build/DerivedSources -Xcc -DSWIFT_PACKAGE -Xcc -DDEBUG\=1 -no-auto-bridging-header-chaining -module-name PureSQL -package-name spi_builder_workspace -const-gather-protocols-file /host/spi-builder-workspace/.build/out/Intermediates.noindex/PureSQL.build/Debug-android-aarch64/PureSQL-t.build/Objects-normal/aarch64/PureSQL_const_extract_protocols.json -in-process-plugin-server-path /root/.local/share/swiftly/toolchains/6.4.0/usr/lib/swift/host/libSwiftInProcPluginServer.so -plugin-path /root/.local/share/swiftly/toolchains/6.4.0/usr/lib/swift/host/plugins -plugin-path /root/.local/share/swiftly/toolchains/6.4.0/usr/local/lib/swift/host/plugins -parse-as-library -o /host/spi-builder-workspace/.build/out/Intermediates.noindex/PureSQL.build/Debug-android-aarch64/PureSQL-t.build/Objects-normal/aarch64/Just.o -o /host/spi-builder-workspace/.build/out/Intermediates.noindex/PureSQL.build/Debug-android-aarch64/PureSQL-t.build/Objects-normal/aarch64/Map.o -o /host/spi-builder-workspace/.build/out/Intermediates.noindex/PureSQL.build/Debug-android-aarch64/PureSQL-t.build/Objects-normal/aarch64/MapInput.o -o /host/spi-builder-workspace/.build/out/Intermediates.noindex/PureSQL.build/Debug-android-aarch64/PureSQL-t.build/Objects-normal/aarch64/Queries.o -index-unit-output-path /PureSQL.build/Debug-android-aarch64/PureSQL-t.build/Objects-normal/aarch64/Just.o -index-unit-output-path /PureSQL.build/Debug-android-aarch64/PureSQL-t.build/Objects-normal/aarch64/Map.o -index-unit-output-path /PureSQL.build/Debug-android-aarch64/PureSQL-t.build/Objects-normal/aarch64/MapInput.o -index-unit-output-path /PureSQL.build/Debug-android-aarch64/PureSQL-t.build/Objects-normal/aarch64/Queries.o -index-store-path /host/spi-builder-workspace/.build/out -index-system-modules
[1169 / 1177] PureSQL
error: SwiftCompile normal aarch64 /host/spi-builder-workspace/Sources/PureSQL/Queries/AnyQuery.swift failed with a nonzero exit code. Command line:     cd /host
    builtin-SwiftPerFileCompile AnyQuery.swift
error: SwiftCompile normal aarch64 /host/spi-builder-workspace/Sources/PureSQL/Queries/Bulk.swift failed with a nonzero exit code. Command line:     cd /host
    builtin-SwiftPerFileCompile Bulk.swift
error: SwiftCompile normal aarch64 /host/spi-builder-workspace/Sources/PureSQL/Queries/DatabaseQuery.swift failed with a nonzero exit code. Command line:     cd /host
    builtin-SwiftPerFileCompile DatabaseQuery.swift
error: SwiftCompile normal aarch64 /host/spi-builder-workspace/Sources/PureSQL/Queries/Fail.swift failed with a nonzero exit code. Command line:     cd /host
    builtin-SwiftPerFileCompile Fail.swift
/host/spi-builder-workspace/Sources/PureSQL/Cursor.swift:11:8: error: no such module 'CSQLite'
 9 | import SQLite3
10 | #else
11 | import CSQLite
   |        `- error: no such module 'CSQLite'
12 | #endif
13 |
Failed frontend command:
/root/.local/share/swiftly/toolchains/6.4.0/usr/bin/swift-frontend -frontend -c /host/spi-builder-workspace/Sources/PureSQL/Connection.swift /host/spi-builder-workspace/Sources/PureSQL/ConnectionPool.swift /host/spi-builder-workspace/Sources/PureSQL/Cursor.swift /host/spi-builder-workspace/Sources/PureSQL/Database.swift /host/spi-builder-workspace/Sources/PureSQL/DatabaseConfig.swift /host/spi-builder-workspace/Sources/PureSQL/DatabaseObserver.swift /host/spi-builder-workspace/Sources/PureSQL/DatabasePrimitive.swift /host/spi-builder-workspace/Sources/PureSQL/DatabaseValueAdapter.swift /host/spi-builder-workspace/Sources/PureSQL/Macros.swift /host/spi-builder-workspace/Sources/PureSQL/Migration.swift -primary-file /host/spi-builder-workspace/Sources/PureSQL/Queries/AnyQuery.swift -primary-file /host/spi-builder-workspace/Sources/PureSQL/Queries/Bulk.swift -primary-file /host/spi-builder-workspace/Sources/PureSQL/Queries/DatabaseQuery.swift -primary-file /host/spi-builder-workspace/Sources/PureSQL/Queries/Fail.swift /host/spi-builder-workspace/Sources/PureSQL/Queries/Just.swift /host/spi-builder-workspace/Sources/PureSQL/Queries/Map.swift /host/spi-builder-workspace/Sources/PureSQL/Queries/MapInput.swift /host/spi-builder-workspace/Sources/PureSQL/Queries/Queries.swift /host/spi-builder-workspace/Sources/PureSQL/Queries/Test.swift /host/spi-builder-workspace/Sources/PureSQL/Query+Combine.swift /host/spi-builder-workspace/Sources/PureSQL/Query.swift /host/spi-builder-workspace/Sources/PureSQL/QueryObservation.swift /host/spi-builder-workspace/Sources/PureSQL/Row.swift /host/spi-builder-workspace/Sources/PureSQL/RowDecodable.swift /host/spi-builder-workspace/Sources/PureSQL/SQL.swift /host/spi-builder-workspace/Sources/PureSQL/SQLAny.swift /host/spi-builder-workspace/Sources/PureSQL/SQLError.swift /host/spi-builder-workspace/Sources/PureSQL/SQLiteCode.swift /host/spi-builder-workspace/Sources/PureSQL/SQLiteConnection.swift /host/spi-builder-workspace/Sources/PureSQL/Statement.swift /host/spi-builder-workspace/Sources/PureSQL/Transaction.swift /host/spi-builder-workspace/Sources/PureSQL/Utils/Collection+Extensions.swift /host/spi-builder-workspace/Sources/PureSQL/Utils/Lock.swift /host/spi-builder-workspace/Sources/PureSQL/Utils/Queue.swift -supplementary-output-file-map /host/spi-builder-workspace/.build/out/Intermediates.noindex/PureSQL.build/Debug-android-aarch64/PureSQL-t.build/Objects-normal/aarch64/supplementaryOutputs-135 -target aarch64-unknown-linux-android28 -Xllvm -aarch64-use-tbi -disable-objc-interop -sdk /android-ndk/android-ndk-r30/toolchains/llvm/prebuilt/linux-x86_64/sysroot -sysroot /android-ndk/android-ndk-r30/toolchains/llvm/prebuilt/linux-x86_64/sysroot -I /host/spi-builder-workspace/.build/out/Products/Debug-android-aarch64 -module-cache-path /host/spi-builder-workspace/.build/out/ModuleCache.noindex -color-diagnostics -Xcc -fcolor-diagnostics -enable-testing -g -debug-info-format\=dwarf -dwarf-version\=4 -swift-version 6 -Onone -D SWIFT_PACKAGE -D DEBUG -D SWIFT_MODULE_RESOURCE_BUNDLE_UNAVAILABLE -D Xcode -serialize-debugging-options -load-plugin-executable /host/spi-builder-workspace/.build/out/Products/Debug-linux-x86_64/PureSQLMacros\#PureSQLMacros -enable-experimental-feature DebugDescriptionMacro -empty-abi-descriptor -external-plugin-path /root/.local/share/swiftly/toolchains/6.4.0/usr/lib/swift/host/plugins/testing\#/root/.local/share/swiftly/toolchains/6.4.0/usr/bin/swift-plugin-server -validate-clang-modules-once -clang-build-session-file /host/spi-builder-workspace/.build/out/ModuleCache.noindex/Session.modulevalidation -Xcc -working-directory -Xcc /host -resource-dir /root/.swiftpm/swift-sdks/swift-6.4.0-RELEASE_android.artifactbundle/swift-android/swift-resources/usr/lib/swift-aarch64 -enable-anonymous-context-mangled-names -file-compilation-dir /host -Xcc -resource-dir -Xcc /android-ndk/android-ndk-r30/toolchains/llvm/prebuilt/linux-x86_64/lib/clang/21 -Xcc -fno-omit-frame-pointer -Xcc -D_LIBCPP_HARDENING_MODE\=_LIBCPP_HARDENING_MODE_DEBUG -Xcc -fmodules-prune-interval\=86400 -Xcc -fmodules-prune-after\=345600 -Xcc -I/host/spi-builder-workspace/.build/out/Products/Debug-android-aarch64/include -Xcc -I/host/spi-builder-workspace/.build/out/Intermediates.noindex/PureSQL.build/Debug-android-aarch64/PureSQL-t.build/DerivedSources-normal/aarch64 -Xcc -I/host/spi-builder-workspace/.build/out/Intermediates.noindex/PureSQL.build/Debug-android-aarch64/PureSQL-t.build/DerivedSources/aarch64 -Xcc -I/host/spi-builder-workspace/.build/out/Intermediates.noindex/PureSQL.build/Debug-android-aarch64/PureSQL-t.build/DerivedSources -Xcc -DSWIFT_PACKAGE -Xcc -DDEBUG\=1 -no-auto-bridging-header-chaining -module-name PureSQL -package-name spi_builder_workspace -const-gather-protocols-file /host/spi-builder-workspace/.build/out/Intermediates.noindex/PureSQL.build/Debug-android-aarch64/PureSQL-t.build/Objects-normal/aarch64/PureSQL_const_extract_protocols.json -in-process-plugin-server-path /root/.local/share/swiftly/toolchains/6.4.0/usr/lib/swift/host/libSwiftInProcPluginServer.so -plugin-path /root/.local/share/swiftly/toolchains/6.4.0/usr/lib/swift/host/plugins -plugin-path /root/.local/share/swiftly/toolchains/6.4.0/usr/local/lib/swift/host/plugins -parse-as-library -o /host/spi-builder-workspace/.build/out/Intermediates.noindex/PureSQL.build/Debug-android-aarch64/PureSQL-t.build/Objects-normal/aarch64/AnyQuery.o -o /host/spi-builder-workspace/.build/out/Intermediates.noindex/PureSQL.build/Debug-android-aarch64/PureSQL-t.build/Objects-normal/aarch64/Bulk.o -o /host/spi-builder-workspace/.build/out/Intermediates.noindex/PureSQL.build/Debug-android-aarch64/PureSQL-t.build/Objects-normal/aarch64/DatabaseQuery.o -o /host/spi-builder-workspace/.build/out/Intermediates.noindex/PureSQL.build/Debug-android-aarch64/PureSQL-t.build/Objects-normal/aarch64/Fail.o -index-unit-output-path /PureSQL.build/Debug-android-aarch64/PureSQL-t.build/Objects-normal/aarch64/AnyQuery.o -index-unit-output-path /PureSQL.build/Debug-android-aarch64/PureSQL-t.build/Objects-normal/aarch64/Bulk.o -index-unit-output-path /PureSQL.build/Debug-android-aarch64/PureSQL-t.build/Objects-normal/aarch64/DatabaseQuery.o -index-unit-output-path /PureSQL.build/Debug-android-aarch64/PureSQL-t.build/Objects-normal/aarch64/Fail.o -index-store-path /host/spi-builder-workspace/.build/out -index-system-modules
error: Build failed
BUILD FAILURE 6.4 android