Build Information
Failed to build FileSystem, reference 0.19.3 (e97ef7), with Swift 6.1 for Wasm on 28 Sep 2026 18:50:03 UTC.
Build Command
bash -c docker run --pull=always --rm -v "checkouts-54344844-0":/host -w "$PWD" -e JAVA_HOME="/root/.sdkman/candidates/java/current" -e SPI_BUILD="1" -e SPI_PROCESSING="1" registry.gitlab.com/saguaro1/spi-images:wasm-6.1-latest swift build --swift-sdk wasm32-unknown-wasi 2>&1Build Log
========================================
RunAll
========================================
Builder version: 5.1.0
Interrupt handler set up.
========================================
Checkout
========================================
Clone URL: https://github.com/tuist/FileSystem.git
Reference: 0.19.3
Initialized empty Git repository in /host/spi-builder-workspace/.git/
hint: Using 'master' as the name for the initial branch. This default branch name
hint: is subject to change. To configure the initial branch name to use in all
hint: of your new repositories, which will suppress this warning, call:
hint:
hint: git config --global init.defaultBranch <name>
hint:
hint: Names commonly chosen instead of 'master' are 'main', 'trunk' and
hint: 'development'. The just-created branch can be renamed via this command:
hint:
hint: git branch -m <name>
From https://github.com/tuist/FileSystem
* tag 0.19.3 -> FETCH_HEAD
HEAD is now at e97ef7d [Release] FileSystem 0.19.3
Cloned https://github.com/tuist/FileSystem.git
Revision (git rev-parse @):
e97ef7d46f25d39a60dfc5a82adf3932aa02df67
SUCCESS checkout https://github.com/tuist/FileSystem.git at 0.19.3
========================================
Build
========================================
Selected platform: wasm
Swift version: 6.1
Building package at path: $PWD
https://github.com/tuist/FileSystem.git
https://github.com/tuist/FileSystem.git
WARNING: environment variable SUPPRESS_SWIFT_6_FLAGS is not set
Running build ...
bash -c docker run --pull=always --rm -v "checkouts-54344844-0":/host -w "$PWD" -e JAVA_HOME="/root/.sdkman/candidates/java/current" -e SPI_BUILD="1" -e SPI_PROCESSING="1" registry.gitlab.com/saguaro1/spi-images:wasm-6.1-latest swift build --swift-sdk wasm32-unknown-wasi -Xswiftc -Xfrontend -Xswiftc -stats-output-dir -Xswiftc -Xfrontend -Xswiftc .stats -Xswiftc -strict-concurrency=complete -Xswiftc -enable-upcoming-feature -Xswiftc StrictConcurrency -Xswiftc -enable-upcoming-feature -Xswiftc DisableOutwardActorInference -Xswiftc -enable-upcoming-feature -Xswiftc GlobalActorIsolatedTypesUsability -Xswiftc -enable-upcoming-feature -Xswiftc InferSendableFromCaptures 2>&1
wasm-6.1-latest: Pulling from saguaro1/spi-images
Digest: sha256:beceeede496da67681f4fa220a6b97cc098a0178841a413735f598dc6bbaf4c8
Status: Image is up to date for registry.gitlab.com/saguaro1/spi-images:wasm-6.1-latest
Fetching https://github.com/tuist/ZIPFoundation
Fetching https://github.com/tuist/Path
Fetching https://github.com/apple/swift-log
[1/412] Fetching path
[310/8577] Fetching path, swift-log
[332/14130] Fetching path, swift-log, zipfoundation
Fetched https://github.com/apple/swift-log from cache (0.60s)
Fetched https://github.com/tuist/Path from cache (0.64s)
Fetched https://github.com/tuist/ZIPFoundation from cache (0.65s)
Computing version for https://github.com/tuist/Path
Computed https://github.com/tuist/Path at 0.3.8 (1.59s)
Computing version for https://github.com/tuist/ZIPFoundation
Computed https://github.com/tuist/ZIPFoundation at 0.9.22 (0.23s)
Computing version for https://github.com/apple/swift-log
Computed https://github.com/apple/swift-log at 1.15.1 (0.25s)
Creating working copy for https://github.com/tuist/Path
Working copy of https://github.com/tuist/Path resolved at 0.3.8
Creating working copy for https://github.com/apple/swift-log
Working copy of https://github.com/apple/swift-log resolved at 1.15.1
Creating working copy for https://github.com/tuist/ZIPFoundation
Working copy of https://github.com/tuist/ZIPFoundation resolved at 0.9.22
Building for debugging...
[0/44] Write sources
[0/44] Copying PrivacyInfo.xcprivacy
[0/44] Write sources
[18/44] Compiling CFileSystemShims CFileSystemShims.c
[19/44] Compiling VendoredCSystem shims.c
[20/44] Write swift-version-24593BA9C3E375BF.txt
[22/192] Emitting module Algebra
[23/192] Compiling Logging Logger+With.swift
unable to find node: pound
unable to find node: pound
<unknown>:0: warning: upcoming feature 'InferSendableFromCaptures' is already enabled as of Swift version 6
<unknown>:0: warning: upcoming feature 'GlobalActorIsolatedTypesUsability' is already enabled as of Swift version 6
<unknown>:0: warning: upcoming feature 'DisableOutwardActorInference' is already enabled as of Swift version 6
[24/193] Compiling Logging Logger+Attributes.swift
<unknown>:0: warning: upcoming feature 'InferSendableFromCaptures' is already enabled as of Swift version 6
<unknown>:0: warning: upcoming feature 'GlobalActorIsolatedTypesUsability' is already enabled as of Swift version 6
<unknown>:0: warning: upcoming feature 'DisableOutwardActorInference' is already enabled as of Swift version 6
[25/193] Emitting module Path
[26/193] Compiling Glob Unicode.GeneralCategory+Helpers.swift
[27/193] Compiling StandardLibraryExtensions Bool.swift
<unknown>:0: warning: upcoming feature 'InferSendableFromCaptures' is already enabled as of Swift version 6
<unknown>:0: warning: upcoming feature 'GlobalActorIsolatedTypesUsability' is already enabled as of Swift version 6
<unknown>:0: warning: upcoming feature 'DisableOutwardActorInference' is already enabled as of Swift version 6
[28/193] Compiling StandardLibraryExtensions Character.swift
<unknown>:0: warning: upcoming feature 'InferSendableFromCaptures' is already enabled as of Swift version 6
<unknown>:0: warning: upcoming feature 'GlobalActorIsolatedTypesUsability' is already enabled as of Swift version 6
<unknown>:0: warning: upcoming feature 'DisableOutwardActorInference' is already enabled as of Swift version 6
[29/193] Compiling Path Path.swift
error: emit-module command failed with exit code 1 (use -v to see invocation)
[30/194] Emitting module ZIPFoundation
/host/spi-builder-workspace/.build/checkouts/ZIPFoundation/Sources/ZIPFoundation/Data+Compression.swift:166:8: error: no such module 'CZlib'
164 |
165 | #else
166 | import CZlib
| `- error: no such module 'CZlib'
167 |
168 | extension Data {
/root/.swiftpm/swift-sdks/swift-wasm-6.1-RELEASE-wasm32-unknown-wasi.artifactbundle/6.1-RELEASE-wasm32-unknown-wasi/wasm32-unknown-wasi/swift.xctoolchain/usr/lib/swift_static/CoreFoundation/CoreFoundation.h:28:10: note: while building module 'wasi_emulated_signal' imported from /root/.swiftpm/swift-sdks/swift-wasm-6.1-RELEASE-wasm32-unknown-wasi.artifactbundle/6.1-RELEASE-wasm32-unknown-wasi/wasm32-unknown-wasi/swift.xctoolchain/usr/lib/swift_static/CoreFoundation/CoreFoundation.h:28:
26 | #include <setjmp.h>
27 | #endif
28 | #include <signal.h>
| `- note: while building module 'wasi_emulated_signal' imported from /root/.swiftpm/swift-sdks/swift-wasm-6.1-RELEASE-wasm32-unknown-wasi.artifactbundle/6.1-RELEASE-wasm32-unknown-wasi/wasm32-unknown-wasi/swift.xctoolchain/usr/lib/swift_static/CoreFoundation/CoreFoundation.h:28:
29 | #include <stddef.h>
30 | #include <stdio.h>
<module-includes>:1:10: note: in file included from <module-includes>:1:
1 | #include "signal.h"
| `- note: in file included from <module-includes>:1:
2 |
[31/196] Emitting module VendoredSystemPackage
/host/spi-builder-workspace/Sources/System/Internals/Mocking.swift:69:13: warning: let 'driverKey' is not concurrency-safe because non-'Sendable' type '_PlatformTLSKey' may have shared mutable state; this is an error in the Swift 6 language mode
67 | }
68 |
69 | private let driverKey: _PlatformTLSKey = { makeTLSKey() }()
| |- warning: let 'driverKey' is not concurrency-safe because non-'Sendable' type '_PlatformTLSKey' may have shared mutable state; this is an error in the Swift 6 language mode
| |- note: add '@MainActor' to make let 'driverKey' part of global actor 'MainActor'
| `- note: disable concurrency-safety checks if accesses are protected by an external synchronization mechanism
70 |
71 | internal var currentMockingDriver: MockingDriver? {
/host/spi-builder-workspace/Sources/System/Internals/Exports.swift:169:22: note: class '_PlatformTLSKey' does not conform to the 'Sendable' protocol
167 | #elseif os(WASI) && (swift(<6.1) || !_runtime(_multithreaded))
168 | // Mock TLS storage for single-threaded WASI
169 | internal final class _PlatformTLSKey {
| `- note: class '_PlatformTLSKey' does not conform to the 'Sendable' protocol
170 | fileprivate init() {}
171 | }
[32/196] Compiling Logging LoggingSystem.swift
<unknown>:0: warning: upcoming feature 'InferSendableFromCaptures' is already enabled as of Swift version 6
<unknown>:0: warning: upcoming feature 'GlobalActorIsolatedTypesUsability' is already enabled as of Swift version 6
<unknown>:0: warning: upcoming feature 'DisableOutwardActorInference' is already enabled as of Swift version 6
[33/196] Compiling StandardLibraryExtensions AutoreleasingUnsafeMutablePointer.swift
[34/196] Compiling StandardLibraryExtensions Bool.Builder.swift
[37/196] Compiling StandardLibraryExtensions ClosedRange.swift
[38/196] Compiling StandardLibraryExtensions Collection.swift
[39/196] Compiling StandardLibraryExtensions CollectionOfOne.Builder.swift
[40/196] Compiling StandardLibraryExtensions CollectionOfOne.swift
[41/196] Compiling StandardLibraryExtensions CommandLine.swift
[42/196] Compiling StandardLibraryExtensions Comparable.swift
[43/210] Emitting module StandardLibraryExtensions
[44/210] Compiling StandardLibraryExtensions Range.swift
[45/210] Compiling StandardLibraryExtensions RangeReplaceableCollection.swift
[46/210] Compiling StandardLibraryExtensions Repeated.swift
[47/210] Compiling StandardLibraryExtensions Result.Builder.swift
[48/210] Compiling StandardLibraryExtensions Result.swift
[49/210] Compiling StandardLibraryExtensions ReversedCollection.swift
[50/210] Compiling StandardLibraryExtensions Sequence.swift
[51/210] Compiling StandardLibraryExtensions Set.Builder.swift
[52/210] Compiling StandardLibraryExtensions Set.swift
[53/210] Compiling StandardLibraryExtensions SetString.swift
[54/210] Compiling StandardLibraryExtensions Never.swift
[55/210] Compiling StandardLibraryExtensions Numeric.swift
[56/210] Compiling StandardLibraryExtensions ObjectIdentifier.swift
[57/210] Compiling StandardLibraryExtensions OpaquePointer.swift
[58/210] Compiling StandardLibraryExtensions Optional.Builder.swift
[59/210] Compiling StandardLibraryExtensions Optional.swift
[60/210] Compiling StandardLibraryExtensions PartialRangeFrom.swift
[61/210] Compiling StandardLibraryExtensions PartialRangeThrough.swift
[62/210] Compiling StandardLibraryExtensions PartialRangeUpTo.swift
[63/210] Compiling StandardLibraryExtensions Range.Builder.swift
[64/210] Compiling StandardLibraryExtensions Slice.swift
[65/210] Compiling StandardLibraryExtensions StaticString.swift
[66/210] Compiling StandardLibraryExtensions StrideThrough.swift
[67/210] Compiling StandardLibraryExtensions StrideTo.swift
[68/210] Compiling StandardLibraryExtensions String.Builder.swift
[69/210] Compiling StandardLibraryExtensions String.swift
[70/210] Compiling StandardLibraryExtensions StringProtocol.swift
[71/210] Compiling StandardLibraryExtensions Substring.swift
[72/210] Compiling StandardLibraryExtensions UInt8.swift
[73/210] Compiling StandardLibraryExtensions Unicode.swift
[74/210] Compiling ZIPFoundation URL+ZIP.swift
[75/210] Compiling ZIPFoundation resource_bundle_accessor.swift
[76/210] Compiling StandardLibraryExtensions AnyCollection.swift
[77/210] Compiling StandardLibraryExtensions AnyHashable.swift
[78/210] Compiling StandardLibraryExtensions AnyIterator.swift
[79/210] Compiling StandardLibraryExtensions AnyRandomAccessCollection.swift
[80/210] Compiling StandardLibraryExtensions AnySequence.swift
[81/210] Compiling StandardLibraryExtensions Array.Builder.swift
[82/210] Compiling StandardLibraryExtensions Array.swift
[83/210] Compiling StandardLibraryExtensions ArraySlice.swift
[84/210] Compiling StandardLibraryExtensions ContiguousArray.swift
[85/210] Compiling StandardLibraryExtensions Dictionary.Builder.swift
[86/210] Compiling StandardLibraryExtensions Dictionary.swift
[87/210] Compiling StandardLibraryExtensions Double.swift
[88/210] Compiling StandardLibraryExtensions Duration.swift
[89/210] Compiling StandardLibraryExtensions EmptyCollection.swift
[90/210] Compiling StandardLibraryExtensions EnumeratedSequence.swift
[91/210] Compiling StandardLibraryExtensions FlattenSequence.swift
[92/210] Compiling StandardLibraryExtensions Float.swift
[93/210] Compiling StandardLibraryExtensions FloatingPoint.swift
[94/210] Compiling VendoredSystemPackage SystemString.swift
[95/210] Compiling VendoredSystemPackage Util+StringArray.swift
[96/210] Compiling VendoredSystemPackage Util.swift
[97/210] Compiling VendoredSystemPackage UtilConsumers.swift
[98/210] Compiling StandardLibraryExtensions LazyDropWhileSequence.swift
[99/210] Compiling StandardLibraryExtensions LazyFilterSequence.swift
[100/210] Compiling StandardLibraryExtensions LazyMapSequence.swift
[101/210] Compiling StandardLibraryExtensions LazyPrefixWhileSequence.swift
[102/210] Compiling StandardLibraryExtensions LazySequence.swift
[103/210] Compiling StandardLibraryExtensions Mirror.swift
[123/210] Compiling Algebra Bit.swift
[124/210] Compiling Algebra Tagged.swift
[125/210] Compiling Algebra Algebra.swift
[126/211] Compiling Logging Logger.swift
<unknown>:0: warning: upcoming feature 'InferSendableFromCaptures' is already enabled as of Swift version 6
<unknown>:0: warning: upcoming feature 'GlobalActorIsolatedTypesUsability' is already enabled as of Swift version 6
<unknown>:0: warning: upcoming feature 'DisableOutwardActorInference' is already enabled as of Swift version 6
[127/211] Compiling StandardLibraryExtensions Unmanaged.swift
[128/211] Compiling StandardLibraryExtensions UnsafeBufferPointer.swift
[129/211] Compiling StandardLibraryExtensions UnsafeMutableBufferPointer.swift
[130/211] Compiling StandardLibraryExtensions UnsafeMutablePointer.swift
[131/211] Compiling StandardLibraryExtensions UnsafeMutableRawBufferPointer.swift
[132/211] Compiling StandardLibraryExtensions UnsafeMutableRawPointer.swift
[133/211] Compiling StandardLibraryExtensions UnsafePointer.swift
[134/211] Compiling StandardLibraryExtensions UnsafeRawBufferPointer.swift
[135/211] Compiling StandardLibraryExtensions UnsafeRawPointer.swift
[136/211] Compiling StandardLibraryExtensions Zip2Sequence.swift
[136/212] Wrapping AST for Path for debugging
[139/212] Wrapping AST for Algebra for debugging
[141/212] Compiling Glob Pattern+Parser.swift
[142/212] Compiling Glob Pattern.swift
/host/spi-builder-workspace/.build/checkouts/ZIPFoundation/Sources/ZIPFoundation/Data+Compression.swift:166:8: error: no such module 'CZlib'
164 |
165 | #else
166 | import CZlib
| `- error: no such module 'CZlib'
167 |
168 | extension Data {
/root/.swiftpm/swift-sdks/swift-wasm-6.1-RELEASE-wasm32-unknown-wasi.artifactbundle/6.1-RELEASE-wasm32-unknown-wasi/wasm32-unknown-wasi/swift.xctoolchain/usr/lib/swift_static/CoreFoundation/CoreFoundation.h:28:10: note: while building module 'wasi_emulated_signal' imported from /root/.swiftpm/swift-sdks/swift-wasm-6.1-RELEASE-wasm32-unknown-wasi.artifactbundle/6.1-RELEASE-wasm32-unknown-wasi/wasm32-unknown-wasi/swift.xctoolchain/usr/lib/swift_static/CoreFoundation/CoreFoundation.h:28:
26 | #include <setjmp.h>
27 | #endif
28 | #include <signal.h>
| `- note: while building module 'wasi_emulated_signal' imported from /root/.swiftpm/swift-sdks/swift-wasm-6.1-RELEASE-wasm32-unknown-wasi.artifactbundle/6.1-RELEASE-wasm32-unknown-wasi/wasm32-unknown-wasi/swift.xctoolchain/usr/lib/swift_static/CoreFoundation/CoreFoundation.h:28:
29 | #include <stddef.h>
30 | #include <stdio.h>
<module-includes>:1:10: note: in file included from <module-includes>:1:
1 | #include "signal.h"
| `- note: in file included from <module-includes>:1:
2 |
/host/spi-builder-workspace/.build/checkouts/ZIPFoundation/Sources/ZIPFoundation/Data+Compression.swift:166:8: error: no such module 'CZlib'
164 |
165 | #else
166 | import CZlib
| `- error: no such module 'CZlib'
167 |
168 | extension Data {
/root/.swiftpm/swift-sdks/swift-wasm-6.1-RELEASE-wasm32-unknown-wasi.artifactbundle/6.1-RELEASE-wasm32-unknown-wasi/wasm32-unknown-wasi/swift.xctoolchain/usr/lib/swift_static/CoreFoundation/CoreFoundation.h:28:10: note: while building module 'wasi_emulated_signal' imported from /root/.swiftpm/swift-sdks/swift-wasm-6.1-RELEASE-wasm32-unknown-wasi.artifactbundle/6.1-RELEASE-wasm32-unknown-wasi/wasm32-unknown-wasi/swift.xctoolchain/usr/lib/swift_static/CoreFoundation/CoreFoundation.h:28:
26 | #include <setjmp.h>
27 | #endif
28 | #include <signal.h>
| `- note: while building module 'wasi_emulated_signal' imported from /root/.swiftpm/swift-sdks/swift-wasm-6.1-RELEASE-wasm32-unknown-wasi.artifactbundle/6.1-RELEASE-wasm32-unknown-wasi/wasm32-unknown-wasi/swift.xctoolchain/usr/lib/swift_static/CoreFoundation/CoreFoundation.h:28:
29 | #include <stddef.h>
30 | #include <stdio.h>
<module-includes>:1:10: note: in file included from <module-includes>:1:
1 | #include "signal.h"
| `- note: in file included from <module-includes>:1:
2 |
[149/229] Emitting module Glob
[150/229] Compiling Binary Int.swift
<unknown>:0: warning: upcoming feature 'InferSendableFromCaptures' is already enabled as of Swift version 6
<unknown>:0: warning: upcoming feature 'GlobalActorIsolatedTypesUsability' is already enabled as of Swift version 6
<unknown>:0: warning: upcoming feature 'DisableOutwardActorInference' is already enabled as of Swift version 6
[151/229] Compiling Binary Array+Bytes.swift
<unknown>:0: warning: upcoming feature 'InferSendableFromCaptures' is already enabled as of Swift version 6
<unknown>:0: warning: upcoming feature 'GlobalActorIsolatedTypesUsability' is already enabled as of Swift version 6
<unknown>:0: warning: upcoming feature 'DisableOutwardActorInference' is already enabled as of Swift version 6
[152/229] Emitting module Logging
unable to find node: pound
unable to find node: pound
<unknown>:0: warning: upcoming feature 'InferSendableFromCaptures' is already enabled as of Swift version 6
<unknown>:0: warning: upcoming feature 'GlobalActorIsolatedTypesUsability' is already enabled as of Swift version 6
<unknown>:0: warning: upcoming feature 'DisableOutwardActorInference' is already enabled as of Swift version 6
[153/229] Compiling Binary Binary.swift
<unknown>:0: warning: upcoming feature 'InferSendableFromCaptures' is already enabled as of Swift version 6
<unknown>:0: warning: upcoming feature 'GlobalActorIsolatedTypesUsability' is already enabled as of Swift version 6
<unknown>:0: warning: upcoming feature 'DisableOutwardActorInference' is already enabled as of Swift version 6
[154/229] Compiling Binary Bit.Order.swift
<unknown>:0: warning: upcoming feature 'InferSendableFromCaptures' is already enabled as of Swift version 6
<unknown>:0: warning: upcoming feature 'GlobalActorIsolatedTypesUsability' is already enabled as of Swift version 6
<unknown>:0: warning: upcoming feature 'DisableOutwardActorInference' is already enabled as of Swift version 6
[155/243] Compiling Binary UInt16.swift
[156/243] Compiling Binary UInt32.swift
[157/259] Compiling Logging MetadataProvider.swift
<unknown>:0: warning: upcoming feature 'InferSendableFromCaptures' is already enabled as of Swift version 6
<unknown>:0: warning: upcoming feature 'GlobalActorIsolatedTypesUsability' is already enabled as of Swift version 6
<unknown>:0: warning: upcoming feature 'DisableOutwardActorInference' is already enabled as of Swift version 6
/host/spi-builder-workspace/Sources/System/Internals/Mocking.swift:69:13: warning: let 'driverKey' is not concurrency-safe because non-'Sendable' type '_PlatformTLSKey' may have shared mutable state; this is an error in the Swift 6 language mode
67 | }
68 |
69 | private let driverKey: _PlatformTLSKey = { makeTLSKey() }()
| |- warning: let 'driverKey' is not concurrency-safe because non-'Sendable' type '_PlatformTLSKey' may have shared mutable state; this is an error in the Swift 6 language mode
| |- note: add '@MainActor' to make let 'driverKey' part of global actor 'MainActor'
| `- note: disable concurrency-safety checks if accesses are protected by an external synchronization mechanism
70 |
71 | internal var currentMockingDriver: MockingDriver? {
/host/spi-builder-workspace/Sources/System/Internals/Exports.swift:169:22: note: class '_PlatformTLSKey' does not conform to the 'Sendable' protocol
167 | #elseif os(WASI) && (swift(<6.1) || !_runtime(_multithreaded))
168 | // Mock TLS storage for single-threaded WASI
169 | internal final class _PlatformTLSKey {
| `- note: class '_PlatformTLSKey' does not conform to the 'Sendable' protocol
170 | fileprivate init() {}
171 | }
/host/spi-builder-workspace/Sources/System/Internals/Mocking.swift:69:13: warning: let 'driverKey' is not concurrency-safe because non-'Sendable' type '_PlatformTLSKey' may have shared mutable state; this is an error in the Swift 6 language mode
67 | }
68 |
69 | private let driverKey: _PlatformTLSKey = { makeTLSKey() }()
| |- warning: let 'driverKey' is not concurrency-safe because non-'Sendable' type '_PlatformTLSKey' may have shared mutable state; this is an error in the Swift 6 language mode
| |- note: add '@MainActor' to make let 'driverKey' part of global actor 'MainActor'
| `- note: disable concurrency-safety checks if accesses are protected by an external synchronization mechanism
70 |
71 | internal var currentMockingDriver: MockingDriver? {
/host/spi-builder-workspace/Sources/System/Internals/Exports.swift:169:22: note: class '_PlatformTLSKey' does not conform to the 'Sendable' protocol
167 | #elseif os(WASI) && (swift(<6.1) || !_runtime(_multithreaded))
168 | // Mock TLS storage for single-threaded WASI
169 | internal final class _PlatformTLSKey {
| `- note: class '_PlatformTLSKey' does not conform to the 'Sendable' protocol
170 | fileprivate init() {}
171 | }
/host/spi-builder-workspace/Sources/System/Internals/Mocking.swift:69:13: warning: let 'driverKey' is not concurrency-safe because non-'Sendable' type '_PlatformTLSKey' may have shared mutable state; this is an error in the Swift 6 language mode
67 | }
68 |
69 | private let driverKey: _PlatformTLSKey = { makeTLSKey() }()
| |- warning: let 'driverKey' is not concurrency-safe because non-'Sendable' type '_PlatformTLSKey' may have shared mutable state; this is an error in the Swift 6 language mode
| |- note: add '@MainActor' to make let 'driverKey' part of global actor 'MainActor'
| `- note: disable concurrency-safety checks if accesses are protected by an external synchronization mechanism
70 |
71 | internal var currentMockingDriver: MockingDriver? {
/host/spi-builder-workspace/Sources/System/Internals/Exports.swift:169:22: note: class '_PlatformTLSKey' does not conform to the 'Sendable' protocol
167 | #elseif os(WASI) && (swift(<6.1) || !_runtime(_multithreaded))
168 | // Mock TLS storage for single-threaded WASI
169 | internal final class _PlatformTLSKey {
| `- note: class '_PlatformTLSKey' does not conform to the 'Sendable' protocol
170 | fileprivate init() {}
171 | }
/host/spi-builder-workspace/Sources/System/Internals/Mocking.swift:69:13: warning: let 'driverKey' is not concurrency-safe because non-'Sendable' type '_PlatformTLSKey' may have shared mutable state; this is an error in the Swift 6 language mode
67 | }
68 |
69 | private let driverKey: _PlatformTLSKey = { makeTLSKey() }()
| |- warning: let 'driverKey' is not concurrency-safe because non-'Sendable' type '_PlatformTLSKey' may have shared mutable state; this is an error in the Swift 6 language mode
| |- note: add '@MainActor' to make let 'driverKey' part of global actor 'MainActor'
| `- note: disable concurrency-safety checks if accesses are protected by an external synchronization mechanism
70 |
71 | internal var currentMockingDriver: MockingDriver? {
/host/spi-builder-workspace/Sources/System/Internals/Exports.swift:169:22: note: class '_PlatformTLSKey' does not conform to the 'Sendable' protocol
167 | #elseif os(WASI) && (swift(<6.1) || !_runtime(_multithreaded))
168 | // Mock TLS storage for single-threaded WASI
169 | internal final class _PlatformTLSKey {
| `- note: class '_PlatformTLSKey' does not conform to the 'Sendable' protocol
170 | fileprivate init() {}
171 | }
[162/264] Compiling StandardTime Time.Week.Day.swift
[163/264] Compiling StandardTime Time.Week.swift
[164/264] Compiling StandardTime Time.Year.swift
[166/264] Compiling StandardTime Time.Picosecond.swift
/host/spi-builder-workspace/.build/checkouts/ZIPFoundation/Sources/ZIPFoundation/Data+Compression.swift:166:8: error: no such module 'CZlib'
164 |
165 | #else
166 | import CZlib
| `- error: no such module 'CZlib'
167 |
168 | extension Data {
/root/.swiftpm/swift-sdks/swift-wasm-6.1-RELEASE-wasm32-unknown-wasi.artifactbundle/6.1-RELEASE-wasm32-unknown-wasi/wasm32-unknown-wasi/swift.xctoolchain/usr/lib/swift_static/CoreFoundation/CoreFoundation.h:28:10: note: while building module 'wasi_emulated_signal' imported from /root/.swiftpm/swift-sdks/swift-wasm-6.1-RELEASE-wasm32-unknown-wasi.artifactbundle/6.1-RELEASE-wasm32-unknown-wasi/wasm32-unknown-wasi/swift.xctoolchain/usr/lib/swift_static/CoreFoundation/CoreFoundation.h:28:
26 | #include <setjmp.h>
27 | #endif
28 | #include <signal.h>
| `- note: while building module 'wasi_emulated_signal' imported from /root/.swiftpm/swift-sdks/swift-wasm-6.1-RELEASE-wasm32-unknown-wasi.artifactbundle/6.1-RELEASE-wasm32-unknown-wasi/wasm32-unknown-wasi/swift.xctoolchain/usr/lib/swift_static/CoreFoundation/CoreFoundation.h:28:
29 | #include <stddef.h>
30 | #include <stdio.h>
<module-includes>:1:10: note: in file included from <module-includes>:1:
1 | #include "signal.h"
| `- note: in file included from <module-includes>:1:
2 |
[167/264] Compiling StandardTime Time.Second.swift
/host/spi-builder-workspace/.build/checkouts/ZIPFoundation/Sources/ZIPFoundation/Data+Compression.swift:166:8: error: no such module 'CZlib'
164 |
165 | #else
166 | import CZlib
| `- error: no such module 'CZlib'
167 |
168 | extension Data {
/root/.swiftpm/swift-sdks/swift-wasm-6.1-RELEASE-wasm32-unknown-wasi.artifactbundle/6.1-RELEASE-wasm32-unknown-wasi/wasm32-unknown-wasi/swift.xctoolchain/usr/lib/swift_static/CoreFoundation/CoreFoundation.h:28:10: note: while building module 'wasi_emulated_signal' imported from /root/.swiftpm/swift-sdks/swift-wasm-6.1-RELEASE-wasm32-unknown-wasi.artifactbundle/6.1-RELEASE-wasm32-unknown-wasi/wasm32-unknown-wasi/swift.xctoolchain/usr/lib/swift_static/CoreFoundation/CoreFoundation.h:28:
26 | #include <setjmp.h>
27 | #endif
28 | #include <signal.h>
| `- note: while building module 'wasi_emulated_signal' imported from /root/.swiftpm/swift-sdks/swift-wasm-6.1-RELEASE-wasm32-unknown-wasi.artifactbundle/6.1-RELEASE-wasm32-unknown-wasi/wasm32-unknown-wasi/swift.xctoolchain/usr/lib/swift_static/CoreFoundation/CoreFoundation.h:28:
29 | #include <stddef.h>
30 | #include <stdio.h>
<module-includes>:1:10: note: in file included from <module-includes>:1:
1 | #include "signal.h"
| `- note: in file included from <module-includes>:1:
2 |
[168/264] Compiling StandardTime Time.TimezoneOffset.swift
/host/spi-builder-workspace/.build/checkouts/ZIPFoundation/Sources/ZIPFoundation/Data+Compression.swift:166:8: error: no such module 'CZlib'
164 |
165 | #else
166 | import CZlib
| `- error: no such module 'CZlib'
167 |
168 | extension Data {
/root/.swiftpm/swift-sdks/swift-wasm-6.1-RELEASE-wasm32-unknown-wasi.artifactbundle/6.1-RELEASE-wasm32-unknown-wasi/wasm32-unknown-wasi/swift.xctoolchain/usr/lib/swift_static/CoreFoundation/CoreFoundation.h:28:10: note: while building module 'wasi_emulated_signal' imported from /root/.swiftpm/swift-sdks/swift-wasm-6.1-RELEASE-wasm32-unknown-wasi.artifactbundle/6.1-RELEASE-wasm32-unknown-wasi/wasm32-unknown-wasi/swift.xctoolchain/usr/lib/swift_static/CoreFoundation/CoreFoundation.h:28:
26 | #include <setjmp.h>
27 | #endif
28 | #include <signal.h>
| `- note: while building module 'wasi_emulated_signal' imported from /root/.swiftpm/swift-sdks/swift-wasm-6.1-RELEASE-wasm32-unknown-wasi.artifactbundle/6.1-RELEASE-wasm32-unknown-wasi/wasm32-unknown-wasi/swift.xctoolchain/usr/lib/swift_static/CoreFoundation/CoreFoundation.h:28:
29 | #include <stddef.h>
30 | #include <stdio.h>
<module-includes>:1:10: note: in file included from <module-includes>:1:
1 | #include "signal.h"
| `- note: in file included from <module-includes>:1:
2 |
[169/264] Compiling StandardTime Time.Month.Day.swift
/host/spi-builder-workspace/.build/checkouts/ZIPFoundation/Sources/ZIPFoundation/Data+Compression.swift:166:8: error: no such module 'CZlib'
164 |
165 | #else
166 | import CZlib
| `- error: no such module 'CZlib'
167 |
168 | extension Data {
/root/.swiftpm/swift-sdks/swift-wasm-6.1-RELEASE-wasm32-unknown-wasi.artifactbundle/6.1-RELEASE-wasm32-unknown-wasi/wasm32-unknown-wasi/swift.xctoolchain/usr/lib/swift_static/CoreFoundation/CoreFoundation.h:28:10: note: while building module 'wasi_emulated_signal' imported from /root/.swiftpm/swift-sdks/swift-wasm-6.1-RELEASE-wasm32-unknown-wasi.artifactbundle/6.1-RELEASE-wasm32-unknown-wasi/wasm32-unknown-wasi/swift.xctoolchain/usr/lib/swift_static/CoreFoundation/CoreFoundation.h:28:
26 | #include <setjmp.h>
27 | #endif
28 | #include <signal.h>
| `- note: while building module 'wasi_emulated_signal' imported from /root/.swiftpm/swift-sdks/swift-wasm-6.1-RELEASE-wasm32-unknown-wasi.artifactbundle/6.1-RELEASE-wasm32-unknown-wasi/wasm32-unknown-wasi/swift.xctoolchain/usr/lib/swift_static/CoreFoundation/CoreFoundation.h:28:
29 | #include <stddef.h>
30 | #include <stdio.h>
<module-includes>:1:10: note: in file included from <module-includes>:1:
1 | #include "signal.h"
| `- note: in file included from <module-includes>:1:
2 |
[170/264] Compiling Binary UInt64.swift
/host/spi-builder-workspace/.build/checkouts/ZIPFoundation/Sources/ZIPFoundation/Data+Compression.swift:166:8: error: no such module 'CZlib'
164 |
165 | #else
166 | import CZlib
| `- error: no such module 'CZlib'
167 |
168 | extension Data {
/root/.swiftpm/swift-sdks/swift-wasm-6.1-RELEASE-wasm32-unknown-wasi.artifactbundle/6.1-RELEASE-wasm32-unknown-wasi/wasm32-unknown-wasi/swift.xctoolchain/usr/lib/swift_static/CoreFoundation/CoreFoundation.h:28:10: note: while building module 'wasi_emulated_signal' imported from /root/.swiftpm/swift-sdks/swift-wasm-6.1-RELEASE-wasm32-unknown-wasi.artifactbundle/6.1-RELEASE-wasm32-unknown-wasi/wasm32-unknown-wasi/swift.xctoolchain/usr/lib/swift_static/CoreFoundation/CoreFoundation.h:28:
26 | #include <setjmp.h>
27 | #endif
28 | #include <signal.h>
| `- note: while building module 'wasi_emulated_signal' imported from /root/.swiftpm/swift-sdks/swift-wasm-6.1-RELEASE-wasm32-unknown-wasi.artifactbundle/6.1-RELEASE-wasm32-unknown-wasi/wasm32-unknown-wasi/swift.xctoolchain/usr/lib/swift_static/CoreFoundation/CoreFoundation.h:28:
29 | #include <stddef.h>
30 | #include <stdio.h>
<module-includes>:1:10: note: in file included from <module-includes>:1:
1 | #include "signal.h"
| `- note: in file included from <module-includes>:1:
2 |
[171/264] Compiling Binary exports.swift
/host/spi-builder-workspace/.build/checkouts/ZIPFoundation/Sources/ZIPFoundation/Data+Compression.swift:166:8: error: no such module 'CZlib'
164 |
165 | #else
166 | import CZlib
| `- error: no such module 'CZlib'
167 |
168 | extension Data {
/root/.swiftpm/swift-sdks/swift-wasm-6.1-RELEASE-wasm32-unknown-wasi.artifactbundle/6.1-RELEASE-wasm32-unknown-wasi/wasm32-unknown-wasi/swift.xctoolchain/usr/lib/swift_static/CoreFoundation/CoreFoundation.h:28:10: note: while building module 'wasi_emulated_signal' imported from /root/.swiftpm/swift-sdks/swift-wasm-6.1-RELEASE-wasm32-unknown-wasi.artifactbundle/6.1-RELEASE-wasm32-unknown-wasi/wasm32-unknown-wasi/swift.xctoolchain/usr/lib/swift_static/CoreFoundation/CoreFoundation.h:28:
26 | #include <setjmp.h>
27 | #endif
28 | #include <signal.h>
| `- note: while building module 'wasi_emulated_signal' imported from /root/.swiftpm/swift-sdks/swift-wasm-6.1-RELEASE-wasm32-unknown-wasi.artifactbundle/6.1-RELEASE-wasm32-unknown-wasi/wasm32-unknown-wasi/swift.xctoolchain/usr/lib/swift_static/CoreFoundation/CoreFoundation.h:28:
29 | #include <stddef.h>
30 | #include <stdio.h>
<module-includes>:1:10: note: in file included from <module-includes>:1:
1 | #include "signal.h"
| `- note: in file included from <module-includes>:1:
2 |
[172/264] Compiling Glob Pattern+Match.swift
[173/264] Compiling Glob GlobSearch.swift
[174/264] Compiling Glob Pattern+Options.swift
[175/264] Compiling Glob InvalidPattern.swift
[176/265] Compiling StandardTime Time.Femtosecond.swift
[177/265] Compiling StandardTime Time.Hour.swift
[178/265] Compiling StandardTime Time.Minute.swift
[179/265] Compiling StandardTime Time.Epoch.swift
/host/spi-builder-workspace/.build/checkouts/ZIPFoundation/Sources/ZIPFoundation/Data+Compression.swift:166:8: error: no such module 'CZlib'
164 |
165 | #else
166 | import CZlib
| `- error: no such module 'CZlib'
167 |
168 | extension Data {
/root/.swiftpm/swift-sdks/swift-wasm-6.1-RELEASE-wasm32-unknown-wasi.artifactbundle/6.1-RELEASE-wasm32-unknown-wasi/wasm32-unknown-wasi/swift.xctoolchain/usr/lib/swift_static/CoreFoundation/CoreFoundation.h:28:10: note: while building module 'wasi_emulated_signal' imported from /root/.swiftpm/swift-sdks/swift-wasm-6.1-RELEASE-wasm32-unknown-wasi.artifactbundle/6.1-RELEASE-wasm32-unknown-wasi/wasm32-unknown-wasi/swift.xctoolchain/usr/lib/swift_static/CoreFoundation/CoreFoundation.h:28:
26 | #include <setjmp.h>
27 | #endif
28 | #include <signal.h>
| `- note: while building module 'wasi_emulated_signal' imported from /root/.swiftpm/swift-sdks/swift-wasm-6.1-RELEASE-wasm32-unknown-wasi.artifactbundle/6.1-RELEASE-wasm32-unknown-wasi/wasm32-unknown-wasi/swift.xctoolchain/usr/lib/swift_static/CoreFoundation/CoreFoundation.h:28:
29 | #include <stddef.h>
30 | #include <stdio.h>
<module-includes>:1:10: note: in file included from <module-includes>:1:
1 | #include "signal.h"
| `- note: in file included from <module-includes>:1:
2 |
/host/spi-builder-workspace/.build/checkouts/ZIPFoundation/Sources/ZIPFoundation/Data+Compression.swift:166:8: error: no such module 'CZlib'
164 |
165 | #else
166 | import CZlib
| `- error: no such module 'CZlib'
167 |
168 | extension Data {
/root/.swiftpm/swift-sdks/swift-wasm-6.1-RELEASE-wasm32-unknown-wasi.artifactbundle/6.1-RELEASE-wasm32-unknown-wasi/wasm32-unknown-wasi/swift.xctoolchain/usr/lib/swift_static/CoreFoundation/CoreFoundation.h:28:10: note: while building module 'wasi_emulated_signal' imported from /root/.swiftpm/swift-sdks/swift-wasm-6.1-RELEASE-wasm32-unknown-wasi.artifactbundle/6.1-RELEASE-wasm32-unknown-wasi/wasm32-unknown-wasi/swift.xctoolchain/usr/lib/swift_static/CoreFoundation/CoreFoundation.h:28:
26 | #include <setjmp.h>
27 | #endif
28 | #include <signal.h>
| `- note: while building module 'wasi_emulated_signal' imported from /root/.swiftpm/swift-sdks/swift-wasm-6.1-RELEASE-wasm32-unknown-wasi.artifactbundle/6.1-RELEASE-wasm32-unknown-wasi/wasm32-unknown-wasi/swift.xctoolchain/usr/lib/swift_static/CoreFoundation/CoreFoundation.h:28:
29 | #include <stddef.h>
30 | #include <stdio.h>
<module-includes>:1:10: note: in file included from <module-includes>:1:
1 | #include "signal.h"
| `- note: in file included from <module-includes>:1:
2 |
/host/spi-builder-workspace/.build/checkouts/ZIPFoundation/Sources/ZIPFoundation/Data+Compression.swift:166:8: error: no such module 'CZlib'
164 |
165 | #else
166 | import CZlib
| `- error: no such module 'CZlib'
167 |
168 | extension Data {
/root/.swiftpm/swift-sdks/swift-wasm-6.1-RELEASE-wasm32-unknown-wasi.artifactbundle/6.1-RELEASE-wasm32-unknown-wasi/wasm32-unknown-wasi/swift.xctoolchain/usr/lib/swift_static/CoreFoundation/CoreFoundation.h:28:10: note: while building module 'wasi_emulated_signal' imported from /root/.swiftpm/swift-sdks/swift-wasm-6.1-RELEASE-wasm32-unknown-wasi.artifactbundle/6.1-RELEASE-wasm32-unknown-wasi/wasm32-unknown-wasi/swift.xctoolchain/usr/lib/swift_static/CoreFoundation/CoreFoundation.h:28:
26 | #include <setjmp.h>
27 | #endif
28 | #include <signal.h>
| `- note: while building module 'wasi_emulated_signal' imported from /root/.swiftpm/swift-sdks/swift-wasm-6.1-RELEASE-wasm32-unknown-wasi.artifactbundle/6.1-RELEASE-wasm32-unknown-wasi/wasm32-unknown-wasi/swift.xctoolchain/usr/lib/swift_static/CoreFoundation/CoreFoundation.h:28:
29 | #include <stddef.h>
30 | #include <stdio.h>
<module-includes>:1:10: note: in file included from <module-includes>:1:
1 | #include "signal.h"
| `- note: in file included from <module-includes>:1:
2 |
[185/265] Compiling StandardTime Time.Microsecond.swift
/host/spi-builder-workspace/.build/checkouts/ZIPFoundation/Sources/ZIPFoundation/Data+Compression.swift:166:8: error: no such module 'CZlib'
164 |
165 | #else
166 | import CZlib
| `- error: no such module 'CZlib'
167 |
168 | extension Data {
/root/.swiftpm/swift-sdks/swift-wasm-6.1-RELEASE-wasm32-unknown-wasi.artifactbundle/6.1-RELEASE-wasm32-unknown-wasi/wasm32-unknown-wasi/swift.xctoolchain/usr/lib/swift_static/CoreFoundation/CoreFoundation.h:28:10: note: while building module 'wasi_emulated_signal' imported from /root/.swiftpm/swift-sdks/swift-wasm-6.1-RELEASE-wasm32-unknown-wasi.artifactbundle/6.1-RELEASE-wasm32-unknown-wasi/wasm32-unknown-wasi/swift.xctoolchain/usr/lib/swift_static/CoreFoundation/CoreFoundation.h:28:
26 | #include <setjmp.h>
27 | #endif
28 | #include <signal.h>
| `- note: while building module 'wasi_emulated_signal' imported from /root/.swiftpm/swift-sdks/swift-wasm-6.1-RELEASE-wasm32-unknown-wasi.artifactbundle/6.1-RELEASE-wasm32-unknown-wasi/wasm32-unknown-wasi/swift.xctoolchain/usr/lib/swift_static/CoreFoundation/CoreFoundation.h:28:
29 | #include <stddef.h>
30 | #include <stdio.h>
<module-includes>:1:10: note: in file included from <module-includes>:1:
1 | #include "signal.h"
| `- note: in file included from <module-includes>:1:
2 |
[186/265] Compiling StandardTime Time.Millisecond.swift
/host/spi-builder-workspace/.build/checkouts/ZIPFoundation/Sources/ZIPFoundation/Data+Compression.swift:166:8: error: no such module 'CZlib'
164 |
165 | #else
166 | import CZlib
| `- error: no such module 'CZlib'
167 |
168 | extension Data {
/root/.swiftpm/swift-sdks/swift-wasm-6.1-RELEASE-wasm32-unknown-wasi.artifactbundle/6.1-RELEASE-wasm32-unknown-wasi/wasm32-unknown-wasi/swift.xctoolchain/usr/lib/swift_static/CoreFoundation/CoreFoundation.h:28:10: note: while building module 'wasi_emulated_signal' imported from /root/.swiftpm/swift-sdks/swift-wasm-6.1-RELEASE-wasm32-unknown-wasi.artifactbundle/6.1-RELEASE-wasm32-unknown-wasi/wasm32-unknown-wasi/swift.xctoolchain/usr/lib/swift_static/CoreFoundation/CoreFoundation.h:28:
26 | #include <setjmp.h>
27 | #endif
28 | #include <signal.h>
| `- note: while building module 'wasi_emulated_signal' imported from /root/.swiftpm/swift-sdks/swift-wasm-6.1-RELEASE-wasm32-unknown-wasi.artifactbundle/6.1-RELEASE-wasm32-unknown-wasi/wasm32-unknown-wasi/swift.xctoolchain/usr/lib/swift_static/CoreFoundation/CoreFoundation.h:28:
29 | #include <stddef.h>
30 | #include <stdio.h>
<module-includes>:1:10: note: in file included from <module-includes>:1:
1 | #include "signal.h"
| `- note: in file included from <module-includes>:1:
2 |
/host/spi-builder-workspace/.build/checkouts/ZIPFoundation/Sources/ZIPFoundation/Data+Compression.swift:166:8: error: no such module 'CZlib'
164 |
165 | #else
166 | import CZlib
| `- error: no such module 'CZlib'
167 |
168 | extension Data {
/root/.swiftpm/swift-sdks/swift-wasm-6.1-RELEASE-wasm32-unknown-wasi.artifactbundle/6.1-RELEASE-wasm32-unknown-wasi/wasm32-unknown-wasi/swift.xctoolchain/usr/lib/swift_static/CoreFoundation/CoreFoundation.h:28:10: note: while building module 'wasi_emulated_signal' imported from /root/.swiftpm/swift-sdks/swift-wasm-6.1-RELEASE-wasm32-unknown-wasi.artifactbundle/6.1-RELEASE-wasm32-unknown-wasi/wasm32-unknown-wasi/swift.xctoolchain/usr/lib/swift_static/CoreFoundation/CoreFoundation.h:28:
26 | #include <setjmp.h>
27 | #endif
28 | #include <signal.h>
| `- note: while building module 'wasi_emulated_signal' imported from /root/.swiftpm/swift-sdks/swift-wasm-6.1-RELEASE-wasm32-unknown-wasi.artifactbundle/6.1-RELEASE-wasm32-unknown-wasi/wasm32-unknown-wasi/swift.xctoolchain/usr/lib/swift_static/CoreFoundation/CoreFoundation.h:28:
29 | #include <stddef.h>
30 | #include <stdio.h>
<module-includes>:1:10: note: in file included from <module-includes>:1:
1 | #include "signal.h"
| `- note: in file included from <module-includes>:1:
2 |
[188/265] Compiling StandardTime Time.Calendar.Gregorian.swift
/host/spi-builder-workspace/.build/checkouts/ZIPFoundation/Sources/ZIPFoundation/Data+Compression.swift:166:8: error: no such module 'CZlib'
164 |
165 | #else
166 | import CZlib
| `- error: no such module 'CZlib'
167 |
168 | extension Data {
/root/.swiftpm/swift-sdks/swift-wasm-6.1-RELEASE-wasm32-unknown-wasi.artifactbundle/6.1-RELEASE-wasm32-unknown-wasi/wasm32-unknown-wasi/swift.xctoolchain/usr/lib/swift_static/CoreFoundation/CoreFoundation.h:28:10: note: while building module 'wasi_emulated_signal' imported from /root/.swiftpm/swift-sdks/swift-wasm-6.1-RELEASE-wasm32-unknown-wasi.artifactbundle/6.1-RELEASE-wasm32-unknown-wasi/wasm32-unknown-wasi/swift.xctoolchain/usr/lib/swift_static/CoreFoundation/CoreFoundation.h:28:
26 | #include <setjmp.h>
27 | #endif
28 | #include <signal.h>
| `- note: while building module 'wasi_emulated_signal' imported from /root/.swiftpm/swift-sdks/swift-wasm-6.1-RELEASE-wasm32-unknown-wasi.artifactbundle/6.1-RELEASE-wasm32-unknown-wasi/wasm32-unknown-wasi/swift.xctoolchain/usr/lib/swift_static/CoreFoundation/CoreFoundation.h:28:
29 | #include <stddef.h>
30 | #include <stdio.h>
<module-includes>:1:10: note: in file included from <module-includes>:1:
1 | #include "signal.h"
| `- note: in file included from <module-includes>:1:
2 |
[189/265] Compiling StandardTime Time.Calendar.swift
/host/spi-builder-workspace/.build/checkouts/ZIPFoundation/Sources/ZIPFoundation/Data+Compression.swift:166:8: error: no such module 'CZlib'
164 |
165 | #else
166 | import CZlib
| `- error: no such module 'CZlib'
167 |
168 | extension Data {
/root/.swiftpm/swift-sdks/swift-wasm-6.1-RELEASE-wasm32-unknown-wasi.artifactbundle/6.1-RELEASE-wasm32-unknown-wasi/wasm32-unknown-wasi/swift.xctoolchain/usr/lib/swift_static/CoreFoundation/CoreFoundation.h:28:10: note: while building module 'wasi_emulated_signal' imported from /root/.swiftpm/swift-sdks/swift-wasm-6.1-RELEASE-wasm32-unknown-wasi.artifactbundle/6.1-RELEASE-wasm32-unknown-wasi/wasm32-unknown-wasi/swift.xctoolchain/usr/lib/swift_static/CoreFoundation/CoreFoundation.h:28:
26 | #include <setjmp.h>
27 | #endif
28 | #include <signal.h>
| `- note: while building module 'wasi_emulated_signal' imported from /root/.swiftpm/swift-sdks/swift-wasm-6.1-RELEASE-wasm32-unknown-wasi.artifactbundle/6.1-RELEASE-wasm32-unknown-wasi/wasm32-unknown-wasi/swift.xctoolchain/usr/lib/swift_static/CoreFoundation/CoreFoundation.h:28:
29 | #include <stddef.h>
30 | #include <stdio.h>
<module-includes>:1:10: note: in file included from <module-includes>:1:
1 | #include "signal.h"
| `- note: in file included from <module-includes>:1:
2 |
[190/265] Compiling StandardTime Time.Epoch.Conversion.swift
/host/spi-builder-workspace/.build/checkouts/ZIPFoundation/Sources/ZIPFoundation/Data+Compression.swift:166:8: error: no such module 'CZlib'
164 |
165 | #else
166 | import CZlib
| `- error: no such module 'CZlib'
167 |
168 | extension Data {
/root/.swiftpm/swift-sdks/swift-wasm-6.1-RELEASE-wasm32-unknown-wasi.artifactbundle/6.1-RELEASE-wasm32-unknown-wasi/wasm32-unknown-wasi/swift.xctoolchain/usr/lib/swift_static/CoreFoundation/CoreFoundation.h:28:10: note: while building module 'wasi_emulated_signal' imported from /root/.swiftpm/swift-sdks/swift-wasm-6.1-RELEASE-wasm32-unknown-wasi.artifactbundle/6.1-RELEASE-wasm32-unknown-wasi/wasm32-unknown-wasi/swift.xctoolchain/usr/lib/swift_static/CoreFoundation/CoreFoundation.h:28:
26 | #include <setjmp.h>
27 | #endif
28 | #include <signal.h>
| `- note: while building module 'wasi_emulated_signal' imported from /root/.swiftpm/swift-sdks/swift-wasm-6.1-RELEASE-wasm32-unknown-wasi.artifactbundle/6.1-RELEASE-wasm32-unknown-wasi/wasm32-unknown-wasi/swift.xctoolchain/usr/lib/swift_static/CoreFoundation/CoreFoundation.h:28:
29 | #include <stddef.h>
30 | #include <stdio.h>
<module-includes>:1:10: note: in file included from <module-includes>:1:
1 | #include "signal.h"
| `- note: in file included from <module-includes>:1:
2 |
[191/265] Compiling StandardTime Duration.swift
/host/spi-builder-workspace/.build/checkouts/ZIPFoundation/Sources/ZIPFoundation/Data+Compression.swift:166:8: error: no such module 'CZlib'
164 |
165 | #else
166 | import CZlib
| `- error: no such module 'CZlib'
167 |
168 | extension Data {
/root/.swiftpm/swift-sdks/swift-wasm-6.1-RELEASE-wasm32-unknown-wasi.artifactbundle/6.1-RELEASE-wasm32-unknown-wasi/wasm32-unknown-wasi/swift.xctoolchain/usr/lib/swift_static/CoreFoundation/CoreFoundation.h:28:10: note: while building module 'wasi_emulated_signal' imported from /root/.swiftpm/swift-sdks/swift-wasm-6.1-RELEASE-wasm32-unknown-wasi.artifactbundle/6.1-RELEASE-wasm32-unknown-wasi/wasm32-unknown-wasi/swift.xctoolchain/usr/lib/swift_static/CoreFoundation/CoreFoundation.h:28:
26 | #include <setjmp.h>
27 | #endif
28 | #include <signal.h>
| `- note: while building module 'wasi_emulated_signal' imported from /root/.swiftpm/swift-sdks/swift-wasm-6.1-RELEASE-wasm32-unknown-wasi.artifactbundle/6.1-RELEASE-wasm32-unknown-wasi/wasm32-unknown-wasi/swift.xctoolchain/usr/lib/swift_static/CoreFoundation/CoreFoundation.h:28:
29 | #include <stddef.h>
30 | #include <stdio.h>
<module-includes>:1:10: note: in file included from <module-includes>:1:
1 | #include "signal.h"
| `- note: in file included from <module-includes>:1:
2 |
[192/265] Compiling StandardTime Instant.swift
/host/spi-builder-workspace/.build/checkouts/ZIPFoundation/Sources/ZIPFoundation/Data+Compression.swift:166:8: error: no such module 'CZlib'
164 |
165 | #else
166 | import CZlib
| `- error: no such module 'CZlib'
167 |
168 | extension Data {
/root/.swiftpm/swift-sdks/swift-wasm-6.1-RELEASE-wasm32-unknown-wasi.artifactbundle/6.1-RELEASE-wasm32-unknown-wasi/wasm32-unknown-wasi/swift.xctoolchain/usr/lib/swift_static/CoreFoundation/CoreFoundation.h:28:10: note: while building module 'wasi_emulated_signal' imported from /root/.swiftpm/swift-sdks/swift-wasm-6.1-RELEASE-wasm32-unknown-wasi.artifactbundle/6.1-RELEASE-wasm32-unknown-wasi/wasm32-unknown-wasi/swift.xctoolchain/usr/lib/swift_static/CoreFoundation/CoreFoundation.h:28:
26 | #include <setjmp.h>
27 | #endif
28 | #include <signal.h>
| `- note: while building module 'wasi_emulated_signal' imported from /root/.swiftpm/swift-sdks/swift-wasm-6.1-RELEASE-wasm32-unknown-wasi.artifactbundle/6.1-RELEASE-wasm32-unknown-wasi/wasm32-unknown-wasi/swift.xctoolchain/usr/lib/swift_static/CoreFoundation/CoreFoundation.h:28:
29 | #include <stddef.h>
30 | #include <stdio.h>
<module-includes>:1:10: note: in file included from <module-includes>:1:
1 | #include "signal.h"
| `- note: in file included from <module-includes>:1:
2 |
[193/265] Compiling StandardTime Time.Attosecond.swift
/host/spi-builder-workspace/.build/checkouts/ZIPFoundation/Sources/ZIPFoundation/Data+Compression.swift:166:8: error: no such module 'CZlib'
164 |
165 | #else
166 | import CZlib
| `- error: no such module 'CZlib'
167 |
168 | extension Data {
/root/.swiftpm/swift-sdks/swift-wasm-6.1-RELEASE-wasm32-unknown-wasi.artifactbundle/6.1-RELEASE-wasm32-unknown-wasi/wasm32-unknown-wasi/swift.xctoolchain/usr/lib/swift_static/CoreFoundation/CoreFoundation.h:28:10: note: while building module 'wasi_emulated_signal' imported from /root/.swiftpm/swift-sdks/swift-wasm-6.1-RELEASE-wasm32-unknown-wasi.artifactbundle/6.1-RELEASE-wasm32-unknown-wasi/wasm32-unknown-wasi/swift.xctoolchain/usr/lib/swift_static/CoreFoundation/CoreFoundation.h:28:
26 | #include <setjmp.h>
27 | #endif
28 | #include <signal.h>
| `- note: while building module 'wasi_emulated_signal' imported from /root/.swiftpm/swift-sdks/swift-wasm-6.1-RELEASE-wasm32-unknown-wasi.artifactbundle/6.1-RELEASE-wasm32-unknown-wasi/wasm32-unknown-wasi/swift.xctoolchain/usr/lib/swift_static/CoreFoundation/CoreFoundation.h:28:
29 | #include <stddef.h>
30 | #include <stdio.h>
<module-includes>:1:10: note: in file included from <module-includes>:1:
1 | #include "signal.h"
| `- note: in file included from <module-includes>:1:
2 |
/host/spi-builder-workspace/.build/checkouts/ZIPFoundation/Sources/ZIPFoundation/Data+Compression.swift:166:8: error: no such module 'CZlib'
164 |
165 | #else
166 | import CZlib
| `- error: no such module 'CZlib'
167 |
168 | extension Data {
/root/.swiftpm/swift-sdks/swift-wasm-6.1-RELEASE-wasm32-unknown-wasi.artifactbundle/6.1-RELEASE-wasm32-unknown-wasi/wasm32-unknown-wasi/swift.xctoolchain/usr/lib/swift_static/CoreFoundation/CoreFoundation.h:28:10: note: while building module 'wasi_emulated_signal' imported from /root/.swiftpm/swift-sdks/swift-wasm-6.1-RELEASE-wasm32-unknown-wasi.artifactbundle/6.1-RELEASE-wasm32-unknown-wasi/wasm32-unknown-wasi/swift.xctoolchain/usr/lib/swift_static/CoreFoundation/CoreFoundation.h:28:
26 | #include <setjmp.h>
27 | #endif
28 | #include <signal.h>
| `- note: while building module 'wasi_emulated_signal' imported from /root/.swiftpm/swift-sdks/swift-wasm-6.1-RELEASE-wasm32-unknown-wasi.artifactbundle/6.1-RELEASE-wasm32-unknown-wasi/wasm32-unknown-wasi/swift.xctoolchain/usr/lib/swift_static/CoreFoundation/CoreFoundation.h:28:
29 | #include <stddef.h>
30 | #include <stdio.h>
<module-includes>:1:10: note: in file included from <module-includes>:1:
1 | #include "signal.h"
| `- note: in file included from <module-includes>:1:
2 |
/host/spi-builder-workspace/.build/checkouts/ZIPFoundation/Sources/ZIPFoundation/Data+Compression.swift:166:8: error: no such module 'CZlib'
164 |
165 | #else
166 | import CZlib
| `- error: no such module 'CZlib'
167 |
168 | extension Data {
/root/.swiftpm/swift-sdks/swift-wasm-6.1-RELEASE-wasm32-unknown-wasi.artifactbundle/6.1-RELEASE-wasm32-unknown-wasi/wasm32-unknown-wasi/swift.xctoolchain/usr/lib/swift_static/CoreFoundation/CoreFoundation.h:28:10: note: while building module 'wasi_emulated_signal' imported from /root/.swiftpm/swift-sdks/swift-wasm-6.1-RELEASE-wasm32-unknown-wasi.artifactbundle/6.1-RELEASE-wasm32-unknown-wasi/wasm32-unknown-wasi/swift.xctoolchain/usr/lib/swift_static/CoreFoundation/CoreFoundation.h:28:
26 | #include <setjmp.h>
27 | #endif
28 | #include <signal.h>
| `- note: while building module 'wasi_emulated_signal' imported from /root/.swiftpm/swift-sdks/swift-wasm-6.1-RELEASE-wasm32-unknown-wasi.artifactbundle/6.1-RELEASE-wasm32-unknown-wasi/wasm32-unknown-wasi/swift.xctoolchain/usr/lib/swift_static/CoreFoundation/CoreFoundation.h:28:
29 | #include <stddef.h>
30 | #include <stdio.h>
<module-includes>:1:10: note: in file included from <module-includes>:1:
1 | #include "signal.h"
| `- note: in file included from <module-includes>:1:
2 |
[198/265] Compiling Locale Locale.swift
[200/265] Emitting module Locale
Running build ...
bash -c docker run --pull=always --rm -v "checkouts-54344844-0":/host -w "$PWD" -e JAVA_HOME="/root/.sdkman/candidates/java/current" -e SPI_BUILD="1" -e SPI_PROCESSING="1" registry.gitlab.com/saguaro1/spi-images:wasm-6.1-latest swift build --swift-sdk wasm32-unknown-wasi 2>&1
wasm-6.1-latest: Pulling from saguaro1/spi-images
Digest: sha256:beceeede496da67681f4fa220a6b97cc098a0178841a413735f598dc6bbaf4c8
Status: Image is up to date for registry.gitlab.com/saguaro1/spi-images:wasm-6.1-latest
[0/1] Planning build
Building for debugging...
[0/24] Write swift-version-24593BA9C3E375BF.txt
[2/172] Compiling Algebra Algebra.swift
[3/172] Emitting module Path
[4/172] Emitting module Algebra
[5/172] Compiling Glob Unicode.GeneralCategory+Helpers.swift
[6/172] Compiling Algebra Tagged.swift
[7/172] Compiling Algebra Bit.swift
[8/173] Compiling Glob Pattern+Options.swift
[9/173] Compiling StandardLibraryExtensions Bool.swift
[10/173] Compiling StandardLibraryExtensions Character.swift
[12/174] Compiling Logging LoggingSystem.swift
[13/174] Compiling StandardLibraryExtensions FlattenSequence.swift
[14/174] Compiling StandardLibraryExtensions Float.swift
[15/174] Compiling StandardLibraryExtensions FloatingPoint.swift
[16/174] Compiling StandardLibraryExtensions AdditiveArithmetic.swift
[17/177] Compiling Glob Pattern.swift
[18/177] Compiling Logging MetadataProvider.swift
[19/177] Compiling StandardLibraryExtensions ContiguousArray.swift
[20/177] Compiling StandardLibraryExtensions Dictionary.Builder.swift
[21/177] Compiling StandardLibraryExtensions Dictionary.swift
[22/177] Compiling StandardLibraryExtensions Double.swift
[23/177] Compiling StandardLibraryExtensions Duration.swift
[24/177] Compiling StandardLibraryExtensions EmptyCollection.swift
[25/177] Compiling StandardLibraryExtensions EnumeratedSequence.swift
[30/177] Compiling StandardLibraryExtensions AnyBidirectionalCollection.swift
[31/177] Compiling StandardLibraryExtensions AnyCollection.swift
[32/177] Compiling StandardLibraryExtensions AnyHashable.swift
[33/177] Compiling StandardLibraryExtensions AnyIterator.swift
[34/177] Compiling StandardLibraryExtensions AnyRandomAccessCollection.swift
[35/177] Compiling StandardLibraryExtensions AnySequence.swift
[36/177] Compiling StandardLibraryExtensions Array.Builder.swift
[37/177] Compiling StandardLibraryExtensions Array.swift
[38/177] Compiling StandardLibraryExtensions ArraySlice.swift
[39/187] Compiling StandardLibraryExtensions AutoreleasingUnsafeMutablePointer.swift
[40/187] Compiling StandardLibraryExtensions Bool.Builder.swift
[43/187] Compiling StandardLibraryExtensions ClosedRange.swift
[44/187] Compiling StandardLibraryExtensions Collection.swift
[45/187] Compiling StandardLibraryExtensions CollectionOfOne.Builder.swift
[46/187] Compiling StandardLibraryExtensions CollectionOfOne.swift
[47/187] Compiling StandardLibraryExtensions CommandLine.swift
[48/187] Compiling StandardLibraryExtensions Comparable.swift
[49/187] Emitting module StandardLibraryExtensions
[50/204] Compiling Binary Int32.swift
[51/204] Compiling Binary Int64.swift
[52/204] Compiling Binary Int8.swift
[53/204] Compiling Binary RangeReplaceableCollection+Bytes.swift
[54/204] Compiling Glob Pattern+Parser.swift
[55/204] Compiling StandardLibraryExtensions Never.swift
[56/204] Compiling StandardLibraryExtensions Numeric.swift
[57/204] Compiling StandardLibraryExtensions ObjectIdentifier.swift
[58/204] Compiling StandardLibraryExtensions OpaquePointer.swift
[59/204] Compiling StandardLibraryExtensions Optional.Builder.swift
[60/204] Compiling StandardLibraryExtensions Optional.swift
[61/204] Compiling StandardLibraryExtensions PartialRangeFrom.swift
[62/204] Compiling StandardLibraryExtensions PartialRangeThrough.swift
[63/204] Compiling StandardLibraryExtensions PartialRangeUpTo.swift
[64/204] Compiling StandardLibraryExtensions Range.Builder.swift
[65/204] Compiling VendoredSystemPackage SystemString.swift
[66/204] Compiling VendoredSystemPackage Util+StringArray.swift
[67/204] Compiling VendoredSystemPackage Util.swift
[68/204] Compiling VendoredSystemPackage UtilConsumers.swift
[69/204] Compiling StandardLibraryExtensions LazyDropWhileSequence.swift
[70/204] Compiling StandardLibraryExtensions LazyFilterSequence.swift
[71/204] Compiling StandardLibraryExtensions LazyMapSequence.swift
[72/204] Compiling StandardLibraryExtensions LazyPrefixWhileSequence.swift
[73/204] Compiling StandardLibraryExtensions LazySequence.swift
[74/204] Compiling StandardLibraryExtensions Mirror.swift
[75/204] Compiling StandardLibraryExtensions Range.swift
[76/204] Compiling StandardLibraryExtensions RangeReplaceableCollection.swift
[77/204] Compiling StandardLibraryExtensions Repeated.swift
[78/204] Compiling StandardLibraryExtensions Result.Builder.swift
[79/204] Compiling StandardLibraryExtensions Result.swift
[80/204] Compiling StandardLibraryExtensions ReversedCollection.swift
[81/204] Compiling StandardLibraryExtensions Sequence.swift
[82/204] Compiling StandardLibraryExtensions Set.Builder.swift
[83/204] Compiling StandardLibraryExtensions Set.swift
[84/204] Compiling StandardLibraryExtensions SetString.swift
[85/204] Compiling Glob InvalidPattern.swift
[86/204] Compiling Glob Pattern+Match.swift
[87/204] Compiling StandardLibraryExtensions Slice.swift
[88/204] Compiling StandardLibraryExtensions StaticString.swift
[89/204] Compiling StandardLibraryExtensions StrideThrough.swift
[90/204] Compiling StandardLibraryExtensions StrideTo.swift
[91/204] Compiling StandardLibraryExtensions String.Builder.swift
[92/204] Compiling StandardLibraryExtensions String.swift
[93/204] Compiling StandardLibraryExtensions StringProtocol.swift
[94/204] Compiling StandardLibraryExtensions Substring.swift
[95/204] Compiling StandardLibraryExtensions UInt8.swift
[96/204] Compiling StandardLibraryExtensions Unicode.swift
[97/204] Compiling Binary UInt16.swift
[98/204] Compiling Binary UInt32.swift
[99/204] Compiling StandardLibraryExtensions Unmanaged.swift
[100/204] Compiling StandardLibraryExtensions UnsafeBufferPointer.swift
[101/204] Compiling StandardLibraryExtensions UnsafeMutableBufferPointer.swift
[102/204] Compiling StandardLibraryExtensions UnsafeMutablePointer.swift
[103/204] Compiling StandardLibraryExtensions UnsafeMutableRawBufferPointer.swift
[104/204] Compiling StandardLibraryExtensions UnsafeMutableRawPointer.swift
[105/204] Compiling StandardLibraryExtensions UnsafePointer.swift
[106/204] Compiling StandardLibraryExtensions UnsafeRawBufferPointer.swift
[107/204] Compiling StandardLibraryExtensions UnsafeRawPointer.swift
[108/204] Compiling StandardLibraryExtensions Zip2Sequence.swift
[109/204] Compiling Binary Int16.swift
[111/207] Emitting module VendoredSystemPackage
[115/207] Compiling Binary UInt.swift
[116/207] Compiling Glob GlobSearch.swift
[117/207] Emitting module Glob
[118/208] Compiling Binary Binary.swift
[119/208] Compiling Binary Bit.Order.swift
[120/208] Compiling Binary CollectionUInt8.swift
[121/208] Compiling Binary FixedWidthInteger+Binary.swift
[126/208] Compiling Binary UInt64.swift
[132/208] Compiling Binary exports.swift
[133/208] Emitting module Logging
unable to find node: pound
unable to find node: pound
error: emit-module command failed with exit code 1 (use -v to see invocation)
[136/208] Emitting module ZIPFoundation
/host/spi-builder-workspace/.build/checkouts/ZIPFoundation/Sources/ZIPFoundation/Data+Compression.swift:166:8: error: no such module 'CZlib'
164 |
165 | #else
166 | import CZlib
| `- error: no such module 'CZlib'
167 |
168 | extension Data {
/root/.swiftpm/swift-sdks/swift-wasm-6.1-RELEASE-wasm32-unknown-wasi.artifactbundle/6.1-RELEASE-wasm32-unknown-wasi/wasm32-unknown-wasi/swift.xctoolchain/usr/lib/swift_static/CoreFoundation/CoreFoundation.h:28:10: note: while building module 'wasi_emulated_signal' imported from /root/.swiftpm/swift-sdks/swift-wasm-6.1-RELEASE-wasm32-unknown-wasi.artifactbundle/6.1-RELEASE-wasm32-unknown-wasi/wasm32-unknown-wasi/swift.xctoolchain/usr/lib/swift_static/CoreFoundation/CoreFoundation.h:28:
26 | #include <setjmp.h>
27 | #endif
28 | #include <signal.h>
| `- note: while building module 'wasi_emulated_signal' imported from /root/.swiftpm/swift-sdks/swift-wasm-6.1-RELEASE-wasm32-unknown-wasi.artifactbundle/6.1-RELEASE-wasm32-unknown-wasi/wasm32-unknown-wasi/swift.xctoolchain/usr/lib/swift_static/CoreFoundation/CoreFoundation.h:28:
29 | #include <stddef.h>
30 | #include <stdio.h>
<module-includes>:1:10: note: in file included from <module-includes>:1:
1 | #include "signal.h"
| `- note: in file included from <module-includes>:1:
2 |
/host/spi-builder-workspace/.build/checkouts/ZIPFoundation/Sources/ZIPFoundation/Data+Compression.swift:166:8: error: no such module 'CZlib'
164 |
165 | #else
166 | import CZlib
| `- error: no such module 'CZlib'
167 |
168 | extension Data {
/root/.swiftpm/swift-sdks/swift-wasm-6.1-RELEASE-wasm32-unknown-wasi.artifactbundle/6.1-RELEASE-wasm32-unknown-wasi/wasm32-unknown-wasi/swift.xctoolchain/usr/lib/swift_static/CoreFoundation/CoreFoundation.h:28:10: note: while building module 'wasi_emulated_signal' imported from /root/.swiftpm/swift-sdks/swift-wasm-6.1-RELEASE-wasm32-unknown-wasi.artifactbundle/6.1-RELEASE-wasm32-unknown-wasi/wasm32-unknown-wasi/swift.xctoolchain/usr/lib/swift_static/CoreFoundation/CoreFoundation.h:28:
26 | #include <setjmp.h>
27 | #endif
28 | #include <signal.h>
| `- note: while building module 'wasi_emulated_signal' imported from /root/.swiftpm/swift-sdks/swift-wasm-6.1-RELEASE-wasm32-unknown-wasi.artifactbundle/6.1-RELEASE-wasm32-unknown-wasi/wasm32-unknown-wasi/swift.xctoolchain/usr/lib/swift_static/CoreFoundation/CoreFoundation.h:28:
29 | #include <stddef.h>
30 | #include <stdio.h>
<module-includes>:1:10: note: in file included from <module-includes>:1:
1 | #include "signal.h"
| `- note: in file included from <module-includes>:1:
2 |
/host/spi-builder-workspace/.build/checkouts/ZIPFoundation/Sources/ZIPFoundation/Data+Compression.swift:166:8: error: no such module 'CZlib'
164 |
165 | #else
166 | import CZlib
| `- error: no such module 'CZlib'
167 |
168 | extension Data {
/root/.swiftpm/swift-sdks/swift-wasm-6.1-RELEASE-wasm32-unknown-wasi.artifactbundle/6.1-RELEASE-wasm32-unknown-wasi/wasm32-unknown-wasi/swift.xctoolchain/usr/lib/swift_static/CoreFoundation/CoreFoundation.h:28:10: note: while building module 'wasi_emulated_signal' imported from /root/.swiftpm/swift-sdks/swift-wasm-6.1-RELEASE-wasm32-unknown-wasi.artifactbundle/6.1-RELEASE-wasm32-unknown-wasi/wasm32-unknown-wasi/swift.xctoolchain/usr/lib/swift_static/CoreFoundation/CoreFoundation.h:28:
26 | #include <setjmp.h>
27 | #endif
28 | #include <signal.h>
| `- note: while building module 'wasi_emulated_signal' imported from /root/.swiftpm/swift-sdks/swift-wasm-6.1-RELEASE-wasm32-unknown-wasi.artifactbundle/6.1-RELEASE-wasm32-unknown-wasi/wasm32-unknown-wasi/swift.xctoolchain/usr/lib/swift_static/CoreFoundation/CoreFoundation.h:28:
29 | #include <stddef.h>
30 | #include <stdio.h>
<module-includes>:1:10: note: in file included from <module-includes>:1:
1 | #include "signal.h"
| `- note: in file included from <module-includes>:1:
2 |
/host/spi-builder-workspace/.build/checkouts/ZIPFoundation/Sources/ZIPFoundation/Data+Compression.swift:166:8: error: no such module 'CZlib'
164 |
165 | #else
166 | import CZlib
| `- error: no such module 'CZlib'
167 |
168 | extension Data {
/root/.swiftpm/swift-sdks/swift-wasm-6.1-RELEASE-wasm32-unknown-wasi.artifactbundle/6.1-RELEASE-wasm32-unknown-wasi/wasm32-unknown-wasi/swift.xctoolchain/usr/lib/swift_static/CoreFoundation/CoreFoundation.h:28:10: note: while building module 'wasi_emulated_signal' imported from /root/.swiftpm/swift-sdks/swift-wasm-6.1-RELEASE-wasm32-unknown-wasi.artifactbundle/6.1-RELEASE-wasm32-unknown-wasi/wasm32-unknown-wasi/swift.xctoolchain/usr/lib/swift_static/CoreFoundation/CoreFoundation.h:28:
26 | #include <setjmp.h>
27 | #endif
28 | #include <signal.h>
| `- note: while building module 'wasi_emulated_signal' imported from /root/.swiftpm/swift-sdks/swift-wasm-6.1-RELEASE-wasm32-unknown-wasi.artifactbundle/6.1-RELEASE-wasm32-unknown-wasi/wasm32-unknown-wasi/swift.xctoolchain/usr/lib/swift_static/CoreFoundation/CoreFoundation.h:28:
29 | #include <stddef.h>
30 | #include <stdio.h>
<module-includes>:1:10: note: in file included from <module-includes>:1:
1 | #include "signal.h"
| `- note: in file included from <module-includes>:1:
2 |
[142/210] Compiling Binary Int.swift
[143/210] Compiling Logging Logger+With.swift
unable to find node: pound
unable to find node: pound
[144/210] Compiling Logging Logger+Attributes.swift
[146/210] Compiling Binary Array+Bytes.swift
[147/210] Compiling Logging Logger.swift
[148/213] Emitting module Binary
[150/214] Compiling Path Path.swift
[154/244] Compiling Locale Locale.swift
[155/244] Emitting module Locale
[156/245] Compiling StandardTime Time.Epoch.swift
/host/spi-builder-workspace/.build/checkouts/ZIPFoundation/Sources/ZIPFoundation/Data+Compression.swift:166:8: error: no such module 'CZlib'
164 |
165 | #else
166 | import CZlib
| `- error: no such module 'CZlib'
167 |
168 | extension Data {
/root/.swiftpm/swift-sdks/swift-wasm-6.1-RELEASE-wasm32-unknown-wasi.artifactbundle/6.1-RELEASE-wasm32-unknown-wasi/wasm32-unknown-wasi/swift.xctoolchain/usr/lib/swift_static/CoreFoundation/CoreFoundation.h:28:10: note: while building module 'wasi_emulated_signal' imported from /root/.swiftpm/swift-sdks/swift-wasm-6.1-RELEASE-wasm32-unknown-wasi.artifactbundle/6.1-RELEASE-wasm32-unknown-wasi/wasm32-unknown-wasi/swift.xctoolchain/usr/lib/swift_static/CoreFoundation/CoreFoundation.h:28:
26 | #include <setjmp.h>
27 | #endif
28 | #include <signal.h>
| `- note: while building module 'wasi_emulated_signal' imported from /root/.swiftpm/swift-sdks/swift-wasm-6.1-RELEASE-wasm32-unknown-wasi.artifactbundle/6.1-RELEASE-wasm32-unknown-wasi/wasm32-unknown-wasi/swift.xctoolchain/usr/lib/swift_static/CoreFoundation/CoreFoundation.h:28:
29 | #include <stddef.h>
30 | #include <stdio.h>
<module-includes>:1:10: note: in file included from <module-includes>:1:
1 | #include "signal.h"
| `- note: in file included from <module-includes>:1:
2 |
[157/245] Compiling StandardTime Time.Femtosecond.swift
/host/spi-builder-workspace/.build/checkouts/ZIPFoundation/Sources/ZIPFoundation/Data+Compression.swift:166:8: error: no such module 'CZlib'
164 |
165 | #else
166 | import CZlib
| `- error: no such module 'CZlib'
167 |
168 | extension Data {
/root/.swiftpm/swift-sdks/swift-wasm-6.1-RELEASE-wasm32-unknown-wasi.artifactbundle/6.1-RELEASE-wasm32-unknown-wasi/wasm32-unknown-wasi/swift.xctoolchain/usr/lib/swift_static/CoreFoundation/CoreFoundation.h:28:10: note: while building module 'wasi_emulated_signal' imported from /root/.swiftpm/swift-sdks/swift-wasm-6.1-RELEASE-wasm32-unknown-wasi.artifactbundle/6.1-RELEASE-wasm32-unknown-wasi/wasm32-unknown-wasi/swift.xctoolchain/usr/lib/swift_static/CoreFoundation/CoreFoundation.h:28:
26 | #include <setjmp.h>
27 | #endif
28 | #include <signal.h>
| `- note: while building module 'wasi_emulated_signal' imported from /root/.swiftpm/swift-sdks/swift-wasm-6.1-RELEASE-wasm32-unknown-wasi.artifactbundle/6.1-RELEASE-wasm32-unknown-wasi/wasm32-unknown-wasi/swift.xctoolchain/usr/lib/swift_static/CoreFoundation/CoreFoundation.h:28:
29 | #include <stddef.h>
30 | #include <stdio.h>
<module-includes>:1:10: note: in file included from <module-includes>:1:
1 | #include "signal.h"
| `- note: in file included from <module-includes>:1:
2 |
[158/245] Compiling StandardTime Time.Hour.swift
/host/spi-builder-workspace/.build/checkouts/ZIPFoundation/Sources/ZIPFoundation/Data+Compression.swift:166:8: error: no such module 'CZlib'
164 |
165 | #else
166 | import CZlib
| `- error: no such module 'CZlib'
167 |
168 | extension Data {
/root/.swiftpm/swift-sdks/swift-wasm-6.1-RELEASE-wasm32-unknown-wasi.artifactbundle/6.1-RELEASE-wasm32-unknown-wasi/wasm32-unknown-wasi/swift.xctoolchain/usr/lib/swift_static/CoreFoundation/CoreFoundation.h:28:10: note: while building module 'wasi_emulated_signal' imported from /root/.swiftpm/swift-sdks/swift-wasm-6.1-RELEASE-wasm32-unknown-wasi.artifactbundle/6.1-RELEASE-wasm32-unknown-wasi/wasm32-unknown-wasi/swift.xctoolchain/usr/lib/swift_static/CoreFoundation/CoreFoundation.h:28:
26 | #include <setjmp.h>
27 | #endif
28 | #include <signal.h>
| `- note: while building module 'wasi_emulated_signal' imported from /root/.swiftpm/swift-sdks/swift-wasm-6.1-RELEASE-wasm32-unknown-wasi.artifactbundle/6.1-RELEASE-wasm32-unknown-wasi/wasm32-unknown-wasi/swift.xctoolchain/usr/lib/swift_static/CoreFoundation/CoreFoundation.h:28:
29 | #include <stddef.h>
30 | #include <stdio.h>
<module-includes>:1:10: note: in file included from <module-includes>:1:
1 | #include "signal.h"
| `- note: in file included from <module-includes>:1:
2 |
[159/245] Wrapping AST for StandardLibraryExtensions for debugging
[162/245] Compiling StandardTime Time.Year.swift
/host/spi-builder-workspace/.build/checkouts/ZIPFoundation/Sources/ZIPFoundation/Data+Compression.swift:166:8: error: no such module 'CZlib'
164 |
165 | #else
166 | import CZlib
| `- error: no such module 'CZlib'
167 |
168 | extension Data {
/root/.swiftpm/swift-sdks/swift-wasm-6.1-RELEASE-wasm32-unknown-wasi.artifactbundle/6.1-RELEASE-wasm32-unknown-wasi/wasm32-unknown-wasi/swift.xctoolchain/usr/lib/swift_static/CoreFoundation/CoreFoundation.h:28:10: note: while building module 'wasi_emulated_signal' imported from /root/.swiftpm/swift-sdks/swift-wasm-6.1-RELEASE-wasm32-unknown-wasi.artifactbundle/6.1-RELEASE-wasm32-unknown-wasi/wasm32-unknown-wasi/swift.xctoolchain/usr/lib/swift_static/CoreFoundation/CoreFoundation.h:28:
26 | #include <setjmp.h>
27 | #endif
28 | #include <signal.h>
| `- note: while building module 'wasi_emulated_signal' imported from /root/.swiftpm/swift-sdks/swift-wasm-6.1-RELEASE-wasm32-unknown-wasi.artifactbundle/6.1-RELEASE-wasm32-unknown-wasi/wasm32-unknown-wasi/swift.xctoolchain/usr/lib/swift_static/CoreFoundation/CoreFoundation.h:28:
29 | #include <stddef.h>
30 | #include <stdio.h>
<module-includes>:1:10: note: in file included from <module-includes>:1:
1 | #include "signal.h"
| `- note: in file included from <module-includes>:1:
2 |
[163/245] Compiling ZIPFoundation resource_bundle_accessor.swift
/host/spi-builder-workspace/.build/checkouts/ZIPFoundation/Sources/ZIPFoundation/Data+Compression.swift:166:8: error: no such module 'CZlib'
164 |
165 | #else
166 | import CZlib
| `- error: no such module 'CZlib'
167 |
168 | extension Data {
/root/.swiftpm/swift-sdks/swift-wasm-6.1-RELEASE-wasm32-unknown-wasi.artifactbundle/6.1-RELEASE-wasm32-unknown-wasi/wasm32-unknown-wasi/swift.xctoolchain/usr/lib/swift_static/CoreFoundation/CoreFoundation.h:28:10: note: while building module 'wasi_emulated_signal' imported from /root/.swiftpm/swift-sdks/swift-wasm-6.1-RELEASE-wasm32-unknown-wasi.artifactbundle/6.1-RELEASE-wasm32-unknown-wasi/wasm32-unknown-wasi/swift.xctoolchain/usr/lib/swift_static/CoreFoundation/CoreFoundation.h:28:
26 | #include <setjmp.h>
27 | #endif
28 | #include <signal.h>
| `- note: while building module 'wasi_emulated_signal' imported from /root/.swiftpm/swift-sdks/swift-wasm-6.1-RELEASE-wasm32-unknown-wasi.artifactbundle/6.1-RELEASE-wasm32-unknown-wasi/wasm32-unknown-wasi/swift.xctoolchain/usr/lib/swift_static/CoreFoundation/CoreFoundation.h:28:
29 | #include <stddef.h>
30 | #include <stdio.h>
<module-includes>:1:10: note: in file included from <module-includes>:1:
1 | #include "signal.h"
| `- note: in file included from <module-includes>:1:
2 |
[164/244] Compiling Formatting Format.Numeric.DecimalSeparatorStrategy.swift
[166/244] Compiling StandardTime Time.Microsecond.swift
[167/244] Compiling StandardTime Time.Millisecond.swift
[168/244] Compiling Formatting Format.Numeric.Notation.swift
[169/244] Compiling Formatting Format.Numeric.SignDisplayStrategy.swift
[170/245] Compiling Formatting Format.Numeric.swift
[171/245] Compiling Formatting Formatting.swift
[171/245] Wrapping AST for Logging for debugging
[172/245] Wrapping AST for Glob for debugging
[173/245] Write Objects.LinkFileList
[175/245] Compiling StandardTime Time.Month.Day.swift
/host/spi-builder-workspace/.build/checkouts/ZIPFoundation/Sources/ZIPFoundation/Data+Compression.swift:166:8: error: no such module 'CZlib'
164 |
165 | #else
166 | import CZlib
| `- error: no such module 'CZlib'
167 |
168 | extension Data {
/root/.swiftpm/swift-sdks/swift-wasm-6.1-RELEASE-wasm32-unknown-wasi.artifactbundle/6.1-RELEASE-wasm32-unknown-wasi/wasm32-unknown-wasi/swift.xctoolchain/usr/lib/swift_static/CoreFoundation/CoreFoundation.h:28:10: note: while building module 'wasi_emulated_signal' imported from /root/.swiftpm/swift-sdks/swift-wasm-6.1-RELEASE-wasm32-unknown-wasi.artifactbundle/6.1-RELEASE-wasm32-unknown-wasi/wasm32-unknown-wasi/swift.xctoolchain/usr/lib/swift_static/CoreFoundation/CoreFoundation.h:28:
26 | #include <setjmp.h>
27 | #endif
28 | #include <signal.h>
| `- note: while building module 'wasi_emulated_signal' imported from /root/.swiftpm/swift-sdks/swift-wasm-6.1-RELEASE-wasm32-unknown-wasi.artifactbundle/6.1-RELEASE-wasm32-unknown-wasi/wasm32-unknown-wasi/swift.xctoolchain/usr/lib/swift_static/CoreFoundation/CoreFoundation.h:28:
29 | #include <stddef.h>
30 | #include <stdio.h>
<module-includes>:1:10: note: in file included from <module-includes>:1:
1 | #include "signal.h"
| `- note: in file included from <module-includes>:1:
2 |
[176/245] Compiling StandardTime Time.Month.swift
/host/spi-builder-workspace/.build/checkouts/ZIPFoundation/Sources/ZIPFoundation/Data+Compression.swift:166:8: error: no such module 'CZlib'
164 |
165 | #else
166 | import CZlib
| `- error: no such module 'CZlib'
167 |
168 | extension Data {
/root/.swiftpm/swift-sdks/swift-wasm-6.1-RELEASE-wasm32-unknown-wasi.artifactbundle/6.1-RELEASE-wasm32-unknown-wasi/wasm32-unknown-wasi/swift.xctoolchain/usr/lib/swift_static/CoreFoundation/CoreFoundation.h:28:10: note: while building module 'wasi_emulated_signal' imported from /root/.swiftpm/swift-sdks/swift-wasm-6.1-RELEASE-wasm32-unknown-wasi.artifactbundle/6.1-RELEASE-wasm32-unknown-wasi/wasm32-unknown-wasi/swift.xctoolchain/usr/lib/swift_static/CoreFoundation/CoreFoundation.h:28:
26 | #include <setjmp.h>
27 | #endif
28 | #include <signal.h>
| `- note: while building module 'wasi_emulated_signal' imported from /root/.swiftpm/swift-sdks/swift-wasm-6.1-RELEASE-wasm32-unknown-wasi.artifactbundle/6.1-RELEASE-wasm32-unknown-wasi/wasm32-unknown-wasi/swift.xctoolchain/usr/lib/swift_static/CoreFoundation/CoreFoundation.h:28:
29 | #include <stddef.h>
30 | #include <stdio.h>
<module-includes>:1:10: note: in file included from <module-includes>:1:
1 | #include "signal.h"
| `- note: in file included from <module-includes>:1:
2 |
[177/245] Compiling StandardTime Time.Nanosecond.swift
/host/spi-builder-workspace/.build/checkouts/ZIPFoundation/Sources/ZIPFoundation/Data+Compression.swift:166:8: error: no such module 'CZlib'
164 |
165 | #else
166 | import CZlib
| `- error: no such module 'CZlib'
167 |
168 | extension Data {
/root/.swiftpm/swift-sdks/swift-wasm-6.1-RELEASE-wasm32-unknown-wasi.artifactbundle/6.1-RELEASE-wasm32-unknown-wasi/wasm32-unknown-wasi/swift.xctoolchain/usr/lib/swift_static/CoreFoundation/CoreFoundation.h:28:10: note: while building module 'wasi_emulated_signal' imported from /root/.swiftpm/swift-sdks/swift-wasm-6.1-RELEASE-wasm32-unknown-wasi.artifactbundle/6.1-RELEASE-wasm32-unknown-wasi/wasm32-unknown-wasi/swift.xctoolchain/usr/lib/swift_static/CoreFoundation/CoreFoundation.h:28:
26 | #include <setjmp.h>
27 | #endif
28 | #include <signal.h>
| `- note: while building module 'wasi_emulated_signal' imported from /root/.swiftpm/swift-sdks/swift-wasm-6.1-RELEASE-wasm32-unknown-wasi.artifactbundle/6.1-RELEASE-wasm32-unknown-wasi/wasm32-unknown-wasi/swift.xctoolchain/usr/lib/swift_static/CoreFoundation/CoreFoundation.h:28:
29 | #include <stddef.h>
30 | #include <stdio.h>
<module-includes>:1:10: note: in file included from <module-includes>:1:
1 | #include "signal.h"
| `- note: in file included from <module-includes>:1:
2 |
[178/245] Compiling StandardTime Time.Picosecond.swift
/host/spi-builder-workspace/.build/checkouts/ZIPFoundation/Sources/ZIPFoundation/Data+Compression.swift:166:8: error: no such module 'CZlib'
164 |
165 | #else
166 | import CZlib
| `- error: no such module 'CZlib'
167 |
168 | extension Data {
/root/.swiftpm/swift-sdks/swift-wasm-6.1-RELEASE-wasm32-unknown-wasi.artifactbundle/6.1-RELEASE-wasm32-unknown-wasi/wasm32-unknown-wasi/swift.xctoolchain/usr/lib/swift_static/CoreFoundation/CoreFoundation.h:28:10: note: while building module 'wasi_emulated_signal' imported from /root/.swiftpm/swift-sdks/swift-wasm-6.1-RELEASE-wasm32-unknown-wasi.artifactbundle/6.1-RELEASE-wasm32-unknown-wasi/wasm32-unknown-wasi/swift.xctoolchain/usr/lib/swift_static/CoreFoundation/CoreFoundation.h:28:
26 | #include <setjmp.h>
27 | #endif
28 | #include <signal.h>
| `- note: while building module 'wasi_emulated_signal' imported from /root/.swiftpm/swift-sdks/swift-wasm-6.1-RELEASE-wasm32-unknown-wasi.artifactbundle/6.1-RELEASE-wasm32-unknown-wasi/wasm32-unknown-wasi/swift.xctoolchain/usr/lib/swift_static/CoreFoundation/CoreFoundation.h:28:
29 | #include <stddef.h>
30 | #include <stdio.h>
<module-includes>:1:10: note: in file included from <module-includes>:1:
1 | #include "signal.h"
| `- note: in file included from <module-includes>:1:
2 |
[179/245] Compiling StandardTime Time.Second.swift
/host/spi-builder-workspace/.build/checkouts/ZIPFoundation/Sources/ZIPFoundation/Data+Compression.swift:166:8: error: no such module 'CZlib'
164 |
165 | #else
166 | import CZlib
| `- error: no such module 'CZlib'
167 |
168 | extension Data {
/root/.swiftpm/swift-sdks/swift-wasm-6.1-RELEASE-wasm32-unknown-wasi.artifactbundle/6.1-RELEASE-wasm32-unknown-wasi/wasm32-unknown-wasi/swift.xctoolchain/usr/lib/swift_static/CoreFoundation/CoreFoundation.h:28:10: note: while building module 'wasi_emulated_signal' imported from /root/.swiftpm/swift-sdks/swift-wasm-6.1-RELEASE-wasm32-unknown-wasi.artifactbundle/6.1-RELEASE-wasm32-unknown-wasi/wasm32-unknown-wasi/swift.xctoolchain/usr/lib/swift_static/CoreFoundation/CoreFoundation.h:28:
26 | #include <setjmp.h>
27 | #endif
28 | #include <signal.h>
| `- note: while building module 'wasi_emulated_signal' imported from /root/.swiftpm/swift-sdks/swift-wasm-6.1-RELEASE-wasm32-unknown-wasi.artifactbundle/6.1-RELEASE-wasm32-unknown-wasi/wasm32-unknown-wasi/swift.xctoolchain/usr/lib/swift_static/CoreFoundation/CoreFoundation.h:28:
29 | #include <stddef.h>
30 | #include <stdio.h>
<module-includes>:1:10: note: in file included from <module-includes>:1:
1 | #include "signal.h"
| `- note: in file included from <module-includes>:1:
2 |
[180/245] Compiling StandardTime Time.TimezoneOffset.swift
/host/spi-builder-workspace/.build/checkouts/ZIPFoundation/Sources/ZIPFoundation/Data+Compression.swift:166:8: error: no such module 'CZlib'
164 |
165 | #else
166 | import CZlib
| `- error: no such module 'CZlib'
167 |
168 | extension Data {
/root/.swiftpm/swift-sdks/swift-wasm-6.1-RELEASE-wasm32-unknown-wasi.artifactbundle/6.1-RELEASE-wasm32-unknown-wasi/wasm32-unknown-wasi/swift.xctoolchain/usr/lib/swift_static/CoreFoundation/CoreFoundation.h:28:10: note: while building module 'wasi_emulated_signal' imported from /root/.swiftpm/swift-sdks/swift-wasm-6.1-RELEASE-wasm32-unknown-wasi.artifactbundle/6.1-RELEASE-wasm32-unknown-wasi/wasm32-unknown-wasi/swift.xctoolchain/usr/lib/swift_static/CoreFoundation/CoreFoundation.h:28:
26 | #include <setjmp.h>
27 | #endif
28 | #include <signal.h>
| `- note: while building module 'wasi_emulated_signal' imported from /root/.swiftpm/swift-sdks/swift-wasm-6.1-RELEASE-wasm32-unknown-wasi.artifactbundle/6.1-RELEASE-wasm32-unknown-wasi/wasm32-unknown-wasi/swift.xctoolchain/usr/lib/swift_static/CoreFoundation/CoreFoundation.h:28:
29 | #include <stddef.h>
30 | #include <stdio.h>
<module-includes>:1:10: note: in file included from <module-includes>:1:
1 | #include "signal.h"
| `- note: in file included from <module-includes>:1:
2 |
[181/245] Compiling StandardTime Time.Week.Day.swift
/host/spi-builder-workspace/.build/checkouts/ZIPFoundation/Sources/ZIPFoundation/Data+Compression.swift:166:8: error: no such module 'CZlib'
164 |
165 | #else
166 | import CZlib
| `- error: no such module 'CZlib'
167 |
168 | extension Data {
/root/.swiftpm/swift-sdks/swift-wasm-6.1-RELEASE-wasm32-unknown-wasi.artifactbundle/6.1-RELEASE-wasm32-unknown-wasi/wasm32-unknown-wasi/swift.xctoolchain/usr/lib/swift_static/CoreFoundation/CoreFoundation.h:28:10: note: while building module 'wasi_emulated_signal' imported from /root/.swiftpm/swift-sdks/swift-wasm-6.1-RELEASE-wasm32-unknown-wasi.artifactbundle/6.1-RELEASE-wasm32-unknown-wasi/wasm32-unknown-wasi/swift.xctoolchain/usr/lib/swift_static/CoreFoundation/CoreFoundation.h:28:
26 | #include <setjmp.h>
27 | #endif
28 | #include <signal.h>
| `- note: while building module 'wasi_emulated_signal' imported from /root/.swiftpm/swift-sdks/swift-wasm-6.1-RELEASE-wasm32-unknown-wasi.artifactbundle/6.1-RELEASE-wasm32-unknown-wasi/wasm32-unknown-wasi/swift.xctoolchain/usr/lib/swift_static/CoreFoundation/CoreFoundation.h:28:
29 | #include <stddef.h>
30 | #include <stdio.h>
<module-includes>:1:10: note: in file included from <module-includes>:1:
1 | #include "signal.h"
| `- note: in file included from <module-includes>:1:
2 |
[182/245] Compiling StandardTime Time.Week.swift
/host/spi-builder-workspace/.build/checkouts/ZIPFoundation/Sources/ZIPFoundation/Data+Compression.swift:166:8: error: no such module 'CZlib'
164 |
165 | #else
166 | import CZlib
| `- error: no such module 'CZlib'
167 |
168 | extension Data {
/root/.swiftpm/swift-sdks/swift-wasm-6.1-RELEASE-wasm32-unknown-wasi.artifactbundle/6.1-RELEASE-wasm32-unknown-wasi/wasm32-unknown-wasi/swift.xctoolchain/usr/lib/swift_static/CoreFoundation/CoreFoundation.h:28:10: note: while building module 'wasi_emulated_signal' imported from /root/.swiftpm/swift-sdks/swift-wasm-6.1-RELEASE-wasm32-unknown-wasi.artifactbundle/6.1-RELEASE-wasm32-unknown-wasi/wasm32-unknown-wasi/swift.xctoolchain/usr/lib/swift_static/CoreFoundation/CoreFoundation.h:28:
26 | #include <setjmp.h>
27 | #endif
28 | #include <signal.h>
| `- note: while building module 'wasi_emulated_signal' imported from /root/.swiftpm/swift-sdks/swift-wasm-6.1-RELEASE-wasm32-unknown-wasi.artifactbundle/6.1-RELEASE-wasm32-unknown-wasi/wasm32-unknown-wasi/swift.xctoolchain/usr/lib/swift_static/CoreFoundation/CoreFoundation.h:28:
29 | #include <stddef.h>
30 | #include <stdio.h>
<module-includes>:1:10: note: in file included from <module-includes>:1:
1 | #include "signal.h"
| `- note: in file included from <module-includes>:1:
2 |
[183/245] Compiling StandardTime Duration.swift
/host/spi-builder-workspace/.build/checkouts/ZIPFoundation/Sources/ZIPFoundation/Data+Compression.swift:166:8: error: no such module 'CZlib'
164 |
165 | #else
166 | import CZlib
| `- error: no such module 'CZlib'
167 |
168 | extension Data {
/root/.swiftpm/swift-sdks/swift-wasm-6.1-RELEASE-wasm32-unknown-wasi.artifactbundle/6.1-RELEASE-wasm32-unknown-wasi/wasm32-unknown-wasi/swift.xctoolchain/usr/lib/swift_static/CoreFoundation/CoreFoundation.h:28:10: note: while building module 'wasi_emulated_signal' imported from /root/.swiftpm/swift-sdks/swift-wasm-6.1-RELEASE-wasm32-unknown-wasi.artifactbundle/6.1-RELEASE-wasm32-unknown-wasi/wasm32-unknown-wasi/swift.xctoolchain/usr/lib/swift_static/CoreFoundation/CoreFoundation.h:28:
26 | #include <setjmp.h>
27 | #endif
28 | #include <signal.h>
| `- note: while building module 'wasi_emulated_signal' imported from /root/.swiftpm/swift-sdks/swift-wasm-6.1-RELEASE-wasm32-unknown-wasi.artifactbundle/6.1-RELEASE-wasm32-unknown-wasi/wasm32-unknown-wasi/swift.xctoolchain/usr/lib/swift_static/CoreFoundation/CoreFoundation.h:28:
29 | #include <stddef.h>
30 | #include <stdio.h>
<module-includes>:1:10: note: in file included from <module-includes>:1:
1 | #include "signal.h"
| `- note: in file included from <module-includes>:1:
2 |
[184/245] Compiling StandardTime Instant.swift
/host/spi-builder-workspace/.build/checkouts/ZIPFoundation/Sources/ZIPFoundation/Data+Compression.swift:166:8: error: no such module 'CZlib'
164 |
165 | #else
166 | import CZlib
| `- error: no such module 'CZlib'
167 |
168 | extension Data {
/root/.swiftpm/swift-sdks/swift-wasm-6.1-RELEASE-wasm32-unknown-wasi.artifactbundle/6.1-RELEASE-wasm32-unknown-wasi/wasm32-unknown-wasi/swift.xctoolchain/usr/lib/swift_static/CoreFoundation/CoreFoundation.h:28:10: note: while building module 'wasi_emulated_signal' imported from /root/.swiftpm/swift-sdks/swift-wasm-6.1-RELEASE-wasm32-unknown-wasi.artifactbundle/6.1-RELEASE-wasm32-unknown-wasi/wasm32-unknown-wasi/swift.xctoolchain/usr/lib/swift_static/CoreFoundation/CoreFoundation.h:28:
26 | #include <setjmp.h>
27 | #endif
28 | #include <signal.h>
| `- note: while building module 'wasi_emulated_signal' imported from /root/.swiftpm/swift-sdks/swift-wasm-6.1-RELEASE-wasm32-unknown-wasi.artifactbundle/6.1-RELEASE-wasm32-unknown-wasi/wasm32-unknown-wasi/swift.xctoolchain/usr/lib/swift_static/CoreFoundation/CoreFoundation.h:28:
29 | #include <stddef.h>
30 | #include <stdio.h>
<module-includes>:1:10: note: in file included from <module-includes>:1:
1 | #include "signal.h"
| `- note: in file included from <module-includes>:1:
2 |
[185/245] Compiling StandardTime Time.Attosecond.swift
/host/spi-builder-workspace/.build/checkouts/ZIPFoundation/Sources/ZIPFoundation/Data+Compression.swift:166:8: error: no such module 'CZlib'
164 |
165 | #else
166 | import CZlib
| `- error: no such module 'CZlib'
167 |
168 | extension Data {
/root/.swiftpm/swift-sdks/swift-wasm-6.1-RELEASE-wasm32-unknown-wasi.artifactbundle/6.1-RELEASE-wasm32-unknown-wasi/wasm32-unknown-wasi/swift.xctoolchain/usr/lib/swift_static/CoreFoundation/CoreFoundation.h:28:10: note: while building module 'wasi_emulated_signal' imported from /root/.swiftpm/swift-sdks/swift-wasm-6.1-RELEASE-wasm32-unknown-wasi.artifactbundle/6.1-RELEASE-wasm32-unknown-wasi/wasm32-unknown-wasi/swift.xctoolchain/usr/lib/swift_static/CoreFoundation/CoreFoundation.h:28:
26 | #include <setjmp.h>
27 | #endif
28 | #include <signal.h>
| `- note: while building module 'wasi_emulated_signal' imported from /root/.swiftpm/swift-sdks/swift-wasm-6.1-RELEASE-wasm32-unknown-wasi.artifactbundle/6.1-RELEASE-wasm32-unknown-wasi/wasm32-unknown-wasi/swift.xctoolchain/usr/lib/swift_static/CoreFoundation/CoreFoundation.h:28:
29 | #include <stddef.h>
30 | #include <stdio.h>
<module-includes>:1:10: note: in file included from <module-includes>:1:
1 | #include "signal.h"
| `- note: in file included from <module-includes>:1:
2 |
/host/spi-builder-workspace/.build/checkouts/ZIPFoundation/Sources/ZIPFoundation/Data+Compression.swift:166:8: error: no such module 'CZlib'
164 |
165 | #else
166 | import CZlib
| `- error: no such module 'CZlib'
167 |
168 | extension Data {
/root/.swiftpm/swift-sdks/swift-wasm-6.1-RELEASE-wasm32-unknown-wasi.artifactbundle/6.1-RELEASE-wasm32-unknown-wasi/wasm32-unknown-wasi/swift.xctoolchain/usr/lib/swift_static/CoreFoundation/CoreFoundation.h:28:10: note: while building module 'wasi_emulated_signal' imported from /root/.swiftpm/swift-sdks/swift-wasm-6.1-RELEASE-wasm32-unknown-wasi.artifactbundle/6.1-RELEASE-wasm32-unknown-wasi/wasm32-unknown-wasi/swift.xctoolchain/usr/lib/swift_static/CoreFoundation/CoreFoundation.h:28:
26 | #include <setjmp.h>
27 | #endif
28 | #include <signal.h>
| `- note: while building module 'wasi_emulated_signal' imported from /root/.swiftpm/swift-sdks/swift-wasm-6.1-RELEASE-wasm32-unknown-wasi.artifactbundle/6.1-RELEASE-wasm32-unknown-wasi/wasm32-unknown-wasi/swift.xctoolchain/usr/lib/swift_static/CoreFoundation/CoreFoundation.h:28:
29 | #include <stddef.h>
30 | #include <stdio.h>
<module-includes>:1:10: note: in file included from <module-includes>:1:
1 | #include "signal.h"
| `- note: in file included from <module-includes>:1:
2 |
/host/spi-builder-workspace/.build/checkouts/ZIPFoundation/Sources/ZIPFoundation/Data+Compression.swift:166:8: error: no such module 'CZlib'
164 |
165 | #else
166 | import CZlib
| `- error: no such module 'CZlib'
167 |
168 | extension Data {
/root/.swiftpm/swift-sdks/swift-wasm-6.1-RELEASE-wasm32-unknown-wasi.artifactbundle/6.1-RELEASE-wasm32-unknown-wasi/wasm32-unknown-wasi/swift.xctoolchain/usr/lib/swift_static/CoreFoundation/CoreFoundation.h:28:10: note: while building module 'wasi_emulated_signal' imported from /root/.swiftpm/swift-sdks/swift-wasm-6.1-RELEASE-wasm32-unknown-wasi.artifactbundle/6.1-RELEASE-wasm32-unknown-wasi/wasm32-unknown-wasi/swift.xctoolchain/usr/lib/swift_static/CoreFoundation/CoreFoundation.h:28:
26 | #include <setjmp.h>
27 | #endif
28 | #include <signal.h>
| `- note: while building module 'wasi_emulated_signal' imported from /root/.swiftpm/swift-sdks/swift-wasm-6.1-RELEASE-wasm32-unknown-wasi.artifactbundle/6.1-RELEASE-wasm32-unknown-wasi/wasm32-unknown-wasi/swift.xctoolchain/usr/lib/swift_static/CoreFoundation/CoreFoundation.h:28:
29 | #include <stddef.h>
30 | #include <stdio.h>
<module-includes>:1:10: note: in file included from <module-includes>:1:
1 | #include "signal.h"
| `- note: in file included from <module-includes>:1:
2 |
[188/245] Compiling StandardTime Time.Minute.swift
/host/spi-builder-workspace/.build/checkouts/ZIPFoundation/Sources/ZIPFoundation/Data+Compression.swift:166:8: error: no such module 'CZlib'
164 |
165 | #else
166 | import CZlib
| `- error: no such module 'CZlib'
167 |
168 | extension Data {
/root/.swiftpm/swift-sdks/swift-wasm-6.1-RELEASE-wasm32-unknown-wasi.artifactbundle/6.1-RELEASE-wasm32-unknown-wasi/wasm32-unknown-wasi/swift.xctoolchain/usr/lib/swift_static/CoreFoundation/CoreFoundation.h:28:10: note: while building module 'wasi_emulated_signal' imported from /root/.swiftpm/swift-sdks/swift-wasm-6.1-RELEASE-wasm32-unknown-wasi.artifactbundle/6.1-RELEASE-wasm32-unknown-wasi/wasm32-unknown-wasi/swift.xctoolchain/usr/lib/swift_static/CoreFoundation/CoreFoundation.h:28:
26 | #include <setjmp.h>
27 | #endif
28 | #include <signal.h>
| `- note: while building module 'wasi_emulated_signal' imported from /root/.swiftpm/swift-sdks/swift-wasm-6.1-RELEASE-wasm32-unknown-wasi.artifactbundle/6.1-RELEASE-wasm32-unknown-wasi/wasm32-unknown-wasi/swift.xctoolchain/usr/lib/swift_static/CoreFoundation/CoreFoundation.h:28:
29 | #include <stddef.h>
30 | #include <stdio.h>
<module-includes>:1:10: note: in file included from <module-includes>:1:
1 | #include "signal.h"
| `- note: in file included from <module-includes>:1:
2 |
[189/245] Wrapping AST for Locale for debugging
[189/245] Archiving libGlob.a
/host/spi-builder-workspace/Sources/StandardTime/Time.Calendar.swift:74:45: warning: converting non-sendable function value to '@Sendable (Time.Year) -> Bool' may introduce data races
72 | /// ```
73 | public static let gregorian = Time.Calendar(
74 | isLeapYear: Time.Calendar.Gregorian.isLeapYear,
| `- warning: converting non-sendable function value to '@Sendable (Time.Year) -> Bool' may introduce data races
75 | daysInMonth: Time.Calendar.Gregorian.daysInMonth
76 | )
[190/245] Emitting module Formatting
BUILD FAILURE 6.1 wasm