The Swift Package Index logo.Swift Package Index

Build Information

Failed to build swift-package-directory, reference master (cdc4af), with Swift 6.4 for Linux on 17 Sep 2026 12:26:41 UTC.

Build Command

bash -c docker run --pull=always --rm -v "checkouts-54344845-1":/host -w "$PWD" -e JAVA_HOME="/root/.sdkman/candidates/java/current" -e SPI_BUILD="1" -e SPI_PROCESSING="1" registry.gitlab.com/saguaro1/spi-images:basic-6.4-latest swift build --triple x86_64-unknown-linux-gnu 2>&1

Build Log

========================================
RunAll
========================================
Builder version: 5.1.0
Interrupt handler set up.
========================================
Checkout
========================================
Clone URL: https://github.com/bitwit/swift-package-directory.git
Reference: master
Initialized empty Git repository in /host/spi-builder-workspace/.git/
hint: Using 'master' as the name for the initial branch. This default branch name
hint: is subject to change. To configure the initial branch name to use in all
hint: of your new repositories, which will suppress this warning, call:
hint:
hint: 	git config --global init.defaultBranch <name>
hint:
hint: Names commonly chosen instead of 'master' are 'main', 'trunk' and
hint: 'development'. The just-created branch can be renamed via this command:
hint:
hint: 	git branch -m <name>
From https://github.com/bitwit/swift-package-directory
 * branch            master     -> FETCH_HEAD
 * [new branch]      master     -> origin/master
HEAD is now at cdc4af4 Update README.md
Cloned https://github.com/bitwit/swift-package-directory.git
Revision (git rev-parse @):
cdc4af47a55d992cfed378d88fac6d3416f2b332
SUCCESS checkout https://github.com/bitwit/swift-package-directory.git at master
========================================
Build
========================================
Selected platform:         linux
Swift version:             6.4
Building package at path:  $PWD
https://github.com/bitwit/swift-package-directory.git
Running build ...
bash -c docker run --pull=always --rm -v "checkouts-54344845-1":/host -w "$PWD" -e JAVA_HOME="/root/.sdkman/candidates/java/current" -e SPI_BUILD="1" -e SPI_PROCESSING="1" registry.gitlab.com/saguaro1/spi-images:basic-6.4-latest swift build --triple x86_64-unknown-linux-gnu 2>&1
basic-6.4-latest: Pulling from saguaro1/spi-images
Digest: sha256:c77fcce225e223ac0fafed844619173fc6de8d62dd560eeb28db3182af6a282b
Status: Image is up to date for registry.gitlab.com/saguaro1/spi-images:basic-6.4-latest
Fetching https://github.com/mxcl/PromiseKit.git
[1/17244] Fetching promisekit
Fetched https://github.com/mxcl/PromiseKit.git (0.83s)
Computing version for https://github.com/mxcl/PromiseKit.git
Computed https://github.com/mxcl/PromiseKit.git at 6.22.1 (1.89s)
Creating working copy for https://github.com/mxcl/PromiseKit.git
Working copy of https://github.com/mxcl/PromiseKit.git resolved at 6.22.1
Building for debugging...
[Pre-planning 1 / 125]
[38 / 57] PromiseKit
[39 / 57] PromiseKit
[46 / 67] SPDCore
[47 / 67] SPDCore
[52 / 67] SPDCore
error: SwiftCompile normal x86_64 failed with a nonzero exit code. Command line:     cd /host

/host/spi-builder-workspace/Sources/SPDCore/Functions/URLRequest+Curl.swift:8:18: error: cannot find type 'URLRequest' in scope
 6 | import Foundation
 7 |
 8 | public extension URLRequest {
   |                  `- error: cannot find type 'URLRequest' in scope
 9 |
10 |     /// Returns a cURL command for a request
/host/spi-builder-workspace/Sources/SPDCore/Functions/performRequest.swift:12:57: error: cannot find type 'URLRequest' in scope
10 |     }
11 |
12 |     public static func perform<T: Decodable>(_ request: URLRequest, transformingResponseTo responseType: T.Type, debug: Bool = false) -> Promise<T> {
   |                                                         `- error: cannot find type 'URLRequest' in scope
13 |
14 |         let host = request.url?.host ?? "unknown"
Failed frontend command:
/usr/bin/swift-frontend -frontend -emit-module -experimental-skip-non-inlinable-function-bodies-without-types /host/spi-builder-workspace/Sources/SPDCore/Data\ Structures/DataStructures.swift /host/spi-builder-workspace/Sources/SPDCore/Data\ Structures/Package.swift /host/spi-builder-workspace/Sources/SPDCore/Functions/URLRequest+Curl.swift /host/spi-builder-workspace/Sources/SPDCore/Functions/WhiskWrap.swift /host/spi-builder-workspace/Sources/SPDCore/Functions/performRequest.swift /host/spi-builder-workspace/Sources/SPDCore/Services/Cloudant.swift /host/spi-builder-workspace/Sources/SPDCore/Services/GitHub.swift /host/spi-builder-workspace/Sources/SPDCore/Services/PackageCrawler.swift /host/spi-builder-workspace/Sources/SPDCore/Services/PackageManager.swift -target x86_64-unknown-linux-gnu -disable-objc-interop -I /host/spi-builder-workspace/.build/out/Products/Debug-linux-x86_64 -module-cache-path /host/spi-builder-workspace/.build/out/ModuleCache.noindex -color-diagnostics -Xcc -fcolor-diagnostics -enable-testing -g -debug-info-format\=dwarf -dwarf-version\=4 -swift-version 4 -Onone -D SWIFT_PACKAGE -D DEBUG -D SWIFT_MODULE_RESOURCE_BUNDLE_UNAVAILABLE -D Xcode -serialize-debugging-options -enable-experimental-feature DebugDescriptionMacro -empty-abi-descriptor -external-plugin-path /usr/lib/swift/host/plugins/testing\#/usr/bin/swift-plugin-server -validate-clang-modules-once -clang-build-session-file /host/spi-builder-workspace/.build/out/ModuleCache.noindex/Session.modulevalidation -Xcc -working-directory -Xcc /host -enable-anonymous-context-mangled-names -file-compilation-dir /host -Xcc -fno-omit-frame-pointer -Xcc -D_LIBCPP_HARDENING_MODE\=_LIBCPP_HARDENING_MODE_DEBUG -Xcc -fmodules-prune-interval\=86400 -Xcc -fmodules-prune-after\=345600 -Xcc -I/host/spi-builder-workspace/.build/out/Products/Debug-linux-x86_64/include -Xcc -I/host/spi-builder-workspace/.build/out/Intermediates.noindex/swift-package-directory.build/Debug-linux-x86_64/SPDCore-t.build/DerivedSources-normal/x86_64 -Xcc -I/host/spi-builder-workspace/.build/out/Intermediates.noindex/swift-package-directory.build/Debug-linux-x86_64/SPDCore-t.build/DerivedSources/x86_64 -Xcc -I/host/spi-builder-workspace/.build/out/Intermediates.noindex/swift-package-directory.build/Debug-linux-x86_64/SPDCore-t.build/DerivedSources -Xcc -DSWIFT_PACKAGE -Xcc -DDEBUG\=1 -no-auto-bridging-header-chaining -module-name SPDCore -const-gather-protocols-file /host/spi-builder-workspace/.build/out/Intermediates.noindex/swift-package-directory.build/Debug-linux-x86_64/SPDCore-t.build/Objects-normal/x86_64/SPDCore_const_extract_protocols.json -in-process-plugin-server-path /usr/lib/swift/host/libSwiftInProcPluginServer.so -plugin-path /usr/lib/swift/host/plugins -plugin-path /usr/local/lib/swift/host/plugins -emit-module-doc-path /host/spi-builder-workspace/.build/out/Intermediates.noindex/swift-package-directory.build/Debug-linux-x86_64/SPDCore-t.build/Objects-normal/x86_64/Modules/SPDCore.swiftdoc -emit-module-source-info-path /host/spi-builder-workspace/.build/out/Intermediates.noindex/swift-package-directory.build/Debug-linux-x86_64/SPDCore-t.build/Objects-normal/x86_64/Modules/SPDCore.swiftsourceinfo -emit-objc-header-path /host/spi-builder-workspace/.build/out/Intermediates.noindex/swift-package-directory.build/Debug-linux-x86_64/SPDCore-t.build/Objects-normal/x86_64/SPDCore-Swift.h -serialize-diagnostics-path /host/spi-builder-workspace/.build/out/Intermediates.noindex/swift-package-directory.build/Debug-linux-x86_64/SPDCore-t.build/Objects-normal/x86_64/SPDCore-primary-emit-module.dia -emit-dependencies-path /host/spi-builder-workspace/.build/out/Intermediates.noindex/swift-package-directory.build/Debug-linux-x86_64/SPDCore-t.build/Objects-normal/x86_64/SPDCore-primary-emit-module.d -parse-as-library -o /host/spi-builder-workspace/.build/out/Intermediates.noindex/swift-package-directory.build/Debug-linux-x86_64/SPDCore-t.build/Objects-normal/x86_64/Modules/SPDCore.swiftmodule
error: SwiftCompile normal x86_64 /host/spi-builder-workspace/Sources/SPDCore/Functions/URLRequest+Curl.swift failed with a nonzero exit code. Command line:     cd /host
    builtin-SwiftPerFileCompile URLRequest+Curl.swift
/host/spi-builder-workspace/Sources/SPDCore/Functions/URLRequest+Curl.swift:8:18: error: cannot find type 'URLRequest' in scope
 6 | import Foundation
 7 |
 8 | public extension URLRequest {
   |                  `- error: cannot find type 'URLRequest' in scope
 9 |
10 |     /// Returns a cURL command for a request
Failed frontend command:
/usr/bin/swift-frontend -frontend -c /host/spi-builder-workspace/Sources/SPDCore/Data\ Structures/DataStructures.swift /host/spi-builder-workspace/Sources/SPDCore/Data\ Structures/Package.swift -primary-file /host/spi-builder-workspace/Sources/SPDCore/Functions/URLRequest+Curl.swift /host/spi-builder-workspace/Sources/SPDCore/Functions/WhiskWrap.swift /host/spi-builder-workspace/Sources/SPDCore/Functions/performRequest.swift /host/spi-builder-workspace/Sources/SPDCore/Services/Cloudant.swift /host/spi-builder-workspace/Sources/SPDCore/Services/GitHub.swift /host/spi-builder-workspace/Sources/SPDCore/Services/PackageCrawler.swift /host/spi-builder-workspace/Sources/SPDCore/Services/PackageManager.swift -emit-dependencies-path /host/spi-builder-workspace/.build/out/Intermediates.noindex/swift-package-directory.build/Debug-linux-x86_64/SPDCore-t.build/Objects-normal/x86_64/URLRequest+Curl.d -emit-const-values-path /host/spi-builder-workspace/.build/out/Intermediates.noindex/swift-package-directory.build/Debug-linux-x86_64/SPDCore-t.build/Objects-normal/x86_64/URLRequest+Curl.swiftconstvalues -emit-reference-dependencies-path /host/spi-builder-workspace/.build/out/Intermediates.noindex/swift-package-directory.build/Debug-linux-x86_64/SPDCore-t.build/Objects-normal/x86_64/URLRequest+Curl.swiftdeps -serialize-diagnostics-path /host/spi-builder-workspace/.build/out/Intermediates.noindex/swift-package-directory.build/Debug-linux-x86_64/SPDCore-t.build/Objects-normal/x86_64/URLRequest+Curl.dia -target x86_64-unknown-linux-gnu -disable-objc-interop -I /host/spi-builder-workspace/.build/out/Products/Debug-linux-x86_64 -module-cache-path /host/spi-builder-workspace/.build/out/ModuleCache.noindex -color-diagnostics -Xcc -fcolor-diagnostics -enable-testing -g -debug-info-format\=dwarf -dwarf-version\=4 -swift-version 4 -Onone -D SWIFT_PACKAGE -D DEBUG -D SWIFT_MODULE_RESOURCE_BUNDLE_UNAVAILABLE -D Xcode -serialize-debugging-options -enable-experimental-feature DebugDescriptionMacro -empty-abi-descriptor -external-plugin-path /usr/lib/swift/host/plugins/testing\#/usr/bin/swift-plugin-server -validate-clang-modules-once -clang-build-session-file /host/spi-builder-workspace/.build/out/ModuleCache.noindex/Session.modulevalidation -Xcc -working-directory -Xcc /host -enable-anonymous-context-mangled-names -file-compilation-dir /host -Xcc -fno-omit-frame-pointer -Xcc -D_LIBCPP_HARDENING_MODE\=_LIBCPP_HARDENING_MODE_DEBUG -Xcc -fmodules-prune-interval\=86400 -Xcc -fmodules-prune-after\=345600 -Xcc -I/host/spi-builder-workspace/.build/out/Products/Debug-linux-x86_64/include -Xcc -I/host/spi-builder-workspace/.build/out/Intermediates.noindex/swift-package-directory.build/Debug-linux-x86_64/SPDCore-t.build/DerivedSources-normal/x86_64 -Xcc -I/host/spi-builder-workspace/.build/out/Intermediates.noindex/swift-package-directory.build/Debug-linux-x86_64/SPDCore-t.build/DerivedSources/x86_64 -Xcc -I/host/spi-builder-workspace/.build/out/Intermediates.noindex/swift-package-directory.build/Debug-linux-x86_64/SPDCore-t.build/DerivedSources -Xcc -DSWIFT_PACKAGE -Xcc -DDEBUG\=1 -no-auto-bridging-header-chaining -module-name SPDCore -const-gather-protocols-file /host/spi-builder-workspace/.build/out/Intermediates.noindex/swift-package-directory.build/Debug-linux-x86_64/SPDCore-t.build/Objects-normal/x86_64/SPDCore_const_extract_protocols.json -in-process-plugin-server-path /usr/lib/swift/host/libSwiftInProcPluginServer.so -plugin-path /usr/lib/swift/host/plugins -plugin-path /usr/local/lib/swift/host/plugins -parse-as-library -o /host/spi-builder-workspace/.build/out/Intermediates.noindex/swift-package-directory.build/Debug-linux-x86_64/SPDCore-t.build/Objects-normal/x86_64/URLRequest+Curl.o -index-unit-output-path /swift-package-directory.build/Debug-linux-x86_64/SPDCore-t.build/Objects-normal/x86_64/URLRequest+Curl.o -index-store-path /host/spi-builder-workspace/.build/out -index-system-modules
error: Build failed
BUILD FAILURE 6.4 linux