The Swift Package Index logo.Swift Package Index

Build Information

Failed to build Highlightr, reference 3.0.2 (bd0358), with Swift 6.4 for visionOS using Xcode 27.0 on 20 Sep 2026 11:24:33 UTC.

Build Command

No build command. This typically means the build failed at an early stage where we determine the build command.

Build Log

========================================
RunAll
========================================
Builder version: 5.1.0
Interrupt handler set up.
========================================
Checkout
========================================
Clone URL: https://github.com/helje5/Highlightr.git
Reference: 3.0.2
Initialized empty Git repository in /Users/admin/builder/spi-builder-workspace/.git/
From https://github.com/helje5/Highlightr
 * tag               3.0.2      -> FETCH_HEAD
HEAD is now at bd03580 Merge branch 'feature/visionOS-1'
Cloned https://github.com/helje5/Highlightr.git
Revision (git rev-parse @):
bd0358056ff1f12ea83833a9fc1b3b5a396a9da0
SUCCESS checkout https://github.com/helje5/Highlightr.git at 3.0.2
========================================
Build
========================================
Selected platform:         visionOS
Swift version:             6.4
Building package at path:  $PWD
https://github.com/helje5/Highlightr.git
Command line invocation:
    /Applications/Xcode-27.0.0-Release.Candidate.app/Contents/Developer/usr/bin/xcodebuild -IDEClonedSourcePackagesDirPathOverride=/Users/admin/builder/spi-builder-workspace/.dependencies -resolvePackageDependencies
2026-09-20 07:24:31.775 xcodebuild[529:3038] Writing error result bundle to /var/folders/xq/y_g06wb113726d38xsyx71_h0000gn/T/ResultBundle_2026-20-09_07-24-0031.xcresult
xcodebuild: error: The directory /Users/admin/builder/spi-builder-workspace contains 2 projects, including multiple projects with the current extension (.xcodeproj). Specify the project to use with the -project option.
Command line invocation:
    /Applications/Xcode-27.0.0-Release.Candidate.app/Contents/Developer/usr/bin/xcodebuild -IDEClonedSourcePackagesDirPathOverride=/Users/admin/builder/spi-builder-workspace/.dependencies -resolvePackageDependencies
2026-09-20 07:24:32.915 xcodebuild[539:3116] Writing error result bundle to /var/folders/xq/y_g06wb113726d38xsyx71_h0000gn/T/ResultBundle_2026-20-09_07-24-0032.xcresult
xcodebuild: error: The directory /Users/admin/builder/spi-builder-workspace contains 2 projects, including multiple projects with the current extension (.xcodeproj). Specify the project to use with the -project option.
BUILD FAILURE 6.4 visionOS