Build Information
Failed to build hummingbird-auth, reference main (158505), with Swift 6.2 for Android on 27 Oct 2026 21:20:13 UTC.
Build Command
bash -c docker run --pull=always --rm -v "checkouts-54344845-1":/host -w "$PWD" -e JAVA_HOME="/root/.sdkman/candidates/java/current" -e SPI_BUILD="1" -e SPI_PROCESSING="1" registry.gitlab.com/saguaro1/spi-images:android-6.2-latest swift build --swift-sdk aarch64-unknown-linux-android28 2>&1Build Log
[681/1189] Compiling pkcs8.cc
[682/1189] Compiling pkcs7_x509.cc
[683/1189] Compiling pkcs8_x509.cc
[684/1189] Compiling pem_xaux.cc
[685/1189] Compiling pem_x509.cc
[686/1189] Compiling pem_pkey.cc
[687/1189] Compiling pem_pk8.cc
[688/1189] Compiling pem_oth.cc
[689/1189] Compiling mlkem.cc
[690/1189] Compiling pem_info.cc
[691/1189] Compiling pem_all.cc
[692/1189] Compiling pem_lib.cc
[693/1189] Compiling obj_xref.cc
[694/1189] Compiling obj.cc
[695/1189] Compiling poly_rq_mul.S
[696/1189] Compiling mldsa.cc
[697/1189] Compiling fips_shared_support.cc
[698/1189] Compiling md5.cc
[699/1189] Compiling md4.cc
[699/1189] Compiling mem.cc
[701/1189] Compiling lhash.cc
[702/1189] Compiling kyber.cc
[703/1189] Compiling sign.cc
[704/1189] Compiling hrss.cc
[705/1189] Compiling ex_data.cc
[706/1189] Compiling scrypt.cc
[707/1189] Compiling print.cc
[708/1189] Compiling hpke.cc
[709/1189] Compiling pbkdf.cc
[710/1189] Compiling p_x25519.cc
[711/1189] Compiling p_rsa_asn1.cc
[712/1189] Compiling p_x25519_asn1.cc
[713/1189] Compiling p_rsa.cc
[714/1189] Compiling p_ed25519.cc
[715/1189] Compiling p_hkdf.cc
[716/1189] Compiling p_ed25519_asn1.cc
[717/1189] Compiling p_ec_asn1.cc
[718/1189] Compiling p_ec.cc
[719/1189] Compiling p_dh_asn1.cc
[720/1189] Compiling p_dh.cc
[721/1189] Compiling evp_ctx.cc
[722/1189] Compiling p_dsa_asn1.cc
[723/1189] Compiling evp_asn1.cc
[724/1189] Compiling engine.cc
[725/1189] Compiling err.cc
[726/1189] Compiling evp.cc
[727/1189] Compiling ecdh.cc
[728/1189] Compiling hash_to_curve.cc
[729/1189] Compiling ecdsa_asn1.cc
[730/1189] Compiling ec_derive.cc
[731/1189] Compiling dsa.cc
[732/1189] Compiling dsa_asn1.cc
[733/1189] Compiling ec_asn1.cc
[734/1189] Compiling params.cc
[735/1189] Compiling digest_extra.cc
[736/1189] Compiling x25519-asm-arm.S
[737/1189] Compiling bcm.cc
[738/1189] Compiling des.cc
[738/1189] Compiling dh_asn1.cc
[740/1189] Compiling curve25519_64_adx.cc
[741/1189] Compiling cpu_intel.cc
[741/1189] Compiling spake25519.cc
[743/1189] Compiling crypto.cc
[744/1189] Compiling cpu_arm_linux.cc
[745/1189] Compiling curve25519.cc
[746/1189] Compiling cpu_arm_freebsd.cc
[747/1189] Compiling cpu_aarch64_win.cc
[748/1189] Compiling cpu_aarch64_sysreg.cc
[749/1189] Compiling cpu_aarch64_openbsd.cc
[750/1189] Compiling cpu_aarch64_linux.cc
[751/1189] Compiling cpu_aarch64_apple.cc
[752/1189] Compiling cpu_aarch64_fuchsia.cc
[753/1189] Compiling conf.cc
[754/1189] Compiling get_cipher.cc
[755/1189] Compiling tls_cbc.cc
[756/1189] Compiling e_rc4.cc
[757/1189] Compiling e_tls.cc
[758/1189] Compiling e_null.cc
[759/1189] Compiling e_rc2.cc
[760/1189] Compiling e_des.cc
[761/1189] Compiling e_chacha20poly1305.cc
[762/1189] Compiling e_aesgcmsiv.cc
[763/1189] Compiling e_aesctrhmac.cc
[764/1189] Compiling derive_key.cc
[765/1189] Compiling chacha.cc
[766/1189] Compiling unicode.cc
[767/1189] Compiling cbb.cc
[768/1189] Compiling buf.cc
[769/1189] Compiling cbs.cc
[770/1189] Compiling ber.cc
[771/1189] Compiling asn1_compat.cc
[772/1189] Compiling bn_asn1.cc
[773/1189] Compiling convert.cc
[774/1189] Compiling blake2.cc
[775/1189] Compiling socket.cc
[776/1189] Compiling socket_helper.cc
[777/1189] Compiling printf.cc
[778/1189] Compiling pair.cc
[779/1189] Compiling hexdump.cc
[780/1189] Compiling file.cc
[781/1189] Compiling errno.cc
[781/1189] Compiling fd.cc
[783/1189] Compiling bio_mem.cc
[784/1189] Compiling connect.cc
[785/1189] Compiling bio.cc
[786/1189] Compiling base64.cc
[787/1189] Compiling tasn_fre.cc
[788/1189] Compiling tasn_typ.cc
[789/1189] Compiling tasn_utl.cc
[790/1189] Compiling tasn_enc.cc
[791/1189] Compiling posix_time.cc
[792/1189] Compiling f_string.cc
[793/1189] Compiling tasn_new.cc
[794/1189] Compiling tasn_dec.cc
[795/1189] Compiling f_int.cc
[796/1189] Compiling asn_pack.cc
[796/1189] Compiling asn1_par.cc
[798/1189] Compiling asn1_lib.cc
[799/1189] Compiling a_utctm.cc
[800/1189] Compiling a_type.cc
[801/1189] Compiling a_time.cc
[802/1189] Compiling a_octet.cc
[803/1189] Compiling a_strnid.cc
[804/1189] Compiling a_strex.cc
[805/1189] Compiling a_object.cc
[806/1189] Compiling a_i2d_fp.cc
[807/1189] Compiling a_dup.cc
[808/1189] Compiling a_mbstr.cc
[809/1189] Compiling a_int.cc
[810/1189] Compiling a_d2i_fp.cc
[811/1189] Compiling fiat_p256_adx_sqr.S
[812/1189] Compiling fiat_p256_adx_mul.S
[813/1189] Compiling fiat_curve25519_adx_square.S
[814/1189] Compiling a_gentm.cc
[815/1189] Compiling fiat_curve25519_adx_mul.S
[816/1189] Compiling md5-x86_64-linux.S
[817/1189] Compiling md5-x86_64-apple.S
[818/1189] Compiling md5-586-linux.S
[819/1189] Compiling md5-586-apple.S
[820/1189] Compiling chacha20_poly1305_x86_64-linux.S
[821/1189] Compiling a_bitstr.cc
[822/1189] Compiling chacha20_poly1305_x86_64-apple.S
[823/1189] Compiling chacha20_poly1305_armv8-win.S
[824/1189] Compiling chacha20_poly1305_armv8-apple.S
[825/1189] Compiling chacha-x86_64-linux.S
[826/1189] Compiling chacha-x86_64-apple.S
[827/1189] Compiling chacha-x86-linux.S
[828/1189] Compiling chacha20_poly1305_armv8-linux.S
[829/1189] Compiling chacha-x86-apple.S
[830/1189] Compiling chacha-armv8-win.S
[831/1189] Compiling a_bool.cc
[832/1189] Compiling chacha-armv8-apple.S
[833/1189] Compiling chacha-armv4-linux.S
[834/1189] Compiling chacha-armv8-linux.S
[835/1189] Compiling aes128gcmsiv-x86_64-linux.S
[836/1189] Compiling x86_64-mont5-linux.S
[837/1189] Compiling aes128gcmsiv-x86_64-apple.S
[838/1189] Compiling x86_64-mont5-apple.S
[839/1189] Compiling x86_64-mont-linux.S
[840/1189] Compiling x86_64-mont-apple.S
[841/1189] Compiling x86-mont-linux.S
[842/1189] Compiling x86-mont-apple.S
[843/1189] Compiling vpaes-x86_64-linux.S
[844/1189] Compiling vpaes-x86_64-apple.S
[845/1189] Compiling vpaes-x86-apple.S
[846/1189] Compiling vpaes-armv8-win.S
[846/1189] Compiling vpaes-x86-linux.S
[848/1189] Compiling vpaes-armv8-apple.S
[849/1189] Compiling vpaes-armv7-linux.S
[850/1189] Compiling vpaes-armv8-linux.S
[851/1189] Compiling sha512-x86_64-linux.S
[852/1189] Compiling sha512-x86_64-apple.S
[853/1189] Compiling sha512-armv8-win.S
[854/1189] Compiling sha512-586-linux.S
[855/1189] Compiling sha512-armv8-apple.S
[856/1189] Compiling sha512-armv4-linux.S
[857/1189] Compiling err_data.cc
[858/1189] Compiling sha512-armv8-linux.S
[859/1189] Compiling sha512-586-apple.S
[860/1189] Compiling sha256-x86_64-linux.S
[861/1189] Compiling sha256-armv8-win.S
[862/1189] Compiling sha256-x86_64-apple.S
[863/1189] Compiling sha256-armv8-apple.S
[864/1189] Compiling sha256-armv8-linux.S
[865/1189] Compiling sha256-armv4-linux.S
[866/1189] Compiling sha256-586-apple.S
[867/1189] Compiling sha256-586-linux.S
[868/1189] Compiling sha1-x86_64-linux.S
[869/1189] Compiling sha1-x86_64-apple.S
[870/1189] Compiling sha1-armv8-win.S
[871/1189] Compiling sha1-armv8-apple.S
[872/1189] Compiling sha1-armv4-large-linux.S
[873/1189] Compiling sha1-586-linux.S
[874/1189] Compiling sha1-armv8-linux.S
[875/1189] Compiling sha1-586-apple.S
[876/1189] Compiling rsaz-avx2-linux.S
[877/1189] Compiling rdrand-x86_64-linux.S
[878/1189] Compiling rsaz-avx2-apple.S
[879/1189] Compiling rdrand-x86_64-apple.S
[880/1189] Compiling p256_beeu-x86_64-asm-linux.S
[881/1189] Compiling p256_beeu-armv8-asm-win.S
[882/1189] Compiling p256_beeu-x86_64-asm-apple.S
[883/1189] Compiling p256_beeu-armv8-asm-linux.S
[884/1189] Compiling p256-x86_64-asm-linux.S
[885/1189] Compiling p256_beeu-armv8-asm-apple.S
[886/1189] Compiling p256-armv8-asm-win.S
[887/1189] Compiling p256-x86_64-asm-apple.S
[888/1189] Compiling p256-armv8-asm-linux.S
[889/1189] Compiling p256-armv8-asm-apple.S
[890/1189] Compiling ghashv8-armv8-linux.S
[891/1189] Compiling ghashv8-armv8-win.S
[892/1189] Compiling ghashv8-armv8-apple.S
[893/1189] Compiling ghashv8-armv7-linux.S
[894/1189] Compiling ghash-x86_64-linux.S
[895/1189] Compiling ghash-x86_64-apple.S
[896/1189] Compiling ghash-x86-linux.S
[897/1189] Compiling ghash-ssse3-x86_64-linux.S
[898/1189] Compiling ghash-x86-apple.S
[899/1189] Compiling ghash-ssse3-x86_64-apple.S
[900/1189] Compiling ghash-ssse3-x86-linux.S
[901/1189] Compiling ghash-ssse3-x86-apple.S
[902/1189] Compiling ghash-neon-armv8-win.S
[903/1189] Compiling ghash-neon-armv8-linux.S
[904/1189] Compiling ghash-neon-armv8-apple.S
[905/1189] Compiling co-586-linux.S
[906/1189] Compiling co-586-apple.S
[907/1189] Compiling ghash-armv4-linux.S
[908/1189] Compiling bsaes-armv7-linux.S
[909/1189] Compiling bn-armv8-win.S
[910/1189] Compiling bn-armv8-linux.S
[911/1189] Compiling bn-586-linux.S
[912/1189] Compiling bn-armv8-apple.S
[913/1189] Compiling armv8-mont-win.S
[914/1189] Compiling bn-586-apple.S
[915/1189] Compiling armv8-mont-apple.S
[915/1189] Compiling armv8-mont-linux.S
[917/1189] Compiling armv4-mont-linux.S
[918/1189] Compiling aesv8-gcm-armv8-win.S
[919/1189] Compiling aesv8-gcm-armv8-apple.S
[920/1189] Compiling aesv8-armv8-linux.S
[921/1189] Compiling aesv8-armv8-win.S
[922/1189] Compiling aesv8-gcm-armv8-linux.S
[923/1189] Compiling aesv8-armv8-apple.S
[924/1189] Compiling aesv8-armv7-linux.S
[925/1189] Compiling aesni-x86_64-linux.S
[926/1189] Compiling aesni-x86_64-apple.S
[927/1189] Compiling aesni-gcm-x86_64-linux.S
[928/1189] Compiling aesni-x86-linux.S
[929/1189] Compiling aesni-x86-apple.S
[930/1189] Compiling aesni-gcm-x86_64-apple.S
[931/1189] Compiling aes-gcm-avx512-x86_64-linux.S
[932/1189] Compiling aes-gcm-avx512-x86_64-apple.S
[933/1189] Compiling aes-gcm-avx2-x86_64-linux.S
[934/1189] Compiling aes-gcm-avx2-x86_64-apple.S
[935/1189] Compiling xwing.cc
[936/1189] Compiling x_sig.cc
[937/1189] Compiling x_spki.cc
[938/1189] Compiling x_x509.cc
[939/1189] Compiling x_x509a.cc
[940/1189] Compiling x_req.cc
[941/1189] Compiling c-nioatomics.c
[942/1189] Compiling x_pubkey.cc
[943/1189] Compiling x_exten.cc
[944/1189] Compiling x_name.cc
[945/1189] Compiling x_crl.cc
[946/1189] Compiling x_attrib.cc
[947/1189] Compiling c-atomics.c
[948/1196] Compiling x_all.cc
[950/1196] Compiling NIOConcurrencyHelpers NIOLockedValueBox.swift
[950/1196] Compiling x_algor.cc
[951/1196] Compiling x509spki.cc
[953/1196] Compiling NIOConcurrencyHelpers NIOLock.swift
[954/1196] Compiling NIOConcurrencyHelpers NIOAtomic.swift
[955/1196] Compiling NIOConcurrencyHelpers lock.swift
[955/1196] Compiling x509name.cc
[956/1196] Compiling x509_vpm.cc
[958/1196] Compiling NIOConcurrencyHelpers atomics.swift
[959/1196] Compiling NIOConcurrencyHelpers NIOThreadPoolWorkAvailable.swift
[960/1196] Emitting module NIOConcurrencyHelpers
[961/1197] Compiling x509cset.cc
[962/1197] Compiling x509rset.cc
[963/1197] Compiling x509_vfy.cc
[964/1197] Compiling x509_v3.cc
[965/1197] Compiling x509_txt.cc
[966/1197] Compiling x509_trs.cc
[967/1197] Compiling x509_set.cc
[968/1197] Compiling x509_req.cc
[969/1197] Compiling x509_obj.cc
[970/1197] Compiling x509_ext.cc
[971/1197] Compiling x509_lu.cc
[972/1197] Compiling x509_def.cc
[973/1197] Compiling x509_d2.cc
[974/1197] Compiling x509_cmp.cc
[975/1197] Compiling x509_att.cc
[976/1197] Compiling x509.cc
[977/1197] Compiling v3_skey.cc
[978/1197] Compiling v3_purp.cc
[979/1197] Compiling v3_utl.cc
[980/1197] Compiling v3_prn.cc
[981/1197] Compiling v3_pmaps.cc
[982/1197] Compiling v3_pcons.cc
[982/1197] Compiling v3_ocsp.cc
[984/1197] Compiling v3_ncons.cc
[985/1197] Compiling v3_lib.cc
[986/1197] Compiling v3_int.cc
[987/1197] Compiling v3_info.cc
[988/1197] Compiling v3_ia5.cc
[989/1197] Compiling v3_genn.cc
[990/1197] Compiling v3_extku.cc
[990/1197] Compiling v3_enum.cc
[992/1197] Compiling v3_crld.cc
[993/1197] Compiling v3_cpols.cc
[994/1197] Compiling v3_conf.cc
[995/1197] Compiling v3_bitst.cc
[996/1197] Compiling v3_bcons.cc
[997/1197] Compiling v3_alt.cc
[998/1197] Compiling v3_akeya.cc
[998/1197] Compiling v3_akey.cc
[1000/1197] Compiling t_x509a.cc
[1001/1197] Compiling t_req.cc
[1002/1197] Compiling t_x509.cc
[1003/1197] Compiling t_crl.cc
[1004/1197] Compiling rsa_pss.cc
[1005/1197] Compiling i2d_pr.cc
[1006/1197] Compiling policy.cc
[1007/1197] Compiling name_print.cc
[1008/1197] Compiling by_file.cc
[1009/1197] Compiling algorithm.cc
[1010/1197] Compiling by_dir.cc
[1011/1197] Compiling asn1_gen.cc
[1012/1197] Compiling a_verify.cc
[1013/1197] Compiling a_sign.cc
[1013/1197] Compiling a_digest.cc
[1015/1197] Compiling thread_pthread.cc
[1016/1197] Compiling thread_win.cc
[1017/1197] Compiling voprf.cc
[1018/1197] Compiling thread_none.cc
[1019/1197] Compiling trust_token.cc
[1020/1197] Compiling thread.cc
[1021/1197] Compiling stack.cc
[1022/1197] Compiling pmbtoken.cc
[1023/1197] Compiling siphash.cc
[1024/1197] Compiling sha512.cc
[1025/1197] Compiling slhdsa.cc
[1026/1197] Compiling sha256.cc
[1027/1197] Compiling sha1.cc
[1028/1197] Compiling spake2plus.cc
[1029/1197] Compiling rsa_extra.cc
[1030/1197] Compiling rsa_print.cc
[1031/1197] Compiling rsa_crypt.cc
[1032/1197] Compiling rc4.cc
[1033/1197] Compiling refcount.cc
[1034/1197] Compiling windows.cc
[1035/1197] Compiling urandom.cc
[1036/1197] Compiling trusty.cc
[1037/1197] Compiling rand.cc
[1038/1197] Compiling ios.cc
[1039/1197] Compiling passive.cc
[1040/1197] Compiling rsa_asn1.cc
[1041/1197] Compiling getentropy.cc
[1042/1197] Compiling poly1305_arm_asm.S
[1043/1197] Compiling forkunsafe.cc
[1044/1197] Compiling deterministic.cc
[1045/1197] Compiling fork_detect.cc
[1046/1197] Compiling pool.cc
[1047/1197] Compiling poly1305_vec.cc
[1048/1197] Compiling poly1305_arm.cc
[1049/1197] Compiling poly1305.cc
[1050/1197] Compiling pkcs8_x509.cc
[1051/1197] Compiling pkcs8.cc
[1052/1197] Compiling p5_pbev2.cc
[1053/1197] Compiling pkcs7_x509.cc
[1054/1197] Compiling pkcs7.cc
[1055/1197] Compiling pem_xaux.cc
[1056/1197] Compiling pem_x509.cc
[1057/1197] Compiling pem_pkey.cc
[1058/1197] Compiling mlkem.cc
[1059/1197] Compiling pem_oth.cc
[1060/1197] Compiling pem_pk8.cc
[1061/1197] Compiling pem_lib.cc
[1062/1197] Compiling pem_info.cc
[1063/1197] Compiling obj_xref.cc
[1064/1197] Compiling pem_all.cc
[1065/1197] Compiling obj.cc
[1066/1197] Compiling poly_rq_mul.S
[1067/1197] Compiling mldsa.cc
[1068/1197] Compiling mem.cc
[1069/1197] Compiling fips_shared_support.cc
[1070/1197] Compiling lhash.cc
[1071/1197] Compiling md5.cc
[1072/1197] Compiling md4.cc
[1073/1197] Compiling kyber.cc
[1074/1197] Compiling fuzzer_mode.cc
[1075/1197] Compiling hrss.cc
[1076/1197] Compiling hpke.cc
[1077/1197] Compiling ex_data.cc
[1078/1197] Compiling scrypt.cc
[1079/1197] Compiling pbkdf.cc
[1080/1197] Compiling print.cc
[1081/1197] Compiling sign.cc
[1082/1197] Compiling p_x25519_asn1.cc
[1083/1197] Compiling p_x25519.cc
[1084/1197] Compiling p_rsa_asn1.cc
[1085/1197] Compiling p_rsa.cc
[1086/1197] Compiling p_ed25519.cc
[1087/1197] Compiling p_hkdf.cc
[1088/1197] Compiling p_ed25519_asn1.cc
[1089/1197] Compiling p_ec_asn1.cc
[1090/1197] Compiling p_ec.cc
[1091/1197] Compiling p_dsa_asn1.cc
[1092/1197] Compiling p_dh_asn1.cc
[1093/1197] Compiling p_dh.cc
[1094/1197] Compiling evp_ctx.cc
[1095/1197] Compiling evp_asn1.cc
[1096/1197] Compiling err.cc
[1097/1197] Compiling engine.cc
[1098/1197] Compiling ecdsa_p1363.cc
[1099/1197] Compiling evp.cc
[1100/1197] Compiling ecdh.cc
[1101/1197] Compiling ec_derive.cc
[1102/1197] Compiling ecdsa_asn1.cc
[1103/1197] Compiling hash_to_curve.cc
[1104/1197] Compiling dsa_asn1.cc
[1105/1197] Compiling dsa.cc
[1106/1197] Compiling ec_asn1.cc
[1107/1197] Compiling digest_extra.cc
[1108/1197] Compiling x25519-asm-arm.S
[1109/1197] Compiling curve25519_64_adx.cc
[1110/1197] Compiling des.cc
[1111/1197] Compiling params.cc
[1112/1197] Compiling dh_asn1.cc
[1113/1197] Compiling spake25519.cc
[1114/1197] Compiling curve25519.cc
[1115/1197] Compiling crypto.cc
[1116/1197] Compiling cpu_intel.cc
[1117/1197] Compiling cpu_arm_freebsd.cc
[1117/1197] Compiling cpu_arm_linux.cc
[1119/1197] Compiling cpu_aarch64_sysreg.cc
[1120/1197] Compiling cpu_aarch64_win.cc
[1121/1197] Compiling cpu_aarch64_openbsd.cc
[1122/1197] Compiling cpu_aarch64_linux.cc
[1123/1197] Compiling cpu_aarch64_fuchsia.cc
[1124/1197] Compiling cpu_aarch64_apple.cc
[1125/1197] Compiling conf.cc
[1126/1197] Compiling tls_cbc.cc
[1127/1197] Compiling cms.cc
[1128/1197] Compiling get_cipher.cc
[1129/1197] Compiling e_tls.cc
[1130/1197] Compiling e_rc4.cc
[1131/1197] Compiling e_rc2.cc
[1132/1197] Compiling e_null.cc
[1133/1197] Compiling e_des.cc
[1134/1197] Compiling e_chacha20poly1305.cc
[1135/1197] Compiling e_aesgcmsiv.cc
[1136/1197] Compiling e_aeseax.cc
[1137/1197] Compiling e_aesctrhmac.cc
[1138/1197] Compiling derive_key.cc
[1139/1197] Compiling chacha.cc
[1140/1197] Compiling unicode.cc
[1141/1197] Compiling cbs.cc
[1142/1197] Compiling buf.cc
[1143/1197] Compiling sqrt.cc
[1144/1197] Compiling cbb.cc
[1145/1197] Compiling ber.cc
[1146/1197] Compiling asn1_compat.cc
[1147/1197] Compiling div.cc
[1148/1197] Compiling exponentiation.cc
[1149/1197] Compiling blake2.cc
[1150/1197] Compiling bn_asn1.cc
[1151/1197] Compiling printf.cc
[1152/1197] Compiling pair.cc
[1153/1197] Compiling convert.cc
[1154/1197] Compiling hexdump.cc
[1155/1197] Compiling file.cc
[1156/1197] Compiling errno.cc
[1157/1197] Compiling fd.cc
[1158/1197] Compiling bio_mem.cc
[1159/1197] Compiling base64.cc
[1160/1197] Compiling bio.cc
[1161/1197] Compiling tasn_typ.cc
[1162/1197] Compiling tasn_utl.cc
[1163/1197] Compiling tasn_fre.cc
[1164/1197] Compiling tasn_enc.cc
[1165/1197] Compiling posix_time.cc
[1166/1197] Compiling tasn_new.cc
[1167/1197] Compiling f_string.cc
[1168/1197] Compiling tasn_dec.cc
[1169/1197] Compiling f_int.cc
[1170/1197] Compiling asn_pack.cc
[1171/1197] Compiling asn1_par.cc
[1172/1197] Compiling asn1_lib.cc
[1173/1197] Compiling bcm.cc
[1174/1197] Compiling a_utctm.cc
[1175/1197] Compiling a_type.cc
[1176/1197] Compiling a_octet.cc
[1177/1197] Compiling a_time.cc
[1178/1197] Compiling a_strnid.cc
[1179/1197] Compiling a_strex.cc
[1180/1197] Compiling a_i2d_fp.cc
[1181/1197] Compiling a_dup.cc
[1182/1197] Compiling a_d2i_fp.cc
[1183/1197] Compiling a_mbstr.cc
[1184/1197] Compiling a_object.cc
[1185/1197] Compiling CBcrypt blf.c
[1185/1197] Write sources
[1188/1197] Compiling CAsyncHTTPClient CAsyncHTTPClient.c
[1189/1197] Write sources
[1191/1197] Compiling CBcrypt bcrypt.c
[1192/1217] Compiling a_int.cc
[1193/1262] Compiling a_gentm.cc
[1195/1295] Compiling Algorithms Intersperse.swift
[1196/1295] Compiling Algorithms Joined.swift
[1197/1297] Compiling Algorithms Partition.swift
[1198/1297] Compiling Algorithms Permutations.swift
[1199/1297] Compiling Algorithms Keyed.swift
[1200/1297] Compiling Algorithms MinMax.swift
[1201/1297] Compiling Algorithms Grouped.swift
[1202/1297] Compiling Algorithms Indexed.swift
[1202/1297] Compiling aes.cc
[1204/1297] Compiling HummingbirdBcrypt Bcrypt.swift
/host/spi-builder-workspace/Sources/HummingbirdBcrypt/Bcrypt.swift:52:16: warning: 'init(cString:)' is deprecated: Use String(decoding: array, as: UTF8.self) instead, after truncating the null termination. [#DeprecatedDeclaration]
50 | }
51 |
52 | return String(cString: hashedData)
| `- warning: 'init(cString:)' is deprecated: Use String(decoding: array, as: UTF8.self) instead, after truncating the null termination. [#DeprecatedDeclaration]
53 | }
54 |
[#DeprecatedDeclaration]: <https://docs.swift.org/compiler/documentation/diagnostics/deprecated-declaration>
[1205/1297] Emitting module HummingbirdBcrypt
[1207/1298] Compiling Algorithms AdjacentPairs.swift
[1208/1298] Compiling Algorithms Chain.swift
[1209/1298] Compiling Algorithms Chunked.swift
[1209/1298] Compiling a_bool.cc
[1211/1298] Compiling Atomics IntegerOperations.swift
[1212/1298] Compiling Atomics Unmanaged extensions.swift
[1213/1298] Compiling Algorithms EitherSequence.swift
[1214/1298] Compiling Algorithms FirstNonNil.swift
[1215/1298] Compiling Algorithms FlattenCollection.swift
[1215/1298] Compiling a_bitstr.cc
[1218/1306] Compiling Algorithms Reductions.swift
[1219/1306] Compiling Algorithms Rotate.swift
[1220/1306] Compiling Algorithms Split.swift
[1221/1306] Compiling Algorithms Stride.swift
[1222/1306] Compiling Algorithms Suffix.swift
[1229/1309] Compiling AsyncAlgorithms AsyncFlatMapLatestSequence.swift
[1230/1309] Compiling AsyncAlgorithms FlatMapLatestStateMachine.swift
[1231/1309] Compiling AsyncAlgorithms FlatMapLatestStorage.swift
[1232/1309] Compiling AsyncAlgorithms Disconnected.swift
[1233/1309] Compiling AsyncAlgorithms _TinyArray.swift
[1234/1309] Compiling AsyncAlgorithms AsyncInterspersedSequence.swift
[1235/1309] Compiling AsyncAlgorithms Locking.swift
[1236/1316] Emitting module AsyncAlgorithms
[1241/1316] Compiling Algorithms Compacted.swift
[1242/1316] Compiling Algorithms Cycle.swift
[1248/1316] Compiling Algorithms Combinations.swift
[1253/1316] Compiling Algorithms Trim.swift
[1254/1316] Compiling Algorithms Unique.swift
[1255/1316] Compiling Algorithms Windows.swift
[1256/1316] Compiling CryptoBoringWrapper FiniteFieldArithmeticContext.swift
[1257/1317] Compiling CryptoBoringWrapper Data+Span.swift
[1266/1317] Compiling CryptoBoringWrapper CryptoKitErrors_boring.swift
[1267/1317] Emitting module CryptoBoringWrapper
[1272/1317] Compiling CryptoBoringWrapper EllipticCurvePoint.swift
[1273/1317] Compiling CryptoBoringWrapper EllipticCurve.swift
[1274/1317] Compiling CryptoBoringWrapper BoringSSLAEAD.swift
[1275/1317] Emitting module Atomics
[1276/1317] Compiling CryptoBoringWrapper RandomBytes.swift
[1277/1317] Compiling CryptoBoringWrapper ArbitraryPrecisionInteger.swift
[1283/1469] Compiling NIOCore NIOAsyncSequenceProducerStrategies.swift
[1284/1469] Compiling NIOCore NIOAsyncWriter.swift
[1285/1469] Compiling NIOCore ByteBuffer-multi-int.swift
[1286/1469] Compiling NIOCore ByteBuffer-quicBinaryEncodingStrategy.swift
[1287/1469] Compiling NIOCore ByteBuffer-views.swift
[1288/1469] Compiling NIOCore Channel.swift
[1289/1469] Compiling NIOCore ChannelHandler.swift
[1290/1469] Compiling NIOCore ChannelHandlers.swift
[1291/1469] Compiling NIOCore ChannelInvoker.swift
[1292/1469] Compiling NIOCore ChannelOption.swift
[1293/1469] Compiling NIOCore ChannelPipeline.swift
[1294/1469] Compiling NIOCore CircularBuffer.swift
[1295/1469] Compiling NIOCore Codec.swift
[1296/1469] Compiling NIOCore ConvenienceOptionSupport.swift
[1297/1469] Compiling NIOCore DeadChannel.swift
[1298/1469] Compiling NIOCore DispatchQueue+WithFuture.swift
[1299/1469] Compiling NIOCore EventLoop+Deprecated.swift
[1300/1469] Compiling NIOCore EventLoop+SerialExecutor.swift
[1301/1469] Compiling NIOCore EventLoop.swift
[1302/1469] Compiling NIOCore EventLoopFuture+AssumeIsolated.swift
[1303/1469] Compiling NIOCore IPProtocol.swift
[1304/1469] Compiling NIOCore IntegerBitPacking.swift
[1305/1469] Compiling NIOCore IO.swift
[1306/1469] Compiling NIOCore IOData.swift
[1307/1469] Compiling NIOCore NIOCoreSendableMetatype.swift
[1308/1469] Compiling NIOCore NIODecodedAsyncSequence.swift
[1309/1469] Compiling NIOCore NIOLoopBound.swift
[1310/1469] Compiling NIOCore NIOPooledRecvBufferAllocator.swift
[1311/1469] Compiling NIOCore NIOScheduledCallback.swift
[1312/1469] Emitting module Algorithms
[1314/1470] Compiling NIOCore EventLoopFuture+Deprecated.swift
[1315/1470] Compiling NIOCore EventLoopFuture+WithEventLoop.swift
[1316/1470] Compiling NIOCore EventLoopFuture.swift
[1317/1470] Compiling NIOCore FileDescriptor.swift
[1318/1470] Compiling NIOCore FileHandle.swift
[1319/1470] Compiling NIOCore FileRegion.swift
[1320/1470] Compiling NIOCore GlobalSingletons.swift
/host/spi-builder-workspace/.build/checkouts/swift-crypto/Sources/Crypto/HPKE/Ciphersuite/KEM/Conformances/DHKEM.swift:81:6: error: unknown attribute 'nonexhaustive'
79 | extension HPKE {
80 | /// A container for Diffie-Hellman key encapsulation mechanisms (KEMs).
81 | @nonexhaustive
| `- error: unknown attribute 'nonexhaustive'
82 | public enum DHKEM: Sendable {
83 | struct PublicKey<DHPK: HPKEDiffieHellmanPublicKey>: KEMPublicKey where DHPK == DHPK.EphemeralPrivateKey.PublicKey {
/host/spi-builder-workspace/.build/checkouts/swift-crypto/Sources/Crypto/HPKE/Ciphersuite/KEM/HPKE-KEM.swift:29:6: error: unknown attribute 'nonexhaustive'
27 | /// The module-lattice key encapsulation mechanism (ML-KEM) is designed to offer increased security in situations
28 | /// where an adversary uses a quantum computer.
29 | @nonexhaustive
| `- error: unknown attribute 'nonexhaustive'
30 | public enum KEM: CaseIterable, Hashable, Sendable {
31 | public static var allCases: [HPKE.KEM] {
/host/spi-builder-workspace/.build/checkouts/swift-crypto/Sources/Crypto/HPKE/HPKE-Errors.swift:27:6: error: unknown attribute 'nonexhaustive'
25 | extension HPKE {
26 | /// Hybrid public key encryption (HPKE) errors that CryptoKit uses.
27 | @nonexhaustive
| `- error: unknown attribute 'nonexhaustive'
28 | public enum Errors: Error {
29 | /// The parameters for initializing an HPKE sender or receiver are inconsistent.
/host/spi-builder-workspace/.build/checkouts/swift-crypto/Sources/Crypto/HPKE/HPKE.swift:53:2: error: unknown attribute 'nonexhaustive'
51 | /// ### Handling errors
52 | /// - ``Errors``
53 | @nonexhaustive
| `- error: unknown attribute 'nonexhaustive'
54 | public enum HPKE: Sendable {}
55 |
/host/spi-builder-workspace/.build/checkouts/swift-crypto/Sources/Crypto/Insecure/Insecure.swift:23:2: error: unknown attribute 'nonexhaustive'
21 | /// but the framework provides them for backward compatibility with older
22 | /// services that require them. For new services, avoid these algorithms.
23 | @nonexhaustive
| `- error: unknown attribute 'nonexhaustive'
24 | public enum Insecure: Sendable {}
25 | #endif // canImport(CryptoKit)
/host/spi-builder-workspace/.build/checkouts/swift-crypto/Sources/Crypto/HPKE/Ciphersuite/KEM/Conformances/DHKEM.swift:81:6: error: unknown attribute 'nonexhaustive'
79 | extension HPKE {
80 | /// A container for Diffie-Hellman key encapsulation mechanisms (KEMs).
81 | @nonexhaustive
| `- error: unknown attribute 'nonexhaustive'
82 | public enum DHKEM: Sendable {
83 | struct PublicKey<DHPK: HPKEDiffieHellmanPublicKey>: KEMPublicKey where DHPK == DHPK.EphemeralPrivateKey.PublicKey {
/host/spi-builder-workspace/.build/checkouts/swift-crypto/Sources/Crypto/HPKE/Ciphersuite/KEM/HPKE-KEM.swift:29:6: error: unknown attribute 'nonexhaustive'
27 | /// The module-lattice key encapsulation mechanism (ML-KEM) is designed to offer increased security in situations
28 | /// where an adversary uses a quantum computer.
29 | @nonexhaustive
| `- error: unknown attribute 'nonexhaustive'
30 | public enum KEM: CaseIterable, Hashable, Sendable {
31 | public static var allCases: [HPKE.KEM] {
/host/spi-builder-workspace/.build/checkouts/swift-crypto/Sources/Crypto/HPKE/HPKE-Errors.swift:27:6: error: unknown attribute 'nonexhaustive'
25 | extension HPKE {
26 | /// Hybrid public key encryption (HPKE) errors that CryptoKit uses.
27 | @nonexhaustive
| `- error: unknown attribute 'nonexhaustive'
28 | public enum Errors: Error {
29 | /// The parameters for initializing an HPKE sender or receiver are inconsistent.
/host/spi-builder-workspace/.build/checkouts/swift-crypto/Sources/Crypto/HPKE/HPKE.swift:53:2: error: unknown attribute 'nonexhaustive'
51 | /// ### Handling errors
52 | /// - ``Errors``
53 | @nonexhaustive
| `- error: unknown attribute 'nonexhaustive'
54 | public enum HPKE: Sendable {}
55 |
/host/spi-builder-workspace/.build/checkouts/swift-crypto/Sources/Crypto/Insecure/Insecure.swift:23:2: error: unknown attribute 'nonexhaustive'
21 | /// but the framework provides them for backward compatibility with older
22 | /// services that require them. For new services, avoid these algorithms.
23 | @nonexhaustive
| `- error: unknown attribute 'nonexhaustive'
24 | public enum Insecure: Sendable {}
25 | #endif // canImport(CryptoKit)
/host/spi-builder-workspace/.build/checkouts/swift-crypto/Sources/Crypto/HPKE/Ciphersuite/KEM/Conformances/DHKEM.swift:81:6: error: unknown attribute 'nonexhaustive'
79 | extension HPKE {
80 | /// A container for Diffie-Hellman key encapsulation mechanisms (KEMs).
81 | @nonexhaustive
| `- error: unknown attribute 'nonexhaustive'
82 | public enum DHKEM: Sendable {
83 | struct PublicKey<DHPK: HPKEDiffieHellmanPublicKey>: KEMPublicKey where DHPK == DHPK.EphemeralPrivateKey.PublicKey {
/host/spi-builder-workspace/.build/checkouts/swift-crypto/Sources/Crypto/HPKE/Ciphersuite/KEM/HPKE-KEM.swift:29:6: error: unknown attribute 'nonexhaustive'
27 | /// The module-lattice key encapsulation mechanism (ML-KEM) is designed to offer increased security in situations
28 | /// where an adversary uses a quantum computer.
29 | @nonexhaustive
| `- error: unknown attribute 'nonexhaustive'
30 | public enum KEM: CaseIterable, Hashable, Sendable {
31 | public static var allCases: [HPKE.KEM] {
/host/spi-builder-workspace/.build/checkouts/swift-crypto/Sources/Crypto/HPKE/HPKE-Errors.swift:27:6: error: unknown attribute 'nonexhaustive'
25 | extension HPKE {
26 | /// Hybrid public key encryption (HPKE) errors that CryptoKit uses.
27 | @nonexhaustive
| `- error: unknown attribute 'nonexhaustive'
28 | public enum Errors: Error {
29 | /// The parameters for initializing an HPKE sender or receiver are inconsistent.
/host/spi-builder-workspace/.build/checkouts/swift-crypto/Sources/Crypto/HPKE/HPKE.swift:53:2: error: unknown attribute 'nonexhaustive'
51 | /// ### Handling errors
52 | /// - ``Errors``
53 | @nonexhaustive
| `- error: unknown attribute 'nonexhaustive'
54 | public enum HPKE: Sendable {}
55 |
/host/spi-builder-workspace/.build/checkouts/swift-crypto/Sources/Crypto/Insecure/Insecure.swift:23:2: error: unknown attribute 'nonexhaustive'
21 | /// but the framework provides them for backward compatibility with older
22 | /// services that require them. For new services, avoid these algorithms.
23 | @nonexhaustive
| `- error: unknown attribute 'nonexhaustive'
24 | public enum Insecure: Sendable {}
25 | #endif // canImport(CryptoKit)
/host/spi-builder-workspace/.build/checkouts/swift-crypto/Sources/Crypto/HPKE/Ciphersuite/KEM/Conformances/DHKEM.swift:81:6: error: unknown attribute 'nonexhaustive'
79 | extension HPKE {
80 | /// A container for Diffie-Hellman key encapsulation mechanisms (KEMs).
81 | @nonexhaustive
| `- error: unknown attribute 'nonexhaustive'
82 | public enum DHKEM: Sendable {
83 | struct PublicKey<DHPK: HPKEDiffieHellmanPublicKey>: KEMPublicKey where DHPK == DHPK.EphemeralPrivateKey.PublicKey {
/host/spi-builder-workspace/.build/checkouts/swift-crypto/Sources/Crypto/HPKE/Ciphersuite/KEM/HPKE-KEM.swift:29:6: error: unknown attribute 'nonexhaustive'
27 | /// The module-lattice key encapsulation mechanism (ML-KEM) is designed to offer increased security in situations
28 | /// where an adversary uses a quantum computer.
29 | @nonexhaustive
| `- error: unknown attribute 'nonexhaustive'
30 | public enum KEM: CaseIterable, Hashable, Sendable {
31 | public static var allCases: [HPKE.KEM] {
/host/spi-builder-workspace/.build/checkouts/swift-crypto/Sources/Crypto/HPKE/HPKE-Errors.swift:27:6: error: unknown attribute 'nonexhaustive'
25 | extension HPKE {
26 | /// Hybrid public key encryption (HPKE) errors that CryptoKit uses.
27 | @nonexhaustive
| `- error: unknown attribute 'nonexhaustive'
28 | public enum Errors: Error {
29 | /// The parameters for initializing an HPKE sender or receiver are inconsistent.
/host/spi-builder-workspace/.build/checkouts/swift-crypto/Sources/Crypto/HPKE/HPKE.swift:53:2: error: unknown attribute 'nonexhaustive'
51 | /// ### Handling errors
52 | /// - ``Errors``
53 | @nonexhaustive
| `- error: unknown attribute 'nonexhaustive'
54 | public enum HPKE: Sendable {}
55 |
/host/spi-builder-workspace/.build/checkouts/swift-crypto/Sources/Crypto/Insecure/Insecure.swift:23:2: error: unknown attribute 'nonexhaustive'
21 | /// but the framework provides them for backward compatibility with older
22 | /// services that require them. For new services, avoid these algorithms.
23 | @nonexhaustive
| `- error: unknown attribute 'nonexhaustive'
24 | public enum Insecure: Sendable {}
25 | #endif // canImport(CryptoKit)
/host/spi-builder-workspace/.build/checkouts/swift-crypto/Sources/Crypto/HPKE/Ciphersuite/KEM/Conformances/DHKEM.swift:81:6: error: unknown attribute 'nonexhaustive'
79 | extension HPKE {
80 | /// A container for Diffie-Hellman key encapsulation mechanisms (KEMs).
81 | @nonexhaustive
| `- error: unknown attribute 'nonexhaustive'
82 | public enum DHKEM: Sendable {
83 | struct PublicKey<DHPK: HPKEDiffieHellmanPublicKey>: KEMPublicKey where DHPK == DHPK.EphemeralPrivateKey.PublicKey {
/host/spi-builder-workspace/.build/checkouts/swift-crypto/Sources/Crypto/HPKE/Ciphersuite/KEM/HPKE-KEM.swift:29:6: error: unknown attribute 'nonexhaustive'
27 | /// The module-lattice key encapsulation mechanism (ML-KEM) is designed to offer increased security in situations
28 | /// where an adversary uses a quantum computer.
29 | @nonexhaustive
| `- error: unknown attribute 'nonexhaustive'
30 | public enum KEM: CaseIterable, Hashable, Sendable {
31 | public static var allCases: [HPKE.KEM] {
/host/spi-builder-workspace/.build/checkouts/swift-crypto/Sources/Crypto/HPKE/HPKE-Errors.swift:27:6: error: unknown attribute 'nonexhaustive'
25 | extension HPKE {
26 | /// Hybrid public key encryption (HPKE) errors that CryptoKit uses.
27 | @nonexhaustive
| `- error: unknown attribute 'nonexhaustive'
28 | public enum Errors: Error {
29 | /// The parameters for initializing an HPKE sender or receiver are inconsistent.
/host/spi-builder-workspace/.build/checkouts/swift-crypto/Sources/Crypto/HPKE/HPKE.swift:53:2: error: unknown attribute 'nonexhaustive'
51 | /// ### Handling errors
52 | /// - ``Errors``
53 | @nonexhaustive
| `- error: unknown attribute 'nonexhaustive'
54 | public enum HPKE: Sendable {}
55 |
/host/spi-builder-workspace/.build/checkouts/swift-crypto/Sources/Crypto/Insecure/Insecure.swift:23:2: error: unknown attribute 'nonexhaustive'
21 | /// but the framework provides them for backward compatibility with older
22 | /// services that require them. For new services, avoid these algorithms.
23 | @nonexhaustive
| `- error: unknown attribute 'nonexhaustive'
24 | public enum Insecure: Sendable {}
25 | #endif // canImport(CryptoKit)
/host/spi-builder-workspace/.build/checkouts/swift-crypto/Sources/Crypto/HPKE/Ciphersuite/KEM/Conformances/DHKEM.swift:81:6: error: unknown attribute 'nonexhaustive'
79 | extension HPKE {
80 | /// A container for Diffie-Hellman key encapsulation mechanisms (KEMs).
81 | @nonexhaustive
| `- error: unknown attribute 'nonexhaustive'
82 | public enum DHKEM: Sendable {
83 | struct PublicKey<DHPK: HPKEDiffieHellmanPublicKey>: KEMPublicKey where DHPK == DHPK.EphemeralPrivateKey.PublicKey {
/host/spi-builder-workspace/.build/checkouts/swift-crypto/Sources/Crypto/HPKE/Ciphersuite/KEM/HPKE-KEM.swift:29:6: error: unknown attribute 'nonexhaustive'
27 | /// The module-lattice key encapsulation mechanism (ML-KEM) is designed to offer increased security in situations
28 | /// where an adversary uses a quantum computer.
29 | @nonexhaustive
| `- error: unknown attribute 'nonexhaustive'
30 | public enum KEM: CaseIterable, Hashable, Sendable {
31 | public static var allCases: [HPKE.KEM] {
/host/spi-builder-workspace/.build/checkouts/swift-crypto/Sources/Crypto/HPKE/HPKE-Errors.swift:27:6: error: unknown attribute 'nonexhaustive'
25 | extension HPKE {
26 | /// Hybrid public key encryption (HPKE) errors that CryptoKit uses.
27 | @nonexhaustive
| `- error: unknown attribute 'nonexhaustive'
28 | public enum Errors: Error {
29 | /// The parameters for initializing an HPKE sender or receiver are inconsistent.
/host/spi-builder-workspace/.build/checkouts/swift-crypto/Sources/Crypto/HPKE/HPKE.swift:53:2: error: unknown attribute 'nonexhaustive'
51 | /// ### Handling errors
52 | /// - ``Errors``
53 | @nonexhaustive
| `- error: unknown attribute 'nonexhaustive'
54 | public enum HPKE: Sendable {}
55 |
/host/spi-builder-workspace/.build/checkouts/swift-crypto/Sources/Crypto/Insecure/Insecure.swift:23:2: error: unknown attribute 'nonexhaustive'
21 | /// but the framework provides them for backward compatibility with older
22 | /// services that require them. For new services, avoid these algorithms.
23 | @nonexhaustive
| `- error: unknown attribute 'nonexhaustive'
24 | public enum Insecure: Sendable {}
25 | #endif // canImport(CryptoKit)
/host/spi-builder-workspace/.build/checkouts/swift-crypto/Sources/Crypto/HPKE/Ciphersuite/KEM/Conformances/DHKEM.swift:81:6: error: unknown attribute 'nonexhaustive'
79 | extension HPKE {
80 | /// A container for Diffie-Hellman key encapsulation mechanisms (KEMs).
81 | @nonexhaustive
| `- error: unknown attribute 'nonexhaustive'
82 | public enum DHKEM: Sendable {
83 | struct PublicKey<DHPK: HPKEDiffieHellmanPublicKey>: KEMPublicKey where DHPK == DHPK.EphemeralPrivateKey.PublicKey {
/host/spi-builder-workspace/.build/checkouts/swift-crypto/Sources/Crypto/HPKE/Ciphersuite/KEM/HPKE-KEM.swift:29:6: error: unknown attribute 'nonexhaustive'
27 | /// The module-lattice key encapsulation mechanism (ML-KEM) is designed to offer increased security in situations
28 | /// where an adversary uses a quantum computer.
29 | @nonexhaustive
| `- error: unknown attribute 'nonexhaustive'
30 | public enum KEM: CaseIterable, Hashable, Sendable {
31 | public static var allCases: [HPKE.KEM] {
/host/spi-builder-workspace/.build/checkouts/swift-crypto/Sources/Crypto/HPKE/HPKE-Errors.swift:27:6: error: unknown attribute 'nonexhaustive'
25 | extension HPKE {
26 | /// Hybrid public key encryption (HPKE) errors that CryptoKit uses.
27 | @nonexhaustive
| `- error: unknown attribute 'nonexhaustive'
28 | public enum Errors: Error {
29 | /// The parameters for initializing an HPKE sender or receiver are inconsistent.
/host/spi-builder-workspace/.build/checkouts/swift-crypto/Sources/Crypto/HPKE/HPKE.swift:53:2: error: unknown attribute 'nonexhaustive'
51 | /// ### Handling errors
52 | /// - ``Errors``
53 | @nonexhaustive
| `- error: unknown attribute 'nonexhaustive'
54 | public enum HPKE: Sendable {}
55 |
/host/spi-builder-workspace/.build/checkouts/swift-crypto/Sources/Crypto/Insecure/Insecure.swift:23:2: error: unknown attribute 'nonexhaustive'
21 | /// but the framework provides them for backward compatibility with older
22 | /// services that require them. For new services, avoid these algorithms.
23 | @nonexhaustive
| `- error: unknown attribute 'nonexhaustive'
24 | public enum Insecure: Sendable {}
25 | #endif // canImport(CryptoKit)
/host/spi-builder-workspace/.build/checkouts/swift-crypto/Sources/Crypto/HPKE/Ciphersuite/KEM/Conformances/DHKEM.swift:81:6: error: unknown attribute 'nonexhaustive'
79 | extension HPKE {
80 | /// A container for Diffie-Hellman key encapsulation mechanisms (KEMs).
81 | @nonexhaustive
| `- error: unknown attribute 'nonexhaustive'
82 | public enum DHKEM: Sendable {
83 | struct PublicKey<DHPK: HPKEDiffieHellmanPublicKey>: KEMPublicKey where DHPK == DHPK.EphemeralPrivateKey.PublicKey {
/host/spi-builder-workspace/.build/checkouts/swift-crypto/Sources/Crypto/HPKE/Ciphersuite/KEM/HPKE-KEM.swift:29:6: error: unknown attribute 'nonexhaustive'
27 | /// The module-lattice key encapsulation mechanism (ML-KEM) is designed to offer increased security in situations
28 | /// where an adversary uses a quantum computer.
29 | @nonexhaustive
| `- error: unknown attribute 'nonexhaustive'
30 | public enum KEM: CaseIterable, Hashable, Sendable {
31 | public static var allCases: [HPKE.KEM] {
/host/spi-builder-workspace/.build/checkouts/swift-crypto/Sources/Crypto/HPKE/HPKE-Errors.swift:27:6: error: unknown attribute 'nonexhaustive'
25 | extension HPKE {
26 | /// Hybrid public key encryption (HPKE) errors that CryptoKit uses.
27 | @nonexhaustive
| `- error: unknown attribute 'nonexhaustive'
28 | public enum Errors: Error {
29 | /// The parameters for initializing an HPKE sender or receiver are inconsistent.
/host/spi-builder-workspace/.build/checkouts/swift-crypto/Sources/Crypto/HPKE/HPKE.swift:53:2: error: unknown attribute 'nonexhaustive'
51 | /// ### Handling errors
52 | /// - ``Errors``
53 | @nonexhaustive
| `- error: unknown attribute 'nonexhaustive'
54 | public enum HPKE: Sendable {}
55 |
/host/spi-builder-workspace/.build/checkouts/swift-crypto/Sources/Crypto/Insecure/Insecure.swift:23:2: error: unknown attribute 'nonexhaustive'
21 | /// but the framework provides them for backward compatibility with older
22 | /// services that require them. For new services, avoid these algorithms.
23 | @nonexhaustive
| `- error: unknown attribute 'nonexhaustive'
24 | public enum Insecure: Sendable {}
25 | #endif // canImport(CryptoKit)
/host/spi-builder-workspace/.build/checkouts/swift-crypto/Sources/Crypto/HPKE/Ciphersuite/KEM/Conformances/DHKEM.swift:81:6: error: unknown attribute 'nonexhaustive'
79 | extension HPKE {
80 | /// A container for Diffie-Hellman key encapsulation mechanisms (KEMs).
81 | @nonexhaustive
| `- error: unknown attribute 'nonexhaustive'
82 | public enum DHKEM: Sendable {
83 | struct PublicKey<DHPK: HPKEDiffieHellmanPublicKey>: KEMPublicKey where DHPK == DHPK.EphemeralPrivateKey.PublicKey {
/host/spi-builder-workspace/.build/checkouts/swift-crypto/Sources/Crypto/HPKE/Ciphersuite/KEM/HPKE-KEM.swift:29:6: error: unknown attribute 'nonexhaustive'
27 | /// The module-lattice key encapsulation mechanism (ML-KEM) is designed to offer increased security in situations
28 | /// where an adversary uses a quantum computer.
29 | @nonexhaustive
| `- error: unknown attribute 'nonexhaustive'
30 | public enum KEM: CaseIterable, Hashable, Sendable {
31 | public static var allCases: [HPKE.KEM] {
/host/spi-builder-workspace/.build/checkouts/swift-crypto/Sources/Crypto/HPKE/HPKE-Errors.swift:27:6: error: unknown attribute 'nonexhaustive'
25 | extension HPKE {
26 | /// Hybrid public key encryption (HPKE) errors that CryptoKit uses.
27 | @nonexhaustive
| `- error: unknown attribute 'nonexhaustive'
28 | public enum Errors: Error {
29 | /// The parameters for initializing an HPKE sender or receiver are inconsistent.
/host/spi-builder-workspace/.build/checkouts/swift-crypto/Sources/Crypto/HPKE/HPKE.swift:53:2: error: unknown attribute 'nonexhaustive'
51 | /// ### Handling errors
52 | /// - ``Errors``
53 | @nonexhaustive
| `- error: unknown attribute 'nonexhaustive'
54 | public enum HPKE: Sendable {}
55 |
/host/spi-builder-workspace/.build/checkouts/swift-crypto/Sources/Crypto/Insecure/Insecure.swift:23:2: error: unknown attribute 'nonexhaustive'
21 | /// but the framework provides them for backward compatibility with older
22 | /// services that require them. For new services, avoid these algorithms.
23 | @nonexhaustive
| `- error: unknown attribute 'nonexhaustive'
24 | public enum Insecure: Sendable {}
25 | #endif // canImport(CryptoKit)
/host/spi-builder-workspace/.build/checkouts/swift-crypto/Sources/Crypto/HPKE/Ciphersuite/KEM/Conformances/DHKEM.swift:81:6: error: unknown attribute 'nonexhaustive'
79 | extension HPKE {
80 | /// A container for Diffie-Hellman key encapsulation mechanisms (KEMs).
81 | @nonexhaustive
| `- error: unknown attribute 'nonexhaustive'
82 | public enum DHKEM: Sendable {
83 | struct PublicKey<DHPK: HPKEDiffieHellmanPublicKey>: KEMPublicKey where DHPK == DHPK.EphemeralPrivateKey.PublicKey {
/host/spi-builder-workspace/.build/checkouts/swift-crypto/Sources/Crypto/HPKE/Ciphersuite/KEM/HPKE-KEM.swift:29:6: error: unknown attribute 'nonexhaustive'
27 | /// The module-lattice key encapsulation mechanism (ML-KEM) is designed to offer increased security in situations
28 | /// where an adversary uses a quantum computer.
29 | @nonexhaustive
| `- error: unknown attribute 'nonexhaustive'
30 | public enum KEM: CaseIterable, Hashable, Sendable {
31 | public static var allCases: [HPKE.KEM] {
/host/spi-builder-workspace/.build/checkouts/swift-crypto/Sources/Crypto/HPKE/HPKE-Errors.swift:27:6: error: unknown attribute 'nonexhaustive'
25 | extension HPKE {
26 | /// Hybrid public key encryption (HPKE) errors that CryptoKit uses.
27 | @nonexhaustive
| `- error: unknown attribute 'nonexhaustive'
28 | public enum Errors: Error {
29 | /// The parameters for initializing an HPKE sender or receiver are inconsistent.
/host/spi-builder-workspace/.build/checkouts/swift-crypto/Sources/Crypto/HPKE/HPKE.swift:53:2: error: unknown attribute 'nonexhaustive'
51 | /// ### Handling errors
52 | /// - ``Errors``
53 | @nonexhaustive
| `- error: unknown attribute 'nonexhaustive'
54 | public enum HPKE: Sendable {}
55 |
/host/spi-builder-workspace/.build/checkouts/swift-crypto/Sources/Crypto/Insecure/Insecure.swift:23:2: error: unknown attribute 'nonexhaustive'
21 | /// but the framework provides them for backward compatibility with older
22 | /// services that require them. For new services, avoid these algorithms.
23 | @nonexhaustive
| `- error: unknown attribute 'nonexhaustive'
24 | public enum Insecure: Sendable {}
25 | #endif // canImport(CryptoKit)
/host/spi-builder-workspace/.build/checkouts/swift-crypto/Sources/Crypto/HPKE/Ciphersuite/KEM/Conformances/DHKEM.swift:81:6: error: unknown attribute 'nonexhaustive'
79 | extension HPKE {
80 | /// A container for Diffie-Hellman key encapsulation mechanisms (KEMs).
81 | @nonexhaustive
| `- error: unknown attribute 'nonexhaustive'
82 | public enum DHKEM: Sendable {
83 | struct PublicKey<DHPK: HPKEDiffieHellmanPublicKey>: KEMPublicKey where DHPK == DHPK.EphemeralPrivateKey.PublicKey {
/host/spi-builder-workspace/.build/checkouts/swift-crypto/Sources/Crypto/HPKE/Ciphersuite/KEM/HPKE-KEM.swift:29:6: error: unknown attribute 'nonexhaustive'
27 | /// The module-lattice key encapsulation mechanism (ML-KEM) is designed to offer increased security in situations
28 | /// where an adversary uses a quantum computer.
29 | @nonexhaustive
| `- error: unknown attribute 'nonexhaustive'
30 | public enum KEM: CaseIterable, Hashable, Sendable {
31 | public static var allCases: [HPKE.KEM] {
/host/spi-builder-workspace/.build/checkouts/swift-crypto/Sources/Crypto/HPKE/HPKE-Errors.swift:27:6: error: unknown attribute 'nonexhaustive'
25 | extension HPKE {
26 | /// Hybrid public key encryption (HPKE) errors that CryptoKit uses.
27 | @nonexhaustive
| `- error: unknown attribute 'nonexhaustive'
28 | public enum Errors: Error {
29 | /// The parameters for initializing an HPKE sender or receiver are inconsistent.
/host/spi-builder-workspace/.build/checkouts/swift-crypto/Sources/Crypto/HPKE/HPKE.swift:53:2: error: unknown attribute 'nonexhaustive'
51 | /// ### Handling errors
52 | /// - ``Errors``
53 | @nonexhaustive
| `- error: unknown attribute 'nonexhaustive'
54 | public enum HPKE: Sendable {}
55 |
/host/spi-builder-workspace/.build/checkouts/swift-crypto/Sources/Crypto/Insecure/Insecure.swift:23:2: error: unknown attribute 'nonexhaustive'
21 | /// but the framework provides them for backward compatibility with older
22 | /// services that require them. For new services, avoid these algorithms.
23 | @nonexhaustive
| `- error: unknown attribute 'nonexhaustive'
24 | public enum Insecure: Sendable {}
25 | #endif // canImport(CryptoKit)
/host/spi-builder-workspace/.build/checkouts/swift-crypto/Sources/Crypto/HPKE/Ciphersuite/KEM/Conformances/DHKEM.swift:81:6: error: unknown attribute 'nonexhaustive'
79 | extension HPKE {
80 | /// A container for Diffie-Hellman key encapsulation mechanisms (KEMs).
81 | @nonexhaustive
| `- error: unknown attribute 'nonexhaustive'
82 | public enum DHKEM: Sendable {
83 | struct PublicKey<DHPK: HPKEDiffieHellmanPublicKey>: KEMPublicKey where DHPK == DHPK.EphemeralPrivateKey.PublicKey {
/host/spi-builder-workspace/.build/checkouts/swift-crypto/Sources/Crypto/HPKE/Ciphersuite/KEM/HPKE-KEM.swift:29:6: error: unknown attribute 'nonexhaustive'
27 | /// The module-lattice key encapsulation mechanism (ML-KEM) is designed to offer increased security in situations
28 | /// where an adversary uses a quantum computer.
29 | @nonexhaustive
| `- error: unknown attribute 'nonexhaustive'
30 | public enum KEM: CaseIterable, Hashable, Sendable {
31 | public static var allCases: [HPKE.KEM] {
/host/spi-builder-workspace/.build/checkouts/swift-crypto/Sources/Crypto/HPKE/HPKE-Errors.swift:27:6: error: unknown attribute 'nonexhaustive'
25 | extension HPKE {
26 | /// Hybrid public key encryption (HPKE) errors that CryptoKit uses.
27 | @nonexhaustive
| `- error: unknown attribute 'nonexhaustive'
28 | public enum Errors: Error {
29 | /// The parameters for initializing an HPKE sender or receiver are inconsistent.
/host/spi-builder-workspace/.build/checkouts/swift-crypto/Sources/Crypto/HPKE/HPKE.swift:53:2: error: unknown attribute 'nonexhaustive'
51 | /// ### Handling errors
52 | /// - ``Errors``
53 | @nonexhaustive
| `- error: unknown attribute 'nonexhaustive'
54 | public enum HPKE: Sendable {}
55 |
/host/spi-builder-workspace/.build/checkouts/swift-crypto/Sources/Crypto/Insecure/Insecure.swift:23:2: error: unknown attribute 'nonexhaustive'
21 | /// but the framework provides them for backward compatibility with older
22 | /// services that require them. For new services, avoid these algorithms.
23 | @nonexhaustive
| `- error: unknown attribute 'nonexhaustive'
24 | public enum Insecure: Sendable {}
25 | #endif // canImport(CryptoKit)
[1334/1492] Compiling ServiceLifecycle AsyncCancelOnGracefulShutdownSequence.swift
[1335/1492] Compiling ServiceLifecycle AsyncGracefulShutdownSequence.swift
[1336/1492] Compiling ServiceLifecycle CancellationWaiter.swift
[1337/1493] Compiling ServiceLifecycle ServiceGroupConfiguration.swift
[1338/1493] Emitting module ServiceLifecycle
[1339/1493] Compiling NIOCore AsyncChannelInboundStream.swift
/host/spi-builder-workspace/.build/checkouts/swift-crypto/Sources/Crypto/CryptoKitErrors.swift:19:2: error: unknown attribute 'nonexhaustive'
17 | #else
18 | /// General cryptography errors used by CryptoKit.
19 | @nonexhaustive
| `- error: unknown attribute 'nonexhaustive'
20 | public enum CryptoKitError: Error {
21 | /// The key size is incorrect.
/host/spi-builder-workspace/.build/checkouts/swift-crypto/Sources/Crypto/CryptoKitErrors.swift:41:2: error: unknown attribute 'nonexhaustive'
39 |
40 | /// Errors from decoding ASN.1 content.
41 | @nonexhaustive
| `- error: unknown attribute 'nonexhaustive'
42 | public enum CryptoKitASN1Error: Equatable, Error, Hashable {
43 | /// The ASN.1 tag for this field is invalid or unsupported.
[1340/1493] Compiling NIOCore AsyncChannelOutboundWriter.swift
/host/spi-builder-workspace/.build/checkouts/swift-crypto/Sources/Crypto/CryptoKitErrors.swift:19:2: error: unknown attribute 'nonexhaustive'
17 | #else
18 | /// General cryptography errors used by CryptoKit.
19 | @nonexhaustive
| `- error: unknown attribute 'nonexhaustive'
20 | public enum CryptoKitError: Error {
21 | /// The key size is incorrect.
/host/spi-builder-workspace/.build/checkouts/swift-crypto/Sources/Crypto/CryptoKitErrors.swift:41:2: error: unknown attribute 'nonexhaustive'
39 |
40 | /// Errors from decoding ASN.1 content.
41 | @nonexhaustive
| `- error: unknown attribute 'nonexhaustive'
42 | public enum CryptoKitASN1Error: Equatable, Error, Hashable {
43 | /// The ASN.1 tag for this field is invalid or unsupported.
[1341/1493] Compiling NIOCore NIOAsyncSequenceProducer.swift
/host/spi-builder-workspace/.build/checkouts/swift-crypto/Sources/Crypto/CryptoKitErrors.swift:19:2: error: unknown attribute 'nonexhaustive'
17 | #else
18 | /// General cryptography errors used by CryptoKit.
19 | @nonexhaustive
| `- error: unknown attribute 'nonexhaustive'
20 | public enum CryptoKitError: Error {
21 | /// The key size is incorrect.
/host/spi-builder-workspace/.build/checkouts/swift-crypto/Sources/Crypto/CryptoKitErrors.swift:41:2: error: unknown attribute 'nonexhaustive'
39 |
40 | /// Errors from decoding ASN.1 content.
41 | @nonexhaustive
| `- error: unknown attribute 'nonexhaustive'
42 | public enum CryptoKitASN1Error: Equatable, Error, Hashable {
43 | /// The ASN.1 tag for this field is invalid or unsupported.
/host/spi-builder-workspace/.build/checkouts/swift-crypto/Sources/Crypto/CryptoKitErrors.swift:19:2: error: unknown attribute 'nonexhaustive'
17 | #else
18 | /// General cryptography errors used by CryptoKit.
19 | @nonexhaustive
| `- error: unknown attribute 'nonexhaustive'
20 | public enum CryptoKitError: Error {
21 | /// The key size is incorrect.
/host/spi-builder-workspace/.build/checkouts/swift-crypto/Sources/Crypto/CryptoKitErrors.swift:41:2: error: unknown attribute 'nonexhaustive'
39 |
40 | /// Errors from decoding ASN.1 content.
41 | @nonexhaustive
| `- error: unknown attribute 'nonexhaustive'
42 | public enum CryptoKitASN1Error: Equatable, Error, Hashable {
43 | /// The ASN.1 tag for this field is invalid or unsupported.
/host/spi-builder-workspace/.build/checkouts/swift-crypto/Sources/Crypto/CryptoKitErrors.swift:19:2: error: unknown attribute 'nonexhaustive'
17 | #else
18 | /// General cryptography errors used by CryptoKit.
19 | @nonexhaustive
| `- error: unknown attribute 'nonexhaustive'
20 | public enum CryptoKitError: Error {
21 | /// The key size is incorrect.
/host/spi-builder-workspace/.build/checkouts/swift-crypto/Sources/Crypto/CryptoKitErrors.swift:41:2: error: unknown attribute 'nonexhaustive'
39 |
40 | /// Errors from decoding ASN.1 content.
41 | @nonexhaustive
| `- error: unknown attribute 'nonexhaustive'
42 | public enum CryptoKitASN1Error: Equatable, Error, Hashable {
43 | /// The ASN.1 tag for this field is invalid or unsupported.
/host/spi-builder-workspace/.build/checkouts/swift-crypto/Sources/Crypto/CryptoKitErrors.swift:19:2: error: unknown attribute 'nonexhaustive'
17 | #else
18 | /// General cryptography errors used by CryptoKit.
19 | @nonexhaustive
| `- error: unknown attribute 'nonexhaustive'
20 | public enum CryptoKitError: Error {
21 | /// The key size is incorrect.
/host/spi-builder-workspace/.build/checkouts/swift-crypto/Sources/Crypto/CryptoKitErrors.swift:41:2: error: unknown attribute 'nonexhaustive'
39 |
40 | /// Errors from decoding ASN.1 content.
41 | @nonexhaustive
| `- error: unknown attribute 'nonexhaustive'
42 | public enum CryptoKitASN1Error: Equatable, Error, Hashable {
43 | /// The ASN.1 tag for this field is invalid or unsupported.
/host/spi-builder-workspace/.build/checkouts/swift-crypto/Sources/Crypto/CryptoKitErrors.swift:19:2: error: unknown attribute 'nonexhaustive'
17 | #else
18 | /// General cryptography errors used by CryptoKit.
19 | @nonexhaustive
| `- error: unknown attribute 'nonexhaustive'
20 | public enum CryptoKitError: Error {
21 | /// The key size is incorrect.
/host/spi-builder-workspace/.build/checkouts/swift-crypto/Sources/Crypto/CryptoKitErrors.swift:41:2: error: unknown attribute 'nonexhaustive'
39 |
40 | /// Errors from decoding ASN.1 content.
41 | @nonexhaustive
| `- error: unknown attribute 'nonexhaustive'
42 | public enum CryptoKitASN1Error: Equatable, Error, Hashable {
43 | /// The ASN.1 tag for this field is invalid or unsupported.
/host/spi-builder-workspace/.build/checkouts/swift-crypto/Sources/Crypto/CryptoKitErrors.swift:19:2: error: unknown attribute 'nonexhaustive'
17 | #else
18 | /// General cryptography errors used by CryptoKit.
19 | @nonexhaustive
| `- error: unknown attribute 'nonexhaustive'
20 | public enum CryptoKitError: Error {
21 | /// The key size is incorrect.
/host/spi-builder-workspace/.build/checkouts/swift-crypto/Sources/Crypto/CryptoKitErrors.swift:41:2: error: unknown attribute 'nonexhaustive'
39 |
40 | /// Errors from decoding ASN.1 content.
41 | @nonexhaustive
| `- error: unknown attribute 'nonexhaustive'
42 | public enum CryptoKitASN1Error: Equatable, Error, Hashable {
43 | /// The ASN.1 tag for this field is invalid or unsupported.
/host/spi-builder-workspace/.build/checkouts/swift-crypto/Sources/Crypto/CryptoKitErrors.swift:19:2: error: unknown attribute 'nonexhaustive'
17 | #else
18 | /// General cryptography errors used by CryptoKit.
19 | @nonexhaustive
| `- error: unknown attribute 'nonexhaustive'
20 | public enum CryptoKitError: Error {
21 | /// The key size is incorrect.
/host/spi-builder-workspace/.build/checkouts/swift-crypto/Sources/Crypto/CryptoKitErrors.swift:41:2: error: unknown attribute 'nonexhaustive'
39 |
40 | /// Errors from decoding ASN.1 content.
41 | @nonexhaustive
| `- error: unknown attribute 'nonexhaustive'
42 | public enum CryptoKitASN1Error: Equatable, Error, Hashable {
43 | /// The ASN.1 tag for this field is invalid or unsupported.
/host/spi-builder-workspace/.build/checkouts/swift-crypto/Sources/Crypto/CryptoKitErrors.swift:19:2: error: unknown attribute 'nonexhaustive'
17 | #else
18 | /// General cryptography errors used by CryptoKit.
19 | @nonexhaustive
| `- error: unknown attribute 'nonexhaustive'
20 | public enum CryptoKitError: Error {
21 | /// The key size is incorrect.
/host/spi-builder-workspace/.build/checkouts/swift-crypto/Sources/Crypto/CryptoKitErrors.swift:41:2: error: unknown attribute 'nonexhaustive'
39 |
40 | /// Errors from decoding ASN.1 content.
41 | @nonexhaustive
| `- error: unknown attribute 'nonexhaustive'
42 | public enum CryptoKitASN1Error: Equatable, Error, Hashable {
43 | /// The ASN.1 tag for this field is invalid or unsupported.
/host/spi-builder-workspace/.build/checkouts/swift-crypto/Sources/Crypto/CryptoKitErrors.swift:19:2: error: unknown attribute 'nonexhaustive'
17 | #else
18 | /// General cryptography errors used by CryptoKit.
19 | @nonexhaustive
| `- error: unknown attribute 'nonexhaustive'
20 | public enum CryptoKitError: Error {
21 | /// The key size is incorrect.
/host/spi-builder-workspace/.build/checkouts/swift-crypto/Sources/Crypto/CryptoKitErrors.swift:41:2: error: unknown attribute 'nonexhaustive'
39 |
40 | /// Errors from decoding ASN.1 content.
41 | @nonexhaustive
| `- error: unknown attribute 'nonexhaustive'
42 | public enum CryptoKitASN1Error: Equatable, Error, Hashable {
43 | /// The ASN.1 tag for this field is invalid or unsupported.
/host/spi-builder-workspace/.build/checkouts/swift-crypto/Sources/Crypto/CryptoKitErrors.swift:19:2: error: unknown attribute 'nonexhaustive'
17 | #else
18 | /// General cryptography errors used by CryptoKit.
19 | @nonexhaustive
| `- error: unknown attribute 'nonexhaustive'
20 | public enum CryptoKitError: Error {
21 | /// The key size is incorrect.
/host/spi-builder-workspace/.build/checkouts/swift-crypto/Sources/Crypto/CryptoKitErrors.swift:41:2: error: unknown attribute 'nonexhaustive'
39 |
40 | /// Errors from decoding ASN.1 content.
41 | @nonexhaustive
| `- error: unknown attribute 'nonexhaustive'
42 | public enum CryptoKitASN1Error: Equatable, Error, Hashable {
43 | /// The ASN.1 tag for this field is invalid or unsupported.
/host/spi-builder-workspace/.build/checkouts/swift-crypto/Sources/Crypto/AEADs/AES/GCM/AES-GCM.swift:29:6: error: unknown attribute 'nonexhaustive'
27 | /// The Advanced Encryption Standard (AES) Galois Counter Mode (GCM) cipher
28 | /// suite.
29 | @nonexhaustive
| `- error: unknown attribute 'nonexhaustive'
30 | public enum GCM: Cipher, Sendable {
31 | static let tagByteCount = 16
/host/spi-builder-workspace/.build/checkouts/swift-crypto/Sources/Crypto/AEADs/ChachaPoly/ChaChaPoly.swift:28:2: error: unknown attribute 'nonexhaustive'
26 |
27 | /// An implementation of the ChaCha20-Poly1305 cipher.
28 | @nonexhaustive
| `- error: unknown attribute 'nonexhaustive'
29 | public enum ChaChaPoly: Cipher, Sendable {
30 | static let tagByteCount = 16
/host/spi-builder-workspace/.build/checkouts/swift-crypto/Sources/Crypto/AEADs/AES/GCM/AES-GCM.swift:29:6: error: unknown attribute 'nonexhaustive'
27 | /// The Advanced Encryption Standard (AES) Galois Counter Mode (GCM) cipher
28 | /// suite.
29 | @nonexhaustive
| `- error: unknown attribute 'nonexhaustive'
30 | public enum GCM: Cipher, Sendable {
31 | static let tagByteCount = 16
/host/spi-builder-workspace/.build/checkouts/swift-crypto/Sources/Crypto/AEADs/ChachaPoly/ChaChaPoly.swift:28:2: error: unknown attribute 'nonexhaustive'
26 |
27 | /// An implementation of the ChaCha20-Poly1305 cipher.
28 | @nonexhaustive
| `- error: unknown attribute 'nonexhaustive'
29 | public enum ChaChaPoly: Cipher, Sendable {
30 | static let tagByteCount = 16
[1353/1493] Compiling NIOCore ByteBuffer-aux.swift
/host/spi-builder-workspace/.build/checkouts/swift-crypto/Sources/Crypto/AEADs/AES/GCM/AES-GCM.swift:29:6: error: unknown attribute 'nonexhaustive'
27 | /// The Advanced Encryption Standard (AES) Galois Counter Mode (GCM) cipher
28 | /// suite.
29 | @nonexhaustive
| `- error: unknown attribute 'nonexhaustive'
30 | public enum GCM: Cipher, Sendable {
31 | static let tagByteCount = 16
/host/spi-builder-workspace/.build/checkouts/swift-crypto/Sources/Crypto/AEADs/ChachaPoly/ChaChaPoly.swift:28:2: error: unknown attribute 'nonexhaustive'
26 |
27 | /// An implementation of the ChaCha20-Poly1305 cipher.
28 | @nonexhaustive
| `- error: unknown attribute 'nonexhaustive'
29 | public enum ChaChaPoly: Cipher, Sendable {
30 | static let tagByteCount = 16
[1354/1493] Compiling NIOCore ByteBuffer-binaryEncodedLengthPrefix.swift
/host/spi-builder-workspace/.build/checkouts/swift-crypto/Sources/Crypto/AEADs/AES/GCM/AES-GCM.swift:29:6: error: unknown attribute 'nonexhaustive'
27 | /// The Advanced Encryption Standard (AES) Galois Counter Mode (GCM) cipher
28 | /// suite.
29 | @nonexhaustive
| `- error: unknown attribute 'nonexhaustive'
30 | public enum GCM: Cipher, Sendable {
31 | static let tagByteCount = 16
/host/spi-builder-workspace/.build/checkouts/swift-crypto/Sources/Crypto/AEADs/ChachaPoly/ChaChaPoly.swift:28:2: error: unknown attribute 'nonexhaustive'
26 |
27 | /// An implementation of the ChaCha20-Poly1305 cipher.
28 | @nonexhaustive
| `- error: unknown attribute 'nonexhaustive'
29 | public enum ChaChaPoly: Cipher, Sendable {
30 | static let tagByteCount = 16
[1355/1493] Compiling NIOCore ByteBuffer-conversions.swift
/host/spi-builder-workspace/.build/checkouts/swift-crypto/Sources/Crypto/AEADs/AES/GCM/AES-GCM.swift:29:6: error: unknown attribute 'nonexhaustive'
27 | /// The Advanced Encryption Standard (AES) Galois Counter Mode (GCM) cipher
28 | /// suite.
29 | @nonexhaustive
| `- error: unknown attribute 'nonexhaustive'
30 | public enum GCM: Cipher, Sendable {
31 | static let tagByteCount = 16
/host/spi-builder-workspace/.build/checkouts/swift-crypto/Sources/Crypto/AEADs/ChachaPoly/ChaChaPoly.swift:28:2: error: unknown attribute 'nonexhaustive'
26 |
27 | /// An implementation of the ChaCha20-Poly1305 cipher.
28 | @nonexhaustive
| `- error: unknown attribute 'nonexhaustive'
29 | public enum ChaChaPoly: Cipher, Sendable {
30 | static let tagByteCount = 16
[1356/1493] Compiling NIOCore ByteBuffer-core.swift
/host/spi-builder-workspace/.build/checkouts/swift-crypto/Sources/Crypto/AEADs/AES/GCM/AES-GCM.swift:29:6: error: unknown attribute 'nonexhaustive'
27 | /// The Advanced Encryption Standard (AES) Galois Counter Mode (GCM) cipher
28 | /// suite.
29 | @nonexhaustive
| `- error: unknown attribute 'nonexhaustive'
30 | public enum GCM: Cipher, Sendable {
31 | static let tagByteCount = 16
/host/spi-builder-workspace/.build/checkouts/swift-crypto/Sources/Crypto/AEADs/ChachaPoly/ChaChaPoly.swift:28:2: error: unknown attribute 'nonexhaustive'
26 |
27 | /// An implementation of the ChaCha20-Poly1305 cipher.
28 | @nonexhaustive
| `- error: unknown attribute 'nonexhaustive'
29 | public enum ChaChaPoly: Cipher, Sendable {
30 | static let tagByteCount = 16
[1357/1493] Compiling NIOCore ByteBuffer-hex.swift
/host/spi-builder-workspace/.build/checkouts/swift-crypto/Sources/Crypto/AEADs/AES/GCM/AES-GCM.swift:29:6: error: unknown attribute 'nonexhaustive'
27 | /// The Advanced Encryption Standard (AES) Galois Counter Mode (GCM) cipher
28 | /// suite.
29 | @nonexhaustive
| `- error: unknown attribute 'nonexhaustive'
30 | public enum GCM: Cipher, Sendable {
31 | static let tagByteCount = 16
/host/spi-builder-workspace/.build/checkouts/swift-crypto/Sources/Crypto/AEADs/ChachaPoly/ChaChaPoly.swift:28:2: error: unknown attribute 'nonexhaustive'
26 |
27 | /// An implementation of the ChaCha20-Poly1305 cipher.
28 | @nonexhaustive
| `- error: unknown attribute 'nonexhaustive'
29 | public enum ChaChaPoly: Cipher, Sendable {
30 | static let tagByteCount = 16
[1358/1493] Compiling NIOCore ByteBuffer-int.swift
/host/spi-builder-workspace/.build/checkouts/swift-crypto/Sources/Crypto/AEADs/AES/GCM/AES-GCM.swift:29:6: error: unknown attribute 'nonexhaustive'
27 | /// The Advanced Encryption Standard (AES) Galois Counter Mode (GCM) cipher
28 | /// suite.
29 | @nonexhaustive
| `- error: unknown attribute 'nonexhaustive'
30 | public enum GCM: Cipher, Sendable {
31 | static let tagByteCount = 16
/host/spi-builder-workspace/.build/checkouts/swift-crypto/Sources/Crypto/AEADs/ChachaPoly/ChaChaPoly.swift:28:2: error: unknown attribute 'nonexhaustive'
26 |
27 | /// An implementation of the ChaCha20-Poly1305 cipher.
28 | @nonexhaustive
| `- error: unknown attribute 'nonexhaustive'
29 | public enum ChaChaPoly: Cipher, Sendable {
30 | static let tagByteCount = 16
[1359/1493] Compiling NIOCore ByteBuffer-lengthPrefix.swift
/host/spi-builder-workspace/.build/checkouts/swift-crypto/Sources/Crypto/AEADs/AES/GCM/AES-GCM.swift:29:6: error: unknown attribute 'nonexhaustive'
27 | /// The Advanced Encryption Standard (AES) Galois Counter Mode (GCM) cipher
28 | /// suite.
29 | @nonexhaustive
| `- error: unknown attribute 'nonexhaustive'
30 | public enum GCM: Cipher, Sendable {
31 | static let tagByteCount = 16
/host/spi-builder-workspace/.build/checkouts/swift-crypto/Sources/Crypto/AEADs/ChachaPoly/ChaChaPoly.swift:28:2: error: unknown attribute 'nonexhaustive'
26 |
27 | /// An implementation of the ChaCha20-Poly1305 cipher.
28 | @nonexhaustive
| `- error: unknown attribute 'nonexhaustive'
29 | public enum ChaChaPoly: Cipher, Sendable {
30 | static let tagByteCount = 16
[1360/1493] Compiling NIOCore AddressedEnvelope.swift
/host/spi-builder-workspace/.build/checkouts/swift-crypto/Sources/Crypto/AEADs/AES/GCM/AES-GCM.swift:29:6: error: unknown attribute 'nonexhaustive'
27 | /// The Advanced Encryption Standard (AES) Galois Counter Mode (GCM) cipher
28 | /// suite.
29 | @nonexhaustive
| `- error: unknown attribute 'nonexhaustive'
30 | public enum GCM: Cipher, Sendable {
31 | static let tagByteCount = 16
/host/spi-builder-workspace/.build/checkouts/swift-crypto/Sources/Crypto/AEADs/ChachaPoly/ChaChaPoly.swift:28:2: error: unknown attribute 'nonexhaustive'
26 |
27 | /// An implementation of the ChaCha20-Poly1305 cipher.
28 | @nonexhaustive
| `- error: unknown attribute 'nonexhaustive'
29 | public enum ChaChaPoly: Cipher, Sendable {
30 | static let tagByteCount = 16
[1361/1493] Compiling NIOCore AsyncAwaitSupport.swift
/host/spi-builder-workspace/.build/checkouts/swift-crypto/Sources/Crypto/AEADs/AES/GCM/AES-GCM.swift:29:6: error: unknown attribute 'nonexhaustive'
27 | /// The Advanced Encryption Standard (AES) Galois Counter Mode (GCM) cipher
28 | /// suite.
29 | @nonexhaustive
| `- error: unknown attribute 'nonexhaustive'
30 | public enum GCM: Cipher, Sendable {
31 | static let tagByteCount = 16
/host/spi-builder-workspace/.build/checkouts/swift-crypto/Sources/Crypto/AEADs/ChachaPoly/ChaChaPoly.swift:28:2: error: unknown attribute 'nonexhaustive'
26 |
27 | /// An implementation of the ChaCha20-Poly1305 cipher.
28 | @nonexhaustive
| `- error: unknown attribute 'nonexhaustive'
29 | public enum ChaChaPoly: Cipher, Sendable {
30 | static let tagByteCount = 16
[1362/1493] Compiling NIOCore AsyncChannel.swift
/host/spi-builder-workspace/.build/checkouts/swift-crypto/Sources/Crypto/AEADs/AES/GCM/AES-GCM.swift:29:6: error: unknown attribute 'nonexhaustive'
27 | /// The Advanced Encryption Standard (AES) Galois Counter Mode (GCM) cipher
28 | /// suite.
29 | @nonexhaustive
| `- error: unknown attribute 'nonexhaustive'
30 | public enum GCM: Cipher, Sendable {
31 | static let tagByteCount = 16
/host/spi-builder-workspace/.build/checkouts/swift-crypto/Sources/Crypto/AEADs/ChachaPoly/ChaChaPoly.swift:28:2: error: unknown attribute 'nonexhaustive'
26 |
27 | /// An implementation of the ChaCha20-Poly1305 cipher.
28 | @nonexhaustive
| `- error: unknown attribute 'nonexhaustive'
29 | public enum ChaChaPoly: Cipher, Sendable {
30 | static let tagByteCount = 16
[1363/1493] Compiling NIOCore AsyncChannelHandler.swift
/host/spi-builder-workspace/.build/checkouts/swift-crypto/Sources/Crypto/AEADs/AES/GCM/AES-GCM.swift:29:6: error: unknown attribute 'nonexhaustive'
27 | /// The Advanced Encryption Standard (AES) Galois Counter Mode (GCM) cipher
28 | /// suite.
29 | @nonexhaustive
| `- error: unknown attribute 'nonexhaustive'
30 | public enum GCM: Cipher, Sendable {
31 | static let tagByteCount = 16
/host/spi-builder-workspace/.build/checkouts/swift-crypto/Sources/Crypto/AEADs/ChachaPoly/ChaChaPoly.swift:28:2: error: unknown attribute 'nonexhaustive'
26 |
27 | /// An implementation of the ChaCha20-Poly1305 cipher.
28 | @nonexhaustive
| `- error: unknown attribute 'nonexhaustive'
29 | public enum ChaChaPoly: Cipher, Sendable {
30 | static let tagByteCount = 16
[1364/1493] Compiling Crypto Digest_boring.swift
/host/spi-builder-workspace/.build/checkouts/swift-crypto/Sources/Crypto/HPKE/Ciphersuite/HPKE-AEAD.swift:27:6: error: unknown attribute 'nonexhaustive'
25 | extension HPKE {
26 | /// The authenticated encryption with associated data (AEAD) algorithms to use in HPKE.
27 | @nonexhaustive
| `- error: unknown attribute 'nonexhaustive'
28 | public enum AEAD: CaseIterable, Hashable, Sendable {
29 | /// An Advanced Encryption Standard cipher in Galois/Counter Mode with a key length of 128 bits.
/host/spi-builder-workspace/.build/checkouts/swift-crypto/Sources/Crypto/HPKE/Ciphersuite/HPKE-KDF.swift:27:6: error: unknown attribute 'nonexhaustive'
25 | extension HPKE {
26 | /// The key derivation functions to use in HPKE.
27 | @nonexhaustive
| `- error: unknown attribute 'nonexhaustive'
28 | public enum KDF: CaseIterable, Hashable, Sendable {
29 | /// An HMAC-based key derivation function that uses SHA-2 hashing with a 256-bit digest.
[1365/1493] Compiling Crypto Digest.swift
/host/spi-builder-workspace/.build/checkouts/swift-crypto/Sources/Crypto/HPKE/Ciphersuite/HPKE-AEAD.swift:27:6: error: unknown attribute 'nonexhaustive'
25 | extension HPKE {
26 | /// The authenticated encryption with associated data (AEAD) algorithms to use in HPKE.
27 | @nonexhaustive
| `- error: unknown attribute 'nonexhaustive'
28 | public enum AEAD: CaseIterable, Hashable, Sendable {
29 | /// An Advanced Encryption Standard cipher in Galois/Counter Mode with a key length of 128 bits.
/host/spi-builder-workspace/.build/checkouts/swift-crypto/Sources/Crypto/HPKE/Ciphersuite/HPKE-KDF.swift:27:6: error: unknown attribute 'nonexhaustive'
25 | extension HPKE {
26 | /// The key derivation functions to use in HPKE.
27 | @nonexhaustive
| `- error: unknown attribute 'nonexhaustive'
28 | public enum KDF: CaseIterable, Hashable, Sendable {
29 | /// An HMAC-based key derivation function that uses SHA-2 hashing with a 256-bit digest.
[1366/1493] Compiling Crypto Digests.swift
/host/spi-builder-workspace/.build/checkouts/swift-crypto/Sources/Crypto/HPKE/Ciphersuite/HPKE-AEAD.swift:27:6: error: unknown attribute 'nonexhaustive'
25 | extension HPKE {
26 | /// The authenticated encryption with associated data (AEAD) algorithms to use in HPKE.
27 | @nonexhaustive
| `- error: unknown attribute 'nonexhaustive'
28 | public enum AEAD: CaseIterable, Hashable, Sendable {
29 | /// An Advanced Encryption Standard cipher in Galois/Counter Mode with a key length of 128 bits.
/host/spi-builder-workspace/.build/checkouts/swift-crypto/Sources/Crypto/HPKE/Ciphersuite/HPKE-KDF.swift:27:6: error: unknown attribute 'nonexhaustive'
25 | extension HPKE {
26 | /// The key derivation functions to use in HPKE.
27 | @nonexhaustive
| `- error: unknown attribute 'nonexhaustive'
28 | public enum KDF: CaseIterable, Hashable, Sendable {
29 | /// An HMAC-based key derivation function that uses SHA-2 hashing with a 256-bit digest.
[1367/1493] Compiling Crypto HashFunctions.swift
/host/spi-builder-workspace/.build/checkouts/swift-crypto/Sources/Crypto/HPKE/Ciphersuite/HPKE-AEAD.swift:27:6: error: unknown attribute 'nonexhaustive'
25 | extension HPKE {
26 | /// The authenticated encryption with associated data (AEAD) algorithms to use in HPKE.
27 | @nonexhaustive
| `- error: unknown attribute 'nonexhaustive'
28 | public enum AEAD: CaseIterable, Hashable, Sendable {
29 | /// An Advanced Encryption Standard cipher in Galois/Counter Mode with a key length of 128 bits.
/host/spi-builder-workspace/.build/checkouts/swift-crypto/Sources/Crypto/HPKE/Ciphersuite/HPKE-KDF.swift:27:6: error: unknown attribute 'nonexhaustive'
25 | extension HPKE {
26 | /// The key derivation functions to use in HPKE.
27 | @nonexhaustive
| `- error: unknown attribute 'nonexhaustive'
28 | public enum KDF: CaseIterable, Hashable, Sendable {
29 | /// An HMAC-based key derivation function that uses SHA-2 hashing with a 256-bit digest.
[1368/1493] Compiling Crypto HashFunctions_SHA2.swift
/host/spi-builder-workspace/.build/checkouts/swift-crypto/Sources/Crypto/HPKE/Ciphersuite/HPKE-AEAD.swift:27:6: error: unknown attribute 'nonexhaustive'
25 | extension HPKE {
26 | /// The authenticated encryption with associated data (AEAD) algorithms to use in HPKE.
27 | @nonexhaustive
| `- error: unknown attribute 'nonexhaustive'
28 | public enum AEAD: CaseIterable, Hashable, Sendable {
29 | /// An Advanced Encryption Standard cipher in Galois/Counter Mode with a key length of 128 bits.
/host/spi-builder-workspace/.build/checkouts/swift-crypto/Sources/Crypto/HPKE/Ciphersuite/HPKE-KDF.swift:27:6: error: unknown attribute 'nonexhaustive'
25 | extension HPKE {
26 | /// The key derivation functions to use in HPKE.
27 | @nonexhaustive
| `- error: unknown attribute 'nonexhaustive'
28 | public enum KDF: CaseIterable, Hashable, Sendable {
29 | /// An HMAC-based key derivation function that uses SHA-2 hashing with a 256-bit digest.
[1369/1493] Compiling Crypto HashFunctions_SHA3.swift
/host/spi-builder-workspace/.build/checkouts/swift-crypto/Sources/Crypto/HPKE/Ciphersuite/HPKE-AEAD.swift:27:6: error: unknown attribute 'nonexhaustive'
25 | extension HPKE {
26 | /// The authenticated encryption with associated data (AEAD) algorithms to use in HPKE.
27 | @nonexhaustive
| `- error: unknown attribute 'nonexhaustive'
28 | public enum AEAD: CaseIterable, Hashable, Sendable {
29 | /// An Advanced Encryption Standard cipher in Galois/Counter Mode with a key length of 128 bits.
/host/spi-builder-workspace/.build/checkouts/swift-crypto/Sources/Crypto/HPKE/Ciphersuite/HPKE-KDF.swift:27:6: error: unknown attribute 'nonexhaustive'
25 | extension HPKE {
26 | /// The key derivation functions to use in HPKE.
27 | @nonexhaustive
| `- error: unknown attribute 'nonexhaustive'
28 | public enum KDF: CaseIterable, Hashable, Sendable {
29 | /// An HMAC-based key derivation function that uses SHA-2 hashing with a 256-bit digest.
[1370/1493] Compiling Crypto Digest_xkcp.swift
/host/spi-builder-workspace/.build/checkouts/swift-crypto/Sources/Crypto/HPKE/Ciphersuite/HPKE-AEAD.swift:27:6: error: unknown attribute 'nonexhaustive'
25 | extension HPKE {
26 | /// The authenticated encryption with associated data (AEAD) algorithms to use in HPKE.
27 | @nonexhaustive
| `- error: unknown attribute 'nonexhaustive'
28 | public enum AEAD: CaseIterable, Hashable, Sendable {
29 | /// An Advanced Encryption Standard cipher in Galois/Counter Mode with a key length of 128 bits.
/host/spi-builder-workspace/.build/checkouts/swift-crypto/Sources/Crypto/HPKE/Ciphersuite/HPKE-KDF.swift:27:6: error: unknown attribute 'nonexhaustive'
25 | extension HPKE {
26 | /// The key derivation functions to use in HPKE.
27 | @nonexhaustive
| `- error: unknown attribute 'nonexhaustive'
28 | public enum KDF: CaseIterable, Hashable, Sendable {
29 | /// An HMAC-based key derivation function that uses SHA-2 hashing with a 256-bit digest.
[1371/1493] Compiling Crypto HPKE-AEAD.swift
/host/spi-builder-workspace/.build/checkouts/swift-crypto/Sources/Crypto/HPKE/Ciphersuite/HPKE-AEAD.swift:27:6: error: unknown attribute 'nonexhaustive'
25 | extension HPKE {
26 | /// The authenticated encryption with associated data (AEAD) algorithms to use in HPKE.
27 | @nonexhaustive
| `- error: unknown attribute 'nonexhaustive'
28 | public enum AEAD: CaseIterable, Hashable, Sendable {
29 | /// An Advanced Encryption Standard cipher in Galois/Counter Mode with a key length of 128 bits.
/host/spi-builder-workspace/.build/checkouts/swift-crypto/Sources/Crypto/HPKE/Ciphersuite/HPKE-KDF.swift:27:6: error: unknown attribute 'nonexhaustive'
25 | extension HPKE {
26 | /// The key derivation functions to use in HPKE.
27 | @nonexhaustive
| `- error: unknown attribute 'nonexhaustive'
28 | public enum KDF: CaseIterable, Hashable, Sendable {
29 | /// An HMAC-based key derivation function that uses SHA-2 hashing with a 256-bit digest.
[1372/1493] Compiling Crypto HPKE-Ciphersuite.swift
/host/spi-builder-workspace/.build/checkouts/swift-crypto/Sources/Crypto/HPKE/Ciphersuite/HPKE-AEAD.swift:27:6: error: unknown attribute 'nonexhaustive'
25 | extension HPKE {
26 | /// The authenticated encryption with associated data (AEAD) algorithms to use in HPKE.
27 | @nonexhaustive
| `- error: unknown attribute 'nonexhaustive'
28 | public enum AEAD: CaseIterable, Hashable, Sendable {
29 | /// An Advanced Encryption Standard cipher in Galois/Counter Mode with a key length of 128 bits.
/host/spi-builder-workspace/.build/checkouts/swift-crypto/Sources/Crypto/HPKE/Ciphersuite/HPKE-KDF.swift:27:6: error: unknown attribute 'nonexhaustive'
25 | extension HPKE {
26 | /// The key derivation functions to use in HPKE.
27 | @nonexhaustive
| `- error: unknown attribute 'nonexhaustive'
28 | public enum KDF: CaseIterable, Hashable, Sendable {
29 | /// An HMAC-based key derivation function that uses SHA-2 hashing with a 256-bit digest.
[1373/1493] Compiling Crypto HPKE-KDF.swift
/host/spi-builder-workspace/.build/checkouts/swift-crypto/Sources/Crypto/HPKE/Ciphersuite/HPKE-AEAD.swift:27:6: error: unknown attribute 'nonexhaustive'
25 | extension HPKE {
26 | /// The authenticated encryption with associated data (AEAD) algorithms to use in HPKE.
27 | @nonexhaustive
| `- error: unknown attribute 'nonexhaustive'
28 | public enum AEAD: CaseIterable, Hashable, Sendable {
29 | /// An Advanced Encryption Standard cipher in Galois/Counter Mode with a key length of 128 bits.
/host/spi-builder-workspace/.build/checkouts/swift-crypto/Sources/Crypto/HPKE/Ciphersuite/HPKE-KDF.swift:27:6: error: unknown attribute 'nonexhaustive'
25 | extension HPKE {
26 | /// The key derivation functions to use in HPKE.
27 | @nonexhaustive
| `- error: unknown attribute 'nonexhaustive'
28 | public enum KDF: CaseIterable, Hashable, Sendable {
29 | /// An HMAC-based key derivation function that uses SHA-2 hashing with a 256-bit digest.
[1374/1493] Compiling Crypto HPKE-KexKeyDerivation.swift
/host/spi-builder-workspace/.build/checkouts/swift-crypto/Sources/Crypto/HPKE/Ciphersuite/HPKE-AEAD.swift:27:6: error: unknown attribute 'nonexhaustive'
25 | extension HPKE {
26 | /// The authenticated encryption with associated data (AEAD) algorithms to use in HPKE.
27 | @nonexhaustive
| `- error: unknown attribute 'nonexhaustive'
28 | public enum AEAD: CaseIterable, Hashable, Sendable {
29 | /// An Advanced Encryption Standard cipher in Galois/Counter Mode with a key length of 128 bits.
/host/spi-builder-workspace/.build/checkouts/swift-crypto/Sources/Crypto/HPKE/Ciphersuite/HPKE-KDF.swift:27:6: error: unknown attribute 'nonexhaustive'
25 | extension HPKE {
26 | /// The key derivation functions to use in HPKE.
27 | @nonexhaustive
| `- error: unknown attribute 'nonexhaustive'
28 | public enum KDF: CaseIterable, Hashable, Sendable {
29 | /// An HMAC-based key derivation function that uses SHA-2 hashing with a 256-bit digest.
[1375/1493] Compiling Crypto HPKE-LabeledExtract.swift
/host/spi-builder-workspace/.build/checkouts/swift-crypto/Sources/Crypto/HPKE/Ciphersuite/HPKE-AEAD.swift:27:6: error: unknown attribute 'nonexhaustive'
25 | extension HPKE {
26 | /// The authenticated encryption with associated data (AEAD) algorithms to use in HPKE.
27 | @nonexhaustive
| `- error: unknown attribute 'nonexhaustive'
28 | public enum AEAD: CaseIterable, Hashable, Sendable {
29 | /// An Advanced Encryption Standard cipher in Galois/Counter Mode with a key length of 128 bits.
/host/spi-builder-workspace/.build/checkouts/swift-crypto/Sources/Crypto/HPKE/Ciphersuite/HPKE-KDF.swift:27:6: error: unknown attribute 'nonexhaustive'
25 | extension HPKE {
26 | /// The key derivation functions to use in HPKE.
27 | @nonexhaustive
| `- error: unknown attribute 'nonexhaustive'
28 | public enum KDF: CaseIterable, Hashable, Sendable {
29 | /// An HMAC-based key derivation function that uses SHA-2 hashing with a 256-bit digest.
/host/spi-builder-workspace/.build/checkouts/swift-crypto/Sources/Crypto/PRF/AES.swift:19:2: error: unknown attribute 'nonexhaustive'
17 | #else
18 | /// A container for Advanced Encryption Standard (AES) ciphers.
19 | @nonexhaustive
| `- error: unknown attribute 'nonexhaustive'
20 | public enum AES: Sendable {
21 | static let blockSizeByteCount = 16
/host/spi-builder-workspace/.build/checkouts/swift-crypto/Sources/Crypto/Signatures/MLDSA.swift:29:2: error: unknown attribute 'nonexhaustive'
27 |
28 | /// The MLDSA65 Digital Signature Algorithm
29 | @nonexhaustive
| `- error: unknown attribute 'nonexhaustive'
30 | public enum MLDSA65: Sendable {}
31 |
/host/spi-builder-workspace/.build/checkouts/swift-crypto/Sources/Crypto/Signatures/MLDSA.swift:184:2: error: unknown attribute 'nonexhaustive'
182 |
183 | /// The MLDSA87 Digital Signature Algorithm
184 | @nonexhaustive
| `- error: unknown attribute 'nonexhaustive'
185 | public enum MLDSA87: Sendable {}
186 |
/host/spi-builder-workspace/.build/checkouts/swift-crypto/Sources/Crypto/PRF/AES.swift:19:2: error: unknown attribute 'nonexhaustive'
17 | #else
18 | /// A container for Advanced Encryption Standard (AES) ciphers.
19 | @nonexhaustive
| `- error: unknown attribute 'nonexhaustive'
20 | public enum AES: Sendable {
21 | static let blockSizeByteCount = 16
/host/spi-builder-workspace/.build/checkouts/swift-crypto/Sources/Crypto/Signatures/MLDSA.swift:29:2: error: unknown attribute 'nonexhaustive'
27 |
28 | /// The MLDSA65 Digital Signature Algorithm
29 | @nonexhaustive
| `- error: unknown attribute 'nonexhaustive'
30 | public enum MLDSA65: Sendable {}
31 |
/host/spi-builder-workspace/.build/checkouts/swift-crypto/Sources/Crypto/Signatures/MLDSA.swift:184:2: error: unknown attribute 'nonexhaustive'
182 |
183 | /// The MLDSA87 Digital Signature Algorithm
184 | @nonexhaustive
| `- error: unknown attribute 'nonexhaustive'
185 | public enum MLDSA87: Sendable {}
186 |
/host/spi-builder-workspace/.build/checkouts/swift-crypto/Sources/Crypto/PRF/AES.swift:19:2: error: unknown attribute 'nonexhaustive'
17 | #else
18 | /// A container for Advanced Encryption Standard (AES) ciphers.
19 | @nonexhaustive
| `- error: unknown attribute 'nonexhaustive'
20 | public enum AES: Sendable {
21 | static let blockSizeByteCount = 16
/host/spi-builder-workspace/.build/checkouts/swift-crypto/Sources/Crypto/Signatures/MLDSA.swift:29:2: error: unknown attribute 'nonexhaustive'
27 |
28 | /// The MLDSA65 Digital Signature Algorithm
29 | @nonexhaustive
| `- error: unknown attribute 'nonexhaustive'
30 | public enum MLDSA65: Sendable {}
31 |
/host/spi-builder-workspace/.build/checkouts/swift-crypto/Sources/Crypto/Signatures/MLDSA.swift:184:2: error: unknown attribute 'nonexhaustive'
182 |
183 | /// The MLDSA87 Digital Signature Algorithm
184 | @nonexhaustive
| `- error: unknown attribute 'nonexhaustive'
185 | public enum MLDSA87: Sendable {}
186 |
/host/spi-builder-workspace/.build/checkouts/swift-crypto/Sources/Crypto/PRF/AES.swift:19:2: error: unknown attribute 'nonexhaustive'
17 | #else
18 | /// A container for Advanced Encryption Standard (AES) ciphers.
19 | @nonexhaustive
| `- error: unknown attribute 'nonexhaustive'
20 | public enum AES: Sendable {
21 | static let blockSizeByteCount = 16
/host/spi-builder-workspace/.build/checkouts/swift-crypto/Sources/Crypto/Signatures/MLDSA.swift:29:2: error: unknown attribute 'nonexhaustive'
27 |
28 | /// The MLDSA65 Digital Signature Algorithm
29 | @nonexhaustive
| `- error: unknown attribute 'nonexhaustive'
30 | public enum MLDSA65: Sendable {}
31 |
/host/spi-builder-workspace/.build/checkouts/swift-crypto/Sources/Crypto/Signatures/MLDSA.swift:184:2: error: unknown attribute 'nonexhaustive'
182 |
183 | /// The MLDSA87 Digital Signature Algorithm
184 | @nonexhaustive
| `- error: unknown attribute 'nonexhaustive'
185 | public enum MLDSA87: Sendable {}
186 |
/host/spi-builder-workspace/.build/checkouts/swift-crypto/Sources/Crypto/PRF/AES.swift:19:2: error: unknown attribute 'nonexhaustive'
17 | #else
18 | /// A container for Advanced Encryption Standard (AES) ciphers.
19 | @nonexhaustive
| `- error: unknown attribute 'nonexhaustive'
20 | public enum AES: Sendable {
21 | static let blockSizeByteCount = 16
/host/spi-builder-workspace/.build/checkouts/swift-crypto/Sources/Crypto/Signatures/MLDSA.swift:29:2: error: unknown attribute 'nonexhaustive'
27 |
28 | /// The MLDSA65 Digital Signature Algorithm
29 | @nonexhaustive
| `- error: unknown attribute 'nonexhaustive'
30 | public enum MLDSA65: Sendable {}
31 |
/host/spi-builder-workspace/.build/checkouts/swift-crypto/Sources/Crypto/Signatures/MLDSA.swift:184:2: error: unknown attribute 'nonexhaustive'
182 |
183 | /// The MLDSA87 Digital Signature Algorithm
184 | @nonexhaustive
| `- error: unknown attribute 'nonexhaustive'
185 | public enum MLDSA87: Sendable {}
186 |
/host/spi-builder-workspace/.build/checkouts/swift-crypto/Sources/Crypto/PRF/AES.swift:19:2: error: unknown attribute 'nonexhaustive'
17 | #else
18 | /// A container for Advanced Encryption Standard (AES) ciphers.
19 | @nonexhaustive
| `- error: unknown attribute 'nonexhaustive'
20 | public enum AES: Sendable {
21 | static let blockSizeByteCount = 16
/host/spi-builder-workspace/.build/checkouts/swift-crypto/Sources/Crypto/Signatures/MLDSA.swift:29:2: error: unknown attribute 'nonexhaustive'
27 |
28 | /// The MLDSA65 Digital Signature Algorithm
29 | @nonexhaustive
| `- error: unknown attribute 'nonexhaustive'
30 | public enum MLDSA65: Sendable {}
31 |
/host/spi-builder-workspace/.build/checkouts/swift-crypto/Sources/Crypto/Signatures/MLDSA.swift:184:2: error: unknown attribute 'nonexhaustive'
182 |
183 | /// The MLDSA87 Digital Signature Algorithm
184 | @nonexhaustive
| `- error: unknown attribute 'nonexhaustive'
185 | public enum MLDSA87: Sendable {}
186 |
/host/spi-builder-workspace/.build/checkouts/swift-crypto/Sources/Crypto/PRF/AES.swift:19:2: error: unknown attribute 'nonexhaustive'
17 | #else
18 | /// A container for Advanced Encryption Standard (AES) ciphers.
19 | @nonexhaustive
| `- error: unknown attribute 'nonexhaustive'
20 | public enum AES: Sendable {
21 | static let blockSizeByteCount = 16
/host/spi-builder-workspace/.build/checkouts/swift-crypto/Sources/Crypto/Signatures/MLDSA.swift:29:2: error: unknown attribute 'nonexhaustive'
27 |
28 | /// The MLDSA65 Digital Signature Algorithm
29 | @nonexhaustive
| `- error: unknown attribute 'nonexhaustive'
30 | public enum MLDSA65: Sendable {}
31 |
/host/spi-builder-workspace/.build/checkouts/swift-crypto/Sources/Crypto/Signatures/MLDSA.swift:184:2: error: unknown attribute 'nonexhaustive'
182 |
183 | /// The MLDSA87 Digital Signature Algorithm
184 | @nonexhaustive
| `- error: unknown attribute 'nonexhaustive'
185 | public enum MLDSA87: Sendable {}
186 |
/host/spi-builder-workspace/.build/checkouts/swift-crypto/Sources/Crypto/PRF/AES.swift:19:2: error: unknown attribute 'nonexhaustive'
17 | #else
18 | /// A container for Advanced Encryption Standard (AES) ciphers.
19 | @nonexhaustive
| `- error: unknown attribute 'nonexhaustive'
20 | public enum AES: Sendable {
21 | static let blockSizeByteCount = 16
/host/spi-builder-workspace/.build/checkouts/swift-crypto/Sources/Crypto/Signatures/MLDSA.swift:29:2: error: unknown attribute 'nonexhaustive'
27 |
28 | /// The MLDSA65 Digital Signature Algorithm
29 | @nonexhaustive
| `- error: unknown attribute 'nonexhaustive'
30 | public enum MLDSA65: Sendable {}
31 |
/host/spi-builder-workspace/.build/checkouts/swift-crypto/Sources/Crypto/Signatures/MLDSA.swift:184:2: error: unknown attribute 'nonexhaustive'
182 |
183 | /// The MLDSA87 Digital Signature Algorithm
184 | @nonexhaustive
| `- error: unknown attribute 'nonexhaustive'
185 | public enum MLDSA87: Sendable {}
186 |
/host/spi-builder-workspace/.build/checkouts/swift-crypto/Sources/Crypto/PRF/AES.swift:19:2: error: unknown attribute 'nonexhaustive'
17 | #else
18 | /// A container for Advanced Encryption Standard (AES) ciphers.
19 | @nonexhaustive
| `- error: unknown attribute 'nonexhaustive'
20 | public enum AES: Sendable {
21 | static let blockSizeByteCount = 16
/host/spi-builder-workspace/.build/checkouts/swift-crypto/Sources/Crypto/Signatures/MLDSA.swift:29:2: error: unknown attribute 'nonexhaustive'
27 |
28 | /// The MLDSA65 Digital Signature Algorithm
29 | @nonexhaustive
| `- error: unknown attribute 'nonexhaustive'
30 | public enum MLDSA65: Sendable {}
31 |
/host/spi-builder-workspace/.build/checkouts/swift-crypto/Sources/Crypto/Signatures/MLDSA.swift:184:2: error: unknown attribute 'nonexhaustive'
182 |
183 | /// The MLDSA87 Digital Signature Algorithm
184 | @nonexhaustive
| `- error: unknown attribute 'nonexhaustive'
185 | public enum MLDSA87: Sendable {}
186 |
/host/spi-builder-workspace/.build/checkouts/swift-crypto/Sources/Crypto/PRF/AES.swift:19:2: error: unknown attribute 'nonexhaustive'
17 | #else
18 | /// A container for Advanced Encryption Standard (AES) ciphers.
19 | @nonexhaustive
| `- error: unknown attribute 'nonexhaustive'
20 | public enum AES: Sendable {
21 | static let blockSizeByteCount = 16
/host/spi-builder-workspace/.build/checkouts/swift-crypto/Sources/Crypto/Signatures/MLDSA.swift:29:2: error: unknown attribute 'nonexhaustive'
27 |
28 | /// The MLDSA65 Digital Signature Algorithm
29 | @nonexhaustive
| `- error: unknown attribute 'nonexhaustive'
30 | public enum MLDSA65: Sendable {}
31 |
/host/spi-builder-workspace/.build/checkouts/swift-crypto/Sources/Crypto/Signatures/MLDSA.swift:184:2: error: unknown attribute 'nonexhaustive'
182 |
183 | /// The MLDSA87 Digital Signature Algorithm
184 | @nonexhaustive
| `- error: unknown attribute 'nonexhaustive'
185 | public enum MLDSA87: Sendable {}
186 |
[1386/1493] Compiling NIOCore NIOSendable.swift
/host/spi-builder-workspace/.build/checkouts/swift-crypto/Sources/Crypto/PRF/AES.swift:19:2: error: unknown attribute 'nonexhaustive'
17 | #else
18 | /// A container for Advanced Encryption Standard (AES) ciphers.
19 | @nonexhaustive
| `- error: unknown attribute 'nonexhaustive'
20 | public enum AES: Sendable {
21 | static let blockSizeByteCount = 16
/host/spi-builder-workspace/.build/checkouts/swift-crypto/Sources/Crypto/Signatures/MLDSA.swift:29:2: error: unknown attribute 'nonexhaustive'
27 |
28 | /// The MLDSA65 Digital Signature Algorithm
29 | @nonexhaustive
| `- error: unknown attribute 'nonexhaustive'
30 | public enum MLDSA65: Sendable {}
31 |
/host/spi-builder-workspace/.build/checkouts/swift-crypto/Sources/Crypto/Signatures/MLDSA.swift:184:2: error: unknown attribute 'nonexhaustive'
182 |
183 | /// The MLDSA87 Digital Signature Algorithm
184 | @nonexhaustive
| `- error: unknown attribute 'nonexhaustive'
185 | public enum MLDSA87: Sendable {}
186 |
[1387/1493] Compiling NIOCore NIOSplitLinesMessageDecoder.swift
/host/spi-builder-workspace/.build/checkouts/swift-crypto/Sources/Crypto/PRF/AES.swift:19:2: error: unknown attribute 'nonexhaustive'
17 | #else
18 | /// A container for Advanced Encryption Standard (AES) ciphers.
19 | @nonexhaustive
| `- error: unknown attribute 'nonexhaustive'
20 | public enum AES: Sendable {
21 | static let blockSizeByteCount = 16
/host/spi-builder-workspace/.build/checkouts/swift-crypto/Sources/Crypto/Signatures/MLDSA.swift:29:2: error: unknown attribute 'nonexhaustive'
27 |
28 | /// The MLDSA65 Digital Signature Algorithm
29 | @nonexhaustive
| `- error: unknown attribute 'nonexhaustive'
30 | public enum MLDSA65: Sendable {}
31 |
/host/spi-builder-workspace/.build/checkouts/swift-crypto/Sources/Crypto/Signatures/MLDSA.swift:184:2: error: unknown attribute 'nonexhaustive'
182 |
183 | /// The MLDSA87 Digital Signature Algorithm
184 | @nonexhaustive
| `- error: unknown attribute 'nonexhaustive'
185 | public enum MLDSA87: Sendable {}
186 |
[1388/1493] Compiling NIOCore NIOTransportAccessibleChannelCore.swift
/host/spi-builder-workspace/.build/checkouts/swift-crypto/Sources/Crypto/Key Wrapping/AESWrap.swift:30:6: error: unknown attribute 'nonexhaustive'
28 | /// An implementation of AES Key Wrapping in accordance with the IETF RFC
29 | /// 3394 specification.
30 | @nonexhaustive
| `- error: unknown attribute 'nonexhaustive'
31 | public enum KeyWrap: Sendable {
32 | /// Wraps a key using the AES wrap algorithm.
/host/spi-builder-workspace/.build/checkouts/swift-crypto/Sources/Crypto/Keys/EC/Curve25519.swift:19:2: error: unknown attribute 'nonexhaustive'
17 | #else
18 | /// An elliptic curve that enables X25519 key agreement and Ed25519 signatures.
19 | @nonexhaustive
| `- error: unknown attribute 'nonexhaustive'
20 | public enum Curve25519: Sendable {}
21 | #endif // canImport(CryptoKit)
/host/spi-builder-workspace/.build/checkouts/swift-crypto/Sources/Crypto/Keys/EC/Ed25519Keys.swift:33:6: error: unknown attribute 'nonexhaustive'
31 | /// A mechanism used to create or verify a cryptographic signature using
32 | /// Ed25519.
33 | @nonexhaustive
| `- error: unknown attribute 'nonexhaustive'
34 | public enum Signing: Sendable {
35 | typealias Curve25519PrivateKeyImpl = Curve25519.Signing.OpenSSLCurve25519PrivateKeyImpl
/host/spi-builder-workspace/.build/checkouts/swift-crypto/Sources/Crypto/Keys/EC/NISTCurvesKeys.swift:51:2: error: unknown attribute 'nonexhaustive'
49 |
50 | /// An elliptic curve that enables NIST P-256 signatures and key agreement.
51 | @nonexhaustive
| `- error: unknown attribute 'nonexhaustive'
52 | public enum P256: Sendable { }
53 |
/host/spi-builder-workspace/.build/checkouts/swift-crypto/Sources/Crypto/Keys/EC/NISTCurvesKeys.swift:55:2: error: unknown attribute 'nonexhaustive'
53 |
54 | /// An elliptic curve that enables NIST P-384 signatures and key agreement.
55 | @nonexhaustive
| `- error: unknown attribute 'nonexhaustive'
56 | public enum P384: Sendable { }
57 |
/host/spi-builder-workspace/.build/checkouts/swift-crypto/Sources/Crypto/Keys/EC/NISTCurvesKeys.swift:59:2: error: unknown attribute 'nonexhaustive'
57 |
58 | /// An elliptic curve that enables NIST P-521 signatures and key agreement.
59 | @nonexhaustive
| `- error: unknown attribute 'nonexhaustive'
60 | public enum P521: Sendable { }
61 | #endif // canImport(CryptoKit)
/host/spi-builder-workspace/.build/checkouts/swift-crypto/Sources/Crypto/Keys/EC/X25519Keys.swift:33:6: error: unknown attribute 'nonexhaustive'
31 | /// A mechanism used to create a shared secret between two users by
32 | /// performing X25519 key agreement.
33 | @nonexhaustive
| `- error: unknown attribute 'nonexhaustive'
34 | public enum KeyAgreement: Sendable {
35 | typealias Curve25519PrivateKeyImpl = Curve25519.KeyAgreement.OpenSSLCurve25519PrivateKeyImpl
[1389/1493] Compiling NIOCore RecvByteBufferAllocator.swift
/host/spi-builder-workspace/.build/checkouts/swift-crypto/Sources/Crypto/Key Wrapping/AESWrap.swift:30:6: error: unknown attribute 'nonexhaustive'
28 | /// An implementation of AES Key Wrapping in accordance with the IETF RFC
29 | /// 3394 specification.
30 | @nonexhaustive
| `- error: unknown attribute 'nonexhaustive'
31 | public enum KeyWrap: Sendable {
32 | /// Wraps a key using the AES wrap algorithm.
/host/spi-builder-workspace/.build/checkouts/swift-crypto/Sources/Crypto/Keys/EC/Curve25519.swift:19:2: error: unknown attribute 'nonexhaustive'
17 | #else
18 | /// An elliptic curve that enables X25519 key agreement and Ed25519 signatures.
19 | @nonexhaustive
| `- error: unknown attribute 'nonexhaustive'
20 | public enum Curve25519: Sendable {}
21 | #endif // canImport(CryptoKit)
/host/spi-builder-workspace/.build/checkouts/swift-crypto/Sources/Crypto/Keys/EC/Ed25519Keys.swift:33:6: error: unknown attribute 'nonexhaustive'
31 | /// A mechanism used to create or verify a cryptographic signature using
32 | /// Ed25519.
33 | @nonexhaustive
| `- error: unknown attribute 'nonexhaustive'
34 | public enum Signing: Sendable {
35 | typealias Curve25519PrivateKeyImpl = Curve25519.Signing.OpenSSLCurve25519PrivateKeyImpl
/host/spi-builder-workspace/.build/checkouts/swift-crypto/Sources/Crypto/Keys/EC/NISTCurvesKeys.swift:51:2: error: unknown attribute 'nonexhaustive'
49 |
50 | /// An elliptic curve that enables NIST P-256 signatures and key agreement.
51 | @nonexhaustive
| `- error: unknown attribute 'nonexhaustive'
52 | public enum P256: Sendable { }
53 |
/host/spi-builder-workspace/.build/checkouts/swift-crypto/Sources/Crypto/Keys/EC/NISTCurvesKeys.swift:55:2: error: unknown attribute 'nonexhaustive'
53 |
54 | /// An elliptic curve that enables NIST P-384 signatures and key agreement.
55 | @nonexhaustive
| `- error: unknown attribute 'nonexhaustive'
56 | public enum P384: Sendable { }
57 |
/host/spi-builder-workspace/.build/checkouts/swift-crypto/Sources/Crypto/Keys/EC/NISTCurvesKeys.swift:59:2: error: unknown attribute 'nonexhaustive'
57 |
58 | /// An elliptic curve that enables NIST P-521 signatures and key agreement.
59 | @nonexhaustive
| `- error: unknown attribute 'nonexhaustive'
60 | public enum P521: Sendable { }
61 | #endif // canImport(CryptoKit)
/host/spi-builder-workspace/.build/checkouts/swift-crypto/Sources/Crypto/Keys/EC/X25519Keys.swift:33:6: error: unknown attribute 'nonexhaustive'
31 | /// A mechanism used to create a shared secret between two users by
32 | /// performing X25519 key agreement.
33 | @nonexhaustive
| `- error: unknown attribute 'nonexhaustive'
34 | public enum KeyAgreement: Sendable {
35 | typealias Curve25519PrivateKeyImpl = Curve25519.KeyAgreement.OpenSSLCurve25519PrivateKeyImpl
[1390/1493] Compiling Crypto Ed25519_boring.swift
/host/spi-builder-workspace/.build/checkouts/swift-crypto/Sources/Crypto/Key Wrapping/AESWrap.swift:30:6: error: unknown attribute 'nonexhaustive'
28 | /// An implementation of AES Key Wrapping in accordance with the IETF RFC
29 | /// 3394 specification.
30 | @nonexhaustive
| `- error: unknown attribute 'nonexhaustive'
31 | public enum KeyWrap: Sendable {
32 | /// Wraps a key using the AES wrap algorithm.
/host/spi-builder-workspace/.build/checkouts/swift-crypto/Sources/Crypto/Keys/EC/Curve25519.swift:19:2: error: unknown attribute 'nonexhaustive'
17 | #else
18 | /// An elliptic curve that enables X25519 key agreement and Ed25519 signatures.
19 | @nonexhaustive
| `- error: unknown attribute 'nonexhaustive'
20 | public enum Curve25519: Sendable {}
21 | #endif // canImport(CryptoKit)
/host/spi-builder-workspace/.build/checkouts/swift-crypto/Sources/Crypto/Keys/EC/Ed25519Keys.swift:33:6: error: unknown attribute 'nonexhaustive'
31 | /// A mechanism used to create or verify a cryptographic signature using
32 | /// Ed25519.
33 | @nonexhaustive
| `- error: unknown attribute 'nonexhaustive'
34 | public enum Signing: Sendable {
35 | typealias Curve25519PrivateKeyImpl = Curve25519.Signing.OpenSSLCurve25519PrivateKeyImpl
/host/spi-builder-workspace/.build/checkouts/swift-crypto/Sources/Crypto/Keys/EC/NISTCurvesKeys.swift:51:2: error: unknown attribute 'nonexhaustive'
49 |
50 | /// An elliptic curve that enables NIST P-256 signatures and key agreement.
51 | @nonexhaustive
| `- error: unknown attribute 'nonexhaustive'
52 | public enum P256: Sendable { }
53 |
/host/spi-builder-workspace/.build/checkouts/swift-crypto/Sources/Crypto/Keys/EC/NISTCurvesKeys.swift:55:2: error: unknown attribute 'nonexhaustive'
53 |
54 | /// An elliptic curve that enables NIST P-384 signatures and key agreement.
55 | @nonexhaustive
| `- error: unknown attribute 'nonexhaustive'
56 | public enum P384: Sendable { }
57 |
/host/spi-builder-workspace/.build/checkouts/swift-crypto/Sources/Crypto/Keys/EC/NISTCurvesKeys.swift:59:2: error: unknown attribute 'nonexhaustive'
57 |
58 | /// An elliptic curve that enables NIST P-521 signatures and key agreement.
59 | @nonexhaustive
| `- error: unknown attribute 'nonexhaustive'
60 | public enum P521: Sendable { }
61 | #endif // canImport(CryptoKit)
/host/spi-builder-workspace/.build/checkouts/swift-crypto/Sources/Crypto/Keys/EC/X25519Keys.swift:33:6: error: unknown attribute 'nonexhaustive'
31 | /// A mechanism used to create a shared secret between two users by
32 | /// performing X25519 key agreement.
33 | @nonexhaustive
| `- error: unknown attribute 'nonexhaustive'
34 | public enum KeyAgreement: Sendable {
35 | typealias Curve25519PrivateKeyImpl = Curve25519.KeyAgreement.OpenSSLCurve25519PrivateKeyImpl
[1391/1493] Compiling Crypto NISTCurvesKeys_boring.swift
/host/spi-builder-workspace/.build/checkouts/swift-crypto/Sources/Crypto/Key Wrapping/AESWrap.swift:30:6: error: unknown attribute 'nonexhaustive'
28 | /// An implementation of AES Key Wrapping in accordance with the IETF RFC
29 | /// 3394 specification.
30 | @nonexhaustive
| `- error: unknown attribute 'nonexhaustive'
31 | public enum KeyWrap: Sendable {
32 | /// Wraps a key using the AES wrap algorithm.
/host/spi-builder-workspace/.build/checkouts/swift-crypto/Sources/Crypto/Keys/EC/Curve25519.swift:19:2: error: unknown attribute 'nonexhaustive'
17 | #else
18 | /// An elliptic curve that enables X25519 key agreement and Ed25519 signatures.
19 | @nonexhaustive
| `- error: unknown attribute 'nonexhaustive'
20 | public enum Curve25519: Sendable {}
21 | #endif // canImport(CryptoKit)
/host/spi-builder-workspace/.build/checkouts/swift-crypto/Sources/Crypto/Keys/EC/Ed25519Keys.swift:33:6: error: unknown attribute 'nonexhaustive'
31 | /// A mechanism used to create or verify a cryptographic signature using
32 | /// Ed25519.
33 | @nonexhaustive
| `- error: unknown attribute 'nonexhaustive'
34 | public enum Signing: Sendable {
35 | typealias Curve25519PrivateKeyImpl = Curve25519.Signing.OpenSSLCurve25519PrivateKeyImpl
/host/spi-builder-workspace/.build/checkouts/swift-crypto/Sources/Crypto/Keys/EC/NISTCurvesKeys.swift:51:2: error: unknown attribute 'nonexhaustive'
49 |
50 | /// An elliptic curve that enables NIST P-256 signatures and key agreement.
51 | @nonexhaustive
| `- error: unknown attribute 'nonexhaustive'
52 | public enum P256: Sendable { }
53 |
/host/spi-builder-workspace/.build/checkouts/swift-crypto/Sources/Crypto/Keys/EC/NISTCurvesKeys.swift:55:2: error: unknown attribute 'nonexhaustive'
53 |
54 | /// An elliptic curve that enables NIST P-384 signatures and key agreement.
55 | @nonexhaustive
| `- error: unknown attribute 'nonexhaustive'
56 | public enum P384: Sendable { }
57 |
/host/spi-builder-workspace/.build/checkouts/swift-crypto/Sources/Crypto/Keys/EC/NISTCurvesKeys.swift:59:2: error: unknown attribute 'nonexhaustive'
57 |
58 | /// An elliptic curve that enables NIST P-521 signatures and key agreement.
59 | @nonexhaustive
| `- error: unknown attribute 'nonexhaustive'
60 | public enum P521: Sendable { }
61 | #endif // canImport(CryptoKit)
/host/spi-builder-workspace/.build/checkouts/swift-crypto/Sources/Crypto/Keys/EC/X25519Keys.swift:33:6: error: unknown attribute 'nonexhaustive'
31 | /// A mechanism used to create a shared secret between two users by
32 | /// performing X25519 key agreement.
33 | @nonexhaustive
| `- error: unknown attribute 'nonexhaustive'
34 | public enum KeyAgreement: Sendable {
35 | typealias Curve25519PrivateKeyImpl = Curve25519.KeyAgreement.OpenSSLCurve25519PrivateKeyImpl
[1392/1493] Compiling Crypto X25519Keys_boring.swift
/host/spi-builder-workspace/.build/checkouts/swift-crypto/Sources/Crypto/Key Wrapping/AESWrap.swift:30:6: error: unknown attribute 'nonexhaustive'
28 | /// An implementation of AES Key Wrapping in accordance with the IETF RFC
29 | /// 3394 specification.
30 | @nonexhaustive
| `- error: unknown attribute 'nonexhaustive'
31 | public enum KeyWrap: Sendable {
32 | /// Wraps a key using the AES wrap algorithm.
/host/spi-builder-workspace/.build/checkouts/swift-crypto/Sources/Crypto/Keys/EC/Curve25519.swift:19:2: error: unknown attribute 'nonexhaustive'
17 | #else
18 | /// An elliptic curve that enables X25519 key agreement and Ed25519 signatures.
19 | @nonexhaustive
| `- error: unknown attribute 'nonexhaustive'
20 | public enum Curve25519: Sendable {}
21 | #endif // canImport(CryptoKit)
/host/spi-builder-workspace/.build/checkouts/swift-crypto/Sources/Crypto/Keys/EC/Ed25519Keys.swift:33:6: error: unknown attribute 'nonexhaustive'
31 | /// A mechanism used to create or verify a cryptographic signature using
32 | /// Ed25519.
33 | @nonexhaustive
| `- error: unknown attribute 'nonexhaustive'
34 | public enum Signing: Sendable {
35 | typealias Curve25519PrivateKeyImpl = Curve25519.Signing.OpenSSLCurve25519PrivateKeyImpl
/host/spi-builder-workspace/.build/checkouts/swift-crypto/Sources/Crypto/Keys/EC/NISTCurvesKeys.swift:51:2: error: unknown attribute 'nonexhaustive'
49 |
50 | /// An elliptic curve that enables NIST P-256 signatures and key agreement.
51 | @nonexhaustive
| `- error: unknown attribute 'nonexhaustive'
52 | public enum P256: Sendable { }
53 |
/host/spi-builder-workspace/.build/checkouts/swift-crypto/Sources/Crypto/Keys/EC/NISTCurvesKeys.swift:55:2: error: unknown attribute 'nonexhaustive'
53 |
54 | /// An elliptic curve that enables NIST P-384 signatures and key agreement.
55 | @nonexhaustive
| `- error: unknown attribute 'nonexhaustive'
56 | public enum P384: Sendable { }
57 |
/host/spi-builder-workspace/.build/checkouts/swift-crypto/Sources/Crypto/Keys/EC/NISTCurvesKeys.swift:59:2: error: unknown attribute 'nonexhaustive'
57 |
58 | /// An elliptic curve that enables NIST P-521 signatures and key agreement.
59 | @nonexhaustive
| `- error: unknown attribute 'nonexhaustive'
60 | public enum P521: Sendable { }
61 | #endif // canImport(CryptoKit)
/host/spi-builder-workspace/.build/checkouts/swift-crypto/Sources/Crypto/Keys/EC/X25519Keys.swift:33:6: error: unknown attribute 'nonexhaustive'
31 | /// A mechanism used to create a shared secret between two users by
32 | /// performing X25519 key agreement.
33 | @nonexhaustive
| `- error: unknown attribute 'nonexhaustive'
34 | public enum KeyAgreement: Sendable {
35 | typealias Curve25519PrivateKeyImpl = Curve25519.KeyAgreement.OpenSSLCurve25519PrivateKeyImpl
[1393/1493] Compiling Crypto Curve25519.swift
/host/spi-builder-workspace/.build/checkouts/swift-crypto/Sources/Crypto/Key Wrapping/AESWrap.swift:30:6: error: unknown attribute 'nonexhaustive'
28 | /// An implementation of AES Key Wrapping in accordance with the IETF RFC
29 | /// 3394 specification.
30 | @nonexhaustive
| `- error: unknown attribute 'nonexhaustive'
31 | public enum KeyWrap: Sendable {
32 | /// Wraps a key using the AES wrap algorithm.
/host/spi-builder-workspace/.build/checkouts/swift-crypto/Sources/Crypto/Keys/EC/Curve25519.swift:19:2: error: unknown attribute 'nonexhaustive'
17 | #else
18 | /// An elliptic curve that enables X25519 key agreement and Ed25519 signatures.
19 | @nonexhaustive
| `- error: unknown attribute 'nonexhaustive'
20 | public enum Curve25519: Sendable {}
21 | #endif // canImport(CryptoKit)
/host/spi-builder-workspace/.build/checkouts/swift-crypto/Sources/Crypto/Keys/EC/Ed25519Keys.swift:33:6: error: unknown attribute 'nonexhaustive'
31 | /// A mechanism used to create or verify a cryptographic signature using
32 | /// Ed25519.
33 | @nonexhaustive
| `- error: unknown attribute 'nonexhaustive'
34 | public enum Signing: Sendable {
35 | typealias Curve25519PrivateKeyImpl = Curve25519.Signing.OpenSSLCurve25519PrivateKeyImpl
/host/spi-builder-workspace/.build/checkouts/swift-crypto/Sources/Crypto/Keys/EC/NISTCurvesKeys.swift:51:2: error: unknown attribute 'nonexhaustive'
49 |
50 | /// An elliptic curve that enables NIST P-256 signatures and key agreement.
51 | @nonexhaustive
| `- error: unknown attribute 'nonexhaustive'
52 | public enum P256: Sendable { }
53 |
/host/spi-builder-workspace/.build/checkouts/swift-crypto/Sources/Crypto/Keys/EC/NISTCurvesKeys.swift:55:2: error: unknown attribute 'nonexhaustive'
53 |
54 | /// An elliptic curve that enables NIST P-384 signatures and key agreement.
55 | @nonexhaustive
| `- error: unknown attribute 'nonexhaustive'
56 | public enum P384: Sendable { }
57 |
/host/spi-builder-workspace/.build/checkouts/swift-crypto/Sources/Crypto/Keys/EC/NISTCurvesKeys.swift:59:2: error: unknown attribute 'nonexhaustive'
57 |
58 | /// An elliptic curve that enables NIST P-521 signatures and key agreement.
59 | @nonexhaustive
| `- error: unknown attribute 'nonexhaustive'
60 | public enum P521: Sendable { }
61 | #endif // canImport(CryptoKit)
/host/spi-builder-workspace/.build/checkouts/swift-crypto/Sources/Crypto/Keys/EC/X25519Keys.swift:33:6: error: unknown attribute 'nonexhaustive'
31 | /// A mechanism used to create a shared secret between two users by
32 | /// performing X25519 key agreement.
33 | @nonexhaustive
| `- error: unknown attribute 'nonexhaustive'
34 | public enum KeyAgreement: Sendable {
35 | typealias Curve25519PrivateKeyImpl = Curve25519.KeyAgreement.OpenSSLCurve25519PrivateKeyImpl
[1394/1493] Compiling Crypto Ed25519Keys.swift
/host/spi-builder-workspace/.build/checkouts/swift-crypto/Sources/Crypto/Key Wrapping/AESWrap.swift:30:6: error: unknown attribute 'nonexhaustive'
28 | /// An implementation of AES Key Wrapping in accordance with the IETF RFC
29 | /// 3394 specification.
30 | @nonexhaustive
| `- error: unknown attribute 'nonexhaustive'
31 | public enum KeyWrap: Sendable {
32 | /// Wraps a key using the AES wrap algorithm.
/host/spi-builder-workspace/.build/checkouts/swift-crypto/Sources/Crypto/Keys/EC/Curve25519.swift:19:2: error: unknown attribute 'nonexhaustive'
17 | #else
18 | /// An elliptic curve that enables X25519 key agreement and Ed25519 signatures.
19 | @nonexhaustive
| `- error: unknown attribute 'nonexhaustive'
20 | public enum Curve25519: Sendable {}
21 | #endif // canImport(CryptoKit)
/host/spi-builder-workspace/.build/checkouts/swift-crypto/Sources/Crypto/Keys/EC/Ed25519Keys.swift:33:6: error: unknown attribute 'nonexhaustive'
31 | /// A mechanism used to create or verify a cryptographic signature using
32 | /// Ed25519.
33 | @nonexhaustive
| `- error: unknown attribute 'nonexhaustive'
34 | public enum Signing: Sendable {
35 | typealias Curve25519PrivateKeyImpl = Curve25519.Signing.OpenSSLCurve25519PrivateKeyImpl
/host/spi-builder-workspace/.build/checkouts/swift-crypto/Sources/Crypto/Keys/EC/NISTCurvesKeys.swift:51:2: error: unknown attribute 'nonexhaustive'
49 |
50 | /// An elliptic curve that enables NIST P-256 signatures and key agreement.
51 | @nonexhaustive
| `- error: unknown attribute 'nonexhaustive'
52 | public enum P256: Sendable { }
53 |
/host/spi-builder-workspace/.build/checkouts/swift-crypto/Sources/Crypto/Keys/EC/NISTCurvesKeys.swift:55:2: error: unknown attribute 'nonexhaustive'
53 |
54 | /// An elliptic curve that enables NIST P-384 signatures and key agreement.
55 | @nonexhaustive
| `- error: unknown attribute 'nonexhaustive'
56 | public enum P384: Sendable { }
57 |
/host/spi-builder-workspace/.build/checkouts/swift-crypto/Sources/Crypto/Keys/EC/NISTCurvesKeys.swift:59:2: error: unknown attribute 'nonexhaustive'
57 |
58 | /// An elliptic curve that enables NIST P-521 signatures and key agreement.
59 | @nonexhaustive
| `- error: unknown attribute 'nonexhaustive'
60 | public enum P521: Sendable { }
61 | #endif // canImport(CryptoKit)
/host/spi-builder-workspace/.build/checkouts/swift-crypto/Sources/Crypto/Keys/EC/X25519Keys.swift:33:6: error: unknown attribute 'nonexhaustive'
31 | /// A mechanism used to create a shared secret between two users by
32 | /// performing X25519 key agreement.
33 | @nonexhaustive
| `- error: unknown attribute 'nonexhaustive'
34 | public enum KeyAgreement: Sendable {
35 | typealias Curve25519PrivateKeyImpl = Curve25519.KeyAgreement.OpenSSLCurve25519PrivateKeyImpl
[1395/1493] Compiling Crypto NISTCurvesKeys.swift
/host/spi-builder-workspace/.build/checkouts/swift-crypto/Sources/Crypto/Key Wrapping/AESWrap.swift:30:6: error: unknown attribute 'nonexhaustive'
28 | /// An implementation of AES Key Wrapping in accordance with the IETF RFC
29 | /// 3394 specification.
30 | @nonexhaustive
| `- error: unknown attribute 'nonexhaustive'
31 | public enum KeyWrap: Sendable {
32 | /// Wraps a key using the AES wrap algorithm.
/host/spi-builder-workspace/.build/checkouts/swift-crypto/Sources/Crypto/Keys/EC/Curve25519.swift:19:2: error: unknown attribute 'nonexhaustive'
17 | #else
18 | /// An elliptic curve that enables X25519 key agreement and Ed25519 signatures.
19 | @nonexhaustive
| `- error: unknown attribute 'nonexhaustive'
20 | public enum Curve25519: Sendable {}
21 | #endif // canImport(CryptoKit)
/host/spi-builder-workspace/.build/checkouts/swift-crypto/Sources/Crypto/Keys/EC/Ed25519Keys.swift:33:6: error: unknown attribute 'nonexhaustive'
31 | /// A mechanism used to create or verify a cryptographic signature using
32 | /// Ed25519.
33 | @nonexhaustive
| `- error: unknown attribute 'nonexhaustive'
34 | public enum Signing: Sendable {
35 | typealias Curve25519PrivateKeyImpl = Curve25519.Signing.OpenSSLCurve25519PrivateKeyImpl
/host/spi-builder-workspace/.build/checkouts/swift-crypto/Sources/Crypto/Keys/EC/NISTCurvesKeys.swift:51:2: error: unknown attribute 'nonexhaustive'
49 |
50 | /// An elliptic curve that enables NIST P-256 signatures and key agreement.
51 | @nonexhaustive
| `- error: unknown attribute 'nonexhaustive'
52 | public enum P256: Sendable { }
53 |
/host/spi-builder-workspace/.build/checkouts/swift-crypto/Sources/Crypto/Keys/EC/NISTCurvesKeys.swift:55:2: error: unknown attribute 'nonexhaustive'
53 |
54 | /// An elliptic curve that enables NIST P-384 signatures and key agreement.
55 | @nonexhaustive
| `- error: unknown attribute 'nonexhaustive'
56 | public enum P384: Sendable { }
57 |
/host/spi-builder-workspace/.build/checkouts/swift-crypto/Sources/Crypto/Keys/EC/NISTCurvesKeys.swift:59:2: error: unknown attribute 'nonexhaustive'
57 |
58 | /// An elliptic curve that enables NIST P-521 signatures and key agreement.
59 | @nonexhaustive
| `- error: unknown attribute 'nonexhaustive'
60 | public enum P521: Sendable { }
61 | #endif // canImport(CryptoKit)
/host/spi-builder-workspace/.build/checkouts/swift-crypto/Sources/Crypto/Keys/EC/X25519Keys.swift:33:6: error: unknown attribute 'nonexhaustive'
31 | /// A mechanism used to create a shared secret between two users by
32 | /// performing X25519 key agreement.
33 | @nonexhaustive
| `- error: unknown attribute 'nonexhaustive'
34 | public enum KeyAgreement: Sendable {
35 | typealias Curve25519PrivateKeyImpl = Curve25519.KeyAgreement.OpenSSLCurve25519PrivateKeyImpl
[1396/1493] Compiling Crypto X25519Keys.swift
/host/spi-builder-workspace/.build/checkouts/swift-crypto/Sources/Crypto/Key Wrapping/AESWrap.swift:30:6: error: unknown attribute 'nonexhaustive'
28 | /// An implementation of AES Key Wrapping in accordance with the IETF RFC
29 | /// 3394 specification.
30 | @nonexhaustive
| `- error: unknown attribute 'nonexhaustive'
31 | public enum KeyWrap: Sendable {
32 | /// Wraps a key using the AES wrap algorithm.
/host/spi-builder-workspace/.build/checkouts/swift-crypto/Sources/Crypto/Keys/EC/Curve25519.swift:19:2: error: unknown attribute 'nonexhaustive'
17 | #else
18 | /// An elliptic curve that enables X25519 key agreement and Ed25519 signatures.
19 | @nonexhaustive
| `- error: unknown attribute 'nonexhaustive'
20 | public enum Curve25519: Sendable {}
21 | #endif // canImport(CryptoKit)
/host/spi-builder-workspace/.build/checkouts/swift-crypto/Sources/Crypto/Keys/EC/Ed25519Keys.swift:33:6: error: unknown attribute 'nonexhaustive'
31 | /// A mechanism used to create or verify a cryptographic signature using
32 | /// Ed25519.
33 | @nonexhaustive
| `- error: unknown attribute 'nonexhaustive'
34 | public enum Signing: Sendable {
35 | typealias Curve25519PrivateKeyImpl = Curve25519.Signing.OpenSSLCurve25519PrivateKeyImpl
/host/spi-builder-workspace/.build/checkouts/swift-crypto/Sources/Crypto/Keys/EC/NISTCurvesKeys.swift:51:2: error: unknown attribute 'nonexhaustive'
49 |
50 | /// An elliptic curve that enables NIST P-256 signatures and key agreement.
51 | @nonexhaustive
| `- error: unknown attribute 'nonexhaustive'
52 | public enum P256: Sendable { }
53 |
/host/spi-builder-workspace/.build/checkouts/swift-crypto/Sources/Crypto/Keys/EC/NISTCurvesKeys.swift:55:2: error: unknown attribute 'nonexhaustive'
53 |
54 | /// An elliptic curve that enables NIST P-384 signatures and key agreement.
55 | @nonexhaustive
| `- error: unknown attribute 'nonexhaustive'
56 | public enum P384: Sendable { }
57 |
/host/spi-builder-workspace/.build/checkouts/swift-crypto/Sources/Crypto/Keys/EC/NISTCurvesKeys.swift:59:2: error: unknown attribute 'nonexhaustive'
57 |
58 | /// An elliptic curve that enables NIST P-521 signatures and key agreement.
59 | @nonexhaustive
| `- error: unknown attribute 'nonexhaustive'
60 | public enum P521: Sendable { }
61 | #endif // canImport(CryptoKit)
/host/spi-builder-workspace/.build/checkouts/swift-crypto/Sources/Crypto/Keys/EC/X25519Keys.swift:33:6: error: unknown attribute 'nonexhaustive'
31 | /// A mechanism used to create a shared secret between two users by
32 | /// performing X25519 key agreement.
33 | @nonexhaustive
| `- error: unknown attribute 'nonexhaustive'
34 | public enum KeyAgreement: Sendable {
35 | typealias Curve25519PrivateKeyImpl = Curve25519.KeyAgreement.OpenSSLCurve25519PrivateKeyImpl
[1397/1493] Compiling Crypto SymmetricKeys.swift
/host/spi-builder-workspace/.build/checkouts/swift-crypto/Sources/Crypto/Key Wrapping/AESWrap.swift:30:6: error: unknown attribute 'nonexhaustive'
28 | /// An implementation of AES Key Wrapping in accordance with the IETF RFC
29 | /// 3394 specification.
30 | @nonexhaustive
| `- error: unknown attribute 'nonexhaustive'
31 | public enum KeyWrap: Sendable {
32 | /// Wraps a key using the AES wrap algorithm.
/host/spi-builder-workspace/.build/checkouts/swift-crypto/Sources/Crypto/Keys/EC/Curve25519.swift:19:2: error: unknown attribute 'nonexhaustive'
17 | #else
18 | /// An elliptic curve that enables X25519 key agreement and Ed25519 signatures.
19 | @nonexhaustive
| `- error: unknown attribute 'nonexhaustive'
20 | public enum Curve25519: Sendable {}
21 | #endif // canImport(CryptoKit)
/host/spi-builder-workspace/.build/checkouts/swift-crypto/Sources/Crypto/Keys/EC/Ed25519Keys.swift:33:6: error: unknown attribute 'nonexhaustive'
31 | /// A mechanism used to create or verify a cryptographic signature using
32 | /// Ed25519.
33 | @nonexhaustive
| `- error: unknown attribute 'nonexhaustive'
34 | public enum Signing: Sendable {
35 | typealias Curve25519PrivateKeyImpl = Curve25519.Signing.OpenSSLCurve25519PrivateKeyImpl
/host/spi-builder-workspace/.build/checkouts/swift-crypto/Sources/Crypto/Keys/EC/NISTCurvesKeys.swift:51:2: error: unknown attribute 'nonexhaustive'
49 |
50 | /// An elliptic curve that enables NIST P-256 signatures and key agreement.
51 | @nonexhaustive
| `- error: unknown attribute 'nonexhaustive'
52 | public enum P256: Sendable { }
53 |
/host/spi-builder-workspace/.build/checkouts/swift-crypto/Sources/Crypto/Keys/EC/NISTCurvesKeys.swift:55:2: error: unknown attribute 'nonexhaustive'
53 |
54 | /// An elliptic curve that enables NIST P-384 signatures and key agreement.
55 | @nonexhaustive
| `- error: unknown attribute 'nonexhaustive'
56 | public enum P384: Sendable { }
57 |
/host/spi-builder-workspace/.build/checkouts/swift-crypto/Sources/Crypto/Keys/EC/NISTCurvesKeys.swift:59:2: error: unknown attribute 'nonexhaustive'
57 |
58 | /// An elliptic curve that enables NIST P-521 signatures and key agreement.
59 | @nonexhaustive
| `- error: unknown attribute 'nonexhaustive'
60 | public enum P521: Sendable { }
61 | #endif // canImport(CryptoKit)
/host/spi-builder-workspace/.build/checkouts/swift-crypto/Sources/Crypto/Keys/EC/X25519Keys.swift:33:6: error: unknown attribute 'nonexhaustive'
31 | /// A mechanism used to create a shared secret between two users by
32 | /// performing X25519 key agreement.
33 | @nonexhaustive
| `- error: unknown attribute 'nonexhaustive'
34 | public enum KeyAgreement: Sendable {
35 | typealias Curve25519PrivateKeyImpl = Curve25519.KeyAgreement.OpenSSLCurve25519PrivateKeyImpl
[1398/1493] Compiling Crypto HMAC.swift
/host/spi-builder-workspace/.build/checkouts/swift-crypto/Sources/Crypto/Key Wrapping/AESWrap.swift:30:6: error: unknown attribute 'nonexhaustive'
28 | /// An implementation of AES Key Wrapping in accordance with the IETF RFC
29 | /// 3394 specification.
30 | @nonexhaustive
| `- error: unknown attribute 'nonexhaustive'
31 | public enum KeyWrap: Sendable {
32 | /// Wraps a key using the AES wrap algorithm.
/host/spi-builder-workspace/.build/checkouts/swift-crypto/Sources/Crypto/Keys/EC/Curve25519.swift:19:2: error: unknown attribute 'nonexhaustive'
17 | #else
18 | /// An elliptic curve that enables X25519 key agreement and Ed25519 signatures.
19 | @nonexhaustive
| `- error: unknown attribute 'nonexhaustive'
20 | public enum Curve25519: Sendable {}
21 | #endif // canImport(CryptoKit)
/host/spi-builder-workspace/.build/checkouts/swift-crypto/Sources/Crypto/Keys/EC/Ed25519Keys.swift:33:6: error: unknown attribute 'nonexhaustive'
31 | /// A mechanism used to create or verify a cryptographic signature using
32 | /// Ed25519.
33 | @nonexhaustive
| `- error: unknown attribute 'nonexhaustive'
34 | public enum Signing: Sendable {
35 | typealias Curve25519PrivateKeyImpl = Curve25519.Signing.OpenSSLCurve25519PrivateKeyImpl
/host/spi-builder-workspace/.build/checkouts/swift-crypto/Sources/Crypto/Keys/EC/NISTCurvesKeys.swift:51:2: error: unknown attribute 'nonexhaustive'
49 |
50 | /// An elliptic curve that enables NIST P-256 signatures and key agreement.
51 | @nonexhaustive
| `- error: unknown attribute 'nonexhaustive'
52 | public enum P256: Sendable { }
53 |
/host/spi-builder-workspace/.build/checkouts/swift-crypto/Sources/Crypto/Keys/EC/NISTCurvesKeys.swift:55:2: error: unknown attribute 'nonexhaustive'
53 |
54 | /// An elliptic curve that enables NIST P-384 signatures and key agreement.
55 | @nonexhaustive
| `- error: unknown attribute 'nonexhaustive'
56 | public enum P384: Sendable { }
57 |
/host/spi-builder-workspace/.build/checkouts/swift-crypto/Sources/Crypto/Keys/EC/NISTCurvesKeys.swift:59:2: error: unknown attribute 'nonexhaustive'
57 |
58 | /// An elliptic curve that enables NIST P-521 signatures and key agreement.
59 | @nonexhaustive
| `- error: unknown attribute 'nonexhaustive'
60 | public enum P521: Sendable { }
61 | #endif // canImport(CryptoKit)
/host/spi-builder-workspace/.build/checkouts/swift-crypto/Sources/Crypto/Keys/EC/X25519Keys.swift:33:6: error: unknown attribute 'nonexhaustive'
31 | /// A mechanism used to create a shared secret between two users by
32 | /// performing X25519 key agreement.
33 | @nonexhaustive
| `- error: unknown attribute 'nonexhaustive'
34 | public enum KeyAgreement: Sendable {
35 | typealias Curve25519PrivateKeyImpl = Curve25519.KeyAgreement.OpenSSLCurve25519PrivateKeyImpl
[1399/1493] Compiling Crypto MACFunctions.swift
/host/spi-builder-workspace/.build/checkouts/swift-crypto/Sources/Crypto/Key Wrapping/AESWrap.swift:30:6: error: unknown attribute 'nonexhaustive'
28 | /// An implementation of AES Key Wrapping in accordance with the IETF RFC
29 | /// 3394 specification.
30 | @nonexhaustive
| `- error: unknown attribute 'nonexhaustive'
31 | public enum KeyWrap: Sendable {
32 | /// Wraps a key using the AES wrap algorithm.
/host/spi-builder-workspace/.build/checkouts/swift-crypto/Sources/Crypto/Keys/EC/Curve25519.swift:19:2: error: unknown attribute 'nonexhaustive'
17 | #else
18 | /// An elliptic curve that enables X25519 key agreement and Ed25519 signatures.
19 | @nonexhaustive
| `- error: unknown attribute 'nonexhaustive'
20 | public enum Curve25519: Sendable {}
21 | #endif // canImport(CryptoKit)
/host/spi-builder-workspace/.build/checkouts/swift-crypto/Sources/Crypto/Keys/EC/Ed25519Keys.swift:33:6: error: unknown attribute 'nonexhaustive'
31 | /// A mechanism used to create or verify a cryptographic signature using
32 | /// Ed25519.
33 | @nonexhaustive
| `- error: unknown attribute 'nonexhaustive'
34 | public enum Signing: Sendable {
35 | typealias Curve25519PrivateKeyImpl = Curve25519.Signing.OpenSSLCurve25519PrivateKeyImpl
/host/spi-builder-workspace/.build/checkouts/swift-crypto/Sources/Crypto/Keys/EC/NISTCurvesKeys.swift:51:2: error: unknown attribute 'nonexhaustive'
49 |
50 | /// An elliptic curve that enables NIST P-256 signatures and key agreement.
51 | @nonexhaustive
| `- error: unknown attribute 'nonexhaustive'
52 | public enum P256: Sendable { }
53 |
/host/spi-builder-workspace/.build/checkouts/swift-crypto/Sources/Crypto/Keys/EC/NISTCurvesKeys.swift:55:2: error: unknown attribute 'nonexhaustive'
53 |
54 | /// An elliptic curve that enables NIST P-384 signatures and key agreement.
55 | @nonexhaustive
| `- error: unknown attribute 'nonexhaustive'
56 | public enum P384: Sendable { }
57 |
/host/spi-builder-workspace/.build/checkouts/swift-crypto/Sources/Crypto/Keys/EC/NISTCurvesKeys.swift:59:2: error: unknown attribute 'nonexhaustive'
57 |
58 | /// An elliptic curve that enables NIST P-521 signatures and key agreement.
59 | @nonexhaustive
| `- error: unknown attribute 'nonexhaustive'
60 | public enum P521: Sendable { }
61 | #endif // canImport(CryptoKit)
/host/spi-builder-workspace/.build/checkouts/swift-crypto/Sources/Crypto/Keys/EC/X25519Keys.swift:33:6: error: unknown attribute 'nonexhaustive'
31 | /// A mechanism used to create a shared secret between two users by
32 | /// performing X25519 key agreement.
33 | @nonexhaustive
| `- error: unknown attribute 'nonexhaustive'
34 | public enum KeyAgreement: Sendable {
35 | typealias Curve25519PrivateKeyImpl = Curve25519.KeyAgreement.OpenSSLCurve25519PrivateKeyImpl
[1400/1493] Compiling ServiceLifecycle GracefulShutdown.swift
[1401/1493] Compiling ServiceLifecycle ServiceRunnerError.swift
/host/spi-builder-workspace/.build/checkouts/swift-crypto/Sources/Crypto/KEM/KEM-Errors.swift:27:6: error: unknown attribute 'nonexhaustive'
25 | extension KEM {
26 | /// Errors that CryptoKit throws when it encounters problems in key encapsulation mechanism (KEM) operations.
27 | @nonexhaustive
| `- error: unknown attribute 'nonexhaustive'
28 | public enum Errors: Error {
29 | /// The public key CryptoKit receives when it initializes a key encapsulation operation doesn't match the expected value.
/host/spi-builder-workspace/.build/checkouts/swift-crypto/Sources/Crypto/KEM/KEM.swift:28:2: error: unknown attribute 'nonexhaustive'
26 | ///
27 | /// Use a key encapsulation mechanism (KEM) to protect a symmetric cryptographic key that you share with another party.
28 | @nonexhaustive
| `- error: unknown attribute 'nonexhaustive'
29 | public enum KEM: Sendable {
30 | /// The result of a key encapsulation operation.
/host/spi-builder-workspace/.build/checkouts/swift-crypto/Sources/Crypto/KEM/MLKEM.swift:30:2: error: unknown attribute 'nonexhaustive'
28 |
29 | /// The Module-Lattice key encapsulation mechanism (KEM).
30 | @nonexhaustive
| `- error: unknown attribute 'nonexhaustive'
31 | public enum MLKEM768: Sendable {}
32 |
/host/spi-builder-workspace/.build/checkouts/swift-crypto/Sources/Crypto/KEM/MLKEM.swift:201:2: error: unknown attribute 'nonexhaustive'
199 |
200 | /// The Module-Lattice key encapsulation mechanism (KEM).
201 | @nonexhaustive
| `- error: unknown attribute 'nonexhaustive'
202 | public enum MLKEM1024: Sendable {}
203 |
/host/spi-builder-workspace/.build/checkouts/swift-crypto/Sources/Crypto/KEM/XWing.swift:34:2: error: unknown attribute 'nonexhaustive'
32 | /// The X-Wing (ML-KEM768 with X25519) Key Encapsulation Mechanism, defined in
33 | /// https://datatracker.ietf.org/doc/html/draft-connolly-cfrg-xwing-kem-06
34 | @nonexhaustive
| `- error: unknown attribute 'nonexhaustive'
35 | public enum XWingMLKEM768X25519: Sendable {}
36 |
/host/spi-builder-workspace/.build/checkouts/swift-crypto/Sources/Crypto/Key Agreement/ECDH.swift:36:6: error: unknown attribute 'nonexhaustive'
34 | /// A mechanism used to create or verify a cryptographic signature using
35 | /// the NIST P-256 elliptic curve digital signature algorithm (ECDSA).
36 | @nonexhaustive
| `- error: unknown attribute 'nonexhaustive'
37 | public enum Signing: Sendable {
38 |
/host/spi-builder-workspace/.build/checkouts/swift-crypto/Sources/Crypto/Key Agreement/ECDH.swift:260:6: error: unknown attribute 'nonexhaustive'
258 | /// performing NIST P-256 elliptic curve Diffie Hellman (ECDH) key
259 | /// exchange.
260 | @nonexhaustive
| `- error: unknown attribute 'nonexhaustive'
261 | public enum KeyAgreement: Sendable {
262 |
/host/spi-builder-workspace/.build/checkouts/swift-crypto/Sources/Crypto/Key Agreement/ECDH.swift:483:6: error: unknown attribute 'nonexhaustive'
481 | /// A mechanism used to create or verify a cryptographic signature using
482 | /// the NIST P-384 elliptic curve digital signature algorithm (ECDSA).
483 | @nonexhaustive
| `- error: unknown attribute 'nonexhaustive'
484 | public enum Signing: Sendable {
485 |
/host/spi-builder-workspace/.build/checkouts/swift-crypto/Sources/Crypto/Key Agreement/ECDH.swift:707:6: error: unknown attribute 'nonexhaustive'
705 | /// performing NIST P-384 elliptic curve Diffie Hellman (ECDH) key
706 | /// exchange.
707 | @nonexhaustive
| `- error: unknown attribute 'nonexhaustive'
708 | public enum KeyAgreement: Sendable {
709 |
/host/spi-builder-workspace/.build/checkouts/swift-crypto/Sources/Crypto/Key Agreement/ECDH.swift:930:6: error: unknown attribute 'nonexhaustive'
928 | /// A mechanism used to create or verify a cryptographic signature using
929 | /// the NIST P-521 elliptic curve digital signature algorithm (ECDSA).
930 | @nonexhaustive
| `- error: unknown attribute 'nonexhaustive'
931 | public enum Signing: Sendable {
932 |
/host/spi-builder-workspace/.build/checkouts/swift-crypto/Sources/Crypto/Key Agreement/ECDH.swift:1154:6: error: unknown attribute 'nonexhaustive'
1152 | /// performing NIST P-521 elliptic curve Diffie Hellman (ECDH) key
1153 | /// exchange.
1154 | @nonexhaustive
| `- error: unknown attribute 'nonexhaustive'
1155 | public enum KeyAgreement: Sendable {
1156 |
[1412/1501] Compiling NIOCore IntegerTypes.swift
/host/spi-builder-workspace/.build/checkouts/swift-crypto/Sources/Crypto/KEM/KEM-Errors.swift:27:6: error: unknown attribute 'nonexhaustive'
25 | extension KEM {
26 | /// Errors that CryptoKit throws when it encounters problems in key encapsulation mechanism (KEM) operations.
27 | @nonexhaustive
| `- error: unknown attribute 'nonexhaustive'
28 | public enum Errors: Error {
29 | /// The public key CryptoKit receives when it initializes a key encapsulation operation doesn't match the expected value.
/host/spi-builder-workspace/.build/checkouts/swift-crypto/Sources/Crypto/KEM/KEM.swift:28:2: error: unknown attribute 'nonexhaustive'
26 | ///
27 | /// Use a key encapsulation mechanism (KEM) to protect a symmetric cryptographic key that you share with another party.
28 | @nonexhaustive
| `- error: unknown attribute 'nonexhaustive'
29 | public enum KEM: Sendable {
30 | /// The result of a key encapsulation operation.
/host/spi-builder-workspace/.build/checkouts/swift-crypto/Sources/Crypto/KEM/MLKEM.swift:30:2: error: unknown attribute 'nonexhaustive'
28 |
29 | /// The Module-Lattice key encapsulation mechanism (KEM).
30 | @nonexhaustive
| `- error: unknown attribute 'nonexhaustive'
31 | public enum MLKEM768: Sendable {}
32 |
/host/spi-builder-workspace/.build/checkouts/swift-crypto/Sources/Crypto/KEM/MLKEM.swift:201:2: error: unknown attribute 'nonexhaustive'
199 |
200 | /// The Module-Lattice key encapsulation mechanism (KEM).
201 | @nonexhaustive
| `- error: unknown attribute 'nonexhaustive'
202 | public enum MLKEM1024: Sendable {}
203 |
/host/spi-builder-workspace/.build/checkouts/swift-crypto/Sources/Crypto/KEM/XWing.swift:34:2: error: unknown attribute 'nonexhaustive'
32 | /// The X-Wing (ML-KEM768 with X25519) Key Encapsulation Mechanism, defined in
33 | /// https://datatracker.ietf.org/doc/html/draft-connolly-cfrg-xwing-kem-06
34 | @nonexhaustive
| `- error: unknown attribute 'nonexhaustive'
35 | public enum XWingMLKEM768X25519: Sendable {}
36 |
/host/spi-builder-workspace/.build/checkouts/swift-crypto/Sources/Crypto/Key Agreement/ECDH.swift:36:6: error: unknown attribute 'nonexhaustive'
34 | /// A mechanism used to create or verify a cryptographic signature using
35 | /// the NIST P-256 elliptic curve digital signature algorithm (ECDSA).
36 | @nonexhaustive
| `- error: unknown attribute 'nonexhaustive'
37 | public enum Signing: Sendable {
38 |
/host/spi-builder-workspace/.build/checkouts/swift-crypto/Sources/Crypto/Key Agreement/ECDH.swift:260:6: error: unknown attribute 'nonexhaustive'
258 | /// performing NIST P-256 elliptic curve Diffie Hellman (ECDH) key
259 | /// exchange.
260 | @nonexhaustive
| `- error: unknown attribute 'nonexhaustive'
261 | public enum KeyAgreement: Sendable {
262 |
/host/spi-builder-workspace/.build/checkouts/swift-crypto/Sources/Crypto/Key Agreement/ECDH.swift:483:6: error: unknown attribute 'nonexhaustive'
481 | /// A mechanism used to create or verify a cryptographic signature using
482 | /// the NIST P-384 elliptic curve digital signature algorithm (ECDSA).
483 | @nonexhaustive
| `- error: unknown attribute 'nonexhaustive'
484 | public enum Signing: Sendable {
485 |
/host/spi-builder-workspace/.build/checkouts/swift-crypto/Sources/Crypto/Key Agreement/ECDH.swift:707:6: error: unknown attribute 'nonexhaustive'
705 | /// performing NIST P-384 elliptic curve Diffie Hellman (ECDH) key
706 | /// exchange.
707 | @nonexhaustive
| `- error: unknown attribute 'nonexhaustive'
708 | public enum KeyAgreement: Sendable {
709 |
/host/spi-builder-workspace/.build/checkouts/swift-crypto/Sources/Crypto/Key Agreement/ECDH.swift:930:6: error: unknown attribute 'nonexhaustive'
928 | /// A mechanism used to create or verify a cryptographic signature using
929 | /// the NIST P-521 elliptic curve digital signature algorithm (ECDSA).
930 | @nonexhaustive
| `- error: unknown attribute 'nonexhaustive'
931 | public enum Signing: Sendable {
932 |
/host/spi-builder-workspace/.build/checkouts/swift-crypto/Sources/Crypto/Key Agreement/ECDH.swift:1154:6: error: unknown attribute 'nonexhaustive'
1152 | /// performing NIST P-521 elliptic curve Diffie Hellman (ECDH) key
1153 | /// exchange.
1154 | @nonexhaustive
| `- error: unknown attribute 'nonexhaustive'
1155 | public enum KeyAgreement: Sendable {
1156 |
[1413/1501] Compiling NIOCore Interfaces.swift
/host/spi-builder-workspace/.build/checkouts/swift-crypto/Sources/Crypto/KEM/KEM-Errors.swift:27:6: error: unknown attribute 'nonexhaustive'
25 | extension KEM {
26 | /// Errors that CryptoKit throws when it encounters problems in key encapsulation mechanism (KEM) operations.
27 | @nonexhaustive
| `- error: unknown attribute 'nonexhaustive'
28 | public enum Errors: Error {
29 | /// The public key CryptoKit receives when it initializes a key encapsulation operation doesn't match the expected value.
/host/spi-builder-workspace/.build/checkouts/swift-crypto/Sources/Crypto/KEM/KEM.swift:28:2: error: unknown attribute 'nonexhaustive'
26 | ///
27 | /// Use a key encapsulation mechanism (KEM) to protect a symmetric cryptographic key that you share with another party.
28 | @nonexhaustive
| `- error: unknown attribute 'nonexhaustive'
29 | public enum KEM: Sendable {
30 | /// The result of a key encapsulation operation.
/host/spi-builder-workspace/.build/checkouts/swift-crypto/Sources/Crypto/KEM/MLKEM.swift:30:2: error: unknown attribute 'nonexhaustive'
28 |
29 | /// The Module-Lattice key encapsulation mechanism (KEM).
30 | @nonexhaustive
| `- error: unknown attribute 'nonexhaustive'
31 | public enum MLKEM768: Sendable {}
32 |
/host/spi-builder-workspace/.build/checkouts/swift-crypto/Sources/Crypto/KEM/MLKEM.swift:201:2: error: unknown attribute 'nonexhaustive'
199 |
200 | /// The Module-Lattice key encapsulation mechanism (KEM).
201 | @nonexhaustive
| `- error: unknown attribute 'nonexhaustive'
202 | public enum MLKEM1024: Sendable {}
203 |
/host/spi-builder-workspace/.build/checkouts/swift-crypto/Sources/Crypto/KEM/XWing.swift:34:2: error: unknown attribute 'nonexhaustive'
32 | /// The X-Wing (ML-KEM768 with X25519) Key Encapsulation Mechanism, defined in
33 | /// https://datatracker.ietf.org/doc/html/draft-connolly-cfrg-xwing-kem-06
34 | @nonexhaustive
| `- error: unknown attribute 'nonexhaustive'
35 | public enum XWingMLKEM768X25519: Sendable {}
36 |
/host/spi-builder-workspace/.build/checkouts/swift-crypto/Sources/Crypto/Key Agreement/ECDH.swift:36:6: error: unknown attribute 'nonexhaustive'
34 | /// A mechanism used to create or verify a cryptographic signature using
35 | /// the NIST P-256 elliptic curve digital signature algorithm (ECDSA).
36 | @nonexhaustive
| `- error: unknown attribute 'nonexhaustive'
37 | public enum Signing: Sendable {
38 |
/host/spi-builder-workspace/.build/checkouts/swift-crypto/Sources/Crypto/Key Agreement/ECDH.swift:260:6: error: unknown attribute 'nonexhaustive'
258 | /// performing NIST P-256 elliptic curve Diffie Hellman (ECDH) key
259 | /// exchange.
260 | @nonexhaustive
| `- error: unknown attribute 'nonexhaustive'
261 | public enum KeyAgreement: Sendable {
262 |
/host/spi-builder-workspace/.build/checkouts/swift-crypto/Sources/Crypto/Key Agreement/ECDH.swift:483:6: error: unknown attribute 'nonexhaustive'
481 | /// A mechanism used to create or verify a cryptographic signature using
482 | /// the NIST P-384 elliptic curve digital signature algorithm (ECDSA).
483 | @nonexhaustive
| `- error: unknown attribute 'nonexhaustive'
484 | public enum Signing: Sendable {
485 |
/host/spi-builder-workspace/.build/checkouts/swift-crypto/Sources/Crypto/Key Agreement/ECDH.swift:707:6: error: unknown attribute 'nonexhaustive'
705 | /// performing NIST P-384 elliptic curve Diffie Hellman (ECDH) key
706 | /// exchange.
707 | @nonexhaustive
| `- error: unknown attribute 'nonexhaustive'
708 | public enum KeyAgreement: Sendable {
709 |
/host/spi-builder-workspace/.build/checkouts/swift-crypto/Sources/Crypto/Key Agreement/ECDH.swift:930:6: error: unknown attribute 'nonexhaustive'
928 | /// A mechanism used to create or verify a cryptographic signature using
929 | /// the NIST P-521 elliptic curve digital signature algorithm (ECDSA).
930 | @nonexhaustive
| `- error: unknown attribute 'nonexhaustive'
931 | public enum Signing: Sendable {
932 |
/host/spi-builder-workspace/.build/checkouts/swift-crypto/Sources/Crypto/Key Agreement/ECDH.swift:1154:6: error: unknown attribute 'nonexhaustive'
1152 | /// performing NIST P-521 elliptic curve Diffie Hellman (ECDH) key
1153 | /// exchange.
1154 | @nonexhaustive
| `- error: unknown attribute 'nonexhaustive'
1155 | public enum KeyAgreement: Sendable {
1156 |
[1414/1501] Compiling NIOCore Linux.swift
/host/spi-builder-workspace/.build/checkouts/swift-crypto/Sources/Crypto/KEM/KEM-Errors.swift:27:6: error: unknown attribute 'nonexhaustive'
25 | extension KEM {
26 | /// Errors that CryptoKit throws when it encounters problems in key encapsulation mechanism (KEM) operations.
27 | @nonexhaustive
| `- error: unknown attribute 'nonexhaustive'
28 | public enum Errors: Error {
29 | /// The public key CryptoKit receives when it initializes a key encapsulation operation doesn't match the expected value.
/host/spi-builder-workspace/.build/checkouts/swift-crypto/Sources/Crypto/KEM/KEM.swift:28:2: error: unknown attribute 'nonexhaustive'
26 | ///
27 | /// Use a key encapsulation mechanism (KEM) to protect a symmetric cryptographic key that you share with another party.
28 | @nonexhaustive
| `- error: unknown attribute 'nonexhaustive'
29 | public enum KEM: Sendable {
30 | /// The result of a key encapsulation operation.
/host/spi-builder-workspace/.build/checkouts/swift-crypto/Sources/Crypto/KEM/MLKEM.swift:30:2: error: unknown attribute 'nonexhaustive'
28 |
29 | /// The Module-Lattice key encapsulation mechanism (KEM).
30 | @nonexhaustive
| `- error: unknown attribute 'nonexhaustive'
31 | public enum MLKEM768: Sendable {}
32 |
/host/spi-builder-workspace/.build/checkouts/swift-crypto/Sources/Crypto/KEM/MLKEM.swift:201:2: error: unknown attribute 'nonexhaustive'
199 |
200 | /// The Module-Lattice key encapsulation mechanism (KEM).
201 | @nonexhaustive
| `- error: unknown attribute 'nonexhaustive'
202 | public enum MLKEM1024: Sendable {}
203 |
/host/spi-builder-workspace/.build/checkouts/swift-crypto/Sources/Crypto/KEM/XWing.swift:34:2: error: unknown attribute 'nonexhaustive'
32 | /// The X-Wing (ML-KEM768 with X25519) Key Encapsulation Mechanism, defined in
33 | /// https://datatracker.ietf.org/doc/html/draft-connolly-cfrg-xwing-kem-06
34 | @nonexhaustive
| `- error: unknown attribute 'nonexhaustive'
35 | public enum XWingMLKEM768X25519: Sendable {}
36 |
/host/spi-builder-workspace/.build/checkouts/swift-crypto/Sources/Crypto/Key Agreement/ECDH.swift:36:6: error: unknown attribute 'nonexhaustive'
34 | /// A mechanism used to create or verify a cryptographic signature using
35 | /// the NIST P-256 elliptic curve digital signature algorithm (ECDSA).
36 | @nonexhaustive
| `- error: unknown attribute 'nonexhaustive'
37 | public enum Signing: Sendable {
38 |
/host/spi-builder-workspace/.build/checkouts/swift-crypto/Sources/Crypto/Key Agreement/ECDH.swift:260:6: error: unknown attribute 'nonexhaustive'
258 | /// performing NIST P-256 elliptic curve Diffie Hellman (ECDH) key
259 | /// exchange.
260 | @nonexhaustive
| `- error: unknown attribute 'nonexhaustive'
261 | public enum KeyAgreement: Sendable {
262 |
/host/spi-builder-workspace/.build/checkouts/swift-crypto/Sources/Crypto/Key Agreement/ECDH.swift:483:6: error: unknown attribute 'nonexhaustive'
481 | /// A mechanism used to create or verify a cryptographic signature using
482 | /// the NIST P-384 elliptic curve digital signature algorithm (ECDSA).
483 | @nonexhaustive
| `- error: unknown attribute 'nonexhaustive'
484 | public enum Signing: Sendable {
485 |
/host/spi-builder-workspace/.build/checkouts/swift-crypto/Sources/Crypto/Key Agreement/ECDH.swift:707:6: error: unknown attribute 'nonexhaustive'
705 | /// performing NIST P-384 elliptic curve Diffie Hellman (ECDH) key
706 | /// exchange.
707 | @nonexhaustive
| `- error: unknown attribute 'nonexhaustive'
708 | public enum KeyAgreement: Sendable {
709 |
/host/spi-builder-workspace/.build/checkouts/swift-crypto/Sources/Crypto/Key Agreement/ECDH.swift:930:6: error: unknown attribute 'nonexhaustive'
928 | /// A mechanism used to create or verify a cryptographic signature using
929 | /// the NIST P-521 elliptic curve digital signature algorithm (ECDSA).
930 | @nonexhaustive
| `- error: unknown attribute 'nonexhaustive'
931 | public enum Signing: Sendable {
932 |
/host/spi-builder-workspace/.build/checkouts/swift-crypto/Sources/Crypto/Key Agreement/ECDH.swift:1154:6: error: unknown attribute 'nonexhaustive'
1152 | /// performing NIST P-521 elliptic curve Diffie Hellman (ECDH) key
1153 | /// exchange.
1154 | @nonexhaustive
| `- error: unknown attribute 'nonexhaustive'
1155 | public enum KeyAgreement: Sendable {
1156 |
[1415/1501] Compiling NIOCore MarkedCircularBuffer.swift
/host/spi-builder-workspace/.build/checkouts/swift-crypto/Sources/Crypto/KEM/KEM-Errors.swift:27:6: error: unknown attribute 'nonexhaustive'
25 | extension KEM {
26 | /// Errors that CryptoKit throws when it encounters problems in key encapsulation mechanism (KEM) operations.
27 | @nonexhaustive
| `- error: unknown attribute 'nonexhaustive'
28 | public enum Errors: Error {
29 | /// The public key CryptoKit receives when it initializes a key encapsulation operation doesn't match the expected value.
/host/spi-builder-workspace/.build/checkouts/swift-crypto/Sources/Crypto/KEM/KEM.swift:28:2: error: unknown attribute 'nonexhaustive'
26 | ///
27 | /// Use a key encapsulation mechanism (KEM) to protect a symmetric cryptographic key that you share with another party.
28 | @nonexhaustive
| `- error: unknown attribute 'nonexhaustive'
29 | public enum KEM: Sendable {
30 | /// The result of a key encapsulation operation.
/host/spi-builder-workspace/.build/checkouts/swift-crypto/Sources/Crypto/KEM/MLKEM.swift:30:2: error: unknown attribute 'nonexhaustive'
28 |
29 | /// The Module-Lattice key encapsulation mechanism (KEM).
30 | @nonexhaustive
| `- error: unknown attribute 'nonexhaustive'
31 | public enum MLKEM768: Sendable {}
32 |
/host/spi-builder-workspace/.build/checkouts/swift-crypto/Sources/Crypto/KEM/MLKEM.swift:201:2: error: unknown attribute 'nonexhaustive'
199 |
200 | /// The Module-Lattice key encapsulation mechanism (KEM).
201 | @nonexhaustive
| `- error: unknown attribute 'nonexhaustive'
202 | public enum MLKEM1024: Sendable {}
203 |
/host/spi-builder-workspace/.build/checkouts/swift-crypto/Sources/Crypto/KEM/XWing.swift:34:2: error: unknown attribute 'nonexhaustive'
32 | /// The X-Wing (ML-KEM768 with X25519) Key Encapsulation Mechanism, defined in
33 | /// https://datatracker.ietf.org/doc/html/draft-connolly-cfrg-xwing-kem-06
34 | @nonexhaustive
| `- error: unknown attribute 'nonexhaustive'
35 | public enum XWingMLKEM768X25519: Sendable {}
36 |
/host/spi-builder-workspace/.build/checkouts/swift-crypto/Sources/Crypto/Key Agreement/ECDH.swift:36:6: error: unknown attribute 'nonexhaustive'
34 | /// A mechanism used to create or verify a cryptographic signature using
35 | /// the NIST P-256 elliptic curve digital signature algorithm (ECDSA).
36 | @nonexhaustive
| `- error: unknown attribute 'nonexhaustive'
37 | public enum Signing: Sendable {
38 |
/host/spi-builder-workspace/.build/checkouts/swift-crypto/Sources/Crypto/Key Agreement/ECDH.swift:260:6: error: unknown attribute 'nonexhaustive'
258 | /// performing NIST P-256 elliptic curve Diffie Hellman (ECDH) key
259 | /// exchange.
260 | @nonexhaustive
| `- error: unknown attribute 'nonexhaustive'
261 | public enum KeyAgreement: Sendable {
262 |
/host/spi-builder-workspace/.build/checkouts/swift-crypto/Sources/Crypto/Key Agreement/ECDH.swift:483:6: error: unknown attribute 'nonexhaustive'
481 | /// A mechanism used to create or verify a cryptographic signature using
482 | /// the NIST P-384 elliptic curve digital signature algorithm (ECDSA).
483 | @nonexhaustive
| `- error: unknown attribute 'nonexhaustive'
484 | public enum Signing: Sendable {
485 |
/host/spi-builder-workspace/.build/checkouts/swift-crypto/Sources/Crypto/Key Agreement/ECDH.swift:707:6: error: unknown attribute 'nonexhaustive'
705 | /// performing NIST P-384 elliptic curve Diffie Hellman (ECDH) key
706 | /// exchange.
707 | @nonexhaustive
| `- error: unknown attribute 'nonexhaustive'
708 | public enum KeyAgreement: Sendable {
709 |
/host/spi-builder-workspace/.build/checkouts/swift-crypto/Sources/Crypto/Key Agreement/ECDH.swift:930:6: error: unknown attribute 'nonexhaustive'
928 | /// A mechanism used to create or verify a cryptographic signature using
929 | /// the NIST P-521 elliptic curve digital signature algorithm (ECDSA).
930 | @nonexhaustive
| `- error: unknown attribute 'nonexhaustive'
931 | public enum Signing: Sendable {
932 |
/host/spi-builder-workspace/.build/checkouts/swift-crypto/Sources/Crypto/Key Agreement/ECDH.swift:1154:6: error: unknown attribute 'nonexhaustive'
1152 | /// performing NIST P-521 elliptic curve Diffie Hellman (ECDH) key
1153 | /// exchange.
1154 | @nonexhaustive
| `- error: unknown attribute 'nonexhaustive'
1155 | public enum KeyAgreement: Sendable {
1156 |
[1416/1501] Compiling NIOCore MulticastChannel.swift
/host/spi-builder-workspace/.build/checkouts/swift-crypto/Sources/Crypto/KEM/KEM-Errors.swift:27:6: error: unknown attribute 'nonexhaustive'
25 | extension KEM {
26 | /// Errors that CryptoKit throws when it encounters problems in key encapsulation mechanism (KEM) operations.
27 | @nonexhaustive
| `- error: unknown attribute 'nonexhaustive'
28 | public enum Errors: Error {
29 | /// The public key CryptoKit receives when it initializes a key encapsulation operation doesn't match the expected value.
/host/spi-builder-workspace/.build/checkouts/swift-crypto/Sources/Crypto/KEM/KEM.swift:28:2: error: unknown attribute 'nonexhaustive'
26 | ///
27 | /// Use a key encapsulation mechanism (KEM) to protect a symmetric cryptographic key that you share with another party.
28 | @nonexhaustive
| `- error: unknown attribute 'nonexhaustive'
29 | public enum KEM: Sendable {
30 | /// The result of a key encapsulation operation.
/host/spi-builder-workspace/.build/checkouts/swift-crypto/Sources/Crypto/KEM/MLKEM.swift:30:2: error: unknown attribute 'nonexhaustive'
28 |
29 | /// The Module-Lattice key encapsulation mechanism (KEM).
30 | @nonexhaustive
| `- error: unknown attribute 'nonexhaustive'
31 | public enum MLKEM768: Sendable {}
32 |
/host/spi-builder-workspace/.build/checkouts/swift-crypto/Sources/Crypto/KEM/MLKEM.swift:201:2: error: unknown attribute 'nonexhaustive'
199 |
200 | /// The Module-Lattice key encapsulation mechanism (KEM).
201 | @nonexhaustive
| `- error: unknown attribute 'nonexhaustive'
202 | public enum MLKEM1024: Sendable {}
203 |
/host/spi-builder-workspace/.build/checkouts/swift-crypto/Sources/Crypto/KEM/XWing.swift:34:2: error: unknown attribute 'nonexhaustive'
32 | /// The X-Wing (ML-KEM768 with X25519) Key Encapsulation Mechanism, defined in
33 | /// https://datatracker.ietf.org/doc/html/draft-connolly-cfrg-xwing-kem-06
34 | @nonexhaustive
| `- error: unknown attribute 'nonexhaustive'
35 | public enum XWingMLKEM768X25519: Sendable {}
36 |
/host/spi-builder-workspace/.build/checkouts/swift-crypto/Sources/Crypto/Key Agreement/ECDH.swift:36:6: error: unknown attribute 'nonexhaustive'
34 | /// A mechanism used to create or verify a cryptographic signature using
35 | /// the NIST P-256 elliptic curve digital signature algorithm (ECDSA).
36 | @nonexhaustive
| `- error: unknown attribute 'nonexhaustive'
37 | public enum Signing: Sendable {
38 |
/host/spi-builder-workspace/.build/checkouts/swift-crypto/Sources/Crypto/Key Agreement/ECDH.swift:260:6: error: unknown attribute 'nonexhaustive'
258 | /// performing NIST P-256 elliptic curve Diffie Hellman (ECDH) key
259 | /// exchange.
260 | @nonexhaustive
| `- error: unknown attribute 'nonexhaustive'
261 | public enum KeyAgreement: Sendable {
262 |
/host/spi-builder-workspace/.build/checkouts/swift-crypto/Sources/Crypto/Key Agreement/ECDH.swift:483:6: error: unknown attribute 'nonexhaustive'
481 | /// A mechanism used to create or verify a cryptographic signature using
482 | /// the NIST P-384 elliptic curve digital signature algorithm (ECDSA).
483 | @nonexhaustive
| `- error: unknown attribute 'nonexhaustive'
484 | public enum Signing: Sendable {
485 |
/host/spi-builder-workspace/.build/checkouts/swift-crypto/Sources/Crypto/Key Agreement/ECDH.swift:707:6: error: unknown attribute 'nonexhaustive'
705 | /// performing NIST P-384 elliptic curve Diffie Hellman (ECDH) key
706 | /// exchange.
707 | @nonexhaustive
| `- error: unknown attribute 'nonexhaustive'
708 | public enum KeyAgreement: Sendable {
709 |
/host/spi-builder-workspace/.build/checkouts/swift-crypto/Sources/Crypto/Key Agreement/ECDH.swift:930:6: error: unknown attribute 'nonexhaustive'
928 | /// A mechanism used to create or verify a cryptographic signature using
929 | /// the NIST P-521 elliptic curve digital signature algorithm (ECDSA).
930 | @nonexhaustive
| `- error: unknown attribute 'nonexhaustive'
931 | public enum Signing: Sendable {
932 |
/host/spi-builder-workspace/.build/checkouts/swift-crypto/Sources/Crypto/Key Agreement/ECDH.swift:1154:6: error: unknown attribute 'nonexhaustive'
1152 | /// performing NIST P-521 elliptic curve Diffie Hellman (ECDH) key
1153 | /// exchange.
1154 | @nonexhaustive
| `- error: unknown attribute 'nonexhaustive'
1155 | public enum KeyAgreement: Sendable {
1156 |
[1417/1501] Compiling NIOCore NIOAny.swift
/host/spi-builder-workspace/.build/checkouts/swift-crypto/Sources/Crypto/KEM/KEM-Errors.swift:27:6: error: unknown attribute 'nonexhaustive'
25 | extension KEM {
26 | /// Errors that CryptoKit throws when it encounters problems in key encapsulation mechanism (KEM) operations.
27 | @nonexhaustive
| `- error: unknown attribute 'nonexhaustive'
28 | public enum Errors: Error {
29 | /// The public key CryptoKit receives when it initializes a key encapsulation operation doesn't match the expected value.
/host/spi-builder-workspace/.build/checkouts/swift-crypto/Sources/Crypto/KEM/KEM.swift:28:2: error: unknown attribute 'nonexhaustive'
26 | ///
27 | /// Use a key encapsulation mechanism (KEM) to protect a symmetric cryptographic key that you share with another party.
28 | @nonexhaustive
| `- error: unknown attribute 'nonexhaustive'
29 | public enum KEM: Sendable {
30 | /// The result of a key encapsulation operation.
/host/spi-builder-workspace/.build/checkouts/swift-crypto/Sources/Crypto/KEM/MLKEM.swift:30:2: error: unknown attribute 'nonexhaustive'
28 |
29 | /// The Module-Lattice key encapsulation mechanism (KEM).
30 | @nonexhaustive
| `- error: unknown attribute 'nonexhaustive'
31 | public enum MLKEM768: Sendable {}
32 |
/host/spi-builder-workspace/.build/checkouts/swift-crypto/Sources/Crypto/KEM/MLKEM.swift:201:2: error: unknown attribute 'nonexhaustive'
199 |
200 | /// The Module-Lattice key encapsulation mechanism (KEM).
201 | @nonexhaustive
| `- error: unknown attribute 'nonexhaustive'
202 | public enum MLKEM1024: Sendable {}
203 |
/host/spi-builder-workspace/.build/checkouts/swift-crypto/Sources/Crypto/KEM/XWing.swift:34:2: error: unknown attribute 'nonexhaustive'
32 | /// The X-Wing (ML-KEM768 with X25519) Key Encapsulation Mechanism, defined in
33 | /// https://datatracker.ietf.org/doc/html/draft-connolly-cfrg-xwing-kem-06
34 | @nonexhaustive
| `- error: unknown attribute 'nonexhaustive'
35 | public enum XWingMLKEM768X25519: Sendable {}
36 |
/host/spi-builder-workspace/.build/checkouts/swift-crypto/Sources/Crypto/Key Agreement/ECDH.swift:36:6: error: unknown attribute 'nonexhaustive'
34 | /// A mechanism used to create or verify a cryptographic signature using
35 | /// the NIST P-256 elliptic curve digital signature algorithm (ECDSA).
36 | @nonexhaustive
| `- error: unknown attribute 'nonexhaustive'
37 | public enum Signing: Sendable {
38 |
/host/spi-builder-workspace/.build/checkouts/swift-crypto/Sources/Crypto/Key Agreement/ECDH.swift:260:6: error: unknown attribute 'nonexhaustive'
258 | /// performing NIST P-256 elliptic curve Diffie Hellman (ECDH) key
259 | /// exchange.
260 | @nonexhaustive
| `- error: unknown attribute 'nonexhaustive'
261 | public enum KeyAgreement: Sendable {
262 |
/host/spi-builder-workspace/.build/checkouts/swift-crypto/Sources/Crypto/Key Agreement/ECDH.swift:483:6: error: unknown attribute 'nonexhaustive'
481 | /// A mechanism used to create or verify a cryptographic signature using
482 | /// the NIST P-384 elliptic curve digital signature algorithm (ECDSA).
483 | @nonexhaustive
| `- error: unknown attribute 'nonexhaustive'
484 | public enum Signing: Sendable {
485 |
/host/spi-builder-workspace/.build/checkouts/swift-crypto/Sources/Crypto/Key Agreement/ECDH.swift:707:6: error: unknown attribute 'nonexhaustive'
705 | /// performing NIST P-384 elliptic curve Diffie Hellman (ECDH) key
706 | /// exchange.
707 | @nonexhaustive
| `- error: unknown attribute 'nonexhaustive'
708 | public enum KeyAgreement: Sendable {
709 |
/host/spi-builder-workspace/.build/checkouts/swift-crypto/Sources/Crypto/Key Agreement/ECDH.swift:930:6: error: unknown attribute 'nonexhaustive'
928 | /// A mechanism used to create or verify a cryptographic signature using
929 | /// the NIST P-521 elliptic curve digital signature algorithm (ECDSA).
930 | @nonexhaustive
| `- error: unknown attribute 'nonexhaustive'
931 | public enum Signing: Sendable {
932 |
/host/spi-builder-workspace/.build/checkouts/swift-crypto/Sources/Crypto/Key Agreement/ECDH.swift:1154:6: error: unknown attribute 'nonexhaustive'
1152 | /// performing NIST P-521 elliptic curve Diffie Hellman (ECDH) key
1153 | /// exchange.
1154 | @nonexhaustive
| `- error: unknown attribute 'nonexhaustive'
1155 | public enum KeyAgreement: Sendable {
1156 |
[1418/1501] Compiling NIOCore NIOCloseOnErrorHandler.swift
/host/spi-builder-workspace/.build/checkouts/swift-crypto/Sources/Crypto/KEM/KEM-Errors.swift:27:6: error: unknown attribute 'nonexhaustive'
25 | extension KEM {
26 | /// Errors that CryptoKit throws when it encounters problems in key encapsulation mechanism (KEM) operations.
27 | @nonexhaustive
| `- error: unknown attribute 'nonexhaustive'
28 | public enum Errors: Error {
29 | /// The public key CryptoKit receives when it initializes a key encapsulation operation doesn't match the expected value.
/host/spi-builder-workspace/.build/checkouts/swift-crypto/Sources/Crypto/KEM/KEM.swift:28:2: error: unknown attribute 'nonexhaustive'
26 | ///
27 | /// Use a key encapsulation mechanism (KEM) to protect a symmetric cryptographic key that you share with another party.
28 | @nonexhaustive
| `- error: unknown attribute 'nonexhaustive'
29 | public enum KEM: Sendable {
30 | /// The result of a key encapsulation operation.
/host/spi-builder-workspace/.build/checkouts/swift-crypto/Sources/Crypto/KEM/MLKEM.swift:30:2: error: unknown attribute 'nonexhaustive'
28 |
29 | /// The Module-Lattice key encapsulation mechanism (KEM).
30 | @nonexhaustive
| `- error: unknown attribute 'nonexhaustive'
31 | public enum MLKEM768: Sendable {}
32 |
/host/spi-builder-workspace/.build/checkouts/swift-crypto/Sources/Crypto/KEM/MLKEM.swift:201:2: error: unknown attribute 'nonexhaustive'
199 |
200 | /// The Module-Lattice key encapsulation mechanism (KEM).
201 | @nonexhaustive
| `- error: unknown attribute 'nonexhaustive'
202 | public enum MLKEM1024: Sendable {}
203 |
/host/spi-builder-workspace/.build/checkouts/swift-crypto/Sources/Crypto/KEM/XWing.swift:34:2: error: unknown attribute 'nonexhaustive'
32 | /// The X-Wing (ML-KEM768 with X25519) Key Encapsulation Mechanism, defined in
33 | /// https://datatracker.ietf.org/doc/html/draft-connolly-cfrg-xwing-kem-06
34 | @nonexhaustive
| `- error: unknown attribute 'nonexhaustive'
35 | public enum XWingMLKEM768X25519: Sendable {}
36 |
/host/spi-builder-workspace/.build/checkouts/swift-crypto/Sources/Crypto/Key Agreement/ECDH.swift:36:6: error: unknown attribute 'nonexhaustive'
34 | /// A mechanism used to create or verify a cryptographic signature using
35 | /// the NIST P-256 elliptic curve digital signature algorithm (ECDSA).
36 | @nonexhaustive
| `- error: unknown attribute 'nonexhaustive'
37 | public enum Signing: Sendable {
38 |
/host/spi-builder-workspace/.build/checkouts/swift-crypto/Sources/Crypto/Key Agreement/ECDH.swift:260:6: error: unknown attribute 'nonexhaustive'
258 | /// performing NIST P-256 elliptic curve Diffie Hellman (ECDH) key
259 | /// exchange.
260 | @nonexhaustive
| `- error: unknown attribute 'nonexhaustive'
261 | public enum KeyAgreement: Sendable {
262 |
/host/spi-builder-workspace/.build/checkouts/swift-crypto/Sources/Crypto/Key Agreement/ECDH.swift:483:6: error: unknown attribute 'nonexhaustive'
481 | /// A mechanism used to create or verify a cryptographic signature using
482 | /// the NIST P-384 elliptic curve digital signature algorithm (ECDSA).
483 | @nonexhaustive
| `- error: unknown attribute 'nonexhaustive'
484 | public enum Signing: Sendable {
485 |
/host/spi-builder-workspace/.build/checkouts/swift-crypto/Sources/Crypto/Key Agreement/ECDH.swift:707:6: error: unknown attribute 'nonexhaustive'
705 | /// performing NIST P-384 elliptic curve Diffie Hellman (ECDH) key
706 | /// exchange.
707 | @nonexhaustive
| `- error: unknown attribute 'nonexhaustive'
708 | public enum KeyAgreement: Sendable {
709 |
/host/spi-builder-workspace/.build/checkouts/swift-crypto/Sources/Crypto/Key Agreement/ECDH.swift:930:6: error: unknown attribute 'nonexhaustive'
928 | /// A mechanism used to create or verify a cryptographic signature using
929 | /// the NIST P-521 elliptic curve digital signature algorithm (ECDSA).
930 | @nonexhaustive
| `- error: unknown attribute 'nonexhaustive'
931 | public enum Signing: Sendable {
932 |
/host/spi-builder-workspace/.build/checkouts/swift-crypto/Sources/Crypto/Key Agreement/ECDH.swift:1154:6: error: unknown attribute 'nonexhaustive'
1152 | /// performing NIST P-521 elliptic curve Diffie Hellman (ECDH) key
1153 | /// exchange.
1154 | @nonexhaustive
| `- error: unknown attribute 'nonexhaustive'
1155 | public enum KeyAgreement: Sendable {
1156 |
/host/spi-builder-workspace/.build/checkouts/swift-crypto/Sources/Crypto/KEM/KEM-Errors.swift:27:6: error: unknown attribute 'nonexhaustive'
25 | extension KEM {
26 | /// Errors that CryptoKit throws when it encounters problems in key encapsulation mechanism (KEM) operations.
27 | @nonexhaustive
| `- error: unknown attribute 'nonexhaustive'
28 | public enum Errors: Error {
29 | /// The public key CryptoKit receives when it initializes a key encapsulation operation doesn't match the expected value.
/host/spi-builder-workspace/.build/checkouts/swift-crypto/Sources/Crypto/KEM/KEM.swift:28:2: error: unknown attribute 'nonexhaustive'
26 | ///
27 | /// Use a key encapsulation mechanism (KEM) to protect a symmetric cryptographic key that you share with another party.
28 | @nonexhaustive
| `- error: unknown attribute 'nonexhaustive'
29 | public enum KEM: Sendable {
30 | /// The result of a key encapsulation operation.
/host/spi-builder-workspace/.build/checkouts/swift-crypto/Sources/Crypto/KEM/MLKEM.swift:30:2: error: unknown attribute 'nonexhaustive'
28 |
29 | /// The Module-Lattice key encapsulation mechanism (KEM).
30 | @nonexhaustive
| `- error: unknown attribute 'nonexhaustive'
31 | public enum MLKEM768: Sendable {}
32 |
/host/spi-builder-workspace/.build/checkouts/swift-crypto/Sources/Crypto/KEM/MLKEM.swift:201:2: error: unknown attribute 'nonexhaustive'
199 |
200 | /// The Module-Lattice key encapsulation mechanism (KEM).
201 | @nonexhaustive
| `- error: unknown attribute 'nonexhaustive'
202 | public enum MLKEM1024: Sendable {}
203 |
/host/spi-builder-workspace/.build/checkouts/swift-crypto/Sources/Crypto/KEM/XWing.swift:34:2: error: unknown attribute 'nonexhaustive'
32 | /// The X-Wing (ML-KEM768 with X25519) Key Encapsulation Mechanism, defined in
33 | /// https://datatracker.ietf.org/doc/html/draft-connolly-cfrg-xwing-kem-06
34 | @nonexhaustive
| `- error: unknown attribute 'nonexhaustive'
35 | public enum XWingMLKEM768X25519: Sendable {}
36 |
/host/spi-builder-workspace/.build/checkouts/swift-crypto/Sources/Crypto/Key Agreement/ECDH.swift:36:6: error: unknown attribute 'nonexhaustive'
34 | /// A mechanism used to create or verify a cryptographic signature using
35 | /// the NIST P-256 elliptic curve digital signature algorithm (ECDSA).
36 | @nonexhaustive
| `- error: unknown attribute 'nonexhaustive'
37 | public enum Signing: Sendable {
38 |
/host/spi-builder-workspace/.build/checkouts/swift-crypto/Sources/Crypto/Key Agreement/ECDH.swift:260:6: error: unknown attribute 'nonexhaustive'
258 | /// performing NIST P-256 elliptic curve Diffie Hellman (ECDH) key
259 | /// exchange.
260 | @nonexhaustive
| `- error: unknown attribute 'nonexhaustive'
261 | public enum KeyAgreement: Sendable {
262 |
/host/spi-builder-workspace/.build/checkouts/swift-crypto/Sources/Crypto/Key Agreement/ECDH.swift:483:6: error: unknown attribute 'nonexhaustive'
481 | /// A mechanism used to create or verify a cryptographic signature using
482 | /// the NIST P-384 elliptic curve digital signature algorithm (ECDSA).
483 | @nonexhaustive
| `- error: unknown attribute 'nonexhaustive'
484 | public enum Signing: Sendable {
485 |
/host/spi-builder-workspace/.build/checkouts/swift-crypto/Sources/Crypto/Key Agreement/ECDH.swift:707:6: error: unknown attribute 'nonexhaustive'
705 | /// performing NIST P-384 elliptic curve Diffie Hellman (ECDH) key
706 | /// exchange.
707 | @nonexhaustive
| `- error: unknown attribute 'nonexhaustive'
708 | public enum KeyAgreement: Sendable {
709 |
/host/spi-builder-workspace/.build/checkouts/swift-crypto/Sources/Crypto/Key Agreement/ECDH.swift:930:6: error: unknown attribute 'nonexhaustive'
928 | /// A mechanism used to create or verify a cryptographic signature using
929 | /// the NIST P-521 elliptic curve digital signature algorithm (ECDSA).
930 | @nonexhaustive
| `- error: unknown attribute 'nonexhaustive'
931 | public enum Signing: Sendable {
932 |
/host/spi-builder-workspace/.build/checkouts/swift-crypto/Sources/Crypto/Key Agreement/ECDH.swift:1154:6: error: unknown attribute 'nonexhaustive'
1152 | /// performing NIST P-521 elliptic curve Diffie Hellman (ECDH) key
1153 | /// exchange.
1154 | @nonexhaustive
| `- error: unknown attribute 'nonexhaustive'
1155 | public enum KeyAgreement: Sendable {
1156 |
/host/spi-builder-workspace/.build/checkouts/swift-crypto/Sources/Crypto/KEM/KEM-Errors.swift:27:6: error: unknown attribute 'nonexhaustive'
25 | extension KEM {
26 | /// Errors that CryptoKit throws when it encounters problems in key encapsulation mechanism (KEM) operations.
27 | @nonexhaustive
| `- error: unknown attribute 'nonexhaustive'
28 | public enum Errors: Error {
29 | /// The public key CryptoKit receives when it initializes a key encapsulation operation doesn't match the expected value.
/host/spi-builder-workspace/.build/checkouts/swift-crypto/Sources/Crypto/KEM/KEM.swift:28:2: error: unknown attribute 'nonexhaustive'
26 | ///
27 | /// Use a key encapsulation mechanism (KEM) to protect a symmetric cryptographic key that you share with another party.
28 | @nonexhaustive
| `- error: unknown attribute 'nonexhaustive'
29 | public enum KEM: Sendable {
30 | /// The result of a key encapsulation operation.
/host/spi-builder-workspace/.build/checkouts/swift-crypto/Sources/Crypto/KEM/MLKEM.swift:30:2: error: unknown attribute 'nonexhaustive'
28 |
29 | /// The Module-Lattice key encapsulation mechanism (KEM).
30 | @nonexhaustive
| `- error: unknown attribute 'nonexhaustive'
31 | public enum MLKEM768: Sendable {}
32 |
/host/spi-builder-workspace/.build/checkouts/swift-crypto/Sources/Crypto/KEM/MLKEM.swift:201:2: error: unknown attribute 'nonexhaustive'
199 |
200 | /// The Module-Lattice key encapsulation mechanism (KEM).
201 | @nonexhaustive
| `- error: unknown attribute 'nonexhaustive'
202 | public enum MLKEM1024: Sendable {}
203 |
/host/spi-builder-workspace/.build/checkouts/swift-crypto/Sources/Crypto/KEM/XWing.swift:34:2: error: unknown attribute 'nonexhaustive'
32 | /// The X-Wing (ML-KEM768 with X25519) Key Encapsulation Mechanism, defined in
33 | /// https://datatracker.ietf.org/doc/html/draft-connolly-cfrg-xwing-kem-06
34 | @nonexhaustive
| `- error: unknown attribute 'nonexhaustive'
35 | public enum XWingMLKEM768X25519: Sendable {}
36 |
/host/spi-builder-workspace/.build/checkouts/swift-crypto/Sources/Crypto/Key Agreement/ECDH.swift:36:6: error: unknown attribute 'nonexhaustive'
34 | /// A mechanism used to create or verify a cryptographic signature using
35 | /// the NIST P-256 elliptic curve digital signature algorithm (ECDSA).
36 | @nonexhaustive
| `- error: unknown attribute 'nonexhaustive'
37 | public enum Signing: Sendable {
38 |
/host/spi-builder-workspace/.build/checkouts/swift-crypto/Sources/Crypto/Key Agreement/ECDH.swift:260:6: error: unknown attribute 'nonexhaustive'
258 | /// performing NIST P-256 elliptic curve Diffie Hellman (ECDH) key
259 | /// exchange.
260 | @nonexhaustive
| `- error: unknown attribute 'nonexhaustive'
261 | public enum KeyAgreement: Sendable {
262 |
/host/spi-builder-workspace/.build/checkouts/swift-crypto/Sources/Crypto/Key Agreement/ECDH.swift:483:6: error: unknown attribute 'nonexhaustive'
481 | /// A mechanism used to create or verify a cryptographic signature using
482 | /// the NIST P-384 elliptic curve digital signature algorithm (ECDSA).
483 | @nonexhaustive
| `- error: unknown attribute 'nonexhaustive'
484 | public enum Signing: Sendable {
485 |
/host/spi-builder-workspace/.build/checkouts/swift-crypto/Sources/Crypto/Key Agreement/ECDH.swift:707:6: error: unknown attribute 'nonexhaustive'
705 | /// performing NIST P-384 elliptic curve Diffie Hellman (ECDH) key
706 | /// exchange.
707 | @nonexhaustive
| `- error: unknown attribute 'nonexhaustive'
708 | public enum KeyAgreement: Sendable {
709 |
/host/spi-builder-workspace/.build/checkouts/swift-crypto/Sources/Crypto/Key Agreement/ECDH.swift:930:6: error: unknown attribute 'nonexhaustive'
928 | /// A mechanism used to create or verify a cryptographic signature using
929 | /// the NIST P-521 elliptic curve digital signature algorithm (ECDSA).
930 | @nonexhaustive
| `- error: unknown attribute 'nonexhaustive'
931 | public enum Signing: Sendable {
932 |
/host/spi-builder-workspace/.build/checkouts/swift-crypto/Sources/Crypto/Key Agreement/ECDH.swift:1154:6: error: unknown attribute 'nonexhaustive'
1152 | /// performing NIST P-521 elliptic curve Diffie Hellman (ECDH) key
1153 | /// exchange.
1154 | @nonexhaustive
| `- error: unknown attribute 'nonexhaustive'
1155 | public enum KeyAgreement: Sendable {
1156 |
/host/spi-builder-workspace/.build/checkouts/swift-crypto/Sources/Crypto/KEM/KEM-Errors.swift:27:6: error: unknown attribute 'nonexhaustive'
25 | extension KEM {
26 | /// Errors that CryptoKit throws when it encounters problems in key encapsulation mechanism (KEM) operations.
27 | @nonexhaustive
| `- error: unknown attribute 'nonexhaustive'
28 | public enum Errors: Error {
29 | /// The public key CryptoKit receives when it initializes a key encapsulation operation doesn't match the expected value.
/host/spi-builder-workspace/.build/checkouts/swift-crypto/Sources/Crypto/KEM/KEM.swift:28:2: error: unknown attribute 'nonexhaustive'
26 | ///
27 | /// Use a key encapsulation mechanism (KEM) to protect a symmetric cryptographic key that you share with another party.
28 | @nonexhaustive
| `- error: unknown attribute 'nonexhaustive'
29 | public enum KEM: Sendable {
30 | /// The result of a key encapsulation operation.
/host/spi-builder-workspace/.build/checkouts/swift-crypto/Sources/Crypto/KEM/MLKEM.swift:30:2: error: unknown attribute 'nonexhaustive'
28 |
29 | /// The Module-Lattice key encapsulation mechanism (KEM).
30 | @nonexhaustive
| `- error: unknown attribute 'nonexhaustive'
31 | public enum MLKEM768: Sendable {}
32 |
/host/spi-builder-workspace/.build/checkouts/swift-crypto/Sources/Crypto/KEM/MLKEM.swift:201:2: error: unknown attribute 'nonexhaustive'
199 |
200 | /// The Module-Lattice key encapsulation mechanism (KEM).
201 | @nonexhaustive
| `- error: unknown attribute 'nonexhaustive'
202 | public enum MLKEM1024: Sendable {}
203 |
/host/spi-builder-workspace/.build/checkouts/swift-crypto/Sources/Crypto/KEM/XWing.swift:34:2: error: unknown attribute 'nonexhaustive'
32 | /// The X-Wing (ML-KEM768 with X25519) Key Encapsulation Mechanism, defined in
33 | /// https://datatracker.ietf.org/doc/html/draft-connolly-cfrg-xwing-kem-06
34 | @nonexhaustive
| `- error: unknown attribute 'nonexhaustive'
35 | public enum XWingMLKEM768X25519: Sendable {}
36 |
/host/spi-builder-workspace/.build/checkouts/swift-crypto/Sources/Crypto/Key Agreement/ECDH.swift:36:6: error: unknown attribute 'nonexhaustive'
34 | /// A mechanism used to create or verify a cryptographic signature using
35 | /// the NIST P-256 elliptic curve digital signature algorithm (ECDSA).
36 | @nonexhaustive
| `- error: unknown attribute 'nonexhaustive'
37 | public enum Signing: Sendable {
38 |
/host/spi-builder-workspace/.build/checkouts/swift-crypto/Sources/Crypto/Key Agreement/ECDH.swift:260:6: error: unknown attribute 'nonexhaustive'
258 | /// performing NIST P-256 elliptic curve Diffie Hellman (ECDH) key
259 | /// exchange.
260 | @nonexhaustive
| `- error: unknown attribute 'nonexhaustive'
261 | public enum KeyAgreement: Sendable {
262 |
/host/spi-builder-workspace/.build/checkouts/swift-crypto/Sources/Crypto/Key Agreement/ECDH.swift:483:6: error: unknown attribute 'nonexhaustive'
481 | /// A mechanism used to create or verify a cryptographic signature using
482 | /// the NIST P-384 elliptic curve digital signature algorithm (ECDSA).
483 | @nonexhaustive
| `- error: unknown attribute 'nonexhaustive'
484 | public enum Signing: Sendable {
485 |
/host/spi-builder-workspace/.build/checkouts/swift-crypto/Sources/Crypto/Key Agreement/ECDH.swift:707:6: error: unknown attribute 'nonexhaustive'
705 | /// performing NIST P-384 elliptic curve Diffie Hellman (ECDH) key
706 | /// exchange.
707 | @nonexhaustive
| `- error: unknown attribute 'nonexhaustive'
708 | public enum KeyAgreement: Sendable {
709 |
/host/spi-builder-workspace/.build/checkouts/swift-crypto/Sources/Crypto/Key Agreement/ECDH.swift:930:6: error: unknown attribute 'nonexhaustive'
928 | /// A mechanism used to create or verify a cryptographic signature using
929 | /// the NIST P-521 elliptic curve digital signature algorithm (ECDSA).
930 | @nonexhaustive
| `- error: unknown attribute 'nonexhaustive'
931 | public enum Signing: Sendable {
932 |
/host/spi-builder-workspace/.build/checkouts/swift-crypto/Sources/Crypto/Key Agreement/ECDH.swift:1154:6: error: unknown attribute 'nonexhaustive'
1152 | /// performing NIST P-521 elliptic curve Diffie Hellman (ECDH) key
1153 | /// exchange.
1154 | @nonexhaustive
| `- error: unknown attribute 'nonexhaustive'
1155 | public enum KeyAgreement: Sendable {
1156 |
/host/spi-builder-workspace/.build/checkouts/swift-crypto/Sources/Crypto/KEM/KEM-Errors.swift:27:6: error: unknown attribute 'nonexhaustive'
25 | extension KEM {
26 | /// Errors that CryptoKit throws when it encounters problems in key encapsulation mechanism (KEM) operations.
27 | @nonexhaustive
| `- error: unknown attribute 'nonexhaustive'
28 | public enum Errors: Error {
29 | /// The public key CryptoKit receives when it initializes a key encapsulation operation doesn't match the expected value.
/host/spi-builder-workspace/.build/checkouts/swift-crypto/Sources/Crypto/KEM/KEM.swift:28:2: error: unknown attribute 'nonexhaustive'
26 | ///
27 | /// Use a key encapsulation mechanism (KEM) to protect a symmetric cryptographic key that you share with another party.
28 | @nonexhaustive
| `- error: unknown attribute 'nonexhaustive'
29 | public enum KEM: Sendable {
30 | /// The result of a key encapsulation operation.
/host/spi-builder-workspace/.build/checkouts/swift-crypto/Sources/Crypto/KEM/MLKEM.swift:30:2: error: unknown attribute 'nonexhaustive'
28 |
29 | /// The Module-Lattice key encapsulation mechanism (KEM).
30 | @nonexhaustive
| `- error: unknown attribute 'nonexhaustive'
31 | public enum MLKEM768: Sendable {}
32 |
/host/spi-builder-workspace/.build/checkouts/swift-crypto/Sources/Crypto/KEM/MLKEM.swift:201:2: error: unknown attribute 'nonexhaustive'
199 |
200 | /// The Module-Lattice key encapsulation mechanism (KEM).
201 | @nonexhaustive
| `- error: unknown attribute 'nonexhaustive'
202 | public enum MLKEM1024: Sendable {}
203 |
/host/spi-builder-workspace/.build/checkouts/swift-crypto/Sources/Crypto/KEM/XWing.swift:34:2: error: unknown attribute 'nonexhaustive'
32 | /// The X-Wing (ML-KEM768 with X25519) Key Encapsulation Mechanism, defined in
33 | /// https://datatracker.ietf.org/doc/html/draft-connolly-cfrg-xwing-kem-06
34 | @nonexhaustive
| `- error: unknown attribute 'nonexhaustive'
35 | public enum XWingMLKEM768X25519: Sendable {}
36 |
/host/spi-builder-workspace/.build/checkouts/swift-crypto/Sources/Crypto/Key Agreement/ECDH.swift:36:6: error: unknown attribute 'nonexhaustive'
34 | /// A mechanism used to create or verify a cryptographic signature using
35 | /// the NIST P-256 elliptic curve digital signature algorithm (ECDSA).
36 | @nonexhaustive
| `- error: unknown attribute 'nonexhaustive'
37 | public enum Signing: Sendable {
38 |
/host/spi-builder-workspace/.build/checkouts/swift-crypto/Sources/Crypto/Key Agreement/ECDH.swift:260:6: error: unknown attribute 'nonexhaustive'
258 | /// performing NIST P-256 elliptic curve Diffie Hellman (ECDH) key
259 | /// exchange.
260 | @nonexhaustive
| `- error: unknown attribute 'nonexhaustive'
261 | public enum KeyAgreement: Sendable {
262 |
/host/spi-builder-workspace/.build/checkouts/swift-crypto/Sources/Crypto/Key Agreement/ECDH.swift:483:6: error: unknown attribute 'nonexhaustive'
481 | /// A mechanism used to create or verify a cryptographic signature using
482 | /// the NIST P-384 elliptic curve digital signature algorithm (ECDSA).
483 | @nonexhaustive
| `- error: unknown attribute 'nonexhaustive'
484 | public enum Signing: Sendable {
485 |
/host/spi-builder-workspace/.build/checkouts/swift-crypto/Sources/Crypto/Key Agreement/ECDH.swift:707:6: error: unknown attribute 'nonexhaustive'
705 | /// performing NIST P-384 elliptic curve Diffie Hellman (ECDH) key
706 | /// exchange.
707 | @nonexhaustive
| `- error: unknown attribute 'nonexhaustive'
708 | public enum KeyAgreement: Sendable {
709 |
/host/spi-builder-workspace/.build/checkouts/swift-crypto/Sources/Crypto/Key Agreement/ECDH.swift:930:6: error: unknown attribute 'nonexhaustive'
928 | /// A mechanism used to create or verify a cryptographic signature using
929 | /// the NIST P-521 elliptic curve digital signature algorithm (ECDSA).
930 | @nonexhaustive
| `- error: unknown attribute 'nonexhaustive'
931 | public enum Signing: Sendable {
932 |
/host/spi-builder-workspace/.build/checkouts/swift-crypto/Sources/Crypto/Key Agreement/ECDH.swift:1154:6: error: unknown attribute 'nonexhaustive'
1152 | /// performing NIST P-521 elliptic curve Diffie Hellman (ECDH) key
1153 | /// exchange.
1154 | @nonexhaustive
| `- error: unknown attribute 'nonexhaustive'
1155 | public enum KeyAgreement: Sendable {
1156 |
error: emit-module command failed with exit code 1 (use -v to see invocation)
[1423/1501] Emitting module Crypto
/host/spi-builder-workspace/.build/checkouts/swift-crypto/Sources/Crypto/AEADs/AES/GCM/AES-GCM.swift:29:6: error: unknown attribute 'nonexhaustive'
27 | /// The Advanced Encryption Standard (AES) Galois Counter Mode (GCM) cipher
28 | /// suite.
29 | @nonexhaustive
| `- error: unknown attribute 'nonexhaustive'
30 | public enum GCM: Cipher, Sendable {
31 | static let tagByteCount = 16
/host/spi-builder-workspace/.build/checkouts/swift-crypto/Sources/Crypto/AEADs/ChachaPoly/ChaChaPoly.swift:28:2: error: unknown attribute 'nonexhaustive'
26 |
27 | /// An implementation of the ChaCha20-Poly1305 cipher.
28 | @nonexhaustive
| `- error: unknown attribute 'nonexhaustive'
29 | public enum ChaChaPoly: Cipher, Sendable {
30 | static let tagByteCount = 16
/host/spi-builder-workspace/.build/checkouts/swift-crypto/Sources/Crypto/CryptoKitErrors.swift:19:2: error: unknown attribute 'nonexhaustive'
17 | #else
18 | /// General cryptography errors used by CryptoKit.
19 | @nonexhaustive
| `- error: unknown attribute 'nonexhaustive'
20 | public enum CryptoKitError: Error {
21 | /// The key size is incorrect.
/host/spi-builder-workspace/.build/checkouts/swift-crypto/Sources/Crypto/CryptoKitErrors.swift:41:2: error: unknown attribute 'nonexhaustive'
39 |
40 | /// Errors from decoding ASN.1 content.
41 | @nonexhaustive
| `- error: unknown attribute 'nonexhaustive'
42 | public enum CryptoKitASN1Error: Equatable, Error, Hashable {
43 | /// The ASN.1 tag for this field is invalid or unsupported.
/host/spi-builder-workspace/.build/checkouts/swift-crypto/Sources/Crypto/HPKE/Ciphersuite/HPKE-AEAD.swift:27:6: error: unknown attribute 'nonexhaustive'
25 | extension HPKE {
26 | /// The authenticated encryption with associated data (AEAD) algorithms to use in HPKE.
27 | @nonexhaustive
| `- error: unknown attribute 'nonexhaustive'
28 | public enum AEAD: CaseIterable, Hashable, Sendable {
29 | /// An Advanced Encryption Standard cipher in Galois/Counter Mode with a key length of 128 bits.
/host/spi-builder-workspace/.build/checkouts/swift-crypto/Sources/Crypto/HPKE/Ciphersuite/HPKE-KDF.swift:27:6: error: unknown attribute 'nonexhaustive'
25 | extension HPKE {
26 | /// The key derivation functions to use in HPKE.
27 | @nonexhaustive
| `- error: unknown attribute 'nonexhaustive'
28 | public enum KDF: CaseIterable, Hashable, Sendable {
29 | /// An HMAC-based key derivation function that uses SHA-2 hashing with a 256-bit digest.
/host/spi-builder-workspace/.build/checkouts/swift-crypto/Sources/Crypto/HPKE/Ciphersuite/KEM/Conformances/DHKEM.swift:81:6: error: unknown attribute 'nonexhaustive'
79 | extension HPKE {
80 | /// A container for Diffie-Hellman key encapsulation mechanisms (KEMs).
81 | @nonexhaustive
| `- error: unknown attribute 'nonexhaustive'
82 | public enum DHKEM: Sendable {
83 | struct PublicKey<DHPK: HPKEDiffieHellmanPublicKey>: KEMPublicKey where DHPK == DHPK.EphemeralPrivateKey.PublicKey {
/host/spi-builder-workspace/.build/checkouts/swift-crypto/Sources/Crypto/HPKE/Ciphersuite/KEM/HPKE-KEM.swift:29:6: error: unknown attribute 'nonexhaustive'
27 | /// The module-lattice key encapsulation mechanism (ML-KEM) is designed to offer increased security in situations
28 | /// where an adversary uses a quantum computer.
29 | @nonexhaustive
| `- error: unknown attribute 'nonexhaustive'
30 | public enum KEM: CaseIterable, Hashable, Sendable {
31 | public static var allCases: [HPKE.KEM] {
/host/spi-builder-workspace/.build/checkouts/swift-crypto/Sources/Crypto/HPKE/HPKE-Errors.swift:27:6: error: unknown attribute 'nonexhaustive'
25 | extension HPKE {
26 | /// Hybrid public key encryption (HPKE) errors that CryptoKit uses.
27 | @nonexhaustive
| `- error: unknown attribute 'nonexhaustive'
28 | public enum Errors: Error {
29 | /// The parameters for initializing an HPKE sender or receiver are inconsistent.
/host/spi-builder-workspace/.build/checkouts/swift-crypto/Sources/Crypto/HPKE/HPKE.swift:53:2: error: unknown attribute 'nonexhaustive'
51 | /// ### Handling errors
52 | /// - ``Errors``
53 | @nonexhaustive
| `- error: unknown attribute 'nonexhaustive'
54 | public enum HPKE: Sendable {}
55 |
/host/spi-builder-workspace/.build/checkouts/swift-crypto/Sources/Crypto/Insecure/Insecure.swift:23:2: error: unknown attribute 'nonexhaustive'
21 | /// but the framework provides them for backward compatibility with older
22 | /// services that require them. For new services, avoid these algorithms.
23 | @nonexhaustive
| `- error: unknown attribute 'nonexhaustive'
24 | public enum Insecure: Sendable {}
25 | #endif // canImport(CryptoKit)
/host/spi-builder-workspace/.build/checkouts/swift-crypto/Sources/Crypto/KEM/KEM-Errors.swift:27:6: error: unknown attribute 'nonexhaustive'
25 | extension KEM {
26 | /// Errors that CryptoKit throws when it encounters problems in key encapsulation mechanism (KEM) operations.
27 | @nonexhaustive
| `- error: unknown attribute 'nonexhaustive'
28 | public enum Errors: Error {
29 | /// The public key CryptoKit receives when it initializes a key encapsulation operation doesn't match the expected value.
/host/spi-builder-workspace/.build/checkouts/swift-crypto/Sources/Crypto/KEM/KEM.swift:28:2: error: unknown attribute 'nonexhaustive'
26 | ///
27 | /// Use a key encapsulation mechanism (KEM) to protect a symmetric cryptographic key that you share with another party.
28 | @nonexhaustive
| `- error: unknown attribute 'nonexhaustive'
29 | public enum KEM: Sendable {
30 | /// The result of a key encapsulation operation.
/host/spi-builder-workspace/.build/checkouts/swift-crypto/Sources/Crypto/KEM/MLKEM.swift:30:2: error: unknown attribute 'nonexhaustive'
28 |
29 | /// The Module-Lattice key encapsulation mechanism (KEM).
30 | @nonexhaustive
| `- error: unknown attribute 'nonexhaustive'
31 | public enum MLKEM768: Sendable {}
32 |
/host/spi-builder-workspace/.build/checkouts/swift-crypto/Sources/Crypto/KEM/MLKEM.swift:201:2: error: unknown attribute 'nonexhaustive'
199 |
200 | /// The Module-Lattice key encapsulation mechanism (KEM).
201 | @nonexhaustive
| `- error: unknown attribute 'nonexhaustive'
202 | public enum MLKEM1024: Sendable {}
203 |
/host/spi-builder-workspace/.build/checkouts/swift-crypto/Sources/Crypto/KEM/XWing.swift:34:2: error: unknown attribute 'nonexhaustive'
32 | /// The X-Wing (ML-KEM768 with X25519) Key Encapsulation Mechanism, defined in
33 | /// https://datatracker.ietf.org/doc/html/draft-connolly-cfrg-xwing-kem-06
34 | @nonexhaustive
| `- error: unknown attribute 'nonexhaustive'
35 | public enum XWingMLKEM768X25519: Sendable {}
36 |
/host/spi-builder-workspace/.build/checkouts/swift-crypto/Sources/Crypto/Key Agreement/ECDH.swift:36:6: error: unknown attribute 'nonexhaustive'
34 | /// A mechanism used to create or verify a cryptographic signature using
35 | /// the NIST P-256 elliptic curve digital signature algorithm (ECDSA).
36 | @nonexhaustive
| `- error: unknown attribute 'nonexhaustive'
37 | public enum Signing: Sendable {
38 |
/host/spi-builder-workspace/.build/checkouts/swift-crypto/Sources/Crypto/Key Agreement/ECDH.swift:260:6: error: unknown attribute 'nonexhaustive'
258 | /// performing NIST P-256 elliptic curve Diffie Hellman (ECDH) key
259 | /// exchange.
260 | @nonexhaustive
| `- error: unknown attribute 'nonexhaustive'
261 | public enum KeyAgreement: Sendable {
262 |
/host/spi-builder-workspace/.build/checkouts/swift-crypto/Sources/Crypto/Key Agreement/ECDH.swift:483:6: error: unknown attribute 'nonexhaustive'
481 | /// A mechanism used to create or verify a cryptographic signature using
482 | /// the NIST P-384 elliptic curve digital signature algorithm (ECDSA).
483 | @nonexhaustive
| `- error: unknown attribute 'nonexhaustive'
484 | public enum Signing: Sendable {
485 |
/host/spi-builder-workspace/.build/checkouts/swift-crypto/Sources/Crypto/Key Agreement/ECDH.swift:707:6: error: unknown attribute 'nonexhaustive'
705 | /// performing NIST P-384 elliptic curve Diffie Hellman (ECDH) key
706 | /// exchange.
707 | @nonexhaustive
| `- error: unknown attribute 'nonexhaustive'
708 | public enum KeyAgreement: Sendable {
709 |
/host/spi-builder-workspace/.build/checkouts/swift-crypto/Sources/Crypto/Key Agreement/ECDH.swift:930:6: error: unknown attribute 'nonexhaustive'
928 | /// A mechanism used to create or verify a cryptographic signature using
929 | /// the NIST P-521 elliptic curve digital signature algorithm (ECDSA).
930 | @nonexhaustive
| `- error: unknown attribute 'nonexhaustive'
931 | public enum Signing: Sendable {
932 |
/host/spi-builder-workspace/.build/checkouts/swift-crypto/Sources/Crypto/Key Agreement/ECDH.swift:1154:6: error: unknown attribute 'nonexhaustive'
1152 | /// performing NIST P-521 elliptic curve Diffie Hellman (ECDH) key
1153 | /// exchange.
1154 | @nonexhaustive
| `- error: unknown attribute 'nonexhaustive'
1155 | public enum KeyAgreement: Sendable {
1156 |
/host/spi-builder-workspace/.build/checkouts/swift-crypto/Sources/Crypto/Key Wrapping/AESWrap.swift:30:6: error: unknown attribute 'nonexhaustive'
28 | /// An implementation of AES Key Wrapping in accordance with the IETF RFC
29 | /// 3394 specification.
30 | @nonexhaustive
| `- error: unknown attribute 'nonexhaustive'
31 | public enum KeyWrap: Sendable {
32 | /// Wraps a key using the AES wrap algorithm.
/host/spi-builder-workspace/.build/checkouts/swift-crypto/Sources/Crypto/Keys/EC/Curve25519.swift:19:2: error: unknown attribute 'nonexhaustive'
17 | #else
18 | /// An elliptic curve that enables X25519 key agreement and Ed25519 signatures.
19 | @nonexhaustive
| `- error: unknown attribute 'nonexhaustive'
20 | public enum Curve25519: Sendable {}
21 | #endif // canImport(CryptoKit)
/host/spi-builder-workspace/.build/checkouts/swift-crypto/Sources/Crypto/Keys/EC/Ed25519Keys.swift:33:6: error: unknown attribute 'nonexhaustive'
31 | /// A mechanism used to create or verify a cryptographic signature using
32 | /// Ed25519.
33 | @nonexhaustive
| `- error: unknown attribute 'nonexhaustive'
34 | public enum Signing: Sendable {
35 | typealias Curve25519PrivateKeyImpl = Curve25519.Signing.OpenSSLCurve25519PrivateKeyImpl
/host/spi-builder-workspace/.build/checkouts/swift-crypto/Sources/Crypto/Keys/EC/NISTCurvesKeys.swift:51:2: error: unknown attribute 'nonexhaustive'
49 |
50 | /// An elliptic curve that enables NIST P-256 signatures and key agreement.
51 | @nonexhaustive
| `- error: unknown attribute 'nonexhaustive'
52 | public enum P256: Sendable { }
53 |
/host/spi-builder-workspace/.build/checkouts/swift-crypto/Sources/Crypto/Keys/EC/NISTCurvesKeys.swift:55:2: error: unknown attribute 'nonexhaustive'
53 |
54 | /// An elliptic curve that enables NIST P-384 signatures and key agreement.
55 | @nonexhaustive
| `- error: unknown attribute 'nonexhaustive'
56 | public enum P384: Sendable { }
57 |
/host/spi-builder-workspace/.build/checkouts/swift-crypto/Sources/Crypto/Keys/EC/NISTCurvesKeys.swift:59:2: error: unknown attribute 'nonexhaustive'
57 |
58 | /// An elliptic curve that enables NIST P-521 signatures and key agreement.
59 | @nonexhaustive
| `- error: unknown attribute 'nonexhaustive'
60 | public enum P521: Sendable { }
61 | #endif // canImport(CryptoKit)
/host/spi-builder-workspace/.build/checkouts/swift-crypto/Sources/Crypto/Keys/EC/X25519Keys.swift:33:6: error: unknown attribute 'nonexhaustive'
31 | /// A mechanism used to create a shared secret between two users by
32 | /// performing X25519 key agreement.
33 | @nonexhaustive
| `- error: unknown attribute 'nonexhaustive'
34 | public enum KeyAgreement: Sendable {
35 | typealias Curve25519PrivateKeyImpl = Curve25519.KeyAgreement.OpenSSLCurve25519PrivateKeyImpl
/host/spi-builder-workspace/.build/checkouts/swift-crypto/Sources/Crypto/PRF/AES.swift:19:2: error: unknown attribute 'nonexhaustive'
17 | #else
18 | /// A container for Advanced Encryption Standard (AES) ciphers.
19 | @nonexhaustive
| `- error: unknown attribute 'nonexhaustive'
20 | public enum AES: Sendable {
21 | static let blockSizeByteCount = 16
/host/spi-builder-workspace/.build/checkouts/swift-crypto/Sources/Crypto/Signatures/MLDSA.swift:29:2: error: unknown attribute 'nonexhaustive'
27 |
28 | /// The MLDSA65 Digital Signature Algorithm
29 | @nonexhaustive
| `- error: unknown attribute 'nonexhaustive'
30 | public enum MLDSA65: Sendable {}
31 |
/host/spi-builder-workspace/.build/checkouts/swift-crypto/Sources/Crypto/Signatures/MLDSA.swift:184:2: error: unknown attribute 'nonexhaustive'
182 |
183 | /// The MLDSA87 Digital Signature Algorithm
184 | @nonexhaustive
| `- error: unknown attribute 'nonexhaustive'
185 | public enum MLDSA87: Sendable {}
186 |
[1424/1501] Compiling ServiceLifecycle ClosureService.swift
[1425/1501] Compiling ServiceLifecycle ServiceGroup.swift
[1426/1501] Compiling ServiceLifecycle Service.swift
[1428/1502] Compiling Crypto CryptoKitErrors_boring.swift
[1429/1502] Compiling Crypto InlineArray+withBytes_boring.swift
[1430/1502] Compiling Crypto Optional+withUnsafeBytes_boring.swift
[1431/1502] Compiling Crypto RNG_boring.swift
[1432/1502] Compiling Crypto SafeCompare_boring.swift
[1433/1502] Compiling Crypto Zeroization_boring.swift
[1434/1502] Compiling Crypto _CryptoModuleAnchor.swift
[1435/1502] Compiling Crypto Data+ArraySpan.swift
[1436/1502] Compiling Crypto PrettyBytes.swift
[1437/1502] Compiling Crypto SafeCompare.swift
[1438/1502] Compiling Crypto SecureBytes.swift
[1439/1502] Compiling Crypto Zeroization.swift
BUILD FAILURE 6.2 android