Build Information
Failed to build FaceCoreBasic, reference 8.4.2746 (7847ca), with Swift 6.4 for watchOS using Xcode 27.0 on 10 Oct 2026 12:24:00 UTC.
Build Command
env DEVELOPER_DIR=/Applications/Xcode-27.0.0-Release.Candidate.app xcrun xcodebuild -IDEClonedSourcePackagesDirPathOverride=$PWD/.dependencies -skipMacroValidation -skipPackagePluginValidation -derivedDataPath $PWD/.derivedData build -scheme FaceCoreBasic -destination generic/platform=watchOSBuild Log
========================================
RunAll
========================================
Builder version: 5.1.1
Interrupt handler set up.
========================================
Checkout
========================================
Clone URL: https://github.com/regulaforensics/FaceCoreBasic-Swift-Package.git
Reference: 8.4.2746
Initialized empty Git repository in /Users/admin/builder/spi-builder-workspace/.git/
From https://github.com/regulaforensics/FaceCoreBasic-Swift-Package
* tag 8.4.2746 -> FETCH_HEAD
HEAD is now at 7847cab Release 8.4.2746
Cloned https://github.com/regulaforensics/FaceCoreBasic-Swift-Package.git
Revision (git rev-parse @):
7847cab1dafdcf97ad673dd8793e14125942a245
SUCCESS checkout https://github.com/regulaforensics/FaceCoreBasic-Swift-Package.git at 8.4.2746
========================================
Build
========================================
Selected platform: watchOS
Swift version: 6.4
Building package at path: $PWD
https://github.com/regulaforensics/FaceCoreBasic-Swift-Package.git
Command line invocation:
/Applications/Xcode-27.0.0.app/Contents/Developer/usr/bin/xcodebuild -IDEClonedSourcePackagesDirPathOverride=/Users/admin/builder/spi-builder-workspace/.dependencies -resolvePackageDependencies
Resolve Package Graph
Resolve Package Graph
Resolved source packages:
FaceCoreBasic: /Users/admin/builder/spi-builder-workspace
resolved source packages: FaceCoreBasic
2026-10-10 08:23:12.255 xcodebuild[529:3031] [MT] IDERunDestination: Supported platforms for the buildables in the current scheme is empty.
{
"dependencies" : [
],
"manifest_display_name" : "FaceCoreBasic",
"name" : "FaceCoreBasic",
"path" : "/Users/admin/builder/spi-builder-workspace",
"platforms" : [
{
"name" : "ios",
"version" : "15.0"
}
],
"products" : [
{
"name" : "FaceCoreBasic",
"targets" : [
"FaceCoreBasic"
],
"type" : {
"library" : [
"automatic"
]
}
}
],
"targets" : [
{
"c99name" : "FaceCoreBasic",
"module_type" : "BinaryTarget",
"name" : "FaceCoreBasic",
"path" : "remote/archive/FaceCoreBasic-8.4.2746.zip",
"product_memberships" : [
"FaceCoreBasic"
],
"sources" : [
],
"type" : "binary"
}
],
"tools_version" : "5.5"
}
{
"workspace" : {
"name" : "FaceCoreBasic",
"schemes" : [
"FaceCoreBasic"
]
}
}
2026-10-10 08:23:54.325 xcodebuild[659:4186] [MT] IDERunDestination: Supported platforms for the buildables in the current scheme is empty.
Running build ...
env DEVELOPER_DIR=/Applications/Xcode-27.0.0-Release.Candidate.app xcrun xcodebuild -IDEClonedSourcePackagesDirPathOverride=$PWD/.dependencies -skipMacroValidation -skipPackagePluginValidation -derivedDataPath $PWD/.derivedData build -scheme FaceCoreBasic -destination generic/platform=watchOS
Command line invocation:
/Applications/Xcode-27.0.0.app/Contents/Developer/usr/bin/xcodebuild -IDEClonedSourcePackagesDirPathOverride=/Users/admin/builder/spi-builder-workspace/.dependencies -skipMacroValidation -skipPackagePluginValidation -derivedDataPath /Users/admin/builder/spi-builder-workspace/.derivedData build -scheme FaceCoreBasic -destination generic/platform=watchOS
Resolve Package Graph
Resolved source packages:
FaceCoreBasic: /Users/admin/builder/spi-builder-workspace
ComputePackagePrebuildTargetDependencyGraph
Prepare packages
CreateBuildRequest
SendProjectDescription
CreateBuildOperation
ComputeTargetDependencyGraph
note: Building targets in dependency order
note: Target dependency graph (1 target)
Target 'FaceCoreBasic-product' in project 'FaceCoreBasic' (no dependencies)
GatherProvisioningInputs
CreateBuildDescription
ExecuteExternalTool /Applications/Xcode-27.0.0.app/Contents/Developer/Toolchains/XcodeDefault.xctoolchain/usr/bin/clang -v -E -dM -isysroot /Applications/Xcode-27.0.0.app/Contents/Developer/Platforms/WatchOS.platform/Developer/SDKs/WatchOS27.0.sdk -x c -c /dev/null
Build description signature: 0661196d65ca2ce9157e437cd10ae00e
Build description path: /Users/admin/builder/spi-builder-workspace/.derivedData/Build/Intermediates.noindex/XCBuildData/0661196d65ca2ce9157e437cd10ae00e.xcbuilddata
/Users/admin/builder/spi-builder-workspace/.dependencies/artifacts/spi-builder-workspace/FaceCoreBasic/Liveness.xcframework:1:1: error: While building for watchOS, no library for this platform was found in '/Users/admin/builder/spi-builder-workspace/.dependencies/artifacts/spi-builder-workspace/FaceCoreBasic/Liveness.xcframework'. (in target 'FaceCoreBasic-product' from project 'FaceCoreBasic')
2026-10-10 08:23:55.969 xcodebuild[660:4236] [MT] IDERunDestination: Supported platforms for the buildables in the current scheme is empty.
** BUILD FAILED **
The following build commands failed:
Building workspace FaceCoreBasic with scheme FaceCoreBasic
(1 failure)
Command line invocation:
/Applications/Xcode-27.0.0.app/Contents/Developer/usr/bin/xcodebuild -IDEClonedSourcePackagesDirPathOverride=/Users/admin/builder/spi-builder-workspace/.dependencies -resolvePackageDependencies
Resolve Package Graph
Resolved source packages:
FaceCoreBasic: /Users/admin/builder/spi-builder-workspace
resolved source packages: FaceCoreBasic
2026-10-10 08:23:57.568 xcodebuild[672:4328] [MT] IDERunDestination: Supported platforms for the buildables in the current scheme is empty.
{
"dependencies" : [
],
"manifest_display_name" : "FaceCoreBasic",
"name" : "FaceCoreBasic",
"path" : "/Users/admin/builder/spi-builder-workspace",
"platforms" : [
{
"name" : "ios",
"version" : "15.0"
}
],
"products" : [
{
"name" : "FaceCoreBasic",
"targets" : [
"FaceCoreBasic"
],
"type" : {
"library" : [
"automatic"
]
}
}
],
"targets" : [
{
"c99name" : "FaceCoreBasic",
"module_type" : "BinaryTarget",
"name" : "FaceCoreBasic",
"path" : "remote/archive/FaceCoreBasic-8.4.2746.zip",
"product_memberships" : [
"FaceCoreBasic"
],
"sources" : [
],
"type" : "binary"
}
],
"tools_version" : "5.5"
}
{
"workspace" : {
"name" : "FaceCoreBasic",
"schemes" : [
"FaceCoreBasic"
]
}
}
2026-10-10 08:23:58.851 xcodebuild[680:4386] [MT] IDERunDestination: Supported platforms for the buildables in the current scheme is empty.
Running build ...
env DEVELOPER_DIR=/Applications/Xcode-27.0.0-Release.Candidate.app xcrun xcodebuild -IDEClonedSourcePackagesDirPathOverride=$PWD/.dependencies -skipMacroValidation -skipPackagePluginValidation -derivedDataPath $PWD/.derivedData build -scheme FaceCoreBasic -destination generic/platform=watchOS
Command line invocation:
/Applications/Xcode-27.0.0.app/Contents/Developer/usr/bin/xcodebuild -IDEClonedSourcePackagesDirPathOverride=/Users/admin/builder/spi-builder-workspace/.dependencies -skipMacroValidation -skipPackagePluginValidation -derivedDataPath /Users/admin/builder/spi-builder-workspace/.derivedData build -scheme FaceCoreBasic -destination generic/platform=watchOS
Resolve Package Graph
Resolved source packages:
FaceCoreBasic: /Users/admin/builder/spi-builder-workspace
ComputePackagePrebuildTargetDependencyGraph
Prepare packages
CreateBuildRequest
SendProjectDescription
CreateBuildOperation
ComputeTargetDependencyGraph
note: Building targets in dependency order
note: Target dependency graph (1 target)
Target 'FaceCoreBasic-product' in project 'FaceCoreBasic' (no dependencies)
GatherProvisioningInputs
CreateBuildDescription
/Users/admin/builder/spi-builder-workspace/.dependencies/artifacts/spi-builder-workspace/FaceCoreBasic/Liveness.xcframework:1:1: error: While building for watchOS, no library for this platform was found in '/Users/admin/builder/spi-builder-workspace/.dependencies/artifacts/spi-builder-workspace/FaceCoreBasic/Liveness.xcframework'. (in target 'FaceCoreBasic-product' from project 'FaceCoreBasic')
2026-10-10 08:23:59.883 xcodebuild[681:4412] [MT] IDERunDestination: Supported platforms for the buildables in the current scheme is empty.
** BUILD FAILED **
The following build commands failed:
Building workspace FaceCoreBasic with scheme FaceCoreBasic
(1 failure)
BUILD FAILURE 6.4 watchOS