Build Information
Failed to build SwiftyUtils, reference 5.5.2 (2ea7ce), with Swift 6.4 for visionOS using Xcode 27.0 on 18 Sep 2026 17:34:40 UTC.
Build Command
env DEVELOPER_DIR=/Applications/Xcode-27.0.0-Release.Candidate.app xcrun xcodebuild -IDEClonedSourcePackagesDirPathOverride=$PWD/.dependencies -skipMacroValidation -skipPackagePluginValidation -derivedDataPath $PWD/.derivedData build -scheme SwiftyUtils -destination generic/platform=xrOSBuild Log
========================================
RunAll
========================================
Builder version: 5.1.0
Interrupt handler set up.
========================================
Checkout
========================================
Clone URL: https://github.com/tbaranes/SwiftyUtils.git
Reference: 5.5.2
Initialized empty Git repository in /Users/admin/builder/spi-builder-workspace/.git/
From https://github.com/tbaranes/SwiftyUtils
* tag 5.5.2 -> FETCH_HEAD
HEAD is now at 2ea7ce9 Releasing 5.5.2
Cloned https://github.com/tbaranes/SwiftyUtils.git
Revision (git rev-parse @):
2ea7ce9677df367cfc55968f9f13aa77a0c741ac
SUCCESS checkout https://github.com/tbaranes/SwiftyUtils.git at 5.5.2
========================================
Build
========================================
Selected platform: visionOS
Swift version: 6.4
Building package at path: $PWD
https://github.com/tbaranes/SwiftyUtils.git
Command line invocation:
/Applications/Xcode-27.0.0-Release.Candidate.app/Contents/Developer/usr/bin/xcodebuild -IDEClonedSourcePackagesDirPathOverride=/Users/admin/builder/spi-builder-workspace/.dependencies -resolvePackageDependencies
resolved source packages:
{
"dependencies" : [
],
"manifest_display_name" : "SwiftyUtils",
"name" : "SwiftyUtils",
"path" : "/Users/admin/builder/spi-builder-workspace",
"platforms" : [
{
"name" : "macos",
"version" : "10.10"
},
{
"name" : "ios",
"version" : "10.0"
},
{
"name" : "tvos",
"version" : "9.0"
},
{
"name" : "watchos",
"version" : "3.0"
}
],
"products" : [
{
"name" : "SwiftyUtils",
"targets" : [
"SwiftyUtils"
],
"type" : {
"library" : [
"automatic"
]
}
}
],
"targets" : [
{
"c99name" : "SwiftyUtilsTests",
"module_type" : "SwiftTarget",
"name" : "SwiftyUtilsTests",
"path" : "Tests",
"resources" : [
{
"path" : "/Users/admin/builder/spi-builder-workspace/Tests/Vendors/UIKit/UICollectionViewCell/ReusableNibCollectionReusableView.xib",
"rule" : {
"process" : {
}
}
},
{
"path" : "/Users/admin/builder/spi-builder-workspace/Tests/Vendors/UIKit/UICollectionViewCell/ReusableNibCollectionViewCell.xib",
"rule" : {
"process" : {
}
}
},
{
"path" : "/Users/admin/builder/spi-builder-workspace/Tests/Vendors/UIKit/Vendor/UITableViewCell/ReusableNibHeaderFooterView.xib",
"rule" : {
"process" : {
}
}
},
{
"path" : "/Users/admin/builder/spi-builder-workspace/Tests/Vendors/UIKit/Vendor/UITableViewCell/ReusableNibTableViewCell.xib",
"rule" : {
"process" : {
}
}
},
{
"path" : "/Users/admin/builder/spi-builder-workspace/Tests/Vendors/UIKit/Views/NibLoadableView.xib",
"rule" : {
"process" : {
}
}
},
{
"path" : "/Users/admin/builder/spi-builder-workspace/Tests/Vendors/UIKit/Views/NibOwnerLoadableView.xib",
"rule" : {
"process" : {
}
}
}
],
"sources" : [
"Extensions/AppKit/NSView/NSViewExtensionsTest.swift",
"Extensions/CoreGraphics/CGFloatLiteral/CGFloatLiteralTests.swift",
"Extensions/CoreGraphics/CGPoint/CGPointExtensionTests.swift",
"Extensions/CoreGraphics/CGRect/CGRectExtensionTest.swift",
"Extensions/CoreGraphics/CGSize/CGSizeExtensionTests.swift",
"Extensions/Foundation/Bundle/BundleExtensionTests.swift",
"Extensions/Foundation/Color/SwiftyColorTests.swift",
"Extensions/Foundation/Date/DateExtensionTests.swift",
"Extensions/Foundation/FileManager/FileManagerTests.swift",
"Extensions/Foundation/NSAttributedString/NSAttributedStringExtensionTests.swift",
"Extensions/Foundation/NSLayoutConstraint/NSLayoutConstraintExtensionTests.swift",
"Extensions/Foundation/NSMutableAttributedString/NSMutableAttributedStringExtensionTests.swift",
"Extensions/Foundation/NSObject/NSObjectExtensionTests.swift",
"Extensions/Foundation/NSRange/NSRangeExtensionTests.swift",
"Extensions/Foundation/ReusableFormatters/ReusableFormattersTests.swift",
"Extensions/Foundation/Timer/TimerExtensionTests.swift",
"Extensions/Foundation/URL/URLExtensionTests.swift",
"Extensions/Foundation/UserDefaults/UserDefaultsExtensionTests.swift",
"Extensions/Swift/Array/ArrayExtensionTests.swift",
"Extensions/Swift/Data/DataExtensionTests.swift",
"Extensions/Swift/Dictionary/DictionaryExtensionTests.swift",
"Extensions/Swift/Double/DoubleExtensionTests.swift",
"Extensions/Swift/Int/IntExtensionTests.swift",
"Extensions/Swift/MutableCollection/MutableExtensionTests.swift",
"Extensions/Swift/Sequence/SequenceExtensionTests.swift",
"Extensions/Swift/String/StringExtensionTests.swift",
"Extensions/UIKit/UIAlertController/UIAlertControllerExtensionTests.swift",
"Extensions/UIKit/UIButton/UIButtonExtensionTests.swift",
"Extensions/UIKit/UICollectionView/UICollectionViewExtensionTests.swift",
"Extensions/UIKit/UICollectionViewCell/UICollectionViewCellExtensionTests.swift",
"Extensions/UIKit/UIDevice/UIDeviceExtensionTests.swift",
"Extensions/UIKit/UIFont/UIFontExtensionTests.swift",
"Extensions/UIKit/UIImage/UIImageExtensionTests.swift",
"Extensions/UIKit/UILabel/UILabelExtensionTests.swift",
"Extensions/UIKit/UIScreen/UIScreenExtensionTests.swift",
"Extensions/UIKit/UISwitch/UISwitchExtensionTests.swift",
"Extensions/UIKit/UITableView/UITableViewTests.swift",
"Extensions/UIKit/UITextField/UITextFieldExtensionTests.swift",
"Extensions/UIKit/UITextView/UITextViewExtensionTests.swift",
"Extensions/UIKit/UIView/UIViewExtensionTests.swift",
"Extensions/UIKit/UIViewController/UIViewControllerExtensionTests.swift",
"Others/UITestingTests.swift",
"Others/UnitTestingTests.swift",
"Others/macOS/SystemUtilityTests.swift",
"PropertyWrappers/UserDefaultsBackedTests.swift",
"Protocols/Swift/AnyOptionalTests.swift",
"Protocols/Swift/OccupiableTests.swift",
"Protocols/Swift/ThenTest.swift",
"Protocols/UIKit/NibLoadableTests.swift",
"Protocols/UIKit/NibOwnerLoadableTests.swift",
"Vendors/UIKit/UICollectionViewCell/ReusableClassCollectionViewCell.swift",
"Vendors/UIKit/UICollectionViewCell/ReusableCollectionReusableView.swift",
"Vendors/UIKit/UICollectionViewCell/ReusableNibCollectionReusableView.swift",
"Vendors/UIKit/UICollectionViewCell/ReusableNibCollectionViewCell.swift",
"Vendors/UIKit/Vendor/UITableViewCell/ReusableClassHeaderFooterView.swift",
"Vendors/UIKit/Vendor/UITableViewCell/ReusableClassTableViewCell.swift",
"Vendors/UIKit/Vendor/UITableViewCell/ReusableNibHeaderFooterView.swift",
"Vendors/UIKit/Vendor/UITableViewCell/ReusableNibTableViewCell.swift",
"Vendors/UIKit/Views/NibLoadableView.swift",
"Vendors/UIKit/Views/NibOwnerLoadableView.swift"
],
"target_dependencies" : [
"SwiftyUtils"
],
"type" : "test"
},
{
"c99name" : "SwiftyUtils",
"module_type" : "SwiftTarget",
"name" : "SwiftyUtils",
"path" : "Sources",
"product_memberships" : [
"SwiftyUtils"
],
"sources" : [
"Constants.swift",
"Extensions/AppKit/NSView/NSViewExtension.swift",
"Extensions/CoreGraphics/CGFloatLiteral/CGFloatLiteral.swift",
"Extensions/CoreGraphics/CGPoint/CGPointExtension.swift",
"Extensions/CoreGraphics/CGRect/CGRectExtensions.swift",
"Extensions/CoreGraphics/CGSize/CGSizeExtension.swift",
"Extensions/Foundation/Bundle/BundleExtension.swift",
"Extensions/Foundation/Color/ColorExtension.swift",
"Extensions/Foundation/Date/DateExtension.swift",
"Extensions/Foundation/FileManager/FileManagerExtension.swift",
"Extensions/Foundation/NSAttributedString/NSAttributedStringExtension.swift",
"Extensions/Foundation/NSLayoutConstraint/NSLayoutConstraintsExtension.swift",
"Extensions/Foundation/NSMutableAttributedString/NSMutableAttributedStringExtension.swift",
"Extensions/Foundation/NSObject/NSObjectExtension.swift",
"Extensions/Foundation/NSRange/NSRangeExtension.swift",
"Extensions/Foundation/NotificationCenter/NotificationCenterExtension.swift",
"Extensions/Foundation/ReusableFormatters/ReusableFormatters.swift",
"Extensions/Foundation/Timer/TimerExtension.swift",
"Extensions/Foundation/URL/URLExtension.swift",
"Extensions/Foundation/UserDefaults/UserDefaultsExtension.swift",
"Extensions/Swift/Array/ArrayExtension.swift",
"Extensions/Swift/Data/DataExtension.swift",
"Extensions/Swift/Dictionary/DictionaryExtension.swift",
"Extensions/Swift/Double/DoubleExtension.swift",
"Extensions/Swift/Int/IntExtension.swift",
"Extensions/Swift/MutableCollection/MutableCollectionExtension.swift",
"Extensions/Swift/Sequence/SequenceExtension.swift",
"Extensions/Swift/String/StringExtension.swift",
"Extensions/SwiftUI/BindingExtension.swift",
"Extensions/UIKit/UIAlertController/UIAlertControllerExtension.swift",
"Extensions/UIKit/UIApplication/UIApplicationExtension.swift",
"Extensions/UIKit/UIButton/UIButtonExtension.swift",
"Extensions/UIKit/UICollectionView/UICollectionViewExtension.swift",
"Extensions/UIKit/UICollectionViewCell/UICollectionViewCellExtension.swift",
"Extensions/UIKit/UIDevice/UIDeviceExtension.swift",
"Extensions/UIKit/UIFont/UIFontExtension.swift",
"Extensions/UIKit/UIImage/UIImageExtension.swift",
"Extensions/UIKit/UILabel/UILabelExtension.swift",
"Extensions/UIKit/UIScreen/UIScreenExtension.swift",
"Extensions/UIKit/UISlider/UISliderExtension.swift",
"Extensions/UIKit/UIStoryboard/UIStoryboardExtension.swift",
"Extensions/UIKit/UISwitch/UISwitchExtension.swift",
"Extensions/UIKit/UITableView/UITableViewExtension.swift",
"Extensions/UIKit/UITextField/UITextFieldExtension.swift",
"Extensions/UIKit/UITextView/UITextViewExtension.swift",
"Extensions/UIKit/UIView/UIViewExtension.swift",
"Extensions/UIKit/UIViewController/UIViewControllerExtension.swift",
"Others/UITesting.swift",
"Others/UnitTesting.swift",
"Others/macOS/SystemUtility.swift",
"PropertyWrappers/UserDefaultsBacked.swift",
"Protocols/Swift/AnyOptional.swift",
"Protocols/Swift/Injectable.swift",
"Protocols/Swift/Occupiable.swift",
"Protocols/Swift/Then.swift",
"Protocols/UIKit/Nibs/NibLoadable.swift",
"Protocols/UIKit/Nibs/NibOwnerLoadable.swift",
"Protocols/UIKit/Reusable/Reusable.swift",
"SwiftUI/Preview/UIElementPreview.swift"
],
"type" : "library"
}
],
"tools_version" : "5.3"
}
{
"project" : {
"configurations" : [
"Debug",
"Release",
"ReleaseTest"
],
"name" : "SwiftyUtils",
"schemes" : [
"SwiftyUtils iOS",
"SwiftyUtils macOS",
"SwiftyUtils tvOS",
"SwiftyUtils watchOS"
],
"targets" : [
"SwiftyUtils iOS",
"SwiftyUtils iOS Tests",
"SwiftyUtils macOS",
"SwiftyUtils macOS Tests",
"SwiftyUtils tvOS",
"SwiftyUtils tvOS Tests",
"SwiftyUtils watchOS"
]
}
}
{
"workspace" : {
"name" : "SwiftyUtils",
"schemes" : [
"SwiftyUtils"
]
}
}
2026-09-18 13:34:27.953 xcodebuild[640:4043] [MT] IDERunDestination: Supported platforms for the buildables in the current scheme is empty.
Running build ...
env DEVELOPER_DIR=/Applications/Xcode-27.0.0-Release.Candidate.app xcrun xcodebuild -IDEClonedSourcePackagesDirPathOverride=$PWD/.dependencies -skipMacroValidation -skipPackagePluginValidation -derivedDataPath $PWD/.derivedData build -scheme SwiftyUtils -destination generic/platform=xrOS
Command line invocation:
/Applications/Xcode-27.0.0-Release.Candidate.app/Contents/Developer/usr/bin/xcodebuild -IDEClonedSourcePackagesDirPathOverride=/Users/admin/builder/spi-builder-workspace/.dependencies -skipMacroValidation -skipPackagePluginValidation -derivedDataPath /Users/admin/builder/spi-builder-workspace/.derivedData build -scheme SwiftyUtils -destination generic/platform=xrOS
Resolve Package Graph
Resolved source packages:
SwiftyUtils: /Users/admin/builder/spi-builder-workspace
ComputePackagePrebuildTargetDependencyGraph
Prepare packages
CreateBuildRequest
SendProjectDescription
CreateBuildOperation
ComputeTargetDependencyGraph
note: Building targets in dependency order
note: Target dependency graph (2 targets)
Target 'SwiftyUtils-product' in project 'SwiftyUtils'
➜ Explicit dependency on target 'SwiftyUtils' in project 'SwiftyUtils'
Target 'SwiftyUtils' in project 'SwiftyUtils' (no dependencies)
GatherProvisioningInputs
CreateBuildDescription
ExecuteExternalTool /Applications/Xcode-27.0.0-Release.Candidate.app/Contents/Developer/Toolchains/XcodeDefault.xctoolchain/usr/bin/clang -v -E -dM -isysroot /Applications/Xcode-27.0.0-Release.Candidate.app/Contents/Developer/Platforms/XROS.platform/Developer/SDKs/XROS27.0.sdk -x c -c /dev/null
ExecuteExternalTool /Applications/Xcode-27.0.0-Release.Candidate.app/Contents/Developer/Toolchains/XcodeDefault.xctoolchain/usr/bin/swiftc --version
ExecuteExternalTool /Applications/Xcode-27.0.0-Release.Candidate.app/Contents/Developer/Toolchains/XcodeDefault.xctoolchain/usr/bin/ld -version_details
Build description signature: f19bcd8599b6f42fea3da7caa26f902f
Build description path: /Users/admin/builder/spi-builder-workspace/.derivedData/Build/Intermediates.noindex/XCBuildData/f19bcd8599b6f42fea3da7caa26f902f.xcbuilddata
CreateBuildDirectory /Users/admin/builder/spi-builder-workspace/.derivedData/SDKExplicitPrecompiledModules
cd /Users/admin/builder/spi-builder-workspace/.swiftpm/xcode
builtin-create-build-directory /Users/admin/builder/spi-builder-workspace/.derivedData/SDKExplicitPrecompiledModules
CreateBuildDirectory /Users/admin/builder/spi-builder-workspace/.derivedData/CompilationCache.noindex
cd /Users/admin/builder/spi-builder-workspace/.swiftpm/xcode
builtin-create-build-directory /Users/admin/builder/spi-builder-workspace/.derivedData/CompilationCache.noindex
CreateBuildDirectory /Users/admin/builder/spi-builder-workspace/.derivedData/ModuleCache.noindex
cd /Users/admin/builder/spi-builder-workspace/.swiftpm/xcode
builtin-create-build-directory /Users/admin/builder/spi-builder-workspace/.derivedData/ModuleCache.noindex
ClangStatCache /Applications/Xcode-27.0.0-Release.Candidate.app/Contents/Developer/Toolchains/XcodeDefault.xctoolchain/usr/bin/clang-stat-cache /Applications/Xcode-27.0.0-Release.Candidate.app/Contents/Developer/Platforms/XROS.platform/Developer/SDKs/XROS27.0.sdk /Users/admin/builder/spi-builder-workspace/.derivedData/SDKStatCaches.noindex/xros27.0-24M361-e829b21a6f8c9b70876ba0858053c044735bd543db762f57723cac368afd1ce4.sdkstatcache
cd /Users/admin/builder/spi-builder-workspace/.swiftpm/xcode
/Applications/Xcode-27.0.0-Release.Candidate.app/Contents/Developer/Toolchains/XcodeDefault.xctoolchain/usr/bin/clang-stat-cache /Applications/Xcode-27.0.0-Release.Candidate.app/Contents/Developer/Platforms/XROS.platform/Developer/SDKs/XROS27.0.sdk -o /Users/admin/builder/spi-builder-workspace/.derivedData/SDKStatCaches.noindex/xros27.0-24M361-e829b21a6f8c9b70876ba0858053c044735bd543db762f57723cac368afd1ce4.sdkstatcache
CreateBuildDirectory /Users/admin/builder/spi-builder-workspace/.derivedData/Build/Products
cd /Users/admin/builder/spi-builder-workspace/.swiftpm/xcode
builtin-create-build-directory /Users/admin/builder/spi-builder-workspace/.derivedData/Build/Products
CreateBuildDirectory /Users/admin/builder/spi-builder-workspace/.derivedData/Build/Intermediates.noindex
cd /Users/admin/builder/spi-builder-workspace/.swiftpm/xcode
builtin-create-build-directory /Users/admin/builder/spi-builder-workspace/.derivedData/Build/Intermediates.noindex
CreateBuildDirectory /Users/admin/builder/spi-builder-workspace/.derivedData/Build/Intermediates.noindex/SwiftExplicitPrecompiledModules
cd /Users/admin/builder/spi-builder-workspace/.swiftpm/xcode
builtin-create-build-directory /Users/admin/builder/spi-builder-workspace/.derivedData/Build/Intermediates.noindex/SwiftExplicitPrecompiledModules
CreateBuildDirectory /Users/admin/builder/spi-builder-workspace/.derivedData/Build/Intermediates.noindex/PrecompiledHeaders
cd /Users/admin/builder/spi-builder-workspace/.swiftpm/xcode
builtin-create-build-directory /Users/admin/builder/spi-builder-workspace/.derivedData/Build/Intermediates.noindex/PrecompiledHeaders
CreateBuildDirectory /Users/admin/builder/spi-builder-workspace/.derivedData/Build/Intermediates.noindex/ExplicitPrecompiledModules
cd /Users/admin/builder/spi-builder-workspace/.swiftpm/xcode
builtin-create-build-directory /Users/admin/builder/spi-builder-workspace/.derivedData/Build/Intermediates.noindex/ExplicitPrecompiledModules
CreateBuildDirectory /Users/admin/builder/spi-builder-workspace/.derivedData/Build/Intermediates.noindex/EagerLinkingTBDs/Debug-xros
cd /Users/admin/builder/spi-builder-workspace/.swiftpm/xcode
builtin-create-build-directory /Users/admin/builder/spi-builder-workspace/.derivedData/Build/Intermediates.noindex/EagerLinkingTBDs/Debug-xros
CreateBuildDirectory /Users/admin/builder/spi-builder-workspace/.derivedData/Build/Products/Debug-xros
cd /Users/admin/builder/spi-builder-workspace/.swiftpm/xcode
builtin-create-build-directory /Users/admin/builder/spi-builder-workspace/.derivedData/Build/Products/Debug-xros
CreateBuildDirectory /Users/admin/builder/spi-builder-workspace/.derivedData/Build/Products/Debug-xros/PackageFrameworks
cd /Users/admin/builder/spi-builder-workspace/.swiftpm/xcode
builtin-create-build-directory /Users/admin/builder/spi-builder-workspace/.derivedData/Build/Products/Debug-xros/PackageFrameworks
WriteAuxiliaryFile /Users/admin/builder/spi-builder-workspace/.derivedData/Build/Intermediates.noindex/SwiftyUtils.build/Debug-xros/SwiftyUtils-t.build/SwiftyUtils.DependencyStaticMetadataFileList (in target 'SwiftyUtils' from project 'SwiftyUtils')
cd /Users/admin/builder/spi-builder-workspace
write-file /Users/admin/builder/spi-builder-workspace/.derivedData/Build/Intermediates.noindex/SwiftyUtils.build/Debug-xros/SwiftyUtils-t.build/SwiftyUtils.DependencyStaticMetadataFileList
WriteAuxiliaryFile /Users/admin/builder/spi-builder-workspace/.derivedData/Build/Intermediates.noindex/SwiftyUtils.build/Debug-xros/SwiftyUtils-t.build/SwiftyUtils.modulemap (in target 'SwiftyUtils' from project 'SwiftyUtils')
cd /Users/admin/builder/spi-builder-workspace
write-file /Users/admin/builder/spi-builder-workspace/.derivedData/Build/Intermediates.noindex/SwiftyUtils.build/Debug-xros/SwiftyUtils-t.build/SwiftyUtils.modulemap
WriteAuxiliaryFile /Users/admin/builder/spi-builder-workspace/.derivedData/Build/Intermediates.noindex/SwiftyUtils.build/Debug-xros/SwiftyUtils-t.build/SwiftyUtils.DependencyMetadataFileList (in target 'SwiftyUtils' from project 'SwiftyUtils')
cd /Users/admin/builder/spi-builder-workspace
write-file /Users/admin/builder/spi-builder-workspace/.derivedData/Build/Intermediates.noindex/SwiftyUtils.build/Debug-xros/SwiftyUtils-t.build/SwiftyUtils.DependencyMetadataFileList
WriteAuxiliaryFile /Users/admin/builder/spi-builder-workspace/.derivedData/Build/Intermediates.noindex/SwiftyUtils.build/Debug-xros/SwiftyUtils-t.build/Objects-normal/arm64/SwiftyUtils.SwiftConstValuesFileList (in target 'SwiftyUtils' from project 'SwiftyUtils')
cd /Users/admin/builder/spi-builder-workspace
write-file /Users/admin/builder/spi-builder-workspace/.derivedData/Build/Intermediates.noindex/SwiftyUtils.build/Debug-xros/SwiftyUtils-t.build/Objects-normal/arm64/SwiftyUtils.SwiftConstValuesFileList
WriteAuxiliaryFile /Users/admin/builder/spi-builder-workspace/.derivedData/Build/Intermediates.noindex/SwiftyUtils.build/Debug-xros/SwiftyUtils-t.build/Objects-normal/arm64/SwiftyUtils_const_extract_protocols.json (in target 'SwiftyUtils' from project 'SwiftyUtils')
cd /Users/admin/builder/spi-builder-workspace
write-file /Users/admin/builder/spi-builder-workspace/.derivedData/Build/Intermediates.noindex/SwiftyUtils.build/Debug-xros/SwiftyUtils-t.build/Objects-normal/arm64/SwiftyUtils_const_extract_protocols.json
WriteAuxiliaryFile /Users/admin/builder/spi-builder-workspace/.derivedData/Build/Intermediates.noindex/SwiftyUtils.build/Debug-xros/SwiftyUtils-t.build/Objects-normal/arm64/SwiftyUtils.SwiftFileList (in target 'SwiftyUtils' from project 'SwiftyUtils')
cd /Users/admin/builder/spi-builder-workspace
write-file /Users/admin/builder/spi-builder-workspace/.derivedData/Build/Intermediates.noindex/SwiftyUtils.build/Debug-xros/SwiftyUtils-t.build/Objects-normal/arm64/SwiftyUtils.SwiftFileList
WriteAuxiliaryFile /Users/admin/builder/spi-builder-workspace/.derivedData/Build/Intermediates.noindex/SwiftyUtils.build/Debug-xros/SwiftyUtils-t.build/Objects-normal/arm64/SwiftyUtils-OutputFileMap.json (in target 'SwiftyUtils' from project 'SwiftyUtils')
cd /Users/admin/builder/spi-builder-workspace
write-file /Users/admin/builder/spi-builder-workspace/.derivedData/Build/Intermediates.noindex/SwiftyUtils.build/Debug-xros/SwiftyUtils-t.build/Objects-normal/arm64/SwiftyUtils-OutputFileMap.json
WriteAuxiliaryFile /Users/admin/builder/spi-builder-workspace/.derivedData/Build/Intermediates.noindex/SwiftyUtils.build/Debug-xros/SwiftyUtils-t.build/Objects-normal/arm64/SwiftyUtils.LinkFileList (in target 'SwiftyUtils' from project 'SwiftyUtils')
cd /Users/admin/builder/spi-builder-workspace
write-file /Users/admin/builder/spi-builder-workspace/.derivedData/Build/Intermediates.noindex/SwiftyUtils.build/Debug-xros/SwiftyUtils-t.build/Objects-normal/arm64/SwiftyUtils.LinkFileList
Copy /Users/admin/builder/spi-builder-workspace/.derivedData/Build/Intermediates.noindex/GeneratedModuleMaps-xros/SwiftyUtils.modulemap /Users/admin/builder/spi-builder-workspace/.derivedData/Build/Intermediates.noindex/SwiftyUtils.build/Debug-xros/SwiftyUtils-t.build/SwiftyUtils.modulemap (in target 'SwiftyUtils' from project 'SwiftyUtils')
cd /Users/admin/builder/spi-builder-workspace
builtin-copy -exclude .DS_Store -exclude CVS -exclude .svn -exclude .git -exclude .hg -resolve-src-symlinks /Users/admin/builder/spi-builder-workspace/.derivedData/Build/Intermediates.noindex/SwiftyUtils.build/Debug-xros/SwiftyUtils-t.build/SwiftyUtils.modulemap /Users/admin/builder/spi-builder-workspace/.derivedData/Build/Intermediates.noindex/GeneratedModuleMaps-xros
SwiftDriver SwiftyUtils normal arm64 com.apple.xcode.tools.swift.compiler (in target 'SwiftyUtils' from project 'SwiftyUtils')
cd /Users/admin/builder/spi-builder-workspace/.swiftpm/xcode
builtin-SwiftDriver -- /Applications/Xcode-27.0.0-Release.Candidate.app/Contents/Developer/Toolchains/XcodeDefault.xctoolchain/usr/bin/swiftc -parse-as-library -module-name SwiftyUtils -Onone @/Users/admin/builder/spi-builder-workspace/.derivedData/Build/Intermediates.noindex/SwiftyUtils.build/Debug-xros/SwiftyUtils-t.build/Objects-normal/arm64/SwiftyUtils.SwiftFileList -DSWIFT_PACKAGE -DDEBUG -DSWIFT_MODULE_RESOURCE_BUNDLE_UNAVAILABLE -DXcode -plugin-path /Applications/Xcode-27.0.0-Release.Candidate.app/Contents/Developer/Toolchains/XcodeDefault.xctoolchain/usr/lib/swift/host/plugins/testing -enable-experimental-feature DebugDescriptionMacro -sdk /Applications/Xcode-27.0.0-Release.Candidate.app/Contents/Developer/Platforms/XROS.platform/Developer/SDKs/XROS27.0.sdk -target arm64-apple-xros1.0 -g -module-cache-path /Users/admin/builder/spi-builder-workspace/.derivedData/ModuleCache.noindex -Xfrontend -serialize-debugging-options -profile-coverage-mapping -profile-generate -enable-testing -index-store-path /Users/admin/builder/spi-builder-workspace/.derivedData/Index.noindex/DataStore -Xcc -D_LIBCPP_HARDENING_MODE\=_LIBCPP_HARDENING_MODE_DEBUG -swift-version 5 -I /Users/admin/builder/spi-builder-workspace/.derivedData/Build/Products/Debug-xros -Isystem /Applications/Xcode-27.0.0-Release.Candidate.app/Contents/Developer/Platforms/XROS.platform/Developer/usr/lib -F /Users/admin/builder/spi-builder-workspace/.derivedData/Build/Products/Debug-xros -F /Applications/Xcode-27.0.0-Release.Candidate.app/Contents/Developer/Platforms/XROS.platform/Developer/Library/Frameworks -F /Applications/Xcode-27.0.0-Release.Candidate.app/Contents/Developer/Platforms/XROS.platform/Developer/SDKs/XROS27.0.sdk/Developer/Library/Frameworks -c -j10 -enable-batch-mode -incremental -Xcc -ivfsstatcache -Xcc /Users/admin/builder/spi-builder-workspace/.derivedData/SDKStatCaches.noindex/xros27.0-24M361-e829b21a6f8c9b70876ba0858053c044735bd543db762f57723cac368afd1ce4.sdkstatcache -output-file-map /Users/admin/builder/spi-builder-workspace/.derivedData/Build/Intermediates.noindex/SwiftyUtils.build/Debug-xros/SwiftyUtils-t.build/Objects-normal/arm64/SwiftyUtils-OutputFileMap.json -save-temps -no-color-diagnostics -explicit-module-build -module-cache-path /Users/admin/builder/spi-builder-workspace/.derivedData/Build/Intermediates.noindex/SwiftExplicitPrecompiledModules -clang-scanner-module-cache-path /Users/admin/builder/spi-builder-workspace/.derivedData/ModuleCache.noindex -sdk-module-cache-path /Users/admin/builder/spi-builder-workspace/.derivedData/SDKExplicitPrecompiledModules -emit-dependencies -emit-module -emit-module-path /Users/admin/builder/spi-builder-workspace/.derivedData/Build/Intermediates.noindex/SwiftyUtils.build/Debug-xros/SwiftyUtils-t.build/Objects-normal/arm64/SwiftyUtils.swiftmodule -serialize-diagnostics -dependency-scan-serialize-diagnostics-path /Users/admin/builder/spi-builder-workspace/.derivedData/Build/Intermediates.noindex/SwiftyUtils.build/Debug-xros/SwiftyUtils-t.build/Objects-normal/arm64/SwiftyUtils-dependency-scan.dia -validate-clang-modules-once -clang-build-session-file /Users/admin/builder/spi-builder-workspace/.derivedData/ModuleCache.noindex/Session.modulevalidation -Xcc -fmodules-prune-interval\=86400 -Xcc -fmodules-prune-after\=345600 -emit-const-values -const-gather-protocols-list /Users/admin/builder/spi-builder-workspace/.derivedData/Build/Intermediates.noindex/SwiftyUtils.build/Debug-xros/SwiftyUtils-t.build/Objects-normal/arm64/SwiftyUtils_const_extract_protocols.json -Xcc -I/Users/admin/builder/spi-builder-workspace/.derivedData/Build/Products/Debug-xros/include -Xcc -I/Users/admin/builder/spi-builder-workspace/.derivedData/Build/Intermediates.noindex/SwiftyUtils.build/Debug-xros/SwiftyUtils-t.build/DerivedSources-normal/arm64 -Xcc -I/Users/admin/builder/spi-builder-workspace/.derivedData/Build/Intermediates.noindex/SwiftyUtils.build/Debug-xros/SwiftyUtils-t.build/DerivedSources/arm64 -Xcc -I/Users/admin/builder/spi-builder-workspace/.derivedData/Build/Intermediates.noindex/SwiftyUtils.build/Debug-xros/SwiftyUtils-t.build/DerivedSources -Xcc -DSWIFT_PACKAGE -Xcc -DDEBUG\=1 -emit-objc-header -emit-objc-header-path /Users/admin/builder/spi-builder-workspace/.derivedData/Build/Intermediates.noindex/SwiftyUtils.build/Debug-xros/SwiftyUtils-t.build/Objects-normal/arm64/SwiftyUtils-Swift.h -working-directory /Users/admin/builder/spi-builder-workspace/.swiftpm/xcode -experimental-emit-module-separately -disable-cmo
SwiftExplicitDependencyGeneratePcm arm64 /Users/admin/builder/spi-builder-workspace/.derivedData/SDKExplicitPrecompiledModules/_Builtin_stdarg-CDA349K2K4US766844K8E0PVA.pcm
SwiftExplicitDependencyGeneratePcm arm64 /Users/admin/builder/spi-builder-workspace/.derivedData/SDKExplicitPrecompiledModules/DeveloperToolsSupport-46GOQP8J1QTHLYQSJW81T8UZ3.pcm
SwiftExplicitDependencyGeneratePcm arm64 /Users/admin/builder/spi-builder-workspace/.derivedData/SDKExplicitPrecompiledModules/_Builtin_stdbool-5BU2ADS7JXQMYENKQHW9X8XOU.pcm
SwiftExplicitDependencyGeneratePcm arm64 /Users/admin/builder/spi-builder-workspace/.derivedData/SDKExplicitPrecompiledModules/_Builtin_stddef-5NQ9Z1GV07GBSRQGAQCGXGVRI.pcm
SwiftExplicitDependencyGeneratePcm arm64 /Users/admin/builder/spi-builder-workspace/.derivedData/SDKExplicitPrecompiledModules/_Builtin_float-6WKHNW5S40U2QGHXXGETUDIRA.pcm
SwiftExplicitDependencyGeneratePcm arm64 /Users/admin/builder/spi-builder-workspace/.derivedData/SDKExplicitPrecompiledModules/SwiftShims-CI4H5RO9IYFFWQ2COB512Q2S9.pcm
SwiftExplicitDependencyGeneratePcm arm64 /Users/admin/builder/spi-builder-workspace/.derivedData/SDKExplicitPrecompiledModules/_AvailabilityInternal-1Q8IQP6M38UWSGZ95UCEY2M44.pcm
SwiftExplicitDependencyGeneratePcm arm64 /Users/admin/builder/spi-builder-workspace/.derivedData/SDKExplicitPrecompiledModules/_SwiftConcurrencyShims-C8XHKSHX96D5YYALNM4W70Z0O.pcm
SwiftExplicitDependencyGeneratePcm arm64 /Users/admin/builder/spi-builder-workspace/.derivedData/SDKExplicitPrecompiledModules/ShaderGraph-AW1O397P711WTY8KSK8LZX9YA.pcm
SwiftExplicitDependencyGeneratePcm arm64 /Users/admin/builder/spi-builder-workspace/.derivedData/SDKExplicitPrecompiledModules/ptrcheck-BXA97MNLI4BB0HF5I8MJE403D.pcm
SwiftExplicitDependencyGeneratePcm arm64 /Users/admin/builder/spi-builder-workspace/.derivedData/SDKExplicitPrecompiledModules/ptrauth-1WBA714DZSVUL5JQDJ08CLKZ.pcm
SwiftExplicitDependencyGeneratePcm arm64 /Users/admin/builder/spi-builder-workspace/.derivedData/SDKExplicitPrecompiledModules/_DarwinFoundation1-5RGRVV2TZ6WC4WZW5IXF8NQ04.pcm
SwiftExplicitDependencyGeneratePcm arm64 /Users/admin/builder/spi-builder-workspace/.derivedData/SDKExplicitPrecompiledModules/_DarwinFoundation2-ENTECK156YEWITZRRBTOCE4KR.pcm
SwiftExplicitDependencyGeneratePcm arm64 /Users/admin/builder/spi-builder-workspace/.derivedData/SDKExplicitPrecompiledModules/_Builtin_limits-425JDMN5HPM3D0UEI8LEHP6NM.pcm
SwiftExplicitDependencyGeneratePcm arm64 /Users/admin/builder/spi-builder-workspace/.derivedData/SDKExplicitPrecompiledModules/_Builtin_tgmath-BPYSMHWI520EQRL2HW519ZY7Z.pcm
SwiftExplicitDependencyGeneratePcm arm64 /Users/admin/builder/spi-builder-workspace/.derivedData/SDKExplicitPrecompiledModules/sys_types-AYM0BHR77VKMWZCO2T0XGV2HF.pcm
SwiftExplicitDependencyGeneratePcm arm64 /Users/admin/builder/spi-builder-workspace/.derivedData/SDKExplicitPrecompiledModules/string_h-2GT67HHHHK5CF1V1S31LH0PU2.pcm
SwiftExplicitDependencyGeneratePcm arm64 /Users/admin/builder/spi-builder-workspace/.derivedData/SDKExplicitPrecompiledModules/_Builtin_stdint-8OR6T47OOYJA90ZBO3N1USDE.pcm
SwiftExplicitDependencyGeneratePcm arm64 /Users/admin/builder/spi-builder-workspace/.derivedData/SDKExplicitPrecompiledModules/_Builtin_intrinsics-BC5IJI3YI34RQ61ZNVDRDZ6RN.pcm
SwiftExplicitDependencyGeneratePcm arm64 /Users/admin/builder/spi-builder-workspace/.derivedData/SDKExplicitPrecompiledModules/_Builtin_stdatomic-1VUZPM79PNCAHXVBERD53WRSF.pcm
SwiftExplicitDependencyGeneratePcm arm64 /Users/admin/builder/spi-builder-workspace/.derivedData/SDKExplicitPrecompiledModules/_DarwinFoundation3-9ZHN6JKBS40BBA81RQMV8H0IC.pcm
SwiftExplicitDependencyGeneratePcm arm64 /Users/admin/builder/spi-builder-workspace/.derivedData/SDKExplicitPrecompiledModules/_Builtin_inttypes-11B64KJD36B3YOHBR1BBXBJY8.pcm
SwiftExplicitDependencyGeneratePcm arm64 /Users/admin/builder/spi-builder-workspace/.derivedData/SDKExplicitPrecompiledModules/Darwin-60P5LVNQO3ESRRM5DCJ05PFNK.pcm
SwiftExplicitDependencyGeneratePcm arm64 /Users/admin/builder/spi-builder-workspace/.derivedData/SDKExplicitPrecompiledModules/simd-9XXAB17Y6E4BBPQADD61NZ23.pcm
SwiftExplicitDependencyGeneratePcm arm64 /Users/admin/builder/spi-builder-workspace/.derivedData/SDKExplicitPrecompiledModules/ObjectiveC-26TIBFYCEJZVP216ZZAU1X8KN.pcm
SwiftExplicitDependencyGeneratePcm arm64 /Users/admin/builder/spi-builder-workspace/.derivedData/SDKExplicitPrecompiledModules/MachO-3XTHY7HWV6RF3KXKYQVHUBUXK.pcm
SwiftExplicitDependencyGeneratePcm arm64 /Users/admin/builder/spi-builder-workspace/.derivedData/SDKExplicitPrecompiledModules/os_object-692CJ8BG6RE5H04487EJJOVXW.pcm
SwiftExplicitDependencyGeneratePcm arm64 /Users/admin/builder/spi-builder-workspace/.derivedData/SDKExplicitPrecompiledModules/os_workgroup-4U1VXMWIZD80E7PRUQF2G7P9X.pcm
SwiftExplicitDependencyGeneratePcm arm64 /Users/admin/builder/spi-builder-workspace/.derivedData/SDKExplicitPrecompiledModules/Dispatch-CLT3466HKC22GCKAWSCNG0H7T.pcm
SwiftExplicitDependencyGeneratePcm arm64 /Users/admin/builder/spi-builder-workspace/.derivedData/SDKExplicitPrecompiledModules/Spatial-5E0I2846LO3ZE24CSVR2O57TI.pcm
SwiftExplicitDependencyGeneratePcm arm64 /Users/admin/builder/spi-builder-workspace/.derivedData/SDKExplicitPrecompiledModules/CoreFoundation-AVLTZVCXBU2TO75JCN4AGU8XJ.pcm
SwiftExplicitDependencyGeneratePcm arm64 /Users/admin/builder/spi-builder-workspace/.derivedData/SDKExplicitPrecompiledModules/dnssd-CCUV1M8EULNEQJUXO7L0PJAL4.pcm
SwiftExplicitDependencyGeneratePcm arm64 /Users/admin/builder/spi-builder-workspace/.derivedData/SDKExplicitPrecompiledModules/XPC-EP5EU7FNGP4VOA3EDM18P1KHO.pcm
SwiftExplicitDependencyGeneratePcm arm64 /Users/admin/builder/spi-builder-workspace/.derivedData/SDKExplicitPrecompiledModules/os-1004XEJ3IXOOAU0KL58SM3D0K.pcm
SwiftExplicitDependencyGeneratePcm arm64 /Users/admin/builder/spi-builder-workspace/.derivedData/SDKExplicitPrecompiledModules/CoreGraphics-BFUJ177R223UT2ZI327ZTZY91.pcm
SwiftExplicitDependencyGeneratePcm arm64 /Users/admin/builder/spi-builder-workspace/.derivedData/SDKExplicitPrecompiledModules/CFNetwork-5MI70N1VLDQSWTX4COWLMSIRO.pcm
SwiftExplicitDependencyGeneratePcm arm64 /Users/admin/builder/spi-builder-workspace/.derivedData/SDKExplicitPrecompiledModules/CoreAudioTypes-45UXYEQRN95KG6BF2CW0QIYK9.pcm
SwiftExplicitDependencyGeneratePcm arm64 /Users/admin/builder/spi-builder-workspace/.derivedData/SDKExplicitPrecompiledModules/Security-8TH2M8WJIQMET4SADWX0N8372.pcm
SwiftExplicitDependencyGeneratePcm arm64 /Users/admin/builder/spi-builder-workspace/.derivedData/SDKExplicitPrecompiledModules/CoreAudio-CXS3C78T5TQDGLEGXIBJ04WJ4.pcm
SwiftExplicitDependencyGeneratePcm arm64 /Users/admin/builder/spi-builder-workspace/.derivedData/SDKExplicitPrecompiledModules/Foundation-8GON1KVEKRN3NOQI8RETBRWJP.pcm
SwiftExplicitDependencyGeneratePcm arm64 /Users/admin/builder/spi-builder-workspace/.derivedData/SDKExplicitPrecompiledModules/CoreText-6F9TY5TEPCCZ1K2KYM4GMEGHD.pcm
SwiftExplicitDependencyGeneratePcm arm64 /Users/admin/builder/spi-builder-workspace/.derivedData/SDKExplicitPrecompiledModules/ImageIO-5CC6COR9KJYI1UBL7CSHLU2OG.pcm
SwiftExplicitDependencyGeneratePcm arm64 /Users/admin/builder/spi-builder-workspace/.derivedData/SDKExplicitPrecompiledModules/Accessibility-1DR4J4YDVDGAYQTZ0FKZ1PU09.pcm
SwiftExplicitDependencyGeneratePcm arm64 /Users/admin/builder/spi-builder-workspace/.derivedData/SDKExplicitPrecompiledModules/DataDetection-BANTQ3WXXGKZJYC0LLB3MD9K0.pcm
SwiftExplicitDependencyGeneratePcm arm64 /Users/admin/builder/spi-builder-workspace/.derivedData/SDKExplicitPrecompiledModules/UserNotifications-8IIV1V1FPNAPA4LY1Y23LOM2N.pcm
SwiftExplicitDependencyGeneratePcm arm64 /Users/admin/builder/spi-builder-workspace/.derivedData/SDKExplicitPrecompiledModules/UIUtilities-AOVGLUWEAN6CG2UZFNESGSP6C.pcm
SwiftExplicitDependencyGeneratePcm arm64 /Users/admin/builder/spi-builder-workspace/.derivedData/SDKExplicitPrecompiledModules/LocalAuthentication-9MSPUJ85OBXBTOD7NJCT1GZ0O.pcm
SwiftExplicitDependencyGeneratePcm arm64 /Users/admin/builder/spi-builder-workspace/.derivedData/SDKExplicitPrecompiledModules/UniformTypeIdentifiers-E5KMWDZEKS4QW9RO1KBRDEXV6.pcm
SwiftExplicitDependencyGeneratePcm arm64 /Users/admin/builder/spi-builder-workspace/.derivedData/SDKExplicitPrecompiledModules/OSLog-BNGT87TS0GMBFF7TY70HHB69.pcm
SwiftExplicitDependencyGeneratePcm arm64 /Users/admin/builder/spi-builder-workspace/.derivedData/SDKExplicitPrecompiledModules/_LocationEssentials-8GQGFVARUE99D8VJX3TINY0VP.pcm
SwiftExplicitDependencyGeneratePcm arm64 /Users/admin/builder/spi-builder-workspace/.derivedData/SDKExplicitPrecompiledModules/Network-EQPZZF3W6BWG89K0PY9NZO3T0.pcm
SwiftExplicitDependencyGeneratePcm arm64 /Users/admin/builder/spi-builder-workspace/.derivedData/SDKExplicitPrecompiledModules/IOSurface-5FE9U89GVFF9A7X7AGO2R8ENI.pcm
SwiftExplicitDependencyGeneratePcm arm64 /Users/admin/builder/spi-builder-workspace/.derivedData/SDKExplicitPrecompiledModules/CoreData-73N6Z547OZUEZ8ADGEC6XRHWN.pcm
SwiftExplicitDependencyGeneratePcm arm64 /Users/admin/builder/spi-builder-workspace/.derivedData/SDKExplicitPrecompiledModules/CoreMIDI-7L19IC4ZH9BPYLVTD8IIFWN9R.pcm
SwiftExplicitDependencyGeneratePcm arm64 /Users/admin/builder/spi-builder-workspace/.derivedData/SDKExplicitPrecompiledModules/CoreLocation-1SN37095DAPVJ068LLP9TBDQX.pcm
SwiftExplicitDependencyGeneratePcm arm64 /Users/admin/builder/spi-builder-workspace/.derivedData/SDKExplicitPrecompiledModules/CoreTransferable-8TBYAKHCX6UC8QQSS7BD8GQK5.pcm
SwiftExplicitDependencyGeneratePcm arm64 /Users/admin/builder/spi-builder-workspace/.derivedData/SDKExplicitPrecompiledModules/Symbols-8G2XC01RPQ5HYIZE6JNUT864I.pcm
SwiftExplicitDependencyGeneratePcm arm64 /Users/admin/builder/spi-builder-workspace/.derivedData/SDKExplicitPrecompiledModules/FileProvider-C9I28SI56F2SEVH1BCWTKGODO.pcm
SwiftExplicitDependencyGeneratePcm arm64 /Users/admin/builder/spi-builder-workspace/.derivedData/SDKExplicitPrecompiledModules/OpenGLES-56BKSYXNVAP91BYZRWAKQZKGI.pcm
SwiftExplicitDependencyGeneratePcm arm64 /Users/admin/builder/spi-builder-workspace/.derivedData/SDKExplicitPrecompiledModules/Metal-EKNUM9P3PRIBHZK1ZBD6BA2T7.pcm
SwiftExplicitDependencyGeneratePcm arm64 /Users/admin/builder/spi-builder-workspace/.derivedData/SDKExplicitPrecompiledModules/AVRouting-55P8FRNK50AFZOMMB2LBBOX33.pcm
SwiftExplicitDependencyGeneratePcm arm64 /Users/admin/builder/spi-builder-workspace/.derivedData/SDKExplicitPrecompiledModules/CoreMotion-10LV922UPGE28QX2SOIO7ALIZ.pcm
SwiftExplicitDependencyGeneratePcm arm64 /Users/admin/builder/spi-builder-workspace/.derivedData/SDKExplicitPrecompiledModules/AudioToolbox-2K3S8EA590EB3GMH6D6784BWZ.pcm
SwiftExplicitDependencyCompileModuleFromInterface arm64 /Users/admin/builder/spi-builder-workspace/.derivedData/SDKExplicitPrecompiledModules/ShaderGraph-URHKVVOFZL5Z.swiftmodule
SwiftExplicitDependencyGeneratePcm arm64 /Users/admin/builder/spi-builder-workspace/.derivedData/SDKExplicitPrecompiledModules/CoreVideo-E12HJSJSLO0YKWYBES11UKJ02.pcm
SwiftExplicitDependencyGeneratePcm arm64 /Users/admin/builder/spi-builder-workspace/.derivedData/SDKExplicitPrecompiledModules/QuartzCore-12T8WVKUNCL1N7VXH87MM4YOB.pcm
SwiftExplicitDependencyGeneratePcm arm64 /Users/admin/builder/spi-builder-workspace/.derivedData/SDKExplicitPrecompiledModules/CoreMedia-D1IBHC28BRHWLNUG1Q75G5YN0.pcm
SwiftExplicitDependencyGeneratePcm arm64 /Users/admin/builder/spi-builder-workspace/.derivedData/SDKExplicitPrecompiledModules/CoreML-37QYERWC0RQN4IY4377UD0TY1.pcm
SwiftExplicitDependencyGeneratePcm arm64 /Users/admin/builder/spi-builder-workspace/.derivedData/SDKExplicitPrecompiledModules/ARKitFoundation-3N77COW7DLP77CM0PWZXSR9BD.pcm
SwiftExplicitDependencyGeneratePcm arm64 /Users/admin/builder/spi-builder-workspace/.derivedData/SDKExplicitPrecompiledModules/CoreImage-8WF1P230U10QM666EQMNV7OF1.pcm
SwiftExplicitDependencyGeneratePcm arm64 /Users/admin/builder/spi-builder-workspace/.derivedData/SDKExplicitPrecompiledModules/SwiftUICore-6OBBMA39VFD4CB6SG2PE41FAP.pcm
SwiftExplicitDependencyGeneratePcm arm64 /Users/admin/builder/spi-builder-workspace/.derivedData/SDKExplicitPrecompiledModules/UIKit-2D2PMAAE45TMO6S28UCGCO5BR.pcm
SwiftExplicitDependencyGeneratePcm arm64 /Users/admin/builder/spi-builder-workspace/.derivedData/SDKExplicitPrecompiledModules/VideoToolbox-7I4MDYIPJ4IWU1ZSL4JE3I7M6.pcm
SwiftExplicitDependencyGeneratePcm arm64 /Users/admin/builder/spi-builder-workspace/.derivedData/SDKExplicitPrecompiledModules/MediaToolbox-1J5U29ERBPNPI1HKEJHXOP8EV.pcm
SwiftExplicitDependencyGeneratePcm arm64 /Users/admin/builder/spi-builder-workspace/.derivedData/SDKExplicitPrecompiledModules/Vision-DVVG9MQGC3IMTVPTC1691MQ6Z.pcm
SwiftExplicitDependencyGeneratePcm arm64 /Users/admin/builder/spi-builder-workspace/.derivedData/SDKExplicitPrecompiledModules/AVFAudio-E8GATWFYYBEBB41O9N0LRRGYC.pcm
SwiftExplicitDependencyGeneratePcm arm64 /Users/admin/builder/spi-builder-workspace/.derivedData/SDKExplicitPrecompiledModules/AVFoundation-DFCX8GQJWVA3CZBITWEHAZEFX.pcm
SwiftExplicitDependencyGeneratePcm arm64 /Users/admin/builder/spi-builder-workspace/.derivedData/SDKExplicitPrecompiledModules/ARKitCore-307YVPJLQNB66BTBIONHZNP86.pcm
SwiftExplicitDependencyGeneratePcm arm64 /Users/admin/builder/spi-builder-workspace/.derivedData/SDKExplicitPrecompiledModules/SwiftUI-77PUPXISY3V3TUF5FJEHUQC86.pcm
SwiftExplicitDependencyGeneratePcm arm64 /Users/admin/builder/spi-builder-workspace/.derivedData/SDKExplicitPrecompiledModules/GameController-7QL0VMQHE24OWQFUR0UFT89DW.pcm
SwiftExplicitDependencyGeneratePcm arm64 /Users/admin/builder/spi-builder-workspace/.derivedData/SDKExplicitPrecompiledModules/ARKit-27VDPOZ50FG2MJG7OFV6IFQYQ.pcm
SwiftEmitModule normal arm64 Emitting\ module\ for\ SwiftyUtils (in target 'SwiftyUtils' from project 'SwiftyUtils')
/Users/admin/builder/spi-builder-workspace/Sources/Extensions/Foundation/Color/ColorExtension.swift:14:11: error: cannot find type 'SwiftyColor' in scope
12 | // MARK: Init
13 |
14 | extension SwiftyColor {
| `- error: cannot find type 'SwiftyColor' in scope
15 |
16 | /// Initialize a Color from an hex String.
/Users/admin/builder/spi-builder-workspace/Sources/Extensions/Foundation/Color/ColorExtension.swift:45:11: error: cannot find type 'SwiftyColor' in scope
43 |
44 | #if !os(OSX)
45 | extension SwiftyColor {
| `- error: cannot find type 'SwiftyColor' in scope
46 |
47 | /// Extract the red component from the `Color`.
/Users/admin/builder/spi-builder-workspace/Sources/Extensions/Foundation/Color/ColorExtension.swift:84:11: error: cannot find type 'SwiftyColor' in scope
82 | // MARK: - Brightness
83 |
84 | extension SwiftyColor {
| `- error: cannot find type 'SwiftyColor' in scope
85 |
86 | /// Make the Color lighter.
/Users/admin/builder/spi-builder-workspace/Sources/Extensions/Foundation/NSLayoutConstraint/NSLayoutConstraintsExtension.swift:13:11: error: cannot find type 'NSLayoutConstraint' in scope
11 |
12 | #if !os(watchOS)
13 | extension NSLayoutConstraint {
| `- error: cannot find type 'NSLayoutConstraint' in scope
14 |
15 | /// Update the constraint's constant by multipilying the view's width or height
/Users/admin/builder/spi-builder-workspace/Sources/Extensions/Foundation/NSMutableAttributedString/NSMutableAttributedStringExtension.swift:24:39: error: cannot find type 'SwiftyColor' in scope
22 | /// - Returns: The new NSMutableAttributedString.
23 | public static func colored(inText text: String,
24 | color: SwiftyColor,
| `- error: cannot find type 'SwiftyColor' in scope
25 | afterOcurrence occurence: String) -> NSMutableAttributedString {
26 | let attrStr = NSMutableAttributedString(string: text)
/Users/admin/builder/spi-builder-workspace/Sources/Extensions/Foundation/NSMutableAttributedString/NSMutableAttributedStringExtension.swift:39:39: error: cannot find type 'SwiftyColor' in scope
37 | /// - Returns: The new NSMutableAttributedString.
38 | public static func colored(inText text: String,
39 | color: SwiftyColor,
| `- error: cannot find type 'SwiftyColor' in scope
40 | occurences searchString: String) -> NSMutableAttributedString {
41 | let attrStr = NSMutableAttributedString(string: text)
/Users/admin/builder/spi-builder-workspace/Sources/Extensions/Foundation/NSMutableAttributedString/NSMutableAttributedStringExtension.swift:50:32: error: cannot find type 'SwiftyColor' in scope
48 | /// - color: The color that will be applied to the attribute.
49 | /// - searchString: The text on which the attribute will be applied (for each occurences found).
50 | public func color(_ color: SwiftyColor,
| `- error: cannot find type 'SwiftyColor' in scope
51 | afterOcurrence occurence: String) {
52 | let range = NSRange(text: string, afterOccurence: occurence)
/Users/admin/builder/spi-builder-workspace/Sources/Extensions/Foundation/NSMutableAttributedString/NSMutableAttributedStringExtension.swift:62:32: error: cannot find type 'SwiftyColor' in scope
60 | /// - color: The color that will be applied to each occurence.
61 | /// - searchString: The text on which the attribute will be applied (for each occurences found).
62 | public func color(_ color: SwiftyColor, occurences searchString: String) {
| `- error: cannot find type 'SwiftyColor' in scope
63 | addAttribute(forOccurence: searchString, value: color, addAttributeMethod: addColorAttribute)
64 | }
/Users/admin/builder/spi-builder-workspace/Sources/Extensions/Foundation/NSMutableAttributedString/NSMutableAttributedStringExtension.swift:167:35: error: cannot find type 'SwiftyFont' in scope
165 | /// - Returns: The new NSMutableAttributedString.
166 | public static func font(inText text: String,
167 | font: SwiftyFont,
| `- error: cannot find type 'SwiftyFont' in scope
168 | afterOcurrence occurence: String) -> NSMutableAttributedString {
169 | let attrStr = NSMutableAttributedString(string: text)
/Users/admin/builder/spi-builder-workspace/Sources/Extensions/Foundation/NSMutableAttributedString/NSMutableAttributedStringExtension.swift:181:35: error: cannot find type 'SwiftyFont' in scope
179 | /// - Returns: The new NSMutableAttributedString.
180 | public static func font(inText text: String,
181 | font: SwiftyFont,
| `- error: cannot find type 'SwiftyFont' in scope
182 | occurences searchString: String) -> NSMutableAttributedString {
183 | let attrStr = NSMutableAttributedString(string: text)
/Users/admin/builder/spi-builder-workspace/Sources/Extensions/Foundation/NSMutableAttributedString/NSMutableAttributedStringExtension.swift:192:30: error: cannot find type 'SwiftyFont' in scope
190 | /// - font: The font that will be applied to the attribute.
191 | /// - occurence: The part of the text where the attribute won't be applied.
192 | public func font(_ font: SwiftyFont, afterOcurrence occurence: String) {
| `- error: cannot find type 'SwiftyFont' in scope
193 | let range = NSRange(text: string, afterOccurence: occurence)
194 | if range.location != NSNotFound {
/Users/admin/builder/spi-builder-workspace/Sources/Extensions/Foundation/NSMutableAttributedString/NSMutableAttributedStringExtension.swift:203:30: error: cannot find type 'SwiftyFont' in scope
201 | /// - font: The font that will be applied to each occurence.
202 | /// - searchString: The text on which the attribute will be applied (for each occurences found).
203 | public func font(_ font: SwiftyFont, occurences searchString: String) {
| `- error: cannot find type 'SwiftyFont' in scope
204 | addAttribute(forOccurence: searchString, value: font, addAttributeMethod: addFontAttribute)
205 | }
/Users/admin/builder/spi-builder-workspace/Sources/Protocols/UIKit/Nibs/NibLoadable.swift:16:21: warning: 'UINib' was deprecated in visionOS 1.0: Loading Interface Builder products will not be supported in a future version of visionOS. [#DeprecatedDeclaration]
14 | public protocol NibLoadable: AnyObject {
15 | /// The nib file to use to load a new instance of the View from a Xib.
16 | static var nib: UINib { get }
| `- warning: 'UINib' was deprecated in visionOS 1.0: Loading Interface Builder products will not be supported in a future version of visionOS. [#DeprecatedDeclaration]
17 | }
18 |
/Users/admin/builder/spi-builder-workspace/Sources/Protocols/UIKit/Nibs/NibLoadable.swift:21:28: warning: 'UINib' was deprecated in visionOS 1.0: Loading Interface Builder products will not be supported in a future version of visionOS. [#DeprecatedDeclaration]
19 | extension NibLoadable {
20 | /// Use by default the nib which have the same name as the the class and located in the bundle of that class
21 | public static var nib: UINib {
| `- warning: 'UINib' was deprecated in visionOS 1.0: Loading Interface Builder products will not be supported in a future version of visionOS. [#DeprecatedDeclaration]
22 | UINib(nibName: String(describing: self), bundle: Bundle(for: self))
23 | }
/Users/admin/builder/spi-builder-workspace/Sources/Protocols/UIKit/Nibs/NibOwnerLoadable.swift:16:21: warning: 'UINib' was deprecated in visionOS 1.0: Loading Interface Builder products will not be supported in a future version of visionOS. [#DeprecatedDeclaration]
14 | public protocol NibOwnerLoadable: AnyObject {
15 | /// The nib file to use to load a new instance of the View from a Xib.
16 | static var nib: UINib { get }
| `- warning: 'UINib' was deprecated in visionOS 1.0: Loading Interface Builder products will not be supported in a future version of visionOS. [#DeprecatedDeclaration]
17 | }
18 |
/Users/admin/builder/spi-builder-workspace/Sources/Protocols/UIKit/Nibs/NibOwnerLoadable.swift:23:28: warning: 'UINib' was deprecated in visionOS 1.0: Loading Interface Builder products will not be supported in a future version of visionOS. [#DeprecatedDeclaration]
21 | extension NibOwnerLoadable {
22 | /// Use by default the nib which have the same name as the the class and located in the bundle of that class
23 | public static var nib: UINib {
| `- warning: 'UINib' was deprecated in visionOS 1.0: Loading Interface Builder products will not be supported in a future version of visionOS. [#DeprecatedDeclaration]
24 | UINib(nibName: String(describing: self), bundle: Bundle(for: self))
25 | }
[#DeprecatedDeclaration]: <https://docs.swift.org/compiler/documentation/diagnostics/deprecated-declaration>
Failed frontend command:
SwiftCompile normal arm64 (in target 'SwiftyUtils' from project 'SwiftyUtils')
cd /Users/admin/builder/spi-builder-workspace/.swiftpm/xcode
/Applications/Xcode-27.0.0-Release.Candidate.app/Contents/Developer/Toolchains/XcodeDefault.xctoolchain/usr/bin/swift-frontend -frontend -emit-module -experimental-skip-non-inlinable-function-bodies-without-types /Users/admin/builder/spi-builder-workspace/Sources/Constants.swift /Users/admin/builder/spi-builder-workspace/Sources/Extensions/AppKit/NSView/NSViewExtension.swift /Users/admin/builder/spi-builder-workspace/Sources/Extensions/CoreGraphics/CGFloatLiteral/CGFloatLiteral.swift /Users/admin/builder/spi-builder-workspace/Sources/Extensions/CoreGraphics/CGPoint/CGPointExtension.swift /Users/admin/builder/spi-builder-workspace/Sources/Extensions/CoreGraphics/CGRect/CGRectExtensions.swift /Users/admin/builder/spi-builder-workspace/Sources/Extensions/CoreGraphics/CGSize/CGSizeExtension.swift /Users/admin/builder/spi-builder-workspace/Sources/Extensions/Foundation/Bundle/BundleExtension.swift /Users/admin/builder/spi-builder-workspace/Sources/Extensions/Foundation/Color/ColorExtension.swift /Users/admin/builder/spi-builder-workspace/Sources/Extensions/Foundation/Date/DateExtension.swift /Users/admin/builder/spi-builder-workspace/Sources/Extensions/Foundation/FileManager/FileManagerExtension.swift /Users/admin/builder/spi-builder-workspace/Sources/Extensions/Foundation/NSAttributedString/NSAttributedStringExtension.swift /Users/admin/builder/spi-builder-workspace/Sources/Extensions/Foundation/NSLayoutConstraint/NSLayoutConstraintsExtension.swift /Users/admin/builder/spi-builder-workspace/Sources/Extensions/Foundation/NSMutableAttributedString/NSMutableAttributedStringExtension.swift /Users/admin/builder/spi-builder-workspace/Sources/Extensions/Foundation/NSObject/NSObjectExtension.swift /Users/admin/builder/spi-builder-workspace/Sources/Extensions/Foundation/NSRange/NSRangeExtension.swift /Users/admin/builder/spi-builder-workspace/Sources/Extensions/Foundation/NotificationCenter/NotificationCenterExtension.swift /Users/admin/builder/spi-builder-workspace/Sources/Extensions/Foundation/ReusableFormatters/ReusableFormatters.swift /Users/admin/builder/spi-builder-workspace/Sources/Extensions/Foundation/Timer/TimerExtension.swift /Users/admin/builder/spi-builder-workspace/Sources/Extensions/Foundation/URL/URLExtension.swift /Users/admin/builder/spi-builder-workspace/Sources/Extensions/Foundation/UserDefaults/UserDefaultsExtension.swift /Users/admin/builder/spi-builder-workspace/Sources/Extensions/Swift/Array/ArrayExtension.swift /Users/admin/builder/spi-builder-workspace/Sources/Extensions/Swift/Data/DataExtension.swift /Users/admin/builder/spi-builder-workspace/Sources/Extensions/Swift/Dictionary/DictionaryExtension.swift /Users/admin/builder/spi-builder-workspace/Sources/Extensions/Swift/Double/DoubleExtension.swift /Users/admin/builder/spi-builder-workspace/Sources/Extensions/Swift/Int/IntExtension.swift /Users/admin/builder/spi-builder-workspace/Sources/Extensions/Swift/MutableCollection/MutableCollectionExtension.swift /Users/admin/builder/spi-builder-workspace/Sources/Extensions/Swift/Sequence/SequenceExtension.swift /Users/admin/builder/spi-builder-workspace/Sources/Extensions/Swift/String/StringExtension.swift /Users/admin/builder/spi-builder-workspace/Sources/Extensions/SwiftUI/BindingExtension.swift /Users/admin/builder/spi-builder-workspace/Sources/Extensions/UIKit/UIAlertController/UIAlertControllerExtension.swift /Users/admin/builder/spi-builder-workspace/Sources/Extensions/UIKit/UIApplication/UIApplicationExtension.swift /Users/admin/builder/spi-builder-workspace/Sources/Extensions/UIKit/UIButton/UIButtonExtension.swift /Users/admin/builder/spi-builder-workspace/Sources/Extensions/UIKit/UICollectionView/UICollectionViewExtension.swift /Users/admin/builder/spi-builder-workspace/Sources/Extensions/UIKit/UICollectionViewCell/UICollectionViewCellExtension.swift /Users/admin/builder/spi-builder-workspace/Sources/Extensions/UIKit/UIDevice/UIDeviceExtension.swift /Users/admin/builder/spi-builder-workspace/Sources/Extensions/UIKit/UIFont/UIFontExtension.swift /Users/admin/builder/spi-builder-workspace/Sources/Extensions/UIKit/UIImage/UIImageExtension.swift /Users/admin/builder/spi-builder-workspace/Sources/Extensions/UIKit/UILabel/UILabelExtension.swift /Users/admin/builder/spi-builder-workspace/Sources/Extensions/UIKit/UIScreen/UIScreenExtension.swift /Users/admin/builder/spi-builder-workspace/Sources/Extensions/UIKit/UISlider/UISliderExtension.swift /Users/admin/builder/spi-builder-workspace/Sources/Extensions/UIKit/UIStoryboard/UIStoryboardExtension.swift /Users/admin/builder/spi-builder-workspace/Sources/Extensions/UIKit/UISwitch/UISwitchExtension.swift /Users/admin/builder/spi-builder-workspace/Sources/Extensions/UIKit/UITableView/UITableViewExtension.swift /Users/admin/builder/spi-builder-workspace/Sources/Extensions/UIKit/UITextField/UITextFieldExtension.swift /Users/admin/builder/spi-builder-workspace/Sources/Extensions/UIKit/UITextView/UITextViewExtension.swift /Users/admin/builder/spi-builder-workspace/Sources/Extensions/UIKit/UIView/UIViewExtension.swift /Users/admin/builder/spi-builder-workspace/Sources/Extensions/UIKit/UIViewController/UIViewControllerExtension.swift /Users/admin/builder/spi-builder-workspace/Sources/Others/UITesting.swift /Users/admin/builder/spi-builder-workspace/Sources/Others/UnitTesting.swift /Users/admin/builder/spi-builder-workspace/Sources/Others/macOS/SystemUtility.swift /Users/admin/builder/spi-builder-workspace/Sources/PropertyWrappers/UserDefaultsBacked.swift /Users/admin/builder/spi-builder-workspace/Sources/Protocols/Swift/AnyOptional.swift /Users/admin/builder/spi-builder-workspace/Sources/Protocols/Swift/Injectable.swift /Users/admin/builder/spi-builder-workspace/Sources/Protocols/Swift/Occupiable.swift /Users/admin/builder/spi-builder-workspace/Sources/Protocols/Swift/Then.swift /Users/admin/builder/spi-builder-workspace/Sources/Protocols/UIKit/Nibs/NibLoadable.swift /Users/admin/builder/spi-builder-workspace/Sources/Protocols/UIKit/Nibs/NibOwnerLoadable.swift /Users/admin/builder/spi-builder-workspace/Sources/Protocols/UIKit/Reusable/Reusable.swift /Users/admin/builder/spi-builder-workspace/Sources/SwiftUI/Preview/UIElementPreview.swift -target arm64-apple-xros1.0 -module-can-import-version SwiftUI 8.0.84.1 8.0.84 -module-can-import-version UIKit 9127.0.84.1 9127.0.84 -disable-cross-import-overlay-search -load-resolved-plugin /Applications/Xcode-27.0.0-Release.Candidate.app/Contents/Developer/Platforms/XROS.platform/Developer/usr/lib/swift/host/plugins/libFoundationMacros.dylib\#/Applications/Xcode-27.0.0-Release.Candidate.app/Contents/Developer/Platforms/XROS.platform/Developer/usr/bin/swift-plugin-server\#FoundationMacros -load-resolved-plugin /Applications/Xcode-27.0.0-Release.Candidate.app/Contents/Developer/Platforms/XROS.platform/Developer/usr/lib/swift/host/plugins/libObservationMacros.dylib\#/Applications/Xcode-27.0.0-Release.Candidate.app/Contents/Developer/Platforms/XROS.platform/Developer/usr/bin/swift-plugin-server\#ObservationMacros -load-resolved-plugin /Applications/Xcode-27.0.0-Release.Candidate.app/Contents/Developer/Platforms/XROS.platform/Developer/usr/lib/swift/host/plugins/libPreviewsMacros.dylib\#/Applications/Xcode-27.0.0-Release.Candidate.app/Contents/Developer/Platforms/XROS.platform/Developer/usr/bin/swift-plugin-server\#PreviewsMacros -load-resolved-plugin /Applications/Xcode-27.0.0-Release.Candidate.app/Contents/Developer/Platforms/XROS.platform/Developer/usr/lib/swift/host/plugins/libSwiftMacros.dylib\#/Applications/Xcode-27.0.0-Release.Candidate.app/Contents/Developer/Platforms/XROS.platform/Developer/usr/bin/swift-plugin-server\#SwiftMacros -load-resolved-plugin /Applications/Xcode-27.0.0-Release.Candidate.app/Contents/Developer/Platforms/XROS.platform/Developer/usr/lib/swift/host/plugins/libSwiftUIMacros.dylib\#/Applications/Xcode-27.0.0-Release.Candidate.app/Contents/Developer/Platforms/XROS.platform/Developer/usr/bin/swift-plugin-server\#SwiftUIMacros -disable-implicit-swift-modules -Xcc -fno-implicit-modules -Xcc -fno-implicit-module-maps -explicit-swift-module-map-file /Users/admin/builder/spi-builder-workspace/.derivedData/Build/Intermediates.noindex/SwiftyUtils.build/Debug-xros/SwiftyUtils-t.build/Objects-normal/arm64/SwiftyUtils-dependencies-1.json -Xllvm -aarch64-use-tbi -enable-objc-interop -stack-check -sdk /Applications/Xcode-27.0.0-Release.Candidate.app/Contents/Developer/Platforms/XROS.platform/Developer/SDKs/XROS27.0.sdk -I /Users/admin/builder/spi-builder-workspace/.derivedData/Build/Products/Debug-xros -Isystem /Applications/Xcode-27.0.0-Release.Candidate.app/Contents/Developer/Platforms/XROS.platform/Developer/usr/lib -F /Users/admin/builder/spi-builder-workspace/.derivedData/Build/Products/Debug-xros -F /Applications/Xcode-27.0.0-Release.Candidate.app/Contents/Developer/Platforms/XROS.platform/Developer/Library/Frameworks -F /Applications/Xcode-27.0.0-Release.Candidate.app/Contents/Developer/Platforms/XROS.platform/Developer/SDKs/XROS27.0.sdk/Developer/Library/Frameworks -module-cache-path /Users/admin/builder/spi-builder-workspace/.derivedData/Build/Intermediates.noindex/SwiftExplicitPrecompiledModules -no-color-diagnostics -Xcc -fno-color-diagnostics -enable-testing -g -debug-info-format\=dwarf -dwarf-version\=4 -profile-generate -profile-coverage-mapping -swift-version 5 -Onone -D SWIFT_PACKAGE -D DEBUG -D SWIFT_MODULE_RESOURCE_BUNDLE_UNAVAILABLE -D Xcode -serialize-debugging-options -enable-experimental-feature DebugDescriptionMacro -empty-abi-descriptor -validate-clang-modules-once -clang-build-session-file /Users/admin/builder/spi-builder-workspace/.derivedData/ModuleCache.noindex/Session.modulevalidation -Xcc -working-directory -Xcc /Users/admin/builder/spi-builder-workspace/.swiftpm/xcode -enable-anonymous-context-mangled-names -file-compilation-dir /Users/admin/builder/spi-builder-workspace/.swiftpm/xcode -Xcc -D_LIBCPP_HARDENING_MODE\=_LIBCPP_HARDENING_MODE_DEBUG -Xcc -ivfsstatcache -Xcc /Users/admin/builder/spi-builder-workspace/.derivedData/SDKStatCaches.noindex/xros27.0-24M361-e829b21a6f8c9b70876ba0858053c044735bd543db762f57723cac368afd1ce4.sdkstatcache -Xcc -fmodules-prune-interval\=86400 -Xcc -fmodules-prune-after\=345600 -Xcc -I/Users/admin/builder/spi-builder-workspace/.derivedData/Build/Products/Debug-xros/include -Xcc -I/Users/admin/builder/spi-builder-workspace/.derivedData/Build/Intermediates.noindex/SwiftyUtils.build/Debug-xros/SwiftyUtils-t.build/DerivedSources-normal/arm64 -Xcc -I/Users/admin/builder/spi-builder-workspace/.derivedData/Build/Intermediates.noindex/SwiftyUtils.build/Debug-xros/SwiftyUtils-t.build/DerivedSources/arm64 -Xcc -I/Users/admin/builder/spi-builder-workspace/.derivedData/Build/Intermediates.noindex/SwiftyUtils.build/Debug-xros/SwiftyUtils-t.build/DerivedSources -Xcc -DSWIFT_PACKAGE -Xcc -DDEBUG\=1 -no-auto-bridging-header-chaining -module-name SwiftyUtils -const-gather-protocols-file /Users/admin/builder/spi-builder-workspace/.derivedData/Build/Intermediates.noindex/SwiftyUtils.build/Debug-xros/SwiftyUtils-t.build/Objects-normal/arm64/SwiftyUtils_const_extract_protocols.json -disable-clang-spi -clang-target arm64-apple-xros27.0 -target-sdk-version 27.0 -target-sdk-name xros27.0 -in-process-plugin-server-path /Applications/Xcode-27.0.0-Release.Candidate.app/Contents/Developer/Toolchains/XcodeDefault.xctoolchain/usr/lib/swift/host/libSwiftInProcPluginServer.dylib -emit-module-doc-path /Users/admin/builder/spi-builder-workspace/.derivedData/Build/Intermediates.noindex/SwiftyUtils.build/Debug-xros/SwiftyUtils-t.build/Objects-normal/arm64/SwiftyUtils.swiftdoc -emit-module-source-info-path /Users/admin/builder/spi-builder-workspace/.derivedData/Build/Intermediates.noindex/SwiftyUtils.build/Debug-xros/SwiftyUtils-t.build/Objects-normal/arm64/SwiftyUtils.swiftsourceinfo -emit-objc-header-path /Users/admin/builder/spi-builder-workspace/.derivedData/Build/Intermediates.noindex/SwiftyUtils.build/Debug-xros/SwiftyUtils-t.build/Objects-normal/arm64/SwiftyUtils-Swift.h -serialize-diagnostics-path /Users/admin/builder/spi-builder-workspace/.derivedData/Build/Intermediates.noindex/SwiftyUtils.build/Debug-xros/SwiftyUtils-t.build/Objects-normal/arm64/SwiftyUtils-primary-emit-module.dia -emit-dependencies-path /Users/admin/builder/spi-builder-workspace/.derivedData/Build/Intermediates.noindex/SwiftyUtils.build/Debug-xros/SwiftyUtils-t.build/Objects-normal/arm64/SwiftyUtils-primary-emit-module.d -parse-as-library -o /Users/admin/builder/spi-builder-workspace/.derivedData/Build/Intermediates.noindex/SwiftyUtils.build/Debug-xros/SwiftyUtils-t.build/Objects-normal/arm64/SwiftyUtils.swiftmodule -emit-abi-descriptor-path /Users/admin/builder/spi-builder-workspace/.derivedData/Build/Intermediates.noindex/SwiftyUtils.build/Debug-xros/SwiftyUtils-t.build/Objects-normal/arm64/SwiftyUtils.abi.json
SwiftCompile normal arm64 Compiling\ UIImageExtension.swift,\ UILabelExtension.swift,\ UIScreenExtension.swift,\ UISliderExtension.swift,\ UIStoryboardExtension.swift,\ UISwitchExtension.swift /Users/admin/builder/spi-builder-workspace/Sources/Extensions/UIKit/UIImage/UIImageExtension.swift /Users/admin/builder/spi-builder-workspace/Sources/Extensions/UIKit/UILabel/UILabelExtension.swift /Users/admin/builder/spi-builder-workspace/Sources/Extensions/UIKit/UIScreen/UIScreenExtension.swift /Users/admin/builder/spi-builder-workspace/Sources/Extensions/UIKit/UISlider/UISliderExtension.swift /Users/admin/builder/spi-builder-workspace/Sources/Extensions/UIKit/UIStoryboard/UIStoryboardExtension.swift /Users/admin/builder/spi-builder-workspace/Sources/Extensions/UIKit/UISwitch/UISwitchExtension.swift (in target 'SwiftyUtils' from project 'SwiftyUtils')
SwiftCompile normal arm64 /Users/admin/builder/spi-builder-workspace/Sources/Extensions/UIKit/UIImage/UIImageExtension.swift (in target 'SwiftyUtils' from project 'SwiftyUtils')
cd /Users/admin/builder/spi-builder-workspace/.swiftpm/xcode
builtin-SwiftPerFileCompile UIImageExtension.swift
SwiftCompile normal arm64 /Users/admin/builder/spi-builder-workspace/Sources/Extensions/UIKit/UILabel/UILabelExtension.swift (in target 'SwiftyUtils' from project 'SwiftyUtils')
cd /Users/admin/builder/spi-builder-workspace/.swiftpm/xcode
builtin-SwiftPerFileCompile UILabelExtension.swift
SwiftCompile normal arm64 /Users/admin/builder/spi-builder-workspace/Sources/Extensions/UIKit/UIScreen/UIScreenExtension.swift (in target 'SwiftyUtils' from project 'SwiftyUtils')
cd /Users/admin/builder/spi-builder-workspace/.swiftpm/xcode
builtin-SwiftPerFileCompile UIScreenExtension.swift
SwiftCompile normal arm64 /Users/admin/builder/spi-builder-workspace/Sources/Extensions/UIKit/UISlider/UISliderExtension.swift (in target 'SwiftyUtils' from project 'SwiftyUtils')
cd /Users/admin/builder/spi-builder-workspace/.swiftpm/xcode
builtin-SwiftPerFileCompile UISliderExtension.swift
SwiftCompile normal arm64 /Users/admin/builder/spi-builder-workspace/Sources/Extensions/UIKit/UIStoryboard/UIStoryboardExtension.swift (in target 'SwiftyUtils' from project 'SwiftyUtils')
cd /Users/admin/builder/spi-builder-workspace/.swiftpm/xcode
builtin-SwiftPerFileCompile UIStoryboardExtension.swift
SwiftCompile normal arm64 /Users/admin/builder/spi-builder-workspace/Sources/Extensions/UIKit/UISwitch/UISwitchExtension.swift (in target 'SwiftyUtils' from project 'SwiftyUtils')
cd /Users/admin/builder/spi-builder-workspace/.swiftpm/xcode
builtin-SwiftPerFileCompile UISwitchExtension.swift
SwiftCompile normal arm64 Compiling\ Then.swift,\ NibLoadable.swift,\ NibOwnerLoadable.swift,\ Reusable.swift,\ UIElementPreview.swift /Users/admin/builder/spi-builder-workspace/Sources/Protocols/Swift/Then.swift /Users/admin/builder/spi-builder-workspace/Sources/Protocols/UIKit/Nibs/NibLoadable.swift /Users/admin/builder/spi-builder-workspace/Sources/Protocols/UIKit/Nibs/NibOwnerLoadable.swift /Users/admin/builder/spi-builder-workspace/Sources/Protocols/UIKit/Reusable/Reusable.swift /Users/admin/builder/spi-builder-workspace/Sources/SwiftUI/Preview/UIElementPreview.swift (in target 'SwiftyUtils' from project 'SwiftyUtils')
SwiftCompile normal arm64 /Users/admin/builder/spi-builder-workspace/Sources/Protocols/Swift/Then.swift (in target 'SwiftyUtils' from project 'SwiftyUtils')
cd /Users/admin/builder/spi-builder-workspace/.swiftpm/xcode
builtin-SwiftPerFileCompile Then.swift
SwiftCompile normal arm64 /Users/admin/builder/spi-builder-workspace/Sources/Protocols/UIKit/Nibs/NibLoadable.swift (in target 'SwiftyUtils' from project 'SwiftyUtils')
cd /Users/admin/builder/spi-builder-workspace/.swiftpm/xcode
builtin-SwiftPerFileCompile NibLoadable.swift
SwiftCompile normal arm64 /Users/admin/builder/spi-builder-workspace/Sources/Protocols/UIKit/Nibs/NibOwnerLoadable.swift (in target 'SwiftyUtils' from project 'SwiftyUtils')
cd /Users/admin/builder/spi-builder-workspace/.swiftpm/xcode
builtin-SwiftPerFileCompile NibOwnerLoadable.swift
SwiftCompile normal arm64 /Users/admin/builder/spi-builder-workspace/Sources/Protocols/UIKit/Reusable/Reusable.swift (in target 'SwiftyUtils' from project 'SwiftyUtils')
cd /Users/admin/builder/spi-builder-workspace/.swiftpm/xcode
builtin-SwiftPerFileCompile Reusable.swift
SwiftCompile normal arm64 /Users/admin/builder/spi-builder-workspace/Sources/SwiftUI/Preview/UIElementPreview.swift (in target 'SwiftyUtils' from project 'SwiftyUtils')
cd /Users/admin/builder/spi-builder-workspace/.swiftpm/xcode
builtin-SwiftPerFileCompile UIElementPreview.swift
/Users/admin/builder/spi-builder-workspace/Sources/Protocols/UIKit/Nibs/NibLoadable.swift:16:21: warning: 'UINib' was deprecated in visionOS 1.0: Loading Interface Builder products will not be supported in a future version of visionOS. [#DeprecatedDeclaration]
14 | public protocol NibLoadable: AnyObject {
15 | /// The nib file to use to load a new instance of the View from a Xib.
16 | static var nib: UINib { get }
| `- warning: 'UINib' was deprecated in visionOS 1.0: Loading Interface Builder products will not be supported in a future version of visionOS. [#DeprecatedDeclaration]
17 | }
18 |
/Users/admin/builder/spi-builder-workspace/Sources/Protocols/UIKit/Nibs/NibLoadable.swift:21:28: warning: 'UINib' was deprecated in visionOS 1.0: Loading Interface Builder products will not be supported in a future version of visionOS. [#DeprecatedDeclaration]
19 | extension NibLoadable {
20 | /// Use by default the nib which have the same name as the the class and located in the bundle of that class
21 | public static var nib: UINib {
| `- warning: 'UINib' was deprecated in visionOS 1.0: Loading Interface Builder products will not be supported in a future version of visionOS. [#DeprecatedDeclaration]
22 | UINib(nibName: String(describing: self), bundle: Bundle(for: self))
23 | }
/Users/admin/builder/spi-builder-workspace/Sources/Protocols/UIKit/Nibs/NibLoadable.swift:22:9: warning: 'UINib' was deprecated in visionOS 1.0: Loading Interface Builder products will not be supported in a future version of visionOS. [#DeprecatedDeclaration]
20 | /// Use by default the nib which have the same name as the the class and located in the bundle of that class
21 | public static var nib: UINib {
22 | UINib(nibName: String(describing: self), bundle: Bundle(for: self))
| `- warning: 'UINib' was deprecated in visionOS 1.0: Loading Interface Builder products will not be supported in a future version of visionOS. [#DeprecatedDeclaration]
23 | }
24 | }
/Users/admin/builder/spi-builder-workspace/Sources/Protocols/UIKit/Nibs/NibOwnerLoadable.swift:16:21: warning: 'UINib' was deprecated in visionOS 1.0: Loading Interface Builder products will not be supported in a future version of visionOS. [#DeprecatedDeclaration]
14 | public protocol NibOwnerLoadable: AnyObject {
15 | /// The nib file to use to load a new instance of the View from a Xib.
16 | static var nib: UINib { get }
| `- warning: 'UINib' was deprecated in visionOS 1.0: Loading Interface Builder products will not be supported in a future version of visionOS. [#DeprecatedDeclaration]
17 | }
18 |
/Users/admin/builder/spi-builder-workspace/Sources/Protocols/UIKit/Nibs/NibOwnerLoadable.swift:23:28: warning: 'UINib' was deprecated in visionOS 1.0: Loading Interface Builder products will not be supported in a future version of visionOS. [#DeprecatedDeclaration]
21 | extension NibOwnerLoadable {
22 | /// Use by default the nib which have the same name as the the class and located in the bundle of that class
23 | public static var nib: UINib {
| `- warning: 'UINib' was deprecated in visionOS 1.0: Loading Interface Builder products will not be supported in a future version of visionOS. [#DeprecatedDeclaration]
24 | UINib(nibName: String(describing: self), bundle: Bundle(for: self))
25 | }
SwiftCompile normal arm64 Compiling\ BundleExtension.swift,\ ColorExtension.swift,\ DateExtension.swift,\ FileManagerExtension.swift,\ NSAttributedStringExtension.swift,\ NSLayoutConstraintsExtension.swift /Users/admin/builder/spi-builder-workspace/Sources/Extensions/Foundation/Bundle/BundleExtension.swift /Users/admin/builder/spi-builder-workspace/Sources/Extensions/Foundation/Color/ColorExtension.swift /Users/admin/builder/spi-builder-workspace/Sources/Extensions/Foundation/Date/DateExtension.swift /Users/admin/builder/spi-builder-workspace/Sources/Extensions/Foundation/FileManager/FileManagerExtension.swift /Users/admin/builder/spi-builder-workspace/Sources/Extensions/Foundation/NSAttributedString/NSAttributedStringExtension.swift /Users/admin/builder/spi-builder-workspace/Sources/Extensions/Foundation/NSLayoutConstraint/NSLayoutConstraintsExtension.swift (in target 'SwiftyUtils' from project 'SwiftyUtils')
/Users/admin/builder/spi-builder-workspace/Sources/Extensions/Foundation/Color/ColorExtension.swift:14:11: error: cannot find type 'SwiftyColor' in scope
12 | // MARK: Init
13 |
14 | extension SwiftyColor {
| `- error: cannot find type 'SwiftyColor' in scope
15 |
16 | /// Initialize a Color from an hex String.
/Users/admin/builder/spi-builder-workspace/Sources/Extensions/Foundation/Color/ColorExtension.swift:45:11: error: cannot find type 'SwiftyColor' in scope
43 |
44 | #if !os(OSX)
45 | extension SwiftyColor {
| `- error: cannot find type 'SwiftyColor' in scope
46 |
47 | /// Extract the red component from the `Color`.
/Users/admin/builder/spi-builder-workspace/Sources/Extensions/Foundation/Color/ColorExtension.swift:84:11: error: cannot find type 'SwiftyColor' in scope
82 | // MARK: - Brightness
83 |
84 | extension SwiftyColor {
| `- error: cannot find type 'SwiftyColor' in scope
85 |
86 | /// Make the Color lighter.
SwiftCompile normal arm64 /Users/admin/builder/spi-builder-workspace/Sources/Extensions/Foundation/Bundle/BundleExtension.swift (in target 'SwiftyUtils' from project 'SwiftyUtils')
cd /Users/admin/builder/spi-builder-workspace/.swiftpm/xcode
builtin-SwiftPerFileCompile BundleExtension.swift
SwiftCompile normal arm64 /Users/admin/builder/spi-builder-workspace/Sources/Extensions/Foundation/Color/ColorExtension.swift (in target 'SwiftyUtils' from project 'SwiftyUtils')
cd /Users/admin/builder/spi-builder-workspace/.swiftpm/xcode
builtin-SwiftPerFileCompile ColorExtension.swift
SwiftCompile normal arm64 /Users/admin/builder/spi-builder-workspace/Sources/Extensions/Foundation/Date/DateExtension.swift (in target 'SwiftyUtils' from project 'SwiftyUtils')
cd /Users/admin/builder/spi-builder-workspace/.swiftpm/xcode
builtin-SwiftPerFileCompile DateExtension.swift
SwiftCompile normal arm64 /Users/admin/builder/spi-builder-workspace/Sources/Extensions/Foundation/FileManager/FileManagerExtension.swift (in target 'SwiftyUtils' from project 'SwiftyUtils')
cd /Users/admin/builder/spi-builder-workspace/.swiftpm/xcode
builtin-SwiftPerFileCompile FileManagerExtension.swift
SwiftCompile normal arm64 /Users/admin/builder/spi-builder-workspace/Sources/Extensions/Foundation/NSAttributedString/NSAttributedStringExtension.swift (in target 'SwiftyUtils' from project 'SwiftyUtils')
cd /Users/admin/builder/spi-builder-workspace/.swiftpm/xcode
builtin-SwiftPerFileCompile NSAttributedStringExtension.swift
SwiftCompile normal arm64 /Users/admin/builder/spi-builder-workspace/Sources/Extensions/Foundation/NSLayoutConstraint/NSLayoutConstraintsExtension.swift (in target 'SwiftyUtils' from project 'SwiftyUtils')
cd /Users/admin/builder/spi-builder-workspace/.swiftpm/xcode
builtin-SwiftPerFileCompile NSLayoutConstraintsExtension.swift
SwiftCompile normal arm64 Compiling\ URLExtension.swift,\ UserDefaultsExtension.swift,\ ArrayExtension.swift,\ DataExtension.swift,\ DictionaryExtension.swift,\ DoubleExtension.swift /Users/admin/builder/spi-builder-workspace/Sources/Extensions/Foundation/URL/URLExtension.swift /Users/admin/builder/spi-builder-workspace/Sources/Extensions/Foundation/UserDefaults/UserDefaultsExtension.swift /Users/admin/builder/spi-builder-workspace/Sources/Extensions/Swift/Array/ArrayExtension.swift /Users/admin/builder/spi-builder-workspace/Sources/Extensions/Swift/Data/DataExtension.swift /Users/admin/builder/spi-builder-workspace/Sources/Extensions/Swift/Dictionary/DictionaryExtension.swift /Users/admin/builder/spi-builder-workspace/Sources/Extensions/Swift/Double/DoubleExtension.swift (in target 'SwiftyUtils' from project 'SwiftyUtils')
SwiftCompile normal arm64 /Users/admin/builder/spi-builder-workspace/Sources/Extensions/Foundation/URL/URLExtension.swift (in target 'SwiftyUtils' from project 'SwiftyUtils')
cd /Users/admin/builder/spi-builder-workspace/.swiftpm/xcode
builtin-SwiftPerFileCompile URLExtension.swift
SwiftCompile normal arm64 /Users/admin/builder/spi-builder-workspace/Sources/Extensions/Foundation/UserDefaults/UserDefaultsExtension.swift (in target 'SwiftyUtils' from project 'SwiftyUtils')
cd /Users/admin/builder/spi-builder-workspace/.swiftpm/xcode
builtin-SwiftPerFileCompile UserDefaultsExtension.swift
SwiftCompile normal arm64 /Users/admin/builder/spi-builder-workspace/Sources/Extensions/Swift/Array/ArrayExtension.swift (in target 'SwiftyUtils' from project 'SwiftyUtils')
cd /Users/admin/builder/spi-builder-workspace/.swiftpm/xcode
builtin-SwiftPerFileCompile ArrayExtension.swift
SwiftCompile normal arm64 /Users/admin/builder/spi-builder-workspace/Sources/Extensions/Swift/Data/DataExtension.swift (in target 'SwiftyUtils' from project 'SwiftyUtils')
cd /Users/admin/builder/spi-builder-workspace/.swiftpm/xcode
builtin-SwiftPerFileCompile DataExtension.swift
SwiftCompile normal arm64 /Users/admin/builder/spi-builder-workspace/Sources/Extensions/Swift/Dictionary/DictionaryExtension.swift (in target 'SwiftyUtils' from project 'SwiftyUtils')
cd /Users/admin/builder/spi-builder-workspace/.swiftpm/xcode
builtin-SwiftPerFileCompile DictionaryExtension.swift
SwiftCompile normal arm64 /Users/admin/builder/spi-builder-workspace/Sources/Extensions/Swift/Double/DoubleExtension.swift (in target 'SwiftyUtils' from project 'SwiftyUtils')
cd /Users/admin/builder/spi-builder-workspace/.swiftpm/xcode
builtin-SwiftPerFileCompile DoubleExtension.swift
SwiftCompile normal arm64 Compiling\ NSMutableAttributedStringExtension.swift,\ NSObjectExtension.swift,\ NSRangeExtension.swift,\ NotificationCenterExtension.swift,\ ReusableFormatters.swift,\ TimerExtension.swift /Users/admin/builder/spi-builder-workspace/Sources/Extensions/Foundation/NSMutableAttributedString/NSMutableAttributedStringExtension.swift /Users/admin/builder/spi-builder-workspace/Sources/Extensions/Foundation/NSObject/NSObjectExtension.swift /Users/admin/builder/spi-builder-workspace/Sources/Extensions/Foundation/NSRange/NSRangeExtension.swift /Users/admin/builder/spi-builder-workspace/Sources/Extensions/Foundation/NotificationCenter/NotificationCenterExtension.swift /Users/admin/builder/spi-builder-workspace/Sources/Extensions/Foundation/ReusableFormatters/ReusableFormatters.swift /Users/admin/builder/spi-builder-workspace/Sources/Extensions/Foundation/Timer/TimerExtension.swift (in target 'SwiftyUtils' from project 'SwiftyUtils')
/Users/admin/builder/spi-builder-workspace/Sources/Extensions/Foundation/NSMutableAttributedString/NSMutableAttributedStringExtension.swift:24:39: error: cannot find type 'SwiftyColor' in scope
22 | /// - Returns: The new NSMutableAttributedString.
23 | public static func colored(inText text: String,
24 | color: SwiftyColor,
| `- error: cannot find type 'SwiftyColor' in scope
25 | afterOcurrence occurence: String) -> NSMutableAttributedString {
26 | let attrStr = NSMutableAttributedString(string: text)
/Users/admin/builder/spi-builder-workspace/Sources/Extensions/Foundation/NSMutableAttributedString/NSMutableAttributedStringExtension.swift:39:39: error: cannot find type 'SwiftyColor' in scope
37 | /// - Returns: The new NSMutableAttributedString.
38 | public static func colored(inText text: String,
39 | color: SwiftyColor,
| `- error: cannot find type 'SwiftyColor' in scope
40 | occurences searchString: String) -> NSMutableAttributedString {
41 | let attrStr = NSMutableAttributedString(string: text)
/Users/admin/builder/spi-builder-workspace/Sources/Extensions/Foundation/NSMutableAttributedString/NSMutableAttributedStringExtension.swift:50:32: error: cannot find type 'SwiftyColor' in scope
48 | /// - color: The color that will be applied to the attribute.
49 | /// - searchString: The text on which the attribute will be applied (for each occurences found).
50 | public func color(_ color: SwiftyColor,
| `- error: cannot find type 'SwiftyColor' in scope
51 | afterOcurrence occurence: String) {
52 | let range = NSRange(text: string, afterOccurence: occurence)
/Users/admin/builder/spi-builder-workspace/Sources/Extensions/Foundation/NSMutableAttributedString/NSMutableAttributedStringExtension.swift:62:32: error: cannot find type 'SwiftyColor' in scope
60 | /// - color: The color that will be applied to each occurence.
61 | /// - searchString: The text on which the attribute will be applied (for each occurences found).
62 | public func color(_ color: SwiftyColor, occurences searchString: String) {
| `- error: cannot find type 'SwiftyColor' in scope
63 | addAttribute(forOccurence: searchString, value: color, addAttributeMethod: addColorAttribute)
64 | }
/Users/admin/builder/spi-builder-workspace/Sources/Extensions/Foundation/NSMutableAttributedString/NSMutableAttributedStringExtension.swift:167:35: error: cannot find type 'SwiftyFont' in scope
165 | /// - Returns: The new NSMutableAttributedString.
166 | public static func font(inText text: String,
167 | font: SwiftyFont,
| `- error: cannot find type 'SwiftyFont' in scope
168 | afterOcurrence occurence: String) -> NSMutableAttributedString {
169 | let attrStr = NSMutableAttributedString(string: text)
/Users/admin/builder/spi-builder-workspace/Sources/Extensions/Foundation/NSMutableAttributedString/NSMutableAttributedStringExtension.swift:181:35: error: cannot find type 'SwiftyFont' in scope
179 | /// - Returns: The new NSMutableAttributedString.
180 | public static func font(inText text: String,
181 | font: SwiftyFont,
| `- error: cannot find type 'SwiftyFont' in scope
182 | occurences searchString: String) -> NSMutableAttributedString {
183 | let attrStr = NSMutableAttributedString(string: text)
/Users/admin/builder/spi-builder-workspace/Sources/Extensions/Foundation/NSMutableAttributedString/NSMutableAttributedStringExtension.swift:192:30: error: cannot find type 'SwiftyFont' in scope
190 | /// - font: The font that will be applied to the attribute.
191 | /// - occurence: The part of the text where the attribute won't be applied.
192 | public func font(_ font: SwiftyFont, afterOcurrence occurence: String) {
| `- error: cannot find type 'SwiftyFont' in scope
193 | let range = NSRange(text: string, afterOccurence: occurence)
194 | if range.location != NSNotFound {
SwiftCompile normal arm64 /Users/admin/builder/spi-builder-workspace/Sources/Extensions/Foundation/NSMutableAttributedString/NSMutableAttributedStringExtension.swift (in target 'SwiftyUtils' from project 'SwiftyUtils')
cd /Users/admin/builder/spi-builder-workspace/.swiftpm/xcode
builtin-SwiftPerFileCompile NSMutableAttributedStringExtension.swift
SwiftCompile normal arm64 /Users/admin/builder/spi-builder-workspace/Sources/Extensions/Foundation/NSObject/NSObjectExtension.swift (in target 'SwiftyUtils' from project 'SwiftyUtils')
cd /Users/admin/builder/spi-builder-workspace/.swiftpm/xcode
builtin-SwiftPerFileCompile NSObjectExtension.swift
SwiftCompile normal arm64 /Users/admin/builder/spi-builder-workspace/Sources/Extensions/Foundation/NSRange/NSRangeExtension.swift (in target 'SwiftyUtils' from project 'SwiftyUtils')
cd /Users/admin/builder/spi-builder-workspace/.swiftpm/xcode
builtin-SwiftPerFileCompile NSRangeExtension.swift
SwiftCompile normal arm64 /Users/admin/builder/spi-builder-workspace/Sources/Extensions/Foundation/NotificationCenter/NotificationCenterExtension.swift (in target 'SwiftyUtils' from project 'SwiftyUtils')
cd /Users/admin/builder/spi-builder-workspace/.swiftpm/xcode
builtin-SwiftPerFileCompile NotificationCenterExtension.swift
SwiftCompile normal arm64 /Users/admin/builder/spi-builder-workspace/Sources/Extensions/Foundation/ReusableFormatters/ReusableFormatters.swift (in target 'SwiftyUtils' from project 'SwiftyUtils')
cd /Users/admin/builder/spi-builder-workspace/.swiftpm/xcode
builtin-SwiftPerFileCompile ReusableFormatters.swift
SwiftCompile normal arm64 /Users/admin/builder/spi-builder-workspace/Sources/Extensions/Foundation/Timer/TimerExtension.swift (in target 'SwiftyUtils' from project 'SwiftyUtils')
cd /Users/admin/builder/spi-builder-workspace/.swiftpm/xcode
builtin-SwiftPerFileCompile TimerExtension.swift
SwiftCompile normal arm64 Compiling\ UnitTesting.swift,\ SystemUtility.swift,\ UserDefaultsBacked.swift,\ AnyOptional.swift,\ Injectable.swift,\ Occupiable.swift /Users/admin/builder/spi-builder-workspace/Sources/Others/UnitTesting.swift /Users/admin/builder/spi-builder-workspace/Sources/Others/macOS/SystemUtility.swift /Users/admin/builder/spi-builder-workspace/Sources/PropertyWrappers/UserDefaultsBacked.swift /Users/admin/builder/spi-builder-workspace/Sources/Protocols/Swift/AnyOptional.swift /Users/admin/builder/spi-builder-workspace/Sources/Protocols/Swift/Injectable.swift /Users/admin/builder/spi-builder-workspace/Sources/Protocols/Swift/Occupiable.swift (in target 'SwiftyUtils' from project 'SwiftyUtils')
/Users/admin/builder/spi-builder-workspace/Sources/Others/UnitTesting.swift:16:9: error: cannot find 'ProcessInfo' in scope
14 | /// Check if unit tests are running or not.
15 | public static var isRunning: Bool {
16 | ProcessInfo.processInfo.environment["XCTestConfigurationFilePath"] != nil
| `- error: cannot find 'ProcessInfo' in scope
17 | }
18 |
/Users/admin/builder/spi-builder-workspace/Sources/Others/UnitTesting.swift:21:21: error: cannot find 'CACurrentMediaTime' in scope
19 | #if !os(watchOS)
20 | public static func measure(closure: () -> Void) -> Float {
21 | let start = CACurrentMediaTime()
| `- error: cannot find 'CACurrentMediaTime' in scope
22 | closure()
23 |
SwiftCompile normal arm64 /Users/admin/builder/spi-builder-workspace/Sources/Others/UnitTesting.swift (in target 'SwiftyUtils' from project 'SwiftyUtils')
cd /Users/admin/builder/spi-builder-workspace/.swiftpm/xcode
builtin-SwiftPerFileCompile UnitTesting.swift
SwiftCompile normal arm64 /Users/admin/builder/spi-builder-workspace/Sources/Others/macOS/SystemUtility.swift (in target 'SwiftyUtils' from project 'SwiftyUtils')
cd /Users/admin/builder/spi-builder-workspace/.swiftpm/xcode
builtin-SwiftPerFileCompile SystemUtility.swift
SwiftCompile normal arm64 /Users/admin/builder/spi-builder-workspace/Sources/PropertyWrappers/UserDefaultsBacked.swift (in target 'SwiftyUtils' from project 'SwiftyUtils')
cd /Users/admin/builder/spi-builder-workspace/.swiftpm/xcode
builtin-SwiftPerFileCompile UserDefaultsBacked.swift
SwiftCompile normal arm64 /Users/admin/builder/spi-builder-workspace/Sources/Protocols/Swift/AnyOptional.swift (in target 'SwiftyUtils' from project 'SwiftyUtils')
cd /Users/admin/builder/spi-builder-workspace/.swiftpm/xcode
builtin-SwiftPerFileCompile AnyOptional.swift
SwiftCompile normal arm64 /Users/admin/builder/spi-builder-workspace/Sources/Protocols/Swift/Injectable.swift (in target 'SwiftyUtils' from project 'SwiftyUtils')
cd /Users/admin/builder/spi-builder-workspace/.swiftpm/xcode
builtin-SwiftPerFileCompile Injectable.swift
SwiftCompile normal arm64 /Users/admin/builder/spi-builder-workspace/Sources/Protocols/Swift/Occupiable.swift (in target 'SwiftyUtils' from project 'SwiftyUtils')
cd /Users/admin/builder/spi-builder-workspace/.swiftpm/xcode
builtin-SwiftPerFileCompile Occupiable.swift
SwiftCompile normal arm64 Compiling\ Constants.swift,\ NSViewExtension.swift,\ CGFloatLiteral.swift,\ CGPointExtension.swift,\ CGRectExtensions.swift,\ CGSizeExtension.swift /Users/admin/builder/spi-builder-workspace/Sources/Constants.swift /Users/admin/builder/spi-builder-workspace/Sources/Extensions/AppKit/NSView/NSViewExtension.swift /Users/admin/builder/spi-builder-workspace/Sources/Extensions/CoreGraphics/CGFloatLiteral/CGFloatLiteral.swift /Users/admin/builder/spi-builder-workspace/Sources/Extensions/CoreGraphics/CGPoint/CGPointExtension.swift /Users/admin/builder/spi-builder-workspace/Sources/Extensions/CoreGraphics/CGRect/CGRectExtensions.swift /Users/admin/builder/spi-builder-workspace/Sources/Extensions/CoreGraphics/CGSize/CGSizeExtension.swift (in target 'SwiftyUtils' from project 'SwiftyUtils')
SwiftCompile normal arm64 /Users/admin/builder/spi-builder-workspace/Sources/Constants.swift (in target 'SwiftyUtils' from project 'SwiftyUtils')
cd /Users/admin/builder/spi-builder-workspace/.swiftpm/xcode
builtin-SwiftPerFileCompile Constants.swift
SwiftCompile normal arm64 /Users/admin/builder/spi-builder-workspace/Sources/Extensions/AppKit/NSView/NSViewExtension.swift (in target 'SwiftyUtils' from project 'SwiftyUtils')
cd /Users/admin/builder/spi-builder-workspace/.swiftpm/xcode
builtin-SwiftPerFileCompile NSViewExtension.swift
SwiftCompile normal arm64 /Users/admin/builder/spi-builder-workspace/Sources/Extensions/CoreGraphics/CGFloatLiteral/CGFloatLiteral.swift (in target 'SwiftyUtils' from project 'SwiftyUtils')
cd /Users/admin/builder/spi-builder-workspace/.swiftpm/xcode
builtin-SwiftPerFileCompile CGFloatLiteral.swift
SwiftCompile normal arm64 /Users/admin/builder/spi-builder-workspace/Sources/Extensions/CoreGraphics/CGPoint/CGPointExtension.swift (in target 'SwiftyUtils' from project 'SwiftyUtils')
cd /Users/admin/builder/spi-builder-workspace/.swiftpm/xcode
builtin-SwiftPerFileCompile CGPointExtension.swift
SwiftCompile normal arm64 /Users/admin/builder/spi-builder-workspace/Sources/Extensions/CoreGraphics/CGRect/CGRectExtensions.swift (in target 'SwiftyUtils' from project 'SwiftyUtils')
cd /Users/admin/builder/spi-builder-workspace/.swiftpm/xcode
builtin-SwiftPerFileCompile CGRectExtensions.swift
SwiftCompile normal arm64 /Users/admin/builder/spi-builder-workspace/Sources/Extensions/CoreGraphics/CGSize/CGSizeExtension.swift (in target 'SwiftyUtils' from project 'SwiftyUtils')
cd /Users/admin/builder/spi-builder-workspace/.swiftpm/xcode
builtin-SwiftPerFileCompile CGSizeExtension.swift
SwiftCompile normal arm64 Compiling\ UIApplicationExtension.swift,\ UIButtonExtension.swift,\ UICollectionViewExtension.swift,\ UICollectionViewCellExtension.swift,\ UIDeviceExtension.swift,\ UIFontExtension.swift /Users/admin/builder/spi-builder-workspace/Sources/Extensions/UIKit/UIApplication/UIApplicationExtension.swift /Users/admin/builder/spi-builder-workspace/Sources/Extensions/UIKit/UIButton/UIButtonExtension.swift /Users/admin/builder/spi-builder-workspace/Sources/Extensions/UIKit/UICollectionView/UICollectionViewExtension.swift /Users/admin/builder/spi-builder-workspace/Sources/Extensions/UIKit/UICollectionViewCell/UICollectionViewCellExtension.swift /Users/admin/builder/spi-builder-workspace/Sources/Extensions/UIKit/UIDevice/UIDeviceExtension.swift /Users/admin/builder/spi-builder-workspace/Sources/Extensions/UIKit/UIFont/UIFontExtension.swift (in target 'SwiftyUtils' from project 'SwiftyUtils')
/Users/admin/builder/spi-builder-workspace/Sources/Extensions/UIKit/UICollectionView/UICollectionViewExtension.swift:19:9: warning: 'register(_:forCellWithReuseIdentifier:)' was deprecated in visionOS 1.0: Loading Interface Builder products will not be supported in a future version of visionOS. [#DeprecatedDeclaration]
17 | /// - Parameter cellType: the `UICollectionViewCell` to register.
18 | public func register<T: UICollectionViewCell>(cellType: T.Type) where T: Reusable & NibLoadable {
19 | register(cellType.nib, forCellWithReuseIdentifier: cellType.reuseIdentifier)
| `- warning: 'register(_:forCellWithReuseIdentifier:)' was deprecated in visionOS 1.0: Loading Interface Builder products will not be supported in a future version of visionOS. [#DeprecatedDeclaration]
20 | }
21 |
SwiftCompile normal arm64 /Users/admin/builder/spi-builder-workspace/Sources/Extensions/UIKit/UIApplication/UIApplicationExtension.swift (in target 'SwiftyUtils' from project 'SwiftyUtils')
cd /Users/admin/builder/spi-builder-workspace/.swiftpm/xcode
builtin-SwiftPerFileCompile UIApplicationExtension.swift
SwiftCompile normal arm64 /Users/admin/builder/spi-builder-workspace/Sources/Extensions/UIKit/UIButton/UIButtonExtension.swift (in target 'SwiftyUtils' from project 'SwiftyUtils')
cd /Users/admin/builder/spi-builder-workspace/.swiftpm/xcode
builtin-SwiftPerFileCompile UIButtonExtension.swift
SwiftCompile normal arm64 /Users/admin/builder/spi-builder-workspace/Sources/Extensions/UIKit/UICollectionView/UICollectionViewExtension.swift (in target 'SwiftyUtils' from project 'SwiftyUtils')
cd /Users/admin/builder/spi-builder-workspace/.swiftpm/xcode
builtin-SwiftPerFileCompile UICollectionViewExtension.swift
SwiftCompile normal arm64 /Users/admin/builder/spi-builder-workspace/Sources/Extensions/UIKit/UICollectionViewCell/UICollectionViewCellExtension.swift (in target 'SwiftyUtils' from project 'SwiftyUtils')
cd /Users/admin/builder/spi-builder-workspace/.swiftpm/xcode
builtin-SwiftPerFileCompile UICollectionViewCellExtension.swift
SwiftCompile normal arm64 /Users/admin/builder/spi-builder-workspace/Sources/Extensions/UIKit/UIDevice/UIDeviceExtension.swift (in target 'SwiftyUtils' from project 'SwiftyUtils')
cd /Users/admin/builder/spi-builder-workspace/.swiftpm/xcode
builtin-SwiftPerFileCompile UIDeviceExtension.swift
SwiftCompile normal arm64 /Users/admin/builder/spi-builder-workspace/Sources/Extensions/UIKit/UIFont/UIFontExtension.swift (in target 'SwiftyUtils' from project 'SwiftyUtils')
cd /Users/admin/builder/spi-builder-workspace/.swiftpm/xcode
builtin-SwiftPerFileCompile UIFontExtension.swift
SwiftCompile normal arm64 Compiling\ IntExtension.swift,\ MutableCollectionExtension.swift,\ SequenceExtension.swift,\ StringExtension.swift,\ BindingExtension.swift,\ UIAlertControllerExtension.swift /Users/admin/builder/spi-builder-workspace/Sources/Extensions/Swift/Int/IntExtension.swift /Users/admin/builder/spi-builder-workspace/Sources/Extensions/Swift/MutableCollection/MutableCollectionExtension.swift /Users/admin/builder/spi-builder-workspace/Sources/Extensions/Swift/Sequence/SequenceExtension.swift /Users/admin/builder/spi-builder-workspace/Sources/Extensions/Swift/String/StringExtension.swift /Users/admin/builder/spi-builder-workspace/Sources/Extensions/SwiftUI/BindingExtension.swift /Users/admin/builder/spi-builder-workspace/Sources/Extensions/UIKit/UIAlertController/UIAlertControllerExtension.swift (in target 'SwiftyUtils' from project 'SwiftyUtils')
SwiftCompile normal arm64 /Users/admin/builder/spi-builder-workspace/Sources/Extensions/Swift/Int/IntExtension.swift (in target 'SwiftyUtils' from project 'SwiftyUtils')
cd /Users/admin/builder/spi-builder-workspace/.swiftpm/xcode
builtin-SwiftPerFileCompile IntExtension.swift
SwiftCompile normal arm64 /Users/admin/builder/spi-builder-workspace/Sources/Extensions/Swift/MutableCollection/MutableCollectionExtension.swift (in target 'SwiftyUtils' from project 'SwiftyUtils')
cd /Users/admin/builder/spi-builder-workspace/.swiftpm/xcode
builtin-SwiftPerFileCompile MutableCollectionExtension.swift
SwiftCompile normal arm64 /Users/admin/builder/spi-builder-workspace/Sources/Extensions/Swift/Sequence/SequenceExtension.swift (in target 'SwiftyUtils' from project 'SwiftyUtils')
cd /Users/admin/builder/spi-builder-workspace/.swiftpm/xcode
builtin-SwiftPerFileCompile SequenceExtension.swift
SwiftCompile normal arm64 /Users/admin/builder/spi-builder-workspace/Sources/Extensions/Swift/String/StringExtension.swift (in target 'SwiftyUtils' from project 'SwiftyUtils')
cd /Users/admin/builder/spi-builder-workspace/.swiftpm/xcode
builtin-SwiftPerFileCompile StringExtension.swift
SwiftCompile normal arm64 /Users/admin/builder/spi-builder-workspace/Sources/Extensions/SwiftUI/BindingExtension.swift (in target 'SwiftyUtils' from project 'SwiftyUtils')
cd /Users/admin/builder/spi-builder-workspace/.swiftpm/xcode
builtin-SwiftPerFileCompile BindingExtension.swift
SwiftCompile normal arm64 /Users/admin/builder/spi-builder-workspace/Sources/Extensions/UIKit/UIAlertController/UIAlertControllerExtension.swift (in target 'SwiftyUtils' from project 'SwiftyUtils')
cd /Users/admin/builder/spi-builder-workspace/.swiftpm/xcode
builtin-SwiftPerFileCompile UIAlertControllerExtension.swift
SwiftCompile normal arm64 Compiling\ UITableViewExtension.swift,\ UITextFieldExtension.swift,\ UITextViewExtension.swift,\ UIViewExtension.swift,\ UIViewControllerExtension.swift,\ UITesting.swift /Users/admin/builder/spi-builder-workspace/Sources/Extensions/UIKit/UITableView/UITableViewExtension.swift /Users/admin/builder/spi-builder-workspace/Sources/Extensions/UIKit/UITextField/UITextFieldExtension.swift /Users/admin/builder/spi-builder-workspace/Sources/Extensions/UIKit/UITextView/UITextViewExtension.swift /Users/admin/builder/spi-builder-workspace/Sources/Extensions/UIKit/UIView/UIViewExtension.swift /Users/admin/builder/spi-builder-workspace/Sources/Extensions/UIKit/UIViewController/UIViewControllerExtension.swift /Users/admin/builder/spi-builder-workspace/Sources/Others/UITesting.swift (in target 'SwiftyUtils' from project 'SwiftyUtils')
SwiftCompile normal arm64 /Users/admin/builder/spi-builder-workspace/Sources/Extensions/UIKit/UITableView/UITableViewExtension.swift (in target 'SwiftyUtils' from project 'SwiftyUtils')
cd /Users/admin/builder/spi-builder-workspace/.swiftpm/xcode
builtin-SwiftPerFileCompile UITableViewExtension.swift
SwiftCompile normal arm64 /Users/admin/builder/spi-builder-workspace/Sources/Extensions/UIKit/UITextField/UITextFieldExtension.swift (in target 'SwiftyUtils' from project 'SwiftyUtils')
cd /Users/admin/builder/spi-builder-workspace/.swiftpm/xcode
builtin-SwiftPerFileCompile UITextFieldExtension.swift
SwiftCompile normal arm64 /Users/admin/builder/spi-builder-workspace/Sources/Extensions/UIKit/UITextView/UITextViewExtension.swift (in target 'SwiftyUtils' from project 'SwiftyUtils')
cd /Users/admin/builder/spi-builder-workspace/.swiftpm/xcode
builtin-SwiftPerFileCompile UITextViewExtension.swift
SwiftCompile normal arm64 /Users/admin/builder/spi-builder-workspace/Sources/Extensions/UIKit/UIView/UIViewExtension.swift (in target 'SwiftyUtils' from project 'SwiftyUtils')
cd /Users/admin/builder/spi-builder-workspace/.swiftpm/xcode
builtin-SwiftPerFileCompile UIViewExtension.swift
SwiftCompile normal arm64 /Users/admin/builder/spi-builder-workspace/Sources/Extensions/UIKit/UIViewController/UIViewControllerExtension.swift (in target 'SwiftyUtils' from project 'SwiftyUtils')
cd /Users/admin/builder/spi-builder-workspace/.swiftpm/xcode
builtin-SwiftPerFileCompile UIViewControllerExtension.swift
SwiftCompile normal arm64 /Users/admin/builder/spi-builder-workspace/Sources/Others/UITesting.swift (in target 'SwiftyUtils' from project 'SwiftyUtils')
cd /Users/admin/builder/spi-builder-workspace/.swiftpm/xcode
builtin-SwiftPerFileCompile UITesting.swift
PruneExplicitPrecompiledModules /Users/admin/builder/spi-builder-workspace/.derivedData/Build/Intermediates.noindex/ExplicitPrecompiledModules
PruneExplicitPrecompiledModules /Users/admin/builder/spi-builder-workspace/.derivedData/SDKExplicitPrecompiledModules
PruneExplicitPrecompiledModules /Users/admin/builder/spi-builder-workspace/.derivedData/Build/Intermediates.noindex/SwiftExplicitPrecompiledModules
2026-09-18 13:34:29.625 xcodebuild[659:4287] [MT] IDERunDestination: Supported platforms for the buildables in the current scheme is empty.
** BUILD FAILED **
The following build commands failed:
SwiftCompile normal arm64 (in target 'SwiftyUtils' from project 'SwiftyUtils')
SwiftEmitModule normal arm64 Emitting\ module\ for\ SwiftyUtils (in target 'SwiftyUtils' from project 'SwiftyUtils')
Building workspace SwiftyUtils with scheme SwiftyUtils
(3 failures)
Command line invocation:
/Applications/Xcode-27.0.0-Release.Candidate.app/Contents/Developer/usr/bin/xcodebuild -IDEClonedSourcePackagesDirPathOverride=/Users/admin/builder/spi-builder-workspace/.dependencies -resolvePackageDependencies
Resolve Package Graph
Resolved source packages:
SwiftyUtils: /Users/admin/builder/spi-builder-workspace
resolved source packages: SwiftyUtils
2026-09-18 13:34:37.236 xcodebuild[774:4760] [MT] IDERunDestination: Supported platforms for the buildables in the current scheme is empty.
{
"dependencies" : [
],
"manifest_display_name" : "SwiftyUtils",
"name" : "SwiftyUtils",
"path" : "/Users/admin/builder/spi-builder-workspace",
"platforms" : [
{
"name" : "macos",
"version" : "10.10"
},
{
"name" : "ios",
"version" : "10.0"
},
{
"name" : "tvos",
"version" : "9.0"
},
{
"name" : "watchos",
"version" : "3.0"
}
],
"products" : [
{
"name" : "SwiftyUtils",
"targets" : [
"SwiftyUtils"
],
"type" : {
"library" : [
"automatic"
]
}
}
],
"targets" : [
{
"c99name" : "SwiftyUtilsTests",
"module_type" : "SwiftTarget",
"name" : "SwiftyUtilsTests",
"path" : "Tests",
"resources" : [
{
"path" : "/Users/admin/builder/spi-builder-workspace/Tests/Vendors/UIKit/UICollectionViewCell/ReusableNibCollectionReusableView.xib",
"rule" : {
"process" : {
}
}
},
{
"path" : "/Users/admin/builder/spi-builder-workspace/Tests/Vendors/UIKit/UICollectionViewCell/ReusableNibCollectionViewCell.xib",
"rule" : {
"process" : {
}
}
},
{
"path" : "/Users/admin/builder/spi-builder-workspace/Tests/Vendors/UIKit/Vendor/UITableViewCell/ReusableNibHeaderFooterView.xib",
"rule" : {
"process" : {
}
}
},
{
"path" : "/Users/admin/builder/spi-builder-workspace/Tests/Vendors/UIKit/Vendor/UITableViewCell/ReusableNibTableViewCell.xib",
"rule" : {
"process" : {
}
}
},
{
"path" : "/Users/admin/builder/spi-builder-workspace/Tests/Vendors/UIKit/Views/NibLoadableView.xib",
"rule" : {
"process" : {
}
}
},
{
"path" : "/Users/admin/builder/spi-builder-workspace/Tests/Vendors/UIKit/Views/NibOwnerLoadableView.xib",
"rule" : {
"process" : {
}
}
}
],
"sources" : [
"Extensions/AppKit/NSView/NSViewExtensionsTest.swift",
"Extensions/CoreGraphics/CGFloatLiteral/CGFloatLiteralTests.swift",
"Extensions/CoreGraphics/CGPoint/CGPointExtensionTests.swift",
"Extensions/CoreGraphics/CGRect/CGRectExtensionTest.swift",
"Extensions/CoreGraphics/CGSize/CGSizeExtensionTests.swift",
"Extensions/Foundation/Bundle/BundleExtensionTests.swift",
"Extensions/Foundation/Color/SwiftyColorTests.swift",
"Extensions/Foundation/Date/DateExtensionTests.swift",
"Extensions/Foundation/FileManager/FileManagerTests.swift",
"Extensions/Foundation/NSAttributedString/NSAttributedStringExtensionTests.swift",
"Extensions/Foundation/NSLayoutConstraint/NSLayoutConstraintExtensionTests.swift",
"Extensions/Foundation/NSMutableAttributedString/NSMutableAttributedStringExtensionTests.swift",
"Extensions/Foundation/NSObject/NSObjectExtensionTests.swift",
"Extensions/Foundation/NSRange/NSRangeExtensionTests.swift",
"Extensions/Foundation/ReusableFormatters/ReusableFormattersTests.swift",
"Extensions/Foundation/Timer/TimerExtensionTests.swift",
"Extensions/Foundation/URL/URLExtensionTests.swift",
"Extensions/Foundation/UserDefaults/UserDefaultsExtensionTests.swift",
"Extensions/Swift/Array/ArrayExtensionTests.swift",
"Extensions/Swift/Data/DataExtensionTests.swift",
"Extensions/Swift/Dictionary/DictionaryExtensionTests.swift",
"Extensions/Swift/Double/DoubleExtensionTests.swift",
"Extensions/Swift/Int/IntExtensionTests.swift",
"Extensions/Swift/MutableCollection/MutableExtensionTests.swift",
"Extensions/Swift/Sequence/SequenceExtensionTests.swift",
"Extensions/Swift/String/StringExtensionTests.swift",
"Extensions/UIKit/UIAlertController/UIAlertControllerExtensionTests.swift",
"Extensions/UIKit/UIButton/UIButtonExtensionTests.swift",
"Extensions/UIKit/UICollectionView/UICollectionViewExtensionTests.swift",
"Extensions/UIKit/UICollectionViewCell/UICollectionViewCellExtensionTests.swift",
"Extensions/UIKit/UIDevice/UIDeviceExtensionTests.swift",
"Extensions/UIKit/UIFont/UIFontExtensionTests.swift",
"Extensions/UIKit/UIImage/UIImageExtensionTests.swift",
"Extensions/UIKit/UILabel/UILabelExtensionTests.swift",
"Extensions/UIKit/UIScreen/UIScreenExtensionTests.swift",
"Extensions/UIKit/UISwitch/UISwitchExtensionTests.swift",
"Extensions/UIKit/UITableView/UITableViewTests.swift",
"Extensions/UIKit/UITextField/UITextFieldExtensionTests.swift",
"Extensions/UIKit/UITextView/UITextViewExtensionTests.swift",
"Extensions/UIKit/UIView/UIViewExtensionTests.swift",
"Extensions/UIKit/UIViewController/UIViewControllerExtensionTests.swift",
"Others/UITestingTests.swift",
"Others/UnitTestingTests.swift",
"Others/macOS/SystemUtilityTests.swift",
"PropertyWrappers/UserDefaultsBackedTests.swift",
"Protocols/Swift/AnyOptionalTests.swift",
"Protocols/Swift/OccupiableTests.swift",
"Protocols/Swift/ThenTest.swift",
"Protocols/UIKit/NibLoadableTests.swift",
"Protocols/UIKit/NibOwnerLoadableTests.swift",
"Vendors/UIKit/UICollectionViewCell/ReusableClassCollectionViewCell.swift",
"Vendors/UIKit/UICollectionViewCell/ReusableCollectionReusableView.swift",
"Vendors/UIKit/UICollectionViewCell/ReusableNibCollectionReusableView.swift",
"Vendors/UIKit/UICollectionViewCell/ReusableNibCollectionViewCell.swift",
"Vendors/UIKit/Vendor/UITableViewCell/ReusableClassHeaderFooterView.swift",
"Vendors/UIKit/Vendor/UITableViewCell/ReusableClassTableViewCell.swift",
"Vendors/UIKit/Vendor/UITableViewCell/ReusableNibHeaderFooterView.swift",
"Vendors/UIKit/Vendor/UITableViewCell/ReusableNibTableViewCell.swift",
"Vendors/UIKit/Views/NibLoadableView.swift",
"Vendors/UIKit/Views/NibOwnerLoadableView.swift"
],
"target_dependencies" : [
"SwiftyUtils"
],
"type" : "test"
},
{
"c99name" : "SwiftyUtils",
"module_type" : "SwiftTarget",
"name" : "SwiftyUtils",
"path" : "Sources",
"product_memberships" : [
"SwiftyUtils"
],
"sources" : [
"Constants.swift",
"Extensions/AppKit/NSView/NSViewExtension.swift",
"Extensions/CoreGraphics/CGFloatLiteral/CGFloatLiteral.swift",
"Extensions/CoreGraphics/CGPoint/CGPointExtension.swift",
"Extensions/CoreGraphics/CGRect/CGRectExtensions.swift",
"Extensions/CoreGraphics/CGSize/CGSizeExtension.swift",
"Extensions/Foundation/Bundle/BundleExtension.swift",
"Extensions/Foundation/Color/ColorExtension.swift",
"Extensions/Foundation/Date/DateExtension.swift",
"Extensions/Foundation/FileManager/FileManagerExtension.swift",
"Extensions/Foundation/NSAttributedString/NSAttributedStringExtension.swift",
"Extensions/Foundation/NSLayoutConstraint/NSLayoutConstraintsExtension.swift",
"Extensions/Foundation/NSMutableAttributedString/NSMutableAttributedStringExtension.swift",
"Extensions/Foundation/NSObject/NSObjectExtension.swift",
"Extensions/Foundation/NSRange/NSRangeExtension.swift",
"Extensions/Foundation/NotificationCenter/NotificationCenterExtension.swift",
"Extensions/Foundation/ReusableFormatters/ReusableFormatters.swift",
"Extensions/Foundation/Timer/TimerExtension.swift",
"Extensions/Foundation/URL/URLExtension.swift",
"Extensions/Foundation/UserDefaults/UserDefaultsExtension.swift",
"Extensions/Swift/Array/ArrayExtension.swift",
"Extensions/Swift/Data/DataExtension.swift",
"Extensions/Swift/Dictionary/DictionaryExtension.swift",
"Extensions/Swift/Double/DoubleExtension.swift",
"Extensions/Swift/Int/IntExtension.swift",
"Extensions/Swift/MutableCollection/MutableCollectionExtension.swift",
"Extensions/Swift/Sequence/SequenceExtension.swift",
"Extensions/Swift/String/StringExtension.swift",
"Extensions/SwiftUI/BindingExtension.swift",
"Extensions/UIKit/UIAlertController/UIAlertControllerExtension.swift",
"Extensions/UIKit/UIApplication/UIApplicationExtension.swift",
"Extensions/UIKit/UIButton/UIButtonExtension.swift",
"Extensions/UIKit/UICollectionView/UICollectionViewExtension.swift",
"Extensions/UIKit/UICollectionViewCell/UICollectionViewCellExtension.swift",
"Extensions/UIKit/UIDevice/UIDeviceExtension.swift",
"Extensions/UIKit/UIFont/UIFontExtension.swift",
"Extensions/UIKit/UIImage/UIImageExtension.swift",
"Extensions/UIKit/UILabel/UILabelExtension.swift",
"Extensions/UIKit/UIScreen/UIScreenExtension.swift",
"Extensions/UIKit/UISlider/UISliderExtension.swift",
"Extensions/UIKit/UIStoryboard/UIStoryboardExtension.swift",
"Extensions/UIKit/UISwitch/UISwitchExtension.swift",
"Extensions/UIKit/UITableView/UITableViewExtension.swift",
"Extensions/UIKit/UITextField/UITextFieldExtension.swift",
"Extensions/UIKit/UITextView/UITextViewExtension.swift",
"Extensions/UIKit/UIView/UIViewExtension.swift",
"Extensions/UIKit/UIViewController/UIViewControllerExtension.swift",
"Others/UITesting.swift",
"Others/UnitTesting.swift",
"Others/macOS/SystemUtility.swift",
"PropertyWrappers/UserDefaultsBacked.swift",
"Protocols/Swift/AnyOptional.swift",
"Protocols/Swift/Injectable.swift",
"Protocols/Swift/Occupiable.swift",
"Protocols/Swift/Then.swift",
"Protocols/UIKit/Nibs/NibLoadable.swift",
"Protocols/UIKit/Nibs/NibOwnerLoadable.swift",
"Protocols/UIKit/Reusable/Reusable.swift",
"SwiftUI/Preview/UIElementPreview.swift"
],
"type" : "library"
}
],
"tools_version" : "5.3"
}
{
"workspace" : {
"name" : "SwiftyUtils",
"schemes" : [
"SwiftyUtils"
]
}
}
2026-09-18 13:34:38.470 xcodebuild[782:4830] [MT] IDERunDestination: Supported platforms for the buildables in the current scheme is empty.
Running build ...
env DEVELOPER_DIR=/Applications/Xcode-27.0.0-Release.Candidate.app xcrun xcodebuild -IDEClonedSourcePackagesDirPathOverride=$PWD/.dependencies -skipMacroValidation -skipPackagePluginValidation -derivedDataPath $PWD/.derivedData build -scheme SwiftyUtils -destination generic/platform=xrOS
Command line invocation:
/Applications/Xcode-27.0.0-Release.Candidate.app/Contents/Developer/usr/bin/xcodebuild -IDEClonedSourcePackagesDirPathOverride=/Users/admin/builder/spi-builder-workspace/.dependencies -skipMacroValidation -skipPackagePluginValidation -derivedDataPath /Users/admin/builder/spi-builder-workspace/.derivedData build -scheme SwiftyUtils -destination generic/platform=xrOS
Resolve Package Graph
Resolved source packages:
SwiftyUtils: /Users/admin/builder/spi-builder-workspace
ComputePackagePrebuildTargetDependencyGraph
Prepare packages
CreateBuildRequest
SendProjectDescription
CreateBuildOperation
ComputeTargetDependencyGraph
note: Building targets in dependency order
note: Target dependency graph (2 targets)
Target 'SwiftyUtils-product' in project 'SwiftyUtils'
➜ Explicit dependency on target 'SwiftyUtils' in project 'SwiftyUtils'
Target 'SwiftyUtils' in project 'SwiftyUtils' (no dependencies)
GatherProvisioningInputs
CreateBuildDescription
ClangStatCache /Applications/Xcode-27.0.0-Release.Candidate.app/Contents/Developer/Toolchains/XcodeDefault.xctoolchain/usr/bin/clang-stat-cache /Applications/Xcode-27.0.0-Release.Candidate.app/Contents/Developer/Platforms/XROS.platform/Developer/SDKs/XROS27.0.sdk /Users/admin/builder/spi-builder-workspace/.derivedData/SDKStatCaches.noindex/xros27.0-24M361-e829b21a6f8c9b70876ba0858053c044735bd543db762f57723cac368afd1ce4.sdkstatcache
cd /Users/admin/builder/spi-builder-workspace/.swiftpm/xcode
/Applications/Xcode-27.0.0-Release.Candidate.app/Contents/Developer/Toolchains/XcodeDefault.xctoolchain/usr/bin/clang-stat-cache /Applications/Xcode-27.0.0-Release.Candidate.app/Contents/Developer/Platforms/XROS.platform/Developer/SDKs/XROS27.0.sdk -o /Users/admin/builder/spi-builder-workspace/.derivedData/SDKStatCaches.noindex/xros27.0-24M361-e829b21a6f8c9b70876ba0858053c044735bd543db762f57723cac368afd1ce4.sdkstatcache
SwiftDriver SwiftyUtils normal arm64 com.apple.xcode.tools.swift.compiler (in target 'SwiftyUtils' from project 'SwiftyUtils')
cd /Users/admin/builder/spi-builder-workspace/.swiftpm/xcode
builtin-SwiftDriver -- /Applications/Xcode-27.0.0-Release.Candidate.app/Contents/Developer/Toolchains/XcodeDefault.xctoolchain/usr/bin/swiftc -parse-as-library -module-name SwiftyUtils -Onone @/Users/admin/builder/spi-builder-workspace/.derivedData/Build/Intermediates.noindex/SwiftyUtils.build/Debug-xros/SwiftyUtils-t.build/Objects-normal/arm64/SwiftyUtils.SwiftFileList -DSWIFT_PACKAGE -DDEBUG -DSWIFT_MODULE_RESOURCE_BUNDLE_UNAVAILABLE -DXcode -plugin-path /Applications/Xcode-27.0.0-Release.Candidate.app/Contents/Developer/Toolchains/XcodeDefault.xctoolchain/usr/lib/swift/host/plugins/testing -enable-experimental-feature DebugDescriptionMacro -sdk /Applications/Xcode-27.0.0-Release.Candidate.app/Contents/Developer/Platforms/XROS.platform/Developer/SDKs/XROS27.0.sdk -target arm64-apple-xros1.0 -g -module-cache-path /Users/admin/builder/spi-builder-workspace/.derivedData/ModuleCache.noindex -Xfrontend -serialize-debugging-options -profile-coverage-mapping -profile-generate -enable-testing -index-store-path /Users/admin/builder/spi-builder-workspace/.derivedData/Index.noindex/DataStore -Xcc -D_LIBCPP_HARDENING_MODE\=_LIBCPP_HARDENING_MODE_DEBUG -swift-version 5 -I /Users/admin/builder/spi-builder-workspace/.derivedData/Build/Products/Debug-xros -Isystem /Applications/Xcode-27.0.0-Release.Candidate.app/Contents/Developer/Platforms/XROS.platform/Developer/usr/lib -F /Users/admin/builder/spi-builder-workspace/.derivedData/Build/Products/Debug-xros -F /Applications/Xcode-27.0.0-Release.Candidate.app/Contents/Developer/Platforms/XROS.platform/Developer/Library/Frameworks -F /Applications/Xcode-27.0.0-Release.Candidate.app/Contents/Developer/Platforms/XROS.platform/Developer/SDKs/XROS27.0.sdk/Developer/Library/Frameworks -c -j10 -enable-batch-mode -incremental -Xcc -ivfsstatcache -Xcc /Users/admin/builder/spi-builder-workspace/.derivedData/SDKStatCaches.noindex/xros27.0-24M361-e829b21a6f8c9b70876ba0858053c044735bd543db762f57723cac368afd1ce4.sdkstatcache -output-file-map /Users/admin/builder/spi-builder-workspace/.derivedData/Build/Intermediates.noindex/SwiftyUtils.build/Debug-xros/SwiftyUtils-t.build/Objects-normal/arm64/SwiftyUtils-OutputFileMap.json -save-temps -no-color-diagnostics -explicit-module-build -module-cache-path /Users/admin/builder/spi-builder-workspace/.derivedData/Build/Intermediates.noindex/SwiftExplicitPrecompiledModules -clang-scanner-module-cache-path /Users/admin/builder/spi-builder-workspace/.derivedData/ModuleCache.noindex -sdk-module-cache-path /Users/admin/builder/spi-builder-workspace/.derivedData/SDKExplicitPrecompiledModules -emit-dependencies -emit-module -emit-module-path /Users/admin/builder/spi-builder-workspace/.derivedData/Build/Intermediates.noindex/SwiftyUtils.build/Debug-xros/SwiftyUtils-t.build/Objects-normal/arm64/SwiftyUtils.swiftmodule -serialize-diagnostics -dependency-scan-serialize-diagnostics-path /Users/admin/builder/spi-builder-workspace/.derivedData/Build/Intermediates.noindex/SwiftyUtils.build/Debug-xros/SwiftyUtils-t.build/Objects-normal/arm64/SwiftyUtils-dependency-scan.dia -validate-clang-modules-once -clang-build-session-file /Users/admin/builder/spi-builder-workspace/.derivedData/ModuleCache.noindex/Session.modulevalidation -Xcc -fmodules-prune-interval\=86400 -Xcc -fmodules-prune-after\=345600 -emit-const-values -const-gather-protocols-list /Users/admin/builder/spi-builder-workspace/.derivedData/Build/Intermediates.noindex/SwiftyUtils.build/Debug-xros/SwiftyUtils-t.build/Objects-normal/arm64/SwiftyUtils_const_extract_protocols.json -Xcc -I/Users/admin/builder/spi-builder-workspace/.derivedData/Build/Products/Debug-xros/include -Xcc -I/Users/admin/builder/spi-builder-workspace/.derivedData/Build/Intermediates.noindex/SwiftyUtils.build/Debug-xros/SwiftyUtils-t.build/DerivedSources-normal/arm64 -Xcc -I/Users/admin/builder/spi-builder-workspace/.derivedData/Build/Intermediates.noindex/SwiftyUtils.build/Debug-xros/SwiftyUtils-t.build/DerivedSources/arm64 -Xcc -I/Users/admin/builder/spi-builder-workspace/.derivedData/Build/Intermediates.noindex/SwiftyUtils.build/Debug-xros/SwiftyUtils-t.build/DerivedSources -Xcc -DSWIFT_PACKAGE -Xcc -DDEBUG\=1 -emit-objc-header -emit-objc-header-path /Users/admin/builder/spi-builder-workspace/.derivedData/Build/Intermediates.noindex/SwiftyUtils.build/Debug-xros/SwiftyUtils-t.build/Objects-normal/arm64/SwiftyUtils-Swift.h -working-directory /Users/admin/builder/spi-builder-workspace/.swiftpm/xcode -experimental-emit-module-separately -disable-cmo
SwiftCompile normal arm64 Compiling\ BundleExtension.swift,\ ColorExtension.swift,\ DateExtension.swift,\ FileManagerExtension.swift,\ NSAttributedStringExtension.swift,\ NSLayoutConstraintsExtension.swift /Users/admin/builder/spi-builder-workspace/Sources/Extensions/Foundation/Bundle/BundleExtension.swift /Users/admin/builder/spi-builder-workspace/Sources/Extensions/Foundation/Color/ColorExtension.swift /Users/admin/builder/spi-builder-workspace/Sources/Extensions/Foundation/Date/DateExtension.swift /Users/admin/builder/spi-builder-workspace/Sources/Extensions/Foundation/FileManager/FileManagerExtension.swift /Users/admin/builder/spi-builder-workspace/Sources/Extensions/Foundation/NSAttributedString/NSAttributedStringExtension.swift /Users/admin/builder/spi-builder-workspace/Sources/Extensions/Foundation/NSLayoutConstraint/NSLayoutConstraintsExtension.swift (in target 'SwiftyUtils' from project 'SwiftyUtils')
SwiftCompile normal arm64 /Users/admin/builder/spi-builder-workspace/Sources/Extensions/Foundation/Bundle/BundleExtension.swift (in target 'SwiftyUtils' from project 'SwiftyUtils')
cd /Users/admin/builder/spi-builder-workspace/.swiftpm/xcode
builtin-SwiftPerFileCompile BundleExtension.swift
SwiftCompile normal arm64 /Users/admin/builder/spi-builder-workspace/Sources/Extensions/Foundation/Color/ColorExtension.swift (in target 'SwiftyUtils' from project 'SwiftyUtils')
cd /Users/admin/builder/spi-builder-workspace/.swiftpm/xcode
builtin-SwiftPerFileCompile ColorExtension.swift
SwiftCompile normal arm64 /Users/admin/builder/spi-builder-workspace/Sources/Extensions/Foundation/Date/DateExtension.swift (in target 'SwiftyUtils' from project 'SwiftyUtils')
cd /Users/admin/builder/spi-builder-workspace/.swiftpm/xcode
builtin-SwiftPerFileCompile DateExtension.swift
SwiftCompile normal arm64 /Users/admin/builder/spi-builder-workspace/Sources/Extensions/Foundation/FileManager/FileManagerExtension.swift (in target 'SwiftyUtils' from project 'SwiftyUtils')
cd /Users/admin/builder/spi-builder-workspace/.swiftpm/xcode
builtin-SwiftPerFileCompile FileManagerExtension.swift
SwiftCompile normal arm64 /Users/admin/builder/spi-builder-workspace/Sources/Extensions/Foundation/NSAttributedString/NSAttributedStringExtension.swift (in target 'SwiftyUtils' from project 'SwiftyUtils')
cd /Users/admin/builder/spi-builder-workspace/.swiftpm/xcode
builtin-SwiftPerFileCompile NSAttributedStringExtension.swift
SwiftCompile normal arm64 /Users/admin/builder/spi-builder-workspace/Sources/Extensions/Foundation/NSLayoutConstraint/NSLayoutConstraintsExtension.swift (in target 'SwiftyUtils' from project 'SwiftyUtils')
cd /Users/admin/builder/spi-builder-workspace/.swiftpm/xcode
builtin-SwiftPerFileCompile NSLayoutConstraintsExtension.swift
/Users/admin/builder/spi-builder-workspace/Sources/Extensions/Foundation/Color/ColorExtension.swift:14:11: error: cannot find type 'SwiftyColor' in scope
12 | // MARK: Init
13 |
14 | extension SwiftyColor {
| `- error: cannot find type 'SwiftyColor' in scope
15 |
16 | /// Initialize a Color from an hex String.
/Users/admin/builder/spi-builder-workspace/Sources/Extensions/Foundation/Color/ColorExtension.swift:45:11: error: cannot find type 'SwiftyColor' in scope
43 |
44 | #if !os(OSX)
45 | extension SwiftyColor {
| `- error: cannot find type 'SwiftyColor' in scope
46 |
47 | /// Extract the red component from the `Color`.
/Users/admin/builder/spi-builder-workspace/Sources/Extensions/Foundation/Color/ColorExtension.swift:84:11: error: cannot find type 'SwiftyColor' in scope
82 | // MARK: - Brightness
83 |
84 | extension SwiftyColor {
| `- error: cannot find type 'SwiftyColor' in scope
85 |
86 | /// Make the Color lighter.
SwiftCompile normal arm64 Compiling\ Constants.swift,\ NSViewExtension.swift,\ CGFloatLiteral.swift,\ CGPointExtension.swift,\ CGRectExtensions.swift,\ CGSizeExtension.swift /Users/admin/builder/spi-builder-workspace/Sources/Constants.swift /Users/admin/builder/spi-builder-workspace/Sources/Extensions/AppKit/NSView/NSViewExtension.swift /Users/admin/builder/spi-builder-workspace/Sources/Extensions/CoreGraphics/CGFloatLiteral/CGFloatLiteral.swift /Users/admin/builder/spi-builder-workspace/Sources/Extensions/CoreGraphics/CGPoint/CGPointExtension.swift /Users/admin/builder/spi-builder-workspace/Sources/Extensions/CoreGraphics/CGRect/CGRectExtensions.swift /Users/admin/builder/spi-builder-workspace/Sources/Extensions/CoreGraphics/CGSize/CGSizeExtension.swift (in target 'SwiftyUtils' from project 'SwiftyUtils')
SwiftCompile normal arm64 /Users/admin/builder/spi-builder-workspace/Sources/Constants.swift (in target 'SwiftyUtils' from project 'SwiftyUtils')
cd /Users/admin/builder/spi-builder-workspace/.swiftpm/xcode
builtin-SwiftPerFileCompile Constants.swift
SwiftCompile normal arm64 /Users/admin/builder/spi-builder-workspace/Sources/Extensions/AppKit/NSView/NSViewExtension.swift (in target 'SwiftyUtils' from project 'SwiftyUtils')
cd /Users/admin/builder/spi-builder-workspace/.swiftpm/xcode
builtin-SwiftPerFileCompile NSViewExtension.swift
SwiftCompile normal arm64 /Users/admin/builder/spi-builder-workspace/Sources/Extensions/CoreGraphics/CGFloatLiteral/CGFloatLiteral.swift (in target 'SwiftyUtils' from project 'SwiftyUtils')
cd /Users/admin/builder/spi-builder-workspace/.swiftpm/xcode
builtin-SwiftPerFileCompile CGFloatLiteral.swift
SwiftCompile normal arm64 /Users/admin/builder/spi-builder-workspace/Sources/Extensions/CoreGraphics/CGPoint/CGPointExtension.swift (in target 'SwiftyUtils' from project 'SwiftyUtils')
cd /Users/admin/builder/spi-builder-workspace/.swiftpm/xcode
builtin-SwiftPerFileCompile CGPointExtension.swift
SwiftCompile normal arm64 /Users/admin/builder/spi-builder-workspace/Sources/Extensions/CoreGraphics/CGRect/CGRectExtensions.swift (in target 'SwiftyUtils' from project 'SwiftyUtils')
cd /Users/admin/builder/spi-builder-workspace/.swiftpm/xcode
builtin-SwiftPerFileCompile CGRectExtensions.swift
SwiftCompile normal arm64 /Users/admin/builder/spi-builder-workspace/Sources/Extensions/CoreGraphics/CGSize/CGSizeExtension.swift (in target 'SwiftyUtils' from project 'SwiftyUtils')
cd /Users/admin/builder/spi-builder-workspace/.swiftpm/xcode
builtin-SwiftPerFileCompile CGSizeExtension.swift
SwiftCompile normal arm64 Compiling\ IntExtension.swift,\ MutableCollectionExtension.swift,\ SequenceExtension.swift,\ StringExtension.swift,\ BindingExtension.swift,\ UIAlertControllerExtension.swift /Users/admin/builder/spi-builder-workspace/Sources/Extensions/Swift/Int/IntExtension.swift /Users/admin/builder/spi-builder-workspace/Sources/Extensions/Swift/MutableCollection/MutableCollectionExtension.swift /Users/admin/builder/spi-builder-workspace/Sources/Extensions/Swift/Sequence/SequenceExtension.swift /Users/admin/builder/spi-builder-workspace/Sources/Extensions/Swift/String/StringExtension.swift /Users/admin/builder/spi-builder-workspace/Sources/Extensions/SwiftUI/BindingExtension.swift /Users/admin/builder/spi-builder-workspace/Sources/Extensions/UIKit/UIAlertController/UIAlertControllerExtension.swift (in target 'SwiftyUtils' from project 'SwiftyUtils')
SwiftCompile normal arm64 /Users/admin/builder/spi-builder-workspace/Sources/Extensions/Swift/Int/IntExtension.swift (in target 'SwiftyUtils' from project 'SwiftyUtils')
cd /Users/admin/builder/spi-builder-workspace/.swiftpm/xcode
builtin-SwiftPerFileCompile IntExtension.swift
SwiftCompile normal arm64 /Users/admin/builder/spi-builder-workspace/Sources/Extensions/Swift/MutableCollection/MutableCollectionExtension.swift (in target 'SwiftyUtils' from project 'SwiftyUtils')
cd /Users/admin/builder/spi-builder-workspace/.swiftpm/xcode
builtin-SwiftPerFileCompile MutableCollectionExtension.swift
SwiftCompile normal arm64 /Users/admin/builder/spi-builder-workspace/Sources/Extensions/Swift/Sequence/SequenceExtension.swift (in target 'SwiftyUtils' from project 'SwiftyUtils')
cd /Users/admin/builder/spi-builder-workspace/.swiftpm/xcode
builtin-SwiftPerFileCompile SequenceExtension.swift
SwiftCompile normal arm64 /Users/admin/builder/spi-builder-workspace/Sources/Extensions/Swift/String/StringExtension.swift (in target 'SwiftyUtils' from project 'SwiftyUtils')
cd /Users/admin/builder/spi-builder-workspace/.swiftpm/xcode
builtin-SwiftPerFileCompile StringExtension.swift
SwiftCompile normal arm64 /Users/admin/builder/spi-builder-workspace/Sources/Extensions/SwiftUI/BindingExtension.swift (in target 'SwiftyUtils' from project 'SwiftyUtils')
cd /Users/admin/builder/spi-builder-workspace/.swiftpm/xcode
builtin-SwiftPerFileCompile BindingExtension.swift
SwiftCompile normal arm64 /Users/admin/builder/spi-builder-workspace/Sources/Extensions/UIKit/UIAlertController/UIAlertControllerExtension.swift (in target 'SwiftyUtils' from project 'SwiftyUtils')
cd /Users/admin/builder/spi-builder-workspace/.swiftpm/xcode
builtin-SwiftPerFileCompile UIAlertControllerExtension.swift
SwiftCompile normal arm64 Compiling\ URLExtension.swift,\ UserDefaultsExtension.swift,\ ArrayExtension.swift,\ DataExtension.swift,\ DictionaryExtension.swift,\ DoubleExtension.swift /Users/admin/builder/spi-builder-workspace/Sources/Extensions/Foundation/URL/URLExtension.swift /Users/admin/builder/spi-builder-workspace/Sources/Extensions/Foundation/UserDefaults/UserDefaultsExtension.swift /Users/admin/builder/spi-builder-workspace/Sources/Extensions/Swift/Array/ArrayExtension.swift /Users/admin/builder/spi-builder-workspace/Sources/Extensions/Swift/Data/DataExtension.swift /Users/admin/builder/spi-builder-workspace/Sources/Extensions/Swift/Dictionary/DictionaryExtension.swift /Users/admin/builder/spi-builder-workspace/Sources/Extensions/Swift/Double/DoubleExtension.swift (in target 'SwiftyUtils' from project 'SwiftyUtils')
SwiftCompile normal arm64 /Users/admin/builder/spi-builder-workspace/Sources/Extensions/Foundation/URL/URLExtension.swift (in target 'SwiftyUtils' from project 'SwiftyUtils')
cd /Users/admin/builder/spi-builder-workspace/.swiftpm/xcode
builtin-SwiftPerFileCompile URLExtension.swift
SwiftCompile normal arm64 /Users/admin/builder/spi-builder-workspace/Sources/Extensions/Foundation/UserDefaults/UserDefaultsExtension.swift (in target 'SwiftyUtils' from project 'SwiftyUtils')
cd /Users/admin/builder/spi-builder-workspace/.swiftpm/xcode
builtin-SwiftPerFileCompile UserDefaultsExtension.swift
SwiftCompile normal arm64 /Users/admin/builder/spi-builder-workspace/Sources/Extensions/Swift/Array/ArrayExtension.swift (in target 'SwiftyUtils' from project 'SwiftyUtils')
cd /Users/admin/builder/spi-builder-workspace/.swiftpm/xcode
builtin-SwiftPerFileCompile ArrayExtension.swift
SwiftCompile normal arm64 /Users/admin/builder/spi-builder-workspace/Sources/Extensions/Swift/Data/DataExtension.swift (in target 'SwiftyUtils' from project 'SwiftyUtils')
cd /Users/admin/builder/spi-builder-workspace/.swiftpm/xcode
builtin-SwiftPerFileCompile DataExtension.swift
SwiftCompile normal arm64 /Users/admin/builder/spi-builder-workspace/Sources/Extensions/Swift/Dictionary/DictionaryExtension.swift (in target 'SwiftyUtils' from project 'SwiftyUtils')
cd /Users/admin/builder/spi-builder-workspace/.swiftpm/xcode
builtin-SwiftPerFileCompile DictionaryExtension.swift
SwiftCompile normal arm64 /Users/admin/builder/spi-builder-workspace/Sources/Extensions/Swift/Double/DoubleExtension.swift (in target 'SwiftyUtils' from project 'SwiftyUtils')
cd /Users/admin/builder/spi-builder-workspace/.swiftpm/xcode
builtin-SwiftPerFileCompile DoubleExtension.swift
SwiftCompile normal arm64 Compiling\ UIImageExtension.swift,\ UILabelExtension.swift,\ UIScreenExtension.swift,\ UISliderExtension.swift,\ UIStoryboardExtension.swift,\ UISwitchExtension.swift /Users/admin/builder/spi-builder-workspace/Sources/Extensions/UIKit/UIImage/UIImageExtension.swift /Users/admin/builder/spi-builder-workspace/Sources/Extensions/UIKit/UILabel/UILabelExtension.swift /Users/admin/builder/spi-builder-workspace/Sources/Extensions/UIKit/UIScreen/UIScreenExtension.swift /Users/admin/builder/spi-builder-workspace/Sources/Extensions/UIKit/UISlider/UISliderExtension.swift /Users/admin/builder/spi-builder-workspace/Sources/Extensions/UIKit/UIStoryboard/UIStoryboardExtension.swift /Users/admin/builder/spi-builder-workspace/Sources/Extensions/UIKit/UISwitch/UISwitchExtension.swift (in target 'SwiftyUtils' from project 'SwiftyUtils')
SwiftCompile normal arm64 /Users/admin/builder/spi-builder-workspace/Sources/Extensions/UIKit/UIImage/UIImageExtension.swift (in target 'SwiftyUtils' from project 'SwiftyUtils')
cd /Users/admin/builder/spi-builder-workspace/.swiftpm/xcode
builtin-SwiftPerFileCompile UIImageExtension.swift
SwiftCompile normal arm64 /Users/admin/builder/spi-builder-workspace/Sources/Extensions/UIKit/UILabel/UILabelExtension.swift (in target 'SwiftyUtils' from project 'SwiftyUtils')
cd /Users/admin/builder/spi-builder-workspace/.swiftpm/xcode
builtin-SwiftPerFileCompile UILabelExtension.swift
SwiftCompile normal arm64 /Users/admin/builder/spi-builder-workspace/Sources/Extensions/UIKit/UIScreen/UIScreenExtension.swift (in target 'SwiftyUtils' from project 'SwiftyUtils')
cd /Users/admin/builder/spi-builder-workspace/.swiftpm/xcode
builtin-SwiftPerFileCompile UIScreenExtension.swift
SwiftCompile normal arm64 /Users/admin/builder/spi-builder-workspace/Sources/Extensions/UIKit/UISlider/UISliderExtension.swift (in target 'SwiftyUtils' from project 'SwiftyUtils')
cd /Users/admin/builder/spi-builder-workspace/.swiftpm/xcode
builtin-SwiftPerFileCompile UISliderExtension.swift
SwiftCompile normal arm64 /Users/admin/builder/spi-builder-workspace/Sources/Extensions/UIKit/UIStoryboard/UIStoryboardExtension.swift (in target 'SwiftyUtils' from project 'SwiftyUtils')
cd /Users/admin/builder/spi-builder-workspace/.swiftpm/xcode
builtin-SwiftPerFileCompile UIStoryboardExtension.swift
SwiftCompile normal arm64 /Users/admin/builder/spi-builder-workspace/Sources/Extensions/UIKit/UISwitch/UISwitchExtension.swift (in target 'SwiftyUtils' from project 'SwiftyUtils')
cd /Users/admin/builder/spi-builder-workspace/.swiftpm/xcode
builtin-SwiftPerFileCompile UISwitchExtension.swift
SwiftCompile normal arm64 Compiling\ UnitTesting.swift,\ SystemUtility.swift,\ UserDefaultsBacked.swift,\ AnyOptional.swift,\ Injectable.swift,\ Occupiable.swift /Users/admin/builder/spi-builder-workspace/Sources/Others/UnitTesting.swift /Users/admin/builder/spi-builder-workspace/Sources/Others/macOS/SystemUtility.swift /Users/admin/builder/spi-builder-workspace/Sources/PropertyWrappers/UserDefaultsBacked.swift /Users/admin/builder/spi-builder-workspace/Sources/Protocols/Swift/AnyOptional.swift /Users/admin/builder/spi-builder-workspace/Sources/Protocols/Swift/Injectable.swift /Users/admin/builder/spi-builder-workspace/Sources/Protocols/Swift/Occupiable.swift (in target 'SwiftyUtils' from project 'SwiftyUtils')
/Users/admin/builder/spi-builder-workspace/Sources/Others/UnitTesting.swift:16:9: error: cannot find 'ProcessInfo' in scope
14 | /// Check if unit tests are running or not.
15 | public static var isRunning: Bool {
16 | ProcessInfo.processInfo.environment["XCTestConfigurationFilePath"] != nil
| `- error: cannot find 'ProcessInfo' in scope
17 | }
18 |
/Users/admin/builder/spi-builder-workspace/Sources/Others/UnitTesting.swift:21:21: error: cannot find 'CACurrentMediaTime' in scope
19 | #if !os(watchOS)
20 | public static func measure(closure: () -> Void) -> Float {
21 | let start = CACurrentMediaTime()
| `- error: cannot find 'CACurrentMediaTime' in scope
22 | closure()
23 |
SwiftCompile normal arm64 /Users/admin/builder/spi-builder-workspace/Sources/Others/UnitTesting.swift (in target 'SwiftyUtils' from project 'SwiftyUtils')
cd /Users/admin/builder/spi-builder-workspace/.swiftpm/xcode
builtin-SwiftPerFileCompile UnitTesting.swift
SwiftCompile normal arm64 /Users/admin/builder/spi-builder-workspace/Sources/Others/macOS/SystemUtility.swift (in target 'SwiftyUtils' from project 'SwiftyUtils')
cd /Users/admin/builder/spi-builder-workspace/.swiftpm/xcode
builtin-SwiftPerFileCompile SystemUtility.swift
SwiftCompile normal arm64 /Users/admin/builder/spi-builder-workspace/Sources/PropertyWrappers/UserDefaultsBacked.swift (in target 'SwiftyUtils' from project 'SwiftyUtils')
cd /Users/admin/builder/spi-builder-workspace/.swiftpm/xcode
builtin-SwiftPerFileCompile UserDefaultsBacked.swift
SwiftCompile normal arm64 /Users/admin/builder/spi-builder-workspace/Sources/Protocols/Swift/AnyOptional.swift (in target 'SwiftyUtils' from project 'SwiftyUtils')
cd /Users/admin/builder/spi-builder-workspace/.swiftpm/xcode
builtin-SwiftPerFileCompile AnyOptional.swift
SwiftCompile normal arm64 /Users/admin/builder/spi-builder-workspace/Sources/Protocols/Swift/Injectable.swift (in target 'SwiftyUtils' from project 'SwiftyUtils')
cd /Users/admin/builder/spi-builder-workspace/.swiftpm/xcode
builtin-SwiftPerFileCompile Injectable.swift
SwiftCompile normal arm64 /Users/admin/builder/spi-builder-workspace/Sources/Protocols/Swift/Occupiable.swift (in target 'SwiftyUtils' from project 'SwiftyUtils')
cd /Users/admin/builder/spi-builder-workspace/.swiftpm/xcode
builtin-SwiftPerFileCompile Occupiable.swift
SwiftCompile normal arm64 Compiling\ UIApplicationExtension.swift,\ UIButtonExtension.swift,\ UICollectionViewExtension.swift,\ UICollectionViewCellExtension.swift,\ UIDeviceExtension.swift,\ UIFontExtension.swift /Users/admin/builder/spi-builder-workspace/Sources/Extensions/UIKit/UIApplication/UIApplicationExtension.swift /Users/admin/builder/spi-builder-workspace/Sources/Extensions/UIKit/UIButton/UIButtonExtension.swift /Users/admin/builder/spi-builder-workspace/Sources/Extensions/UIKit/UICollectionView/UICollectionViewExtension.swift /Users/admin/builder/spi-builder-workspace/Sources/Extensions/UIKit/UICollectionViewCell/UICollectionViewCellExtension.swift /Users/admin/builder/spi-builder-workspace/Sources/Extensions/UIKit/UIDevice/UIDeviceExtension.swift /Users/admin/builder/spi-builder-workspace/Sources/Extensions/UIKit/UIFont/UIFontExtension.swift (in target 'SwiftyUtils' from project 'SwiftyUtils')
/Users/admin/builder/spi-builder-workspace/Sources/Extensions/UIKit/UICollectionView/UICollectionViewExtension.swift:19:9: warning: 'register(_:forCellWithReuseIdentifier:)' was deprecated in visionOS 1.0: Loading Interface Builder products will not be supported in a future version of visionOS. [#DeprecatedDeclaration]
17 | /// - Parameter cellType: the `UICollectionViewCell` to register.
18 | public func register<T: UICollectionViewCell>(cellType: T.Type) where T: Reusable & NibLoadable {
19 | register(cellType.nib, forCellWithReuseIdentifier: cellType.reuseIdentifier)
| `- warning: 'register(_:forCellWithReuseIdentifier:)' was deprecated in visionOS 1.0: Loading Interface Builder products will not be supported in a future version of visionOS. [#DeprecatedDeclaration]
20 | }
21 |
SwiftCompile normal arm64 /Users/admin/builder/spi-builder-workspace/Sources/Extensions/UIKit/UIApplication/UIApplicationExtension.swift (in target 'SwiftyUtils' from project 'SwiftyUtils')
cd /Users/admin/builder/spi-builder-workspace/.swiftpm/xcode
builtin-SwiftPerFileCompile UIApplicationExtension.swift
SwiftCompile normal arm64 /Users/admin/builder/spi-builder-workspace/Sources/Extensions/UIKit/UIButton/UIButtonExtension.swift (in target 'SwiftyUtils' from project 'SwiftyUtils')
cd /Users/admin/builder/spi-builder-workspace/.swiftpm/xcode
builtin-SwiftPerFileCompile UIButtonExtension.swift
SwiftCompile normal arm64 /Users/admin/builder/spi-builder-workspace/Sources/Extensions/UIKit/UICollectionView/UICollectionViewExtension.swift (in target 'SwiftyUtils' from project 'SwiftyUtils')
cd /Users/admin/builder/spi-builder-workspace/.swiftpm/xcode
builtin-SwiftPerFileCompile UICollectionViewExtension.swift
SwiftCompile normal arm64 /Users/admin/builder/spi-builder-workspace/Sources/Extensions/UIKit/UICollectionViewCell/UICollectionViewCellExtension.swift (in target 'SwiftyUtils' from project 'SwiftyUtils')
cd /Users/admin/builder/spi-builder-workspace/.swiftpm/xcode
builtin-SwiftPerFileCompile UICollectionViewCellExtension.swift
SwiftCompile normal arm64 /Users/admin/builder/spi-builder-workspace/Sources/Extensions/UIKit/UIDevice/UIDeviceExtension.swift (in target 'SwiftyUtils' from project 'SwiftyUtils')
cd /Users/admin/builder/spi-builder-workspace/.swiftpm/xcode
builtin-SwiftPerFileCompile UIDeviceExtension.swift
SwiftCompile normal arm64 /Users/admin/builder/spi-builder-workspace/Sources/Extensions/UIKit/UIFont/UIFontExtension.swift (in target 'SwiftyUtils' from project 'SwiftyUtils')
cd /Users/admin/builder/spi-builder-workspace/.swiftpm/xcode
builtin-SwiftPerFileCompile UIFontExtension.swift
SwiftCompile normal arm64 Compiling\ UITableViewExtension.swift,\ UITextFieldExtension.swift,\ UITextViewExtension.swift,\ UIViewExtension.swift,\ UIViewControllerExtension.swift,\ UITesting.swift /Users/admin/builder/spi-builder-workspace/Sources/Extensions/UIKit/UITableView/UITableViewExtension.swift /Users/admin/builder/spi-builder-workspace/Sources/Extensions/UIKit/UITextField/UITextFieldExtension.swift /Users/admin/builder/spi-builder-workspace/Sources/Extensions/UIKit/UITextView/UITextViewExtension.swift /Users/admin/builder/spi-builder-workspace/Sources/Extensions/UIKit/UIView/UIViewExtension.swift /Users/admin/builder/spi-builder-workspace/Sources/Extensions/UIKit/UIViewController/UIViewControllerExtension.swift /Users/admin/builder/spi-builder-workspace/Sources/Others/UITesting.swift (in target 'SwiftyUtils' from project 'SwiftyUtils')
/Users/admin/builder/spi-builder-workspace/Sources/Extensions/UIKit/UITableView/UITableViewExtension.swift:19:9: warning: 'register(_:forCellReuseIdentifier:)' was deprecated in visionOS 1.0: Loading Interface Builder products will not be supported in a future version of visionOS. [#DeprecatedDeclaration]
17 | /// - Parameter cellType: the `UITableViewCell` to register.
18 | public func register<T: UITableViewCell>(cellType: T.Type) where T: Reusable & NibLoadable {
19 | register(cellType.nib, forCellReuseIdentifier: cellType.reuseIdentifier)
| `- warning: 'register(_:forCellReuseIdentifier:)' was deprecated in visionOS 1.0: Loading Interface Builder products will not be supported in a future version of visionOS. [#DeprecatedDeclaration]
20 | }
21 |
SwiftCompile normal arm64 /Users/admin/builder/spi-builder-workspace/Sources/Extensions/UIKit/UITableView/UITableViewExtension.swift (in target 'SwiftyUtils' from project 'SwiftyUtils')
cd /Users/admin/builder/spi-builder-workspace/.swiftpm/xcode
builtin-SwiftPerFileCompile UITableViewExtension.swift
SwiftCompile normal arm64 /Users/admin/builder/spi-builder-workspace/Sources/Extensions/UIKit/UITextField/UITextFieldExtension.swift (in target 'SwiftyUtils' from project 'SwiftyUtils')
cd /Users/admin/builder/spi-builder-workspace/.swiftpm/xcode
builtin-SwiftPerFileCompile UITextFieldExtension.swift
SwiftCompile normal arm64 /Users/admin/builder/spi-builder-workspace/Sources/Extensions/UIKit/UITextView/UITextViewExtension.swift (in target 'SwiftyUtils' from project 'SwiftyUtils')
cd /Users/admin/builder/spi-builder-workspace/.swiftpm/xcode
builtin-SwiftPerFileCompile UITextViewExtension.swift
SwiftCompile normal arm64 /Users/admin/builder/spi-builder-workspace/Sources/Extensions/UIKit/UIView/UIViewExtension.swift (in target 'SwiftyUtils' from project 'SwiftyUtils')
cd /Users/admin/builder/spi-builder-workspace/.swiftpm/xcode
builtin-SwiftPerFileCompile UIViewExtension.swift
SwiftCompile normal arm64 /Users/admin/builder/spi-builder-workspace/Sources/Extensions/UIKit/UIViewController/UIViewControllerExtension.swift (in target 'SwiftyUtils' from project 'SwiftyUtils')
cd /Users/admin/builder/spi-builder-workspace/.swiftpm/xcode
builtin-SwiftPerFileCompile UIViewControllerExtension.swift
SwiftCompile normal arm64 /Users/admin/builder/spi-builder-workspace/Sources/Others/UITesting.swift (in target 'SwiftyUtils' from project 'SwiftyUtils')
cd /Users/admin/builder/spi-builder-workspace/.swiftpm/xcode
builtin-SwiftPerFileCompile UITesting.swift
SwiftCompile normal arm64 Compiling\ Then.swift,\ NibLoadable.swift,\ NibOwnerLoadable.swift,\ Reusable.swift,\ UIElementPreview.swift /Users/admin/builder/spi-builder-workspace/Sources/Protocols/Swift/Then.swift /Users/admin/builder/spi-builder-workspace/Sources/Protocols/UIKit/Nibs/NibLoadable.swift /Users/admin/builder/spi-builder-workspace/Sources/Protocols/UIKit/Nibs/NibOwnerLoadable.swift /Users/admin/builder/spi-builder-workspace/Sources/Protocols/UIKit/Reusable/Reusable.swift /Users/admin/builder/spi-builder-workspace/Sources/SwiftUI/Preview/UIElementPreview.swift (in target 'SwiftyUtils' from project 'SwiftyUtils')
/Users/admin/builder/spi-builder-workspace/Sources/Protocols/UIKit/Nibs/NibLoadable.swift:16:21: warning: 'UINib' was deprecated in visionOS 1.0: Loading Interface Builder products will not be supported in a future version of visionOS. [#DeprecatedDeclaration]
14 | public protocol NibLoadable: AnyObject {
15 | /// The nib file to use to load a new instance of the View from a Xib.
16 | static var nib: UINib { get }
| `- warning: 'UINib' was deprecated in visionOS 1.0: Loading Interface Builder products will not be supported in a future version of visionOS. [#DeprecatedDeclaration]
17 | }
18 |
/Users/admin/builder/spi-builder-workspace/Sources/Protocols/UIKit/Nibs/NibLoadable.swift:21:28: warning: 'UINib' was deprecated in visionOS 1.0: Loading Interface Builder products will not be supported in a future version of visionOS. [#DeprecatedDeclaration]
19 | extension NibLoadable {
20 | /// Use by default the nib which have the same name as the the class and located in the bundle of that class
21 | public static var nib: UINib {
| `- warning: 'UINib' was deprecated in visionOS 1.0: Loading Interface Builder products will not be supported in a future version of visionOS. [#DeprecatedDeclaration]
22 | UINib(nibName: String(describing: self), bundle: Bundle(for: self))
23 | }
/Users/admin/builder/spi-builder-workspace/Sources/Protocols/UIKit/Nibs/NibLoadable.swift:22:9: warning: 'UINib' was deprecated in visionOS 1.0: Loading Interface Builder products will not be supported in a future version of visionOS. [#DeprecatedDeclaration]
20 | /// Use by default the nib which have the same name as the the class and located in the bundle of that class
21 | public static var nib: UINib {
22 | UINib(nibName: String(describing: self), bundle: Bundle(for: self))
| `- warning: 'UINib' was deprecated in visionOS 1.0: Loading Interface Builder products will not be supported in a future version of visionOS. [#DeprecatedDeclaration]
23 | }
24 | }
/Users/admin/builder/spi-builder-workspace/Sources/Protocols/UIKit/Nibs/NibOwnerLoadable.swift:16:21: warning: 'UINib' was deprecated in visionOS 1.0: Loading Interface Builder products will not be supported in a future version of visionOS. [#DeprecatedDeclaration]
14 | public protocol NibOwnerLoadable: AnyObject {
15 | /// The nib file to use to load a new instance of the View from a Xib.
16 | static var nib: UINib { get }
| `- warning: 'UINib' was deprecated in visionOS 1.0: Loading Interface Builder products will not be supported in a future version of visionOS. [#DeprecatedDeclaration]
17 | }
18 |
/Users/admin/builder/spi-builder-workspace/Sources/Protocols/UIKit/Nibs/NibOwnerLoadable.swift:23:28: warning: 'UINib' was deprecated in visionOS 1.0: Loading Interface Builder products will not be supported in a future version of visionOS. [#DeprecatedDeclaration]
21 | extension NibOwnerLoadable {
22 | /// Use by default the nib which have the same name as the the class and located in the bundle of that class
23 | public static var nib: UINib {
| `- warning: 'UINib' was deprecated in visionOS 1.0: Loading Interface Builder products will not be supported in a future version of visionOS. [#DeprecatedDeclaration]
24 | UINib(nibName: String(describing: self), bundle: Bundle(for: self))
25 | }
SwiftCompile normal arm64 /Users/admin/builder/spi-builder-workspace/Sources/Protocols/Swift/Then.swift (in target 'SwiftyUtils' from project 'SwiftyUtils')
cd /Users/admin/builder/spi-builder-workspace/.swiftpm/xcode
builtin-SwiftPerFileCompile Then.swift
SwiftCompile normal arm64 /Users/admin/builder/spi-builder-workspace/Sources/Protocols/UIKit/Nibs/NibLoadable.swift (in target 'SwiftyUtils' from project 'SwiftyUtils')
cd /Users/admin/builder/spi-builder-workspace/.swiftpm/xcode
builtin-SwiftPerFileCompile NibLoadable.swift
SwiftCompile normal arm64 /Users/admin/builder/spi-builder-workspace/Sources/Protocols/UIKit/Nibs/NibOwnerLoadable.swift (in target 'SwiftyUtils' from project 'SwiftyUtils')
cd /Users/admin/builder/spi-builder-workspace/.swiftpm/xcode
builtin-SwiftPerFileCompile NibOwnerLoadable.swift
SwiftCompile normal arm64 /Users/admin/builder/spi-builder-workspace/Sources/Protocols/UIKit/Reusable/Reusable.swift (in target 'SwiftyUtils' from project 'SwiftyUtils')
cd /Users/admin/builder/spi-builder-workspace/.swiftpm/xcode
builtin-SwiftPerFileCompile Reusable.swift
SwiftCompile normal arm64 /Users/admin/builder/spi-builder-workspace/Sources/SwiftUI/Preview/UIElementPreview.swift (in target 'SwiftyUtils' from project 'SwiftyUtils')
cd /Users/admin/builder/spi-builder-workspace/.swiftpm/xcode
builtin-SwiftPerFileCompile UIElementPreview.swift
SwiftEmitModule normal arm64 Emitting\ module\ for\ SwiftyUtils (in target 'SwiftyUtils' from project 'SwiftyUtils')
/Users/admin/builder/spi-builder-workspace/Sources/Extensions/Foundation/Color/ColorExtension.swift:14:11: error: cannot find type 'SwiftyColor' in scope
12 | // MARK: Init
13 |
14 | extension SwiftyColor {
| `- error: cannot find type 'SwiftyColor' in scope
15 |
16 | /// Initialize a Color from an hex String.
/Users/admin/builder/spi-builder-workspace/Sources/Extensions/Foundation/Color/ColorExtension.swift:45:11: error: cannot find type 'SwiftyColor' in scope
43 |
44 | #if !os(OSX)
45 | extension SwiftyColor {
| `- error: cannot find type 'SwiftyColor' in scope
46 |
47 | /// Extract the red component from the `Color`.
/Users/admin/builder/spi-builder-workspace/Sources/Extensions/Foundation/Color/ColorExtension.swift:84:11: error: cannot find type 'SwiftyColor' in scope
82 | // MARK: - Brightness
83 |
84 | extension SwiftyColor {
| `- error: cannot find type 'SwiftyColor' in scope
85 |
86 | /// Make the Color lighter.
/Users/admin/builder/spi-builder-workspace/Sources/Extensions/Foundation/NSLayoutConstraint/NSLayoutConstraintsExtension.swift:13:11: error: cannot find type 'NSLayoutConstraint' in scope
11 |
12 | #if !os(watchOS)
13 | extension NSLayoutConstraint {
| `- error: cannot find type 'NSLayoutConstraint' in scope
14 |
15 | /// Update the constraint's constant by multipilying the view's width or height
/Users/admin/builder/spi-builder-workspace/Sources/Extensions/Foundation/NSMutableAttributedString/NSMutableAttributedStringExtension.swift:24:39: error: cannot find type 'SwiftyColor' in scope
22 | /// - Returns: The new NSMutableAttributedString.
23 | public static func colored(inText text: String,
24 | color: SwiftyColor,
| `- error: cannot find type 'SwiftyColor' in scope
25 | afterOcurrence occurence: String) -> NSMutableAttributedString {
26 | let attrStr = NSMutableAttributedString(string: text)
/Users/admin/builder/spi-builder-workspace/Sources/Extensions/Foundation/NSMutableAttributedString/NSMutableAttributedStringExtension.swift:39:39: error: cannot find type 'SwiftyColor' in scope
37 | /// - Returns: The new NSMutableAttributedString.
38 | public static func colored(inText text: String,
39 | color: SwiftyColor,
| `- error: cannot find type 'SwiftyColor' in scope
40 | occurences searchString: String) -> NSMutableAttributedString {
41 | let attrStr = NSMutableAttributedString(string: text)
/Users/admin/builder/spi-builder-workspace/Sources/Extensions/Foundation/NSMutableAttributedString/NSMutableAttributedStringExtension.swift:50:32: error: cannot find type 'SwiftyColor' in scope
48 | /// - color: The color that will be applied to the attribute.
49 | /// - searchString: The text on which the attribute will be applied (for each occurences found).
50 | public func color(_ color: SwiftyColor,
| `- error: cannot find type 'SwiftyColor' in scope
51 | afterOcurrence occurence: String) {
52 | let range = NSRange(text: string, afterOccurence: occurence)
/Users/admin/builder/spi-builder-workspace/Sources/Extensions/Foundation/NSMutableAttributedString/NSMutableAttributedStringExtension.swift:62:32: error: cannot find type 'SwiftyColor' in scope
60 | /// - color: The color that will be applied to each occurence.
61 | /// - searchString: The text on which the attribute will be applied (for each occurences found).
62 | public func color(_ color: SwiftyColor, occurences searchString: String) {
| `- error: cannot find type 'SwiftyColor' in scope
63 | addAttribute(forOccurence: searchString, value: color, addAttributeMethod: addColorAttribute)
64 | }
/Users/admin/builder/spi-builder-workspace/Sources/Extensions/Foundation/NSMutableAttributedString/NSMutableAttributedStringExtension.swift:167:35: error: cannot find type 'SwiftyFont' in scope
165 | /// - Returns: The new NSMutableAttributedString.
166 | public static func font(inText text: String,
167 | font: SwiftyFont,
| `- error: cannot find type 'SwiftyFont' in scope
168 | afterOcurrence occurence: String) -> NSMutableAttributedString {
169 | let attrStr = NSMutableAttributedString(string: text)
/Users/admin/builder/spi-builder-workspace/Sources/Extensions/Foundation/NSMutableAttributedString/NSMutableAttributedStringExtension.swift:181:35: error: cannot find type 'SwiftyFont' in scope
179 | /// - Returns: The new NSMutableAttributedString.
180 | public static func font(inText text: String,
181 | font: SwiftyFont,
| `- error: cannot find type 'SwiftyFont' in scope
182 | occurences searchString: String) -> NSMutableAttributedString {
183 | let attrStr = NSMutableAttributedString(string: text)
/Users/admin/builder/spi-builder-workspace/Sources/Extensions/Foundation/NSMutableAttributedString/NSMutableAttributedStringExtension.swift:192:30: error: cannot find type 'SwiftyFont' in scope
190 | /// - font: The font that will be applied to the attribute.
191 | /// - occurence: The part of the text where the attribute won't be applied.
192 | public func font(_ font: SwiftyFont, afterOcurrence occurence: String) {
| `- error: cannot find type 'SwiftyFont' in scope
193 | let range = NSRange(text: string, afterOccurence: occurence)
194 | if range.location != NSNotFound {
/Users/admin/builder/spi-builder-workspace/Sources/Extensions/Foundation/NSMutableAttributedString/NSMutableAttributedStringExtension.swift:203:30: error: cannot find type 'SwiftyFont' in scope
201 | /// - font: The font that will be applied to each occurence.
202 | /// - searchString: The text on which the attribute will be applied (for each occurences found).
203 | public func font(_ font: SwiftyFont, occurences searchString: String) {
| `- error: cannot find type 'SwiftyFont' in scope
204 | addAttribute(forOccurence: searchString, value: font, addAttributeMethod: addFontAttribute)
205 | }
/Users/admin/builder/spi-builder-workspace/Sources/Protocols/UIKit/Nibs/NibLoadable.swift:16:21: warning: 'UINib' was deprecated in visionOS 1.0: Loading Interface Builder products will not be supported in a future version of visionOS. [#DeprecatedDeclaration]
14 | public protocol NibLoadable: AnyObject {
15 | /// The nib file to use to load a new instance of the View from a Xib.
16 | static var nib: UINib { get }
| `- warning: 'UINib' was deprecated in visionOS 1.0: Loading Interface Builder products will not be supported in a future version of visionOS. [#DeprecatedDeclaration]
17 | }
18 |
/Users/admin/builder/spi-builder-workspace/Sources/Protocols/UIKit/Nibs/NibLoadable.swift:21:28: warning: 'UINib' was deprecated in visionOS 1.0: Loading Interface Builder products will not be supported in a future version of visionOS. [#DeprecatedDeclaration]
19 | extension NibLoadable {
20 | /// Use by default the nib which have the same name as the the class and located in the bundle of that class
21 | public static var nib: UINib {
| `- warning: 'UINib' was deprecated in visionOS 1.0: Loading Interface Builder products will not be supported in a future version of visionOS. [#DeprecatedDeclaration]
22 | UINib(nibName: String(describing: self), bundle: Bundle(for: self))
23 | }
/Users/admin/builder/spi-builder-workspace/Sources/Protocols/UIKit/Nibs/NibOwnerLoadable.swift:16:21: warning: 'UINib' was deprecated in visionOS 1.0: Loading Interface Builder products will not be supported in a future version of visionOS. [#DeprecatedDeclaration]
14 | public protocol NibOwnerLoadable: AnyObject {
15 | /// The nib file to use to load a new instance of the View from a Xib.
16 | static var nib: UINib { get }
| `- warning: 'UINib' was deprecated in visionOS 1.0: Loading Interface Builder products will not be supported in a future version of visionOS. [#DeprecatedDeclaration]
17 | }
18 |
/Users/admin/builder/spi-builder-workspace/Sources/Protocols/UIKit/Nibs/NibOwnerLoadable.swift:23:28: warning: 'UINib' was deprecated in visionOS 1.0: Loading Interface Builder products will not be supported in a future version of visionOS. [#DeprecatedDeclaration]
21 | extension NibOwnerLoadable {
22 | /// Use by default the nib which have the same name as the the class and located in the bundle of that class
23 | public static var nib: UINib {
| `- warning: 'UINib' was deprecated in visionOS 1.0: Loading Interface Builder products will not be supported in a future version of visionOS. [#DeprecatedDeclaration]
24 | UINib(nibName: String(describing: self), bundle: Bundle(for: self))
25 | }
[#DeprecatedDeclaration]: <https://docs.swift.org/compiler/documentation/diagnostics/deprecated-declaration>
Failed frontend command:
/Applications/Xcode-27.0.0-Release.Candidate.app/Contents/Developer/Toolchains/XcodeDefault.xctoolchain/usr/bin/swift-frontend -frontend -emit-module -experimental-skip-non-inlinable-function-bodies-without-types /Users/admin/builder/spi-builder-workspace/Sources/Constants.swift /Users/admin/builder/spi-builder-workspace/Sources/Extensions/AppKit/NSView/NSViewExtension.swift /Users/admin/builder/spi-builder-workspace/Sources/Extensions/CoreGraphics/CGFloatLiteral/CGFloatLiteral.swift /Users/admin/builder/spi-builder-workspace/Sources/Extensions/CoreGraphics/CGPoint/CGPointExtension.swift /Users/admin/builder/spi-builder-workspace/Sources/Extensions/CoreGraphics/CGRect/CGRectExtensions.swift /Users/admin/builder/spi-builder-workspace/Sources/Extensions/CoreGraphics/CGSize/CGSizeExtension.swift /Users/admin/builder/spi-builder-workspace/Sources/Extensions/Foundation/Bundle/BundleExtension.swift /Users/admin/builder/spi-builder-workspace/Sources/Extensions/Foundation/Color/ColorExtension.swift /Users/admin/builder/spi-builder-workspace/Sources/Extensions/Foundation/Date/DateExtension.swift /Users/admin/builder/spi-builder-workspace/Sources/Extensions/Foundation/FileManager/FileManagerExtension.swift /Users/admin/builder/spi-builder-workspace/Sources/Extensions/Foundation/NSAttributedString/NSAttributedStringExtension.swift /Users/admin/builder/spi-builder-workspace/Sources/Extensions/Foundation/NSLayoutConstraint/NSLayoutConstraintsExtension.swift /Users/admin/builder/spi-builder-workspace/Sources/Extensions/Foundation/NSMutableAttributedString/NSMutableAttributedStringExtension.swift /Users/admin/builder/spi-builder-workspace/Sources/Extensions/Foundation/NSObject/NSObjectExtension.swift /Users/admin/builder/spi-builder-workspace/Sources/Extensions/Foundation/NSRange/NSRangeExtension.swift /Users/admin/builder/spi-builder-workspace/Sources/Extensions/Foundation/NotificationCenter/NotificationCenterExtension.swift /Users/admin/builder/spi-builder-workspace/Sources/Extensions/Foundation/ReusableFormatters/ReusableFormatters.swift /Users/admin/builder/spi-builder-workspace/Sources/Extensions/Foundation/Timer/TimerExtension.swift /Users/admin/builder/spi-builder-workspace/Sources/Extensions/Foundation/URL/URLExtension.swift /Users/admin/builder/spi-builder-workspace/Sources/Extensions/Foundation/UserDefaults/UserDefaultsExtension.swift /Users/admin/builder/spi-builder-workspace/Sources/Extensions/Swift/Array/ArrayExtension.swift /Users/admin/builder/spi-builder-workspace/Sources/Extensions/Swift/Data/DataExtension.swift /Users/admin/builder/spi-builder-workspace/Sources/Extensions/Swift/Dictionary/DictionaryExtension.swift /Users/admin/builder/spi-builder-workspace/Sources/Extensions/Swift/Double/DoubleExtension.swift /Users/admin/builder/spi-builder-workspace/Sources/Extensions/Swift/Int/IntExtension.swift /Users/admin/builder/spi-builder-workspace/Sources/Extensions/Swift/MutableCollection/MutableCollectionExtension.swift /Users/admin/builder/spi-builder-workspace/Sources/Extensions/Swift/Sequence/SequenceExtension.swift /Users/admin/builder/spi-builder-workspace/Sources/Extensions/Swift/String/StringExtension.swift /Users/admin/builder/spi-builder-workspace/Sources/Extensions/SwiftUI/BindingExtension.swift /Users/admin/builder/spi-builder-workspace/Sources/Extensions/UIKit/UIAlertController/UIAlertControllerExtension.swift /Users/admin/builder/spi-builder-workspace/Sources/Extensions/UIKit/UIApplication/UIApplicationExtension.swift /Users/admin/builder/spi-builder-workspace/Sources/Extensions/UIKit/UIButton/UIButtonExtension.swift /Users/admin/builder/spi-builder-workspace/Sources/Extensions/UIKit/UICollectionView/UICollectionViewExtension.swift /Users/admin/builder/spi-builder-workspace/Sources/Extensions/UIKit/UICollectionViewCell/UICollectionViewCellExtension.swift /Users/admin/builder/spi-builder-workspace/Sources/Extensions/UIKit/UIDevice/UIDeviceExtension.swift /Users/admin/builder/spi-builder-workspace/Sources/Extensions/UIKit/UIFont/UIFontExtension.swift /Users/admin/builder/spi-builder-workspace/Sources/Extensions/UIKit/UIImage/UIImageExtension.swift /Users/admin/builder/spi-builder-workspace/Sources/Extensions/UIKit/UILabel/UILabelExtension.swift /Users/admin/builder/spi-builder-workspace/Sources/Extensions/UIKit/UIScreen/UIScreenExtension.swift /Users/admin/builder/spi-builder-workspace/Sources/Extensions/UIKit/UISlider/UISliderExtension.swift /Users/admin/builder/spi-builder-workspace/Sources/Extensions/UIKit/UIStoryboard/UIStoryboardExtension.swift /Users/admin/builder/spi-builder-workspace/Sources/Extensions/UIKit/UISwitch/UISwitchExtension.swift /Users/admin/builder/spi-builder-workspace/Sources/Extensions/UIKit/UITableView/UITableViewExtension.swift /Users/admin/builder/spi-builder-workspace/Sources/Extensions/UIKit/UITextField/UITextFieldExtension.swift /Users/admin/builder/spi-builder-workspace/Sources/Extensions/UIKit/UITextView/UITextViewExtension.swift /Users/admin/builder/spi-builder-workspace/Sources/Extensions/UIKit/UIView/UIViewExtension.swift /Users/admin/builder/spi-builder-workspace/Sources/Extensions/UIKit/UIViewController/UIViewControllerExtension.swift /Users/admin/builder/spi-builder-workspace/Sources/Others/UITesting.swift /Users/admin/builder/spi-builder-workspace/Sources/Others/UnitTesting.swift /Users/admin/builder/spi-builder-workspace/Sources/Others/macOS/SystemUtility.swift /Users/admin/builder/spi-builder-workspace/Sources/PropertyWrappers/UserDefaultsBacked.swift /Users/admin/builder/spi-builder-workspace/Sources/Protocols/Swift/AnyOptional.swift /Users/admin/builder/spi-builder-workspace/Sources/Protocols/Swift/Injectable.swift /Users/admin/builder/spi-builder-workspace/Sources/Protocols/Swift/Occupiable.swift /Users/admin/builder/spi-builder-workspace/Sources/Protocols/Swift/Then.swift /Users/admin/builder/spi-builder-workspace/Sources/Protocols/UIKit/Nibs/NibLoadable.swift /Users/admin/builder/spi-builder-workspace/Sources/Protocols/UIKit/Nibs/NibOwnerLoadable.swift /Users/admin/builder/spi-builder-workspace/Sources/Protocols/UIKit/Reusable/Reusable.swift /Users/admin/builder/spi-builder-workspace/Sources/SwiftUI/Preview/UIElementPreview.swift -target arm64-apple-xros1.0 -module-can-import-version SwiftUI 8.0.84.1 8.0.84 -module-can-import-version UIKit 9127.0.84.1 9127.0.84 -disable-cross-import-overlay-search -load-resolved-plugin /Applications/Xcode-27.0.0-Release.Candidate.app/Contents/Developer/Platforms/XROS.platform/Developer/usr/lib/swift/host/plugins/libFoundationMacros.dylib\#/Applications/Xcode-27.0.0-Release.Candidate.app/Contents/Developer/Platforms/XROS.platform/Developer/usr/bin/swift-plugin-server\#FoundationMacros -load-resolved-plugin /Applications/Xcode-27.0.0-Release.Candidate.app/Contents/Developer/Platforms/XROS.platform/Developer/usr/lib/swift/host/plugins/libObservationMacros.dylib\#/Applications/Xcode-27.0.0-Release.Candidate.app/Contents/Developer/Platforms/XROS.platform/Developer/usr/bin/swift-plugin-server\#ObservationMacros -load-resolved-plugin /Applications/Xcode-27.0.0-Release.Candidate.app/Contents/Developer/Platforms/XROS.platform/Developer/usr/lib/swift/host/plugins/libPreviewsMacros.dylib\#/Applications/Xcode-27.0.0-Release.Candidate.app/Contents/Developer/Platforms/XROS.platform/Developer/usr/bin/swift-plugin-server\#PreviewsMacros -load-resolved-plugin /Applications/Xcode-27.0.0-Release.Candidate.app/Contents/Developer/Platforms/XROS.platform/Developer/usr/lib/swift/host/plugins/libSwiftMacros.dylib\#/Applications/Xcode-27.0.0-Release.Candidate.app/Contents/Developer/Platforms/XROS.platform/Developer/usr/bin/swift-plugin-server\#SwiftMacros -load-resolved-plugin /Applications/Xcode-27.0.0-Release.Candidate.app/Contents/Developer/Platforms/XROS.platform/Developer/usr/lib/swift/host/plugins/libSwiftUIMacros.dylib\#/Applications/Xcode-27.0.0-Release.Candidate.app/Contents/Developer/Platforms/XROS.platform/Developer/usr/bin/swift-plugin-server\#SwiftUIMacros -disable-implicit-swift-modules -Xcc -fno-implicit-modules -Xcc -fno-implicit-module-maps -explicit-swift-module-map-file /Users/admin/builder/spi-builder-workspace/.derivedData/Build/Intermediates.noindex/SwiftyUtils.build/Debug-xros/SwiftyUtils-t.build/Objects-normal/arm64/SwiftyUtils-dependencies-1.json -Xllvm -aarch64-use-tbi -enable-objc-interop -stack-check -sdk /Applications/Xcode-27.0.0-Release.Candidate.app/Contents/Developer/Platforms/XROS.platform/Developer/SDKs/XROS27.0.sdk -I /Users/admin/builder/spi-builder-workspace/.derivedData/Build/Products/Debug-xros -Isystem /Applications/Xcode-27.0.0-Release.Candidate.app/Contents/Developer/Platforms/XROS.platform/Developer/usr/lib -F /Users/admin/builder/spi-builder-workspace/.derivedData/Build/Products/Debug-xros -F /Applications/Xcode-27.0.0-Release.Candidate.app/Contents/Developer/Platforms/XROS.platform/Developer/Library/Frameworks -F /Applications/Xcode-27.0.0-Release.Candidate.app/Contents/Developer/Platforms/XROS.platform/Developer/SDKs/XROS27.0.sdk/Developer/Library/Frameworks -module-cache-path /Users/admin/builder/spi-builder-workspace/.derivedData/Build/Intermediates.noindex/SwiftExplicitPrecompiledModules -no-color-diagnostics -Xcc -fno-color-diagnostics -enable-testing -g -debug-info-format\=dwarf -dwarf-version\=4 -profile-generate -profile-coverage-mapping -swift-version 5 -Onone -D SWIFT_PACKAGE -D DEBUG -D SWIFT_MODULE_RESOURCE_BUNDLE_UNAVAILABLE -D Xcode -serialize-debugging-options -enable-experimental-feature DebugDescriptionMacro -empty-abi-descriptor -validate-clang-modules-once -clang-build-session-file /Users/admin/builder/spi-builder-workspace/.derivedData/ModuleCache.noindex/Session.modulevalidation -Xcc -working-directory -Xcc /Users/admin/builder/spi-builder-workspace/.swiftpm/xcode -enable-anonymous-context-mangled-names -file-compilation-dir /Users/admin/builder/spi-builder-workspace/.swiftpm/xcode -Xcc -D_LIBCPP_HARDENING_MODE\=_LIBCPP_HARDENING_MODE_DEBUG -Xcc -ivfsstatcache -Xcc /Users/admin/builder/spi-builder-workspace/.derivedData/SDKStatCaches.noindex/xros27.0-24M361-e829b21a6f8c9b70876ba0858053c044735bd543db762f57723cac368afd1ce4.sdkstatcache -Xcc -fmodules-prune-interval\=86400 -Xcc -fmodules-prune-after\=345600 -Xcc -I/Users/admin/builder/spi-builder-workspace/.derivedData/Build/Products/Debug-xros/include -Xcc -I/Users/admin/builder/spi-builder-workspace/.derivedData/Build/Intermediates.noindex/SwiftyUtils.build/Debug-xros/SwiftyUtils-t.build/DerivedSources-normal/arm64 -Xcc -I/Users/admin/builder/spi-builder-workspace/.derivedData/Build/Intermediates.noindex/SwiftyUtils.build/Debug-xros/SwiftyUtils-t.build/DerivedSources/arm64 -Xcc -I/Users/admin/builder/spi-builder-workspace/.derivedData/Build/Intermediates.noindex/SwiftyUtils.build/Debug-xros/SwiftyUtils-t.build/DerivedSources -Xcc -DSWIFT_PACKAGE -Xcc -DDEBUG\=1 -no-auto-bridging-header-chaining -module-name SwiftyUtils -const-gather-protocols-file /Users/admin/builder/spi-builder-workspace/.derivedData/Build/Intermediates.noindex/SwiftyUtils.build/Debug-xros/SwiftyUtils-t.build/Objects-normal/arm64/SwiftyUtils_const_extract_protocols.json -disable-clang-spi -clang-target arm64-apple-xros27.0 -target-sdk-version 27.0 -target-sdk-name xros27.0 -in-process-plugin-server-path /Applications/Xcode-27.0.0-Release.Candidate.app/Contents/Developer/Toolchains/XcodeDefault.xctoolchain/usr/lib/swift/host/libSwiftInProcPluginServer.dylib -emit-module-doc-path /Users/admin/builder/spi-builder-workspace/.derivedData/Build/Intermediates.noindex/SwiftyUtils.build/Debug-xros/SwiftyUtils-t.build/Objects-normal/arm64/SwiftyUtils.swiftdoc -emit-module-source-info-path /Users/admin/builder/spi-builder-workspace/.derivedData/Build/Intermediates.noindex/SwiftyUtils.build/Debug-xros/SwiftyUtils-t.build/Objects-normal/arm64/SwiftyUtils.swiftsourceinfo -emit-objc-header-path /Users/admin/builder/spi-builder-workspace/.derivedData/Build/Intermediates.noindex/SwiftyUtils.build/Debug-xros/SwiftyUtils-t.build/Objects-normal/arm64/SwiftyUtils-Swift.h -serialize-diagnostics-path /Users/admin/builder/spi-builder-workspace/.derivedData/Build/Intermediates.noindex/SwiftyUtils.build/Debug-xros/SwiftyUtils-t.build/Objects-normal/arm64/SwiftyUtils-primary-emit-module.dia -emit-dependencies-path /Users/admin/builder/spi-builder-workspace/.derivedData/Build/Intermediates.noindex/SwiftyUtils.build/Debug-xros/SwiftyUtils-t.build/Objects-normal/arm64/SwiftyUtils-primary-emit-module.d -parse-as-library -o /Users/admin/builder/spi-builder-workspace/.derivedData/Build/Intermediates.noindex/SwiftyUtils.build/Debug-xros/SwiftyUtils-t.build/Objects-normal/arm64/SwiftyUtils.swiftmodule -emit-abi-descriptor-path /Users/admin/builder/spi-builder-workspace/.derivedData/Build/Intermediates.noindex/SwiftyUtils.build/Debug-xros/SwiftyUtils-t.build/Objects-normal/arm64/SwiftyUtils.abi.json
SwiftCompile normal arm64 (in target 'SwiftyUtils' from project 'SwiftyUtils')
cd /Users/admin/builder/spi-builder-workspace/.swiftpm/xcode
SwiftCompile normal arm64 Compiling\ NSMutableAttributedStringExtension.swift,\ NSObjectExtension.swift,\ NSRangeExtension.swift,\ NotificationCenterExtension.swift,\ ReusableFormatters.swift,\ TimerExtension.swift /Users/admin/builder/spi-builder-workspace/Sources/Extensions/Foundation/NSMutableAttributedString/NSMutableAttributedStringExtension.swift /Users/admin/builder/spi-builder-workspace/Sources/Extensions/Foundation/NSObject/NSObjectExtension.swift /Users/admin/builder/spi-builder-workspace/Sources/Extensions/Foundation/NSRange/NSRangeExtension.swift /Users/admin/builder/spi-builder-workspace/Sources/Extensions/Foundation/NotificationCenter/NotificationCenterExtension.swift /Users/admin/builder/spi-builder-workspace/Sources/Extensions/Foundation/ReusableFormatters/ReusableFormatters.swift /Users/admin/builder/spi-builder-workspace/Sources/Extensions/Foundation/Timer/TimerExtension.swift (in target 'SwiftyUtils' from project 'SwiftyUtils')
SwiftCompile normal arm64 /Users/admin/builder/spi-builder-workspace/Sources/Extensions/Foundation/NSMutableAttributedString/NSMutableAttributedStringExtension.swift (in target 'SwiftyUtils' from project 'SwiftyUtils')
cd /Users/admin/builder/spi-builder-workspace/.swiftpm/xcode
builtin-SwiftPerFileCompile NSMutableAttributedStringExtension.swift
SwiftCompile normal arm64 /Users/admin/builder/spi-builder-workspace/Sources/Extensions/Foundation/NSObject/NSObjectExtension.swift (in target 'SwiftyUtils' from project 'SwiftyUtils')
cd /Users/admin/builder/spi-builder-workspace/.swiftpm/xcode
builtin-SwiftPerFileCompile NSObjectExtension.swift
SwiftCompile normal arm64 /Users/admin/builder/spi-builder-workspace/Sources/Extensions/Foundation/NSRange/NSRangeExtension.swift (in target 'SwiftyUtils' from project 'SwiftyUtils')
cd /Users/admin/builder/spi-builder-workspace/.swiftpm/xcode
builtin-SwiftPerFileCompile NSRangeExtension.swift
SwiftCompile normal arm64 /Users/admin/builder/spi-builder-workspace/Sources/Extensions/Foundation/NotificationCenter/NotificationCenterExtension.swift (in target 'SwiftyUtils' from project 'SwiftyUtils')
cd /Users/admin/builder/spi-builder-workspace/.swiftpm/xcode
builtin-SwiftPerFileCompile NotificationCenterExtension.swift
SwiftCompile normal arm64 /Users/admin/builder/spi-builder-workspace/Sources/Extensions/Foundation/ReusableFormatters/ReusableFormatters.swift (in target 'SwiftyUtils' from project 'SwiftyUtils')
cd /Users/admin/builder/spi-builder-workspace/.swiftpm/xcode
builtin-SwiftPerFileCompile ReusableFormatters.swift
SwiftCompile normal arm64 /Users/admin/builder/spi-builder-workspace/Sources/Extensions/Foundation/Timer/TimerExtension.swift (in target 'SwiftyUtils' from project 'SwiftyUtils')
cd /Users/admin/builder/spi-builder-workspace/.swiftpm/xcode
builtin-SwiftPerFileCompile TimerExtension.swift
PruneExplicitPrecompiledModules /Users/admin/builder/spi-builder-workspace/.derivedData/Build/Intermediates.noindex/ExplicitPrecompiledModules
PruneExplicitPrecompiledModules /Users/admin/builder/spi-builder-workspace/.derivedData/SDKExplicitPrecompiledModules
PruneExplicitPrecompiledModules /Users/admin/builder/spi-builder-workspace/.derivedData/Build/Intermediates.noindex/SwiftExplicitPrecompiledModules
2026-09-18 13:34:39.434 xcodebuild[783:4853] [MT] IDERunDestination: Supported platforms for the buildables in the current scheme is empty.
** BUILD FAILED **
The following build commands failed:
SwiftEmitModule normal arm64 Emitting\ module\ for\ SwiftyUtils (in target 'SwiftyUtils' from project 'SwiftyUtils')
SwiftCompile normal arm64 (in target 'SwiftyUtils' from project 'SwiftyUtils')
Building workspace SwiftyUtils with scheme SwiftyUtils
(3 failures)
BUILD FAILURE 6.4 visionOS