Build Information
Failed to build TeslaSwift, reference 12.2.0 (0c2ff1), with Swift 6.4 for watchOS using Xcode 27.0 on 22 Sep 2026 17:45:49 UTC.
Build Command
env DEVELOPER_DIR=/Applications/Xcode-27.0.0-Release.Candidate.app xcrun xcodebuild -IDEClonedSourcePackagesDirPathOverride=$PWD/.dependencies -skipMacroValidation -skipPackagePluginValidation -derivedDataPath $PWD/.derivedData build -scheme TeslaSwift-Package -destination generic/platform=watchOSBuild Log
SwiftDriverJobDiscovery normal arm64 Compiling TCPTransport.swift, Transport.swift (in target 'Starscream' from project 'Starscream')
Ld /Users/admin/builder/spi-builder-workspace/.derivedData/Build/Intermediates.noindex/TeslaSwift.build/Debug-watchos/TeslaSwift-t.build/Objects-normal/arm64_32/Binary/TeslaSwift.o normal arm64_32 (in target 'TeslaSwift' from project 'TeslaSwift')
cd /Users/admin/builder/spi-builder-workspace
/Applications/Xcode-27.0.0-Release.Candidate.app/Contents/Developer/Toolchains/XcodeDefault.xctoolchain/usr/bin/clang -Xlinker -reproducible -target arm64_32-apple-watchos9.0 -r -isysroot /Applications/Xcode-27.0.0-Release.Candidate.app/Contents/Developer/Platforms/WatchOS.platform/Developer/SDKs/WatchOS27.0.sdk -O0 -Xlinker -no_warn_duplicate_libraries -F/Users/admin/builder/spi-builder-workspace/.derivedData/Build/Intermediates.noindex/EagerLinkingTBDs/Debug-watchos -F/Users/admin/builder/spi-builder-workspace/.derivedData/Build/Products/Debug-watchos -iframework /Applications/Xcode-27.0.0-Release.Candidate.app/Contents/Developer/Platforms/WatchOS.platform/Developer/Library/Frameworks -iframework /Applications/Xcode-27.0.0-Release.Candidate.app/Contents/Developer/Platforms/WatchOS.platform/Developer/SDKs/WatchOS27.0.sdk/Developer/Library/Frameworks -filelist /Users/admin/builder/spi-builder-workspace/.derivedData/Build/Intermediates.noindex/TeslaSwift.build/Debug-watchos/TeslaSwift-t.build/Objects-normal/arm64_32/TeslaSwift.LinkFileList -nostdlib -Xlinker -object_path_lto -Xlinker /Users/admin/builder/spi-builder-workspace/.derivedData/Build/Intermediates.noindex/TeslaSwift.build/Debug-watchos/TeslaSwift-t.build/Objects-normal/arm64_32/TeslaSwift_lto.o -Xlinker -no_deduplicate -Xlinker -dependency_info -Xlinker /Users/admin/builder/spi-builder-workspace/.derivedData/Build/Intermediates.noindex/TeslaSwift.build/Debug-watchos/TeslaSwift-t.build/Objects-normal/arm64_32/TeslaSwift_dependency_info.dat -fobjc-link-runtime -L/Applications/Xcode-27.0.0-Release.Candidate.app/Contents/Developer/Toolchains/XcodeDefault.xctoolchain/usr/lib/swift/watchos -L/usr/lib/swift -Xlinker -add_ast_path -Xlinker /Users/admin/builder/spi-builder-workspace/.derivedData/Build/Intermediates.noindex/TeslaSwift.build/Debug-watchos/TeslaSwift-t.build/Objects-normal/arm64_32/TeslaSwift.swiftmodule -o /Users/admin/builder/spi-builder-workspace/.derivedData/Build/Intermediates.noindex/TeslaSwift.build/Debug-watchos/TeslaSwift-t.build/Objects-normal/arm64_32/Binary/TeslaSwift.o
SwiftDriverJobDiscovery normal arm64_32 Compiling FoundationHTTPHandler.swift, FoundationHTTPServerHandler.swift (in target 'Starscream' from project 'Starscream')
SwiftDriver TeslaSwiftCombine normal arm64 com.apple.xcode.tools.swift.compiler (in target 'TeslaSwiftCombine' from project 'TeslaSwift')
cd /Users/admin/builder/spi-builder-workspace/.swiftpm/xcode
builtin-SwiftDriver -- /Applications/Xcode-27.0.0-Release.Candidate.app/Contents/Developer/Toolchains/XcodeDefault.xctoolchain/usr/bin/swiftc -parse-as-library -module-name TeslaSwiftCombine -Onone @/Users/admin/builder/spi-builder-workspace/.derivedData/Build/Intermediates.noindex/TeslaSwift.build/Debug-watchos/TeslaSwiftCombine-t.build/Objects-normal/arm64/TeslaSwiftCombine.SwiftFileList -DSWIFT_PACKAGE -DDEBUG -DSWIFT_MODULE_RESOURCE_BUNDLE_UNAVAILABLE -DXcode -plugin-path /Applications/Xcode-27.0.0-Release.Candidate.app/Contents/Developer/Toolchains/XcodeDefault.xctoolchain/usr/lib/swift/host/plugins/testing -enable-experimental-feature DebugDescriptionMacro -sdk /Applications/Xcode-27.0.0-Release.Candidate.app/Contents/Developer/Platforms/WatchOS.platform/Developer/SDKs/WatchOS27.0.sdk -target arm64-apple-watchos9.0 -g -module-cache-path /Users/admin/builder/spi-builder-workspace/.derivedData/ModuleCache.noindex -Xfrontend -serialize-debugging-options -enable-testing -index-store-path /Users/admin/builder/spi-builder-workspace/.derivedData/Index.noindex/DataStore -Xcc -D_LIBCPP_HARDENING_MODE\=_LIBCPP_HARDENING_MODE_DEBUG -swift-version 5 -I /Users/admin/builder/spi-builder-workspace/.derivedData/Build/Products/Debug-watchos -Isystem /Applications/Xcode-27.0.0-Release.Candidate.app/Contents/Developer/Platforms/WatchOS.platform/Developer/usr/lib -F /Users/admin/builder/spi-builder-workspace/.derivedData/Build/Products/Debug-watchos/PackageFrameworks -F /Users/admin/builder/spi-builder-workspace/.derivedData/Build/Products/Debug-watchos -F /Applications/Xcode-27.0.0-Release.Candidate.app/Contents/Developer/Platforms/WatchOS.platform/Developer/Library/Frameworks -F /Applications/Xcode-27.0.0-Release.Candidate.app/Contents/Developer/Platforms/WatchOS.platform/Developer/SDKs/WatchOS27.0.sdk/Developer/Library/Frameworks -c -j10 -enable-batch-mode -incremental -Xcc -ivfsstatcache -Xcc /Users/admin/builder/spi-builder-workspace/.derivedData/SDKStatCaches.noindex/watchos27.0-24R360-e829b21a6f8c9b70876ba0858053c04477534ef55a1706bf4c1112bbb242f0a2.sdkstatcache -output-file-map /Users/admin/builder/spi-builder-workspace/.derivedData/Build/Intermediates.noindex/TeslaSwift.build/Debug-watchos/TeslaSwiftCombine-t.build/Objects-normal/arm64/TeslaSwiftCombine-OutputFileMap.json -save-temps -no-color-diagnostics -explicit-module-build -module-cache-path /Users/admin/builder/spi-builder-workspace/.derivedData/Build/Intermediates.noindex/SwiftExplicitPrecompiledModules -clang-scanner-module-cache-path /Users/admin/builder/spi-builder-workspace/.derivedData/ModuleCache.noindex -sdk-module-cache-path /Users/admin/builder/spi-builder-workspace/.derivedData/SDKExplicitPrecompiledModules -emit-dependencies -emit-module -emit-module-path /Users/admin/builder/spi-builder-workspace/.derivedData/Build/Intermediates.noindex/TeslaSwift.build/Debug-watchos/TeslaSwiftCombine-t.build/Objects-normal/arm64/TeslaSwiftCombine.swiftmodule -serialize-diagnostics -dependency-scan-serialize-diagnostics-path /Users/admin/builder/spi-builder-workspace/.derivedData/Build/Intermediates.noindex/TeslaSwift.build/Debug-watchos/TeslaSwiftCombine-t.build/Objects-normal/arm64/TeslaSwiftCombine-dependency-scan.dia -validate-clang-modules-once -clang-build-session-file /Users/admin/builder/spi-builder-workspace/.derivedData/ModuleCache.noindex/Session.modulevalidation -Xcc -fmodules-prune-interval\=86400 -Xcc -fmodules-prune-after\=345600 -package-name spi_builder_workspace -emit-const-values -const-gather-protocols-list /Users/admin/builder/spi-builder-workspace/.derivedData/Build/Intermediates.noindex/TeslaSwift.build/Debug-watchos/TeslaSwiftCombine-t.build/Objects-normal/arm64/TeslaSwiftCombine_const_extract_protocols.json -Xcc -I/Users/admin/builder/spi-builder-workspace/.derivedData/Build/Products/Debug-watchos/include -Xcc -I/Users/admin/builder/spi-builder-workspace/.derivedData/Build/Intermediates.noindex/TeslaSwift.build/Debug-watchos/TeslaSwiftCombine-t.build/DerivedSources-normal/arm64 -Xcc -I/Users/admin/builder/spi-builder-workspace/.derivedData/Build/Intermediates.noindex/TeslaSwift.build/Debug-watchos/TeslaSwiftCombine-t.build/DerivedSources/arm64 -Xcc -I/Users/admin/builder/spi-builder-workspace/.derivedData/Build/Intermediates.noindex/TeslaSwift.build/Debug-watchos/TeslaSwiftCombine-t.build/DerivedSources -Xcc -DSWIFT_PACKAGE -Xcc -DDEBUG\=1 -emit-objc-header -emit-objc-header-path /Users/admin/builder/spi-builder-workspace/.derivedData/Build/Intermediates.noindex/TeslaSwift.build/Debug-watchos/TeslaSwiftCombine-t.build/Objects-normal/arm64/TeslaSwiftCombine-Swift.h -working-directory /Users/admin/builder/spi-builder-workspace/.swiftpm/xcode -experimental-emit-module-separately -disable-cmo
SwiftDriver TeslaSwiftCombine normal arm64_32 com.apple.xcode.tools.swift.compiler (in target 'TeslaSwiftCombine' from project 'TeslaSwift')
cd /Users/admin/builder/spi-builder-workspace/.swiftpm/xcode
builtin-SwiftDriver -- /Applications/Xcode-27.0.0-Release.Candidate.app/Contents/Developer/Toolchains/XcodeDefault.xctoolchain/usr/bin/swiftc -parse-as-library -module-name TeslaSwiftCombine -Onone @/Users/admin/builder/spi-builder-workspace/.derivedData/Build/Intermediates.noindex/TeslaSwift.build/Debug-watchos/TeslaSwiftCombine-t.build/Objects-normal/arm64_32/TeslaSwiftCombine.SwiftFileList -DSWIFT_PACKAGE -DDEBUG -DSWIFT_MODULE_RESOURCE_BUNDLE_UNAVAILABLE -DXcode -plugin-path /Applications/Xcode-27.0.0-Release.Candidate.app/Contents/Developer/Toolchains/XcodeDefault.xctoolchain/usr/lib/swift/host/plugins/testing -enable-experimental-feature DebugDescriptionMacro -sdk /Applications/Xcode-27.0.0-Release.Candidate.app/Contents/Developer/Platforms/WatchOS.platform/Developer/SDKs/WatchOS27.0.sdk -target arm64_32-apple-watchos9.0 -g -module-cache-path /Users/admin/builder/spi-builder-workspace/.derivedData/ModuleCache.noindex -Xfrontend -serialize-debugging-options -enable-testing -index-store-path /Users/admin/builder/spi-builder-workspace/.derivedData/Index.noindex/DataStore -Xcc -D_LIBCPP_HARDENING_MODE\=_LIBCPP_HARDENING_MODE_DEBUG -swift-version 5 -I /Users/admin/builder/spi-builder-workspace/.derivedData/Build/Products/Debug-watchos -Isystem /Applications/Xcode-27.0.0-Release.Candidate.app/Contents/Developer/Platforms/WatchOS.platform/Developer/usr/lib -F /Users/admin/builder/spi-builder-workspace/.derivedData/Build/Products/Debug-watchos/PackageFrameworks -F /Users/admin/builder/spi-builder-workspace/.derivedData/Build/Products/Debug-watchos -F /Applications/Xcode-27.0.0-Release.Candidate.app/Contents/Developer/Platforms/WatchOS.platform/Developer/Library/Frameworks -F /Applications/Xcode-27.0.0-Release.Candidate.app/Contents/Developer/Platforms/WatchOS.platform/Developer/SDKs/WatchOS27.0.sdk/Developer/Library/Frameworks -c -j10 -enable-batch-mode -incremental -Xcc -ivfsstatcache -Xcc /Users/admin/builder/spi-builder-workspace/.derivedData/SDKStatCaches.noindex/watchos27.0-24R360-e829b21a6f8c9b70876ba0858053c04477534ef55a1706bf4c1112bbb242f0a2.sdkstatcache -output-file-map /Users/admin/builder/spi-builder-workspace/.derivedData/Build/Intermediates.noindex/TeslaSwift.build/Debug-watchos/TeslaSwiftCombine-t.build/Objects-normal/arm64_32/TeslaSwiftCombine-OutputFileMap.json -save-temps -no-color-diagnostics -explicit-module-build -module-cache-path /Users/admin/builder/spi-builder-workspace/.derivedData/Build/Intermediates.noindex/SwiftExplicitPrecompiledModules -clang-scanner-module-cache-path /Users/admin/builder/spi-builder-workspace/.derivedData/ModuleCache.noindex -sdk-module-cache-path /Users/admin/builder/spi-builder-workspace/.derivedData/SDKExplicitPrecompiledModules -emit-dependencies -emit-module -emit-module-path /Users/admin/builder/spi-builder-workspace/.derivedData/Build/Intermediates.noindex/TeslaSwift.build/Debug-watchos/TeslaSwiftCombine-t.build/Objects-normal/arm64_32/TeslaSwiftCombine.swiftmodule -serialize-diagnostics -dependency-scan-serialize-diagnostics-path /Users/admin/builder/spi-builder-workspace/.derivedData/Build/Intermediates.noindex/TeslaSwift.build/Debug-watchos/TeslaSwiftCombine-t.build/Objects-normal/arm64_32/TeslaSwiftCombine-dependency-scan.dia -validate-clang-modules-once -clang-build-session-file /Users/admin/builder/spi-builder-workspace/.derivedData/ModuleCache.noindex/Session.modulevalidation -Xcc -fmodules-prune-interval\=86400 -Xcc -fmodules-prune-after\=345600 -package-name spi_builder_workspace -emit-const-values -const-gather-protocols-list /Users/admin/builder/spi-builder-workspace/.derivedData/Build/Intermediates.noindex/TeslaSwift.build/Debug-watchos/TeslaSwiftCombine-t.build/Objects-normal/arm64_32/TeslaSwiftCombine_const_extract_protocols.json -Xcc -I/Users/admin/builder/spi-builder-workspace/.derivedData/Build/Products/Debug-watchos/include -Xcc -I/Users/admin/builder/spi-builder-workspace/.derivedData/Build/Intermediates.noindex/TeslaSwift.build/Debug-watchos/TeslaSwiftCombine-t.build/DerivedSources-normal/arm64_32 -Xcc -I/Users/admin/builder/spi-builder-workspace/.derivedData/Build/Intermediates.noindex/TeslaSwift.build/Debug-watchos/TeslaSwiftCombine-t.build/DerivedSources/arm64_32 -Xcc -I/Users/admin/builder/spi-builder-workspace/.derivedData/Build/Intermediates.noindex/TeslaSwift.build/Debug-watchos/TeslaSwiftCombine-t.build/DerivedSources -Xcc -DSWIFT_PACKAGE -Xcc -DDEBUG\=1 -emit-objc-header -emit-objc-header-path /Users/admin/builder/spi-builder-workspace/.derivedData/Build/Intermediates.noindex/TeslaSwift.build/Debug-watchos/TeslaSwiftCombine-t.build/Objects-normal/arm64_32/TeslaSwiftCombine-Swift.h -working-directory /Users/admin/builder/spi-builder-workspace/.swiftpm/xcode -experimental-emit-module-separately -disable-cmo
SwiftDriverJobDiscovery normal arm64 Compiling NativeEngine.swift, WSEngine.swift (in target 'Starscream' from project 'Starscream')
SwiftDriverJobDiscovery normal arm64_32 Compiling HTTPHandler.swift, StringHTTPHandler.swift (in target 'Starscream' from project 'Starscream')
SwiftDriverJobDiscovery normal arm64 Compiling ChargeHistory.swift, ChargeLimitPercentageCommandOptions.swift, ChargeState.swift, ClimateState.swift, Codable+JSONString.swift (in target 'TeslaSwift' from project 'TeslaSwift')
SwiftDriver\ Compilation TeslaSwift normal arm64 com.apple.xcode.tools.swift.compiler (in target 'TeslaSwift' from project 'TeslaSwift')
cd /Users/admin/builder/spi-builder-workspace/.swiftpm/xcode
builtin-Swift-Compilation -- /Applications/Xcode-27.0.0-Release.Candidate.app/Contents/Developer/Toolchains/XcodeDefault.xctoolchain/usr/bin/swiftc -parse-as-library -module-name TeslaSwift -Onone @/Users/admin/builder/spi-builder-workspace/.derivedData/Build/Intermediates.noindex/TeslaSwift.build/Debug-watchos/TeslaSwift-t.build/Objects-normal/arm64/TeslaSwift.SwiftFileList -DSWIFT_PACKAGE -DDEBUG -DSWIFT_MODULE_RESOURCE_BUNDLE_UNAVAILABLE -DXcode -plugin-path /Applications/Xcode-27.0.0-Release.Candidate.app/Contents/Developer/Toolchains/XcodeDefault.xctoolchain/usr/lib/swift/host/plugins/testing -enable-experimental-feature DebugDescriptionMacro -sdk /Applications/Xcode-27.0.0-Release.Candidate.app/Contents/Developer/Platforms/WatchOS.platform/Developer/SDKs/WatchOS27.0.sdk -target arm64-apple-watchos9.0 -g -module-cache-path /Users/admin/builder/spi-builder-workspace/.derivedData/ModuleCache.noindex -Xfrontend -serialize-debugging-options -enable-testing -index-store-path /Users/admin/builder/spi-builder-workspace/.derivedData/Index.noindex/DataStore -Xcc -D_LIBCPP_HARDENING_MODE\=_LIBCPP_HARDENING_MODE_DEBUG -swift-version 5 -I /Users/admin/builder/spi-builder-workspace/.derivedData/Build/Products/Debug-watchos -Isystem /Applications/Xcode-27.0.0-Release.Candidate.app/Contents/Developer/Platforms/WatchOS.platform/Developer/usr/lib -F /Users/admin/builder/spi-builder-workspace/.derivedData/Build/Products/Debug-watchos -F /Applications/Xcode-27.0.0-Release.Candidate.app/Contents/Developer/Platforms/WatchOS.platform/Developer/Library/Frameworks -F /Applications/Xcode-27.0.0-Release.Candidate.app/Contents/Developer/Platforms/WatchOS.platform/Developer/SDKs/WatchOS27.0.sdk/Developer/Library/Frameworks -c -j10 -enable-batch-mode -incremental -Xcc -ivfsstatcache -Xcc /Users/admin/builder/spi-builder-workspace/.derivedData/SDKStatCaches.noindex/watchos27.0-24R360-e829b21a6f8c9b70876ba0858053c04477534ef55a1706bf4c1112bbb242f0a2.sdkstatcache -output-file-map /Users/admin/builder/spi-builder-workspace/.derivedData/Build/Intermediates.noindex/TeslaSwift.build/Debug-watchos/TeslaSwift-t.build/Objects-normal/arm64/TeslaSwift-OutputFileMap.json -save-temps -no-color-diagnostics -explicit-module-build -module-cache-path /Users/admin/builder/spi-builder-workspace/.derivedData/Build/Intermediates.noindex/SwiftExplicitPrecompiledModules -clang-scanner-module-cache-path /Users/admin/builder/spi-builder-workspace/.derivedData/ModuleCache.noindex -sdk-module-cache-path /Users/admin/builder/spi-builder-workspace/.derivedData/SDKExplicitPrecompiledModules -emit-dependencies -emit-module -emit-module-path /Users/admin/builder/spi-builder-workspace/.derivedData/Build/Intermediates.noindex/TeslaSwift.build/Debug-watchos/TeslaSwift-t.build/Objects-normal/arm64/TeslaSwift.swiftmodule -serialize-diagnostics -dependency-scan-serialize-diagnostics-path /Users/admin/builder/spi-builder-workspace/.derivedData/Build/Intermediates.noindex/TeslaSwift.build/Debug-watchos/TeslaSwift-t.build/Objects-normal/arm64/TeslaSwift-dependency-scan.dia -validate-clang-modules-once -clang-build-session-file /Users/admin/builder/spi-builder-workspace/.derivedData/ModuleCache.noindex/Session.modulevalidation -Xcc -fmodules-prune-interval\=86400 -Xcc -fmodules-prune-after\=345600 -package-name spi_builder_workspace -emit-const-values -const-gather-protocols-list /Users/admin/builder/spi-builder-workspace/.derivedData/Build/Intermediates.noindex/TeslaSwift.build/Debug-watchos/TeslaSwift-t.build/Objects-normal/arm64/TeslaSwift_const_extract_protocols.json -Xcc -I/Users/admin/builder/spi-builder-workspace/.derivedData/Build/Products/Debug-watchos/include -Xcc -I/Users/admin/builder/spi-builder-workspace/.derivedData/Build/Intermediates.noindex/TeslaSwift.build/Debug-watchos/TeslaSwift-t.build/DerivedSources-normal/arm64 -Xcc -I/Users/admin/builder/spi-builder-workspace/.derivedData/Build/Intermediates.noindex/TeslaSwift.build/Debug-watchos/TeslaSwift-t.build/DerivedSources/arm64 -Xcc -I/Users/admin/builder/spi-builder-workspace/.derivedData/Build/Intermediates.noindex/TeslaSwift.build/Debug-watchos/TeslaSwift-t.build/DerivedSources -Xcc -DSWIFT_PACKAGE -Xcc -DDEBUG\=1 -emit-objc-header -emit-objc-header-path /Users/admin/builder/spi-builder-workspace/.derivedData/Build/Intermediates.noindex/TeslaSwift.build/Debug-watchos/TeslaSwift-t.build/Objects-normal/arm64/TeslaSwift-Swift.h -working-directory /Users/admin/builder/spi-builder-workspace/.swiftpm/xcode -experimental-emit-module-separately -disable-cmo
Ld /Users/admin/builder/spi-builder-workspace/.derivedData/Build/Intermediates.noindex/TeslaSwift.build/Debug-watchos/TeslaSwift-t.build/Objects-normal/arm64/Binary/TeslaSwift.o normal arm64 (in target 'TeslaSwift' from project 'TeslaSwift')
cd /Users/admin/builder/spi-builder-workspace
/Applications/Xcode-27.0.0-Release.Candidate.app/Contents/Developer/Toolchains/XcodeDefault.xctoolchain/usr/bin/clang -Xlinker -reproducible -target arm64-apple-watchos9.0 -r -isysroot /Applications/Xcode-27.0.0-Release.Candidate.app/Contents/Developer/Platforms/WatchOS.platform/Developer/SDKs/WatchOS27.0.sdk -O0 -Xlinker -no_warn_duplicate_libraries -F/Users/admin/builder/spi-builder-workspace/.derivedData/Build/Intermediates.noindex/EagerLinkingTBDs/Debug-watchos -F/Users/admin/builder/spi-builder-workspace/.derivedData/Build/Products/Debug-watchos -iframework /Applications/Xcode-27.0.0-Release.Candidate.app/Contents/Developer/Platforms/WatchOS.platform/Developer/Library/Frameworks -iframework /Applications/Xcode-27.0.0-Release.Candidate.app/Contents/Developer/Platforms/WatchOS.platform/Developer/SDKs/WatchOS27.0.sdk/Developer/Library/Frameworks -filelist /Users/admin/builder/spi-builder-workspace/.derivedData/Build/Intermediates.noindex/TeslaSwift.build/Debug-watchos/TeslaSwift-t.build/Objects-normal/arm64/TeslaSwift.LinkFileList -nostdlib -Xlinker -object_path_lto -Xlinker /Users/admin/builder/spi-builder-workspace/.derivedData/Build/Intermediates.noindex/TeslaSwift.build/Debug-watchos/TeslaSwift-t.build/Objects-normal/arm64/TeslaSwift_lto.o -Xlinker -no_deduplicate -Xlinker -dependency_info -Xlinker /Users/admin/builder/spi-builder-workspace/.derivedData/Build/Intermediates.noindex/TeslaSwift.build/Debug-watchos/TeslaSwift-t.build/Objects-normal/arm64/TeslaSwift_dependency_info.dat -fobjc-link-runtime -L/Applications/Xcode-27.0.0-Release.Candidate.app/Contents/Developer/Toolchains/XcodeDefault.xctoolchain/usr/lib/swift/watchos -L/usr/lib/swift -Xlinker -add_ast_path -Xlinker /Users/admin/builder/spi-builder-workspace/.derivedData/Build/Intermediates.noindex/TeslaSwift.build/Debug-watchos/TeslaSwift-t.build/Objects-normal/arm64/TeslaSwift.swiftmodule -o /Users/admin/builder/spi-builder-workspace/.derivedData/Build/Intermediates.noindex/TeslaSwift.build/Debug-watchos/TeslaSwift-t.build/Objects-normal/arm64/Binary/TeslaSwift.o
SwiftEmitModule normal arm64 Emitting\ module\ for\ TeslaSwiftStreaming (in target 'TeslaSwiftStreaming' from project 'TeslaSwift')
SwiftCompile normal arm64 (in target 'TeslaSwiftStreaming' from project 'TeslaSwift')
cd /Users/admin/builder/spi-builder-workspace/.swiftpm/xcode
SwiftCompile normal arm64 Compiling\ StreamControl.swift /Users/admin/builder/spi-builder-workspace/Sources/Extensions/Streaming/StreamControl.swift (in target 'TeslaSwiftStreaming' from project 'TeslaSwift')
SwiftCompile normal arm64 /Users/admin/builder/spi-builder-workspace/Sources/Extensions/Streaming/StreamControl.swift (in target 'TeslaSwiftStreaming' from project 'TeslaSwift')
cd /Users/admin/builder/spi-builder-workspace/.swiftpm/xcode
builtin-SwiftPerFileCompile StreamControl.swift
SwiftCompile normal arm64 Compiling\ StreamEvent.swift /Users/admin/builder/spi-builder-workspace/Sources/Extensions/Streaming/StreamEvent.swift (in target 'TeslaSwiftStreaming' from project 'TeslaSwift')
SwiftCompile normal arm64 /Users/admin/builder/spi-builder-workspace/Sources/Extensions/Streaming/StreamEvent.swift (in target 'TeslaSwiftStreaming' from project 'TeslaSwift')
cd /Users/admin/builder/spi-builder-workspace/.swiftpm/xcode
builtin-SwiftPerFileCompile StreamEvent.swift
CreateUniversalBinary /Users/admin/builder/spi-builder-workspace/.derivedData/Build/Products/Debug-watchos/TeslaSwift.o normal arm64\ arm64_32 (in target 'TeslaSwift' from project 'TeslaSwift')
cd /Users/admin/builder/spi-builder-workspace
/Applications/Xcode-27.0.0-Release.Candidate.app/Contents/Developer/Toolchains/XcodeDefault.xctoolchain/usr/bin/lipo -create /Users/admin/builder/spi-builder-workspace/.derivedData/Build/Intermediates.noindex/TeslaSwift.build/Debug-watchos/TeslaSwift-t.build/Objects-normal/arm64/Binary/TeslaSwift.o /Users/admin/builder/spi-builder-workspace/.derivedData/Build/Intermediates.noindex/TeslaSwift.build/Debug-watchos/TeslaSwift-t.build/Objects-normal/arm64_32/Binary/TeslaSwift.o -output /Users/admin/builder/spi-builder-workspace/.derivedData/Build/Products/Debug-watchos/TeslaSwift.o
SwiftEmitModule normal arm64_32 Emitting\ module\ for\ TeslaSwiftStreaming (in target 'TeslaSwiftStreaming' from project 'TeslaSwift')
SwiftCompile normal arm64_32 (in target 'TeslaSwiftStreaming' from project 'TeslaSwift')
cd /Users/admin/builder/spi-builder-workspace/.swiftpm/xcode
SwiftDriverJobDiscovery normal arm64_32 Compiling resource_bundle_accessor.swift, Compression.swift, WSCompression.swift (in target 'Starscream' from project 'Starscream')
SwiftCompile normal arm64_32 Compiling\ TeslaStreaming.swift /Users/admin/builder/spi-builder-workspace/Sources/Extensions/Streaming/TeslaStreaming.swift (in target 'TeslaSwiftStreaming' from project 'TeslaSwift')
SwiftCompile normal arm64_32 /Users/admin/builder/spi-builder-workspace/Sources/Extensions/Streaming/TeslaStreaming.swift (in target 'TeslaSwiftStreaming' from project 'TeslaSwift')
cd /Users/admin/builder/spi-builder-workspace/.swiftpm/xcode
builtin-SwiftPerFileCompile TeslaStreaming.swift
SwiftCompile normal arm64_32 Compiling\ StreamEvent.swift /Users/admin/builder/spi-builder-workspace/Sources/Extensions/Streaming/StreamEvent.swift (in target 'TeslaSwiftStreaming' from project 'TeslaSwift')
SwiftCompile normal arm64_32 /Users/admin/builder/spi-builder-workspace/Sources/Extensions/Streaming/StreamEvent.swift (in target 'TeslaSwiftStreaming' from project 'TeslaSwift')
cd /Users/admin/builder/spi-builder-workspace/.swiftpm/xcode
builtin-SwiftPerFileCompile StreamEvent.swift
SwiftDriverJobDiscovery normal arm64 Compiling FoundationSecurity.swift, Security.swift (in target 'Starscream' from project 'Starscream')
SwiftCompile normal arm64_32 Compiling\ StreamControl.swift /Users/admin/builder/spi-builder-workspace/Sources/Extensions/Streaming/StreamControl.swift (in target 'TeslaSwiftStreaming' from project 'TeslaSwift')
SwiftCompile normal arm64_32 /Users/admin/builder/spi-builder-workspace/Sources/Extensions/Streaming/StreamControl.swift (in target 'TeslaSwiftStreaming' from project 'TeslaSwift')
cd /Users/admin/builder/spi-builder-workspace/.swiftpm/xcode
builtin-SwiftPerFileCompile StreamControl.swift
SwiftEmitModule normal arm64 Emitting\ module\ for\ TeslaSwiftCombine (in target 'TeslaSwiftCombine' from project 'TeslaSwift')
SwiftCompile normal arm64 (in target 'TeslaSwiftCombine' from project 'TeslaSwift')
cd /Users/admin/builder/spi-builder-workspace/.swiftpm/xcode
SwiftDriverJobDiscovery normal arm64_32 Compiling FoundationSecurity.swift, Security.swift (in target 'Starscream' from project 'Starscream')
SwiftCompile normal arm64 Compiling\ TeslaStreaming.swift /Users/admin/builder/spi-builder-workspace/Sources/Extensions/Streaming/TeslaStreaming.swift (in target 'TeslaSwiftStreaming' from project 'TeslaSwift')
SwiftCompile normal arm64 /Users/admin/builder/spi-builder-workspace/Sources/Extensions/Streaming/TeslaStreaming.swift (in target 'TeslaSwiftStreaming' from project 'TeslaSwift')
cd /Users/admin/builder/spi-builder-workspace/.swiftpm/xcode
builtin-SwiftPerFileCompile TeslaStreaming.swift
SwiftDriverJobDiscovery normal arm64 Emitting module for TeslaSwiftStreaming (in target 'TeslaSwiftStreaming' from project 'TeslaSwift')
SwiftDriver\ Compilation\ Requirements TeslaSwiftStreaming normal arm64 com.apple.xcode.tools.swift.compiler (in target 'TeslaSwiftStreaming' from project 'TeslaSwift')
cd /Users/admin/builder/spi-builder-workspace/.swiftpm/xcode
builtin-Swift-Compilation-Requirements -- /Applications/Xcode-27.0.0-Release.Candidate.app/Contents/Developer/Toolchains/XcodeDefault.xctoolchain/usr/bin/swiftc -parse-as-library -module-name TeslaSwiftStreaming -Onone @/Users/admin/builder/spi-builder-workspace/.derivedData/Build/Intermediates.noindex/TeslaSwift.build/Debug-watchos/TeslaSwiftStreaming-t.build/Objects-normal/arm64/TeslaSwiftStreaming.SwiftFileList -DSWIFT_PACKAGE -DDEBUG -DSWIFT_MODULE_RESOURCE_BUNDLE_UNAVAILABLE -DXcode -plugin-path /Applications/Xcode-27.0.0-Release.Candidate.app/Contents/Developer/Toolchains/XcodeDefault.xctoolchain/usr/lib/swift/host/plugins/testing -enable-experimental-feature DebugDescriptionMacro -sdk /Applications/Xcode-27.0.0-Release.Candidate.app/Contents/Developer/Platforms/WatchOS.platform/Developer/SDKs/WatchOS27.0.sdk -target arm64-apple-watchos9.0 -g -module-cache-path /Users/admin/builder/spi-builder-workspace/.derivedData/ModuleCache.noindex -Xfrontend -serialize-debugging-options -enable-testing -index-store-path /Users/admin/builder/spi-builder-workspace/.derivedData/Index.noindex/DataStore -Xcc -D_LIBCPP_HARDENING_MODE\=_LIBCPP_HARDENING_MODE_DEBUG -swift-version 5 -I /Users/admin/builder/spi-builder-workspace/.derivedData/Build/Products/Debug-watchos -Isystem /Applications/Xcode-27.0.0-Release.Candidate.app/Contents/Developer/Platforms/WatchOS.platform/Developer/usr/lib -F /Users/admin/builder/spi-builder-workspace/.derivedData/Build/Products/Debug-watchos/PackageFrameworks -F /Users/admin/builder/spi-builder-workspace/.derivedData/Build/Products/Debug-watchos -F /Applications/Xcode-27.0.0-Release.Candidate.app/Contents/Developer/Platforms/WatchOS.platform/Developer/Library/Frameworks -F /Applications/Xcode-27.0.0-Release.Candidate.app/Contents/Developer/Platforms/WatchOS.platform/Developer/SDKs/WatchOS27.0.sdk/Developer/Library/Frameworks -c -j10 -enable-batch-mode -incremental -Xcc -ivfsstatcache -Xcc /Users/admin/builder/spi-builder-workspace/.derivedData/SDKStatCaches.noindex/watchos27.0-24R360-e829b21a6f8c9b70876ba0858053c04477534ef55a1706bf4c1112bbb242f0a2.sdkstatcache -output-file-map /Users/admin/builder/spi-builder-workspace/.derivedData/Build/Intermediates.noindex/TeslaSwift.build/Debug-watchos/TeslaSwiftStreaming-t.build/Objects-normal/arm64/TeslaSwiftStreaming-OutputFileMap.json -save-temps -no-color-diagnostics -explicit-module-build -module-cache-path /Users/admin/builder/spi-builder-workspace/.derivedData/Build/Intermediates.noindex/SwiftExplicitPrecompiledModules -clang-scanner-module-cache-path /Users/admin/builder/spi-builder-workspace/.derivedData/ModuleCache.noindex -sdk-module-cache-path /Users/admin/builder/spi-builder-workspace/.derivedData/SDKExplicitPrecompiledModules -emit-dependencies -emit-module -emit-module-path /Users/admin/builder/spi-builder-workspace/.derivedData/Build/Intermediates.noindex/TeslaSwift.build/Debug-watchos/TeslaSwiftStreaming-t.build/Objects-normal/arm64/TeslaSwiftStreaming.swiftmodule -serialize-diagnostics -dependency-scan-serialize-diagnostics-path /Users/admin/builder/spi-builder-workspace/.derivedData/Build/Intermediates.noindex/TeslaSwift.build/Debug-watchos/TeslaSwiftStreaming-t.build/Objects-normal/arm64/TeslaSwiftStreaming-dependency-scan.dia -validate-clang-modules-once -clang-build-session-file /Users/admin/builder/spi-builder-workspace/.derivedData/ModuleCache.noindex/Session.modulevalidation -Xcc -fmodules-prune-interval\=86400 -Xcc -fmodules-prune-after\=345600 -package-name spi_builder_workspace -emit-const-values -const-gather-protocols-list /Users/admin/builder/spi-builder-workspace/.derivedData/Build/Intermediates.noindex/TeslaSwift.build/Debug-watchos/TeslaSwiftStreaming-t.build/Objects-normal/arm64/TeslaSwiftStreaming_const_extract_protocols.json -Xcc -I/Users/admin/builder/spi-builder-workspace/.derivedData/Build/Products/Debug-watchos/include -Xcc -I/Users/admin/builder/spi-builder-workspace/.derivedData/Build/Intermediates.noindex/TeslaSwift.build/Debug-watchos/TeslaSwiftStreaming-t.build/DerivedSources-normal/arm64 -Xcc -I/Users/admin/builder/spi-builder-workspace/.derivedData/Build/Intermediates.noindex/TeslaSwift.build/Debug-watchos/TeslaSwiftStreaming-t.build/DerivedSources/arm64 -Xcc -I/Users/admin/builder/spi-builder-workspace/.derivedData/Build/Intermediates.noindex/TeslaSwift.build/Debug-watchos/TeslaSwiftStreaming-t.build/DerivedSources -Xcc -DSWIFT_PACKAGE -Xcc -DDEBUG\=1 -emit-objc-header -emit-objc-header-path /Users/admin/builder/spi-builder-workspace/.derivedData/Build/Intermediates.noindex/TeslaSwift.build/Debug-watchos/TeslaSwiftStreaming-t.build/Objects-normal/arm64/TeslaSwiftStreaming-Swift.h -working-directory /Users/admin/builder/spi-builder-workspace/.swiftpm/xcode -experimental-emit-module-separately -disable-cmo
SwiftEmitModule normal arm64_32 Emitting\ module\ for\ TeslaSwiftCombine (in target 'TeslaSwiftCombine' from project 'TeslaSwift')
SwiftCompile normal arm64_32 (in target 'TeslaSwiftCombine' from project 'TeslaSwift')
cd /Users/admin/builder/spi-builder-workspace/.swiftpm/xcode
Copy /Users/admin/builder/spi-builder-workspace/.derivedData/Build/Products/Debug-watchos/TeslaSwiftStreaming.swiftmodule/arm64-apple-watchos.swiftmodule /Users/admin/builder/spi-builder-workspace/.derivedData/Build/Intermediates.noindex/TeslaSwift.build/Debug-watchos/TeslaSwiftStreaming-t.build/Objects-normal/arm64/TeslaSwiftStreaming.swiftmodule (in target 'TeslaSwiftStreaming' from project 'TeslaSwift')
cd /Users/admin/builder/spi-builder-workspace
builtin-copy -exclude .DS_Store -exclude CVS -exclude .svn -exclude .git -exclude .hg -resolve-src-symlinks -rename /Users/admin/builder/spi-builder-workspace/.derivedData/Build/Intermediates.noindex/TeslaSwift.build/Debug-watchos/TeslaSwiftStreaming-t.build/Objects-normal/arm64/TeslaSwiftStreaming.swiftmodule /Users/admin/builder/spi-builder-workspace/.derivedData/Build/Products/Debug-watchos/TeslaSwiftStreaming.swiftmodule/arm64-apple-watchos.swiftmodule
SwiftDriverJobDiscovery normal arm64 Compiling StreamControl.swift (in target 'TeslaSwiftStreaming' from project 'TeslaSwift')
Copy /Users/admin/builder/spi-builder-workspace/.derivedData/Build/Products/Debug-watchos/TeslaSwiftStreaming.swiftmodule/arm64-apple-watchos.swiftdoc /Users/admin/builder/spi-builder-workspace/.derivedData/Build/Intermediates.noindex/TeslaSwift.build/Debug-watchos/TeslaSwiftStreaming-t.build/Objects-normal/arm64/TeslaSwiftStreaming.swiftdoc (in target 'TeslaSwiftStreaming' from project 'TeslaSwift')
cd /Users/admin/builder/spi-builder-workspace
builtin-copy -exclude .DS_Store -exclude CVS -exclude .svn -exclude .git -exclude .hg -resolve-src-symlinks -rename /Users/admin/builder/spi-builder-workspace/.derivedData/Build/Intermediates.noindex/TeslaSwift.build/Debug-watchos/TeslaSwiftStreaming-t.build/Objects-normal/arm64/TeslaSwiftStreaming.swiftdoc /Users/admin/builder/spi-builder-workspace/.derivedData/Build/Products/Debug-watchos/TeslaSwiftStreaming.swiftmodule/arm64-apple-watchos.swiftdoc
Copy /Users/admin/builder/spi-builder-workspace/.derivedData/Build/Products/Debug-watchos/TeslaSwiftStreaming.swiftmodule/arm64-apple-watchos.abi.json /Users/admin/builder/spi-builder-workspace/.derivedData/Build/Intermediates.noindex/TeslaSwift.build/Debug-watchos/TeslaSwiftStreaming-t.build/Objects-normal/arm64/TeslaSwiftStreaming.abi.json (in target 'TeslaSwiftStreaming' from project 'TeslaSwift')
cd /Users/admin/builder/spi-builder-workspace
builtin-copy -exclude .DS_Store -exclude CVS -exclude .svn -exclude .git -exclude .hg -resolve-src-symlinks -rename /Users/admin/builder/spi-builder-workspace/.derivedData/Build/Intermediates.noindex/TeslaSwift.build/Debug-watchos/TeslaSwiftStreaming-t.build/Objects-normal/arm64/TeslaSwiftStreaming.abi.json /Users/admin/builder/spi-builder-workspace/.derivedData/Build/Products/Debug-watchos/TeslaSwiftStreaming.swiftmodule/arm64-apple-watchos.abi.json
Copy /Users/admin/builder/spi-builder-workspace/.derivedData/Build/Products/Debug-watchos/TeslaSwiftStreaming.swiftmodule/Project/arm64-apple-watchos.swiftsourceinfo /Users/admin/builder/spi-builder-workspace/.derivedData/Build/Intermediates.noindex/TeslaSwift.build/Debug-watchos/TeslaSwiftStreaming-t.build/Objects-normal/arm64/TeslaSwiftStreaming.swiftsourceinfo (in target 'TeslaSwiftStreaming' from project 'TeslaSwift')
cd /Users/admin/builder/spi-builder-workspace
builtin-copy -exclude .DS_Store -exclude CVS -exclude .svn -exclude .git -exclude .hg -resolve-src-symlinks -rename /Users/admin/builder/spi-builder-workspace/.derivedData/Build/Intermediates.noindex/TeslaSwift.build/Debug-watchos/TeslaSwiftStreaming-t.build/Objects-normal/arm64/TeslaSwiftStreaming.swiftsourceinfo /Users/admin/builder/spi-builder-workspace/.derivedData/Build/Products/Debug-watchos/TeslaSwiftStreaming.swiftmodule/Project/arm64-apple-watchos.swiftsourceinfo
SwiftDriverJobDiscovery normal arm64_32 Emitting module for TeslaSwiftStreaming (in target 'TeslaSwiftStreaming' from project 'TeslaSwift')
SwiftCompile normal arm64_32 Compiling\ TeslaSwift+Combine.swift /Users/admin/builder/spi-builder-workspace/Sources/Extensions/Combine/TeslaSwift+Combine.swift (in target 'TeslaSwiftCombine' from project 'TeslaSwift')
SwiftCompile normal arm64_32 /Users/admin/builder/spi-builder-workspace/Sources/Extensions/Combine/TeslaSwift+Combine.swift (in target 'TeslaSwiftCombine' from project 'TeslaSwift')
cd /Users/admin/builder/spi-builder-workspace/.swiftpm/xcode
builtin-SwiftPerFileCompile TeslaSwift+Combine.swift
SwiftDriver\ Compilation\ Requirements TeslaSwiftStreaming normal arm64_32 com.apple.xcode.tools.swift.compiler (in target 'TeslaSwiftStreaming' from project 'TeslaSwift')
cd /Users/admin/builder/spi-builder-workspace/.swiftpm/xcode
builtin-Swift-Compilation-Requirements -- /Applications/Xcode-27.0.0-Release.Candidate.app/Contents/Developer/Toolchains/XcodeDefault.xctoolchain/usr/bin/swiftc -parse-as-library -module-name TeslaSwiftStreaming -Onone @/Users/admin/builder/spi-builder-workspace/.derivedData/Build/Intermediates.noindex/TeslaSwift.build/Debug-watchos/TeslaSwiftStreaming-t.build/Objects-normal/arm64_32/TeslaSwiftStreaming.SwiftFileList -DSWIFT_PACKAGE -DDEBUG -DSWIFT_MODULE_RESOURCE_BUNDLE_UNAVAILABLE -DXcode -plugin-path /Applications/Xcode-27.0.0-Release.Candidate.app/Contents/Developer/Toolchains/XcodeDefault.xctoolchain/usr/lib/swift/host/plugins/testing -enable-experimental-feature DebugDescriptionMacro -sdk /Applications/Xcode-27.0.0-Release.Candidate.app/Contents/Developer/Platforms/WatchOS.platform/Developer/SDKs/WatchOS27.0.sdk -target arm64_32-apple-watchos9.0 -g -module-cache-path /Users/admin/builder/spi-builder-workspace/.derivedData/ModuleCache.noindex -Xfrontend -serialize-debugging-options -enable-testing -index-store-path /Users/admin/builder/spi-builder-workspace/.derivedData/Index.noindex/DataStore -Xcc -D_LIBCPP_HARDENING_MODE\=_LIBCPP_HARDENING_MODE_DEBUG -swift-version 5 -I /Users/admin/builder/spi-builder-workspace/.derivedData/Build/Products/Debug-watchos -Isystem /Applications/Xcode-27.0.0-Release.Candidate.app/Contents/Developer/Platforms/WatchOS.platform/Developer/usr/lib -F /Users/admin/builder/spi-builder-workspace/.derivedData/Build/Products/Debug-watchos/PackageFrameworks -F /Users/admin/builder/spi-builder-workspace/.derivedData/Build/Products/Debug-watchos -F /Applications/Xcode-27.0.0-Release.Candidate.app/Contents/Developer/Platforms/WatchOS.platform/Developer/Library/Frameworks -F /Applications/Xcode-27.0.0-Release.Candidate.app/Contents/Developer/Platforms/WatchOS.platform/Developer/SDKs/WatchOS27.0.sdk/Developer/Library/Frameworks -c -j10 -enable-batch-mode -incremental -Xcc -ivfsstatcache -Xcc /Users/admin/builder/spi-builder-workspace/.derivedData/SDKStatCaches.noindex/watchos27.0-24R360-e829b21a6f8c9b70876ba0858053c04477534ef55a1706bf4c1112bbb242f0a2.sdkstatcache -output-file-map /Users/admin/builder/spi-builder-workspace/.derivedData/Build/Intermediates.noindex/TeslaSwift.build/Debug-watchos/TeslaSwiftStreaming-t.build/Objects-normal/arm64_32/TeslaSwiftStreaming-OutputFileMap.json -save-temps -no-color-diagnostics -explicit-module-build -module-cache-path /Users/admin/builder/spi-builder-workspace/.derivedData/Build/Intermediates.noindex/SwiftExplicitPrecompiledModules -clang-scanner-module-cache-path /Users/admin/builder/spi-builder-workspace/.derivedData/ModuleCache.noindex -sdk-module-cache-path /Users/admin/builder/spi-builder-workspace/.derivedData/SDKExplicitPrecompiledModules -emit-dependencies -emit-module -emit-module-path /Users/admin/builder/spi-builder-workspace/.derivedData/Build/Intermediates.noindex/TeslaSwift.build/Debug-watchos/TeslaSwiftStreaming-t.build/Objects-normal/arm64_32/TeslaSwiftStreaming.swiftmodule -serialize-diagnostics -dependency-scan-serialize-diagnostics-path /Users/admin/builder/spi-builder-workspace/.derivedData/Build/Intermediates.noindex/TeslaSwift.build/Debug-watchos/TeslaSwiftStreaming-t.build/Objects-normal/arm64_32/TeslaSwiftStreaming-dependency-scan.dia -validate-clang-modules-once -clang-build-session-file /Users/admin/builder/spi-builder-workspace/.derivedData/ModuleCache.noindex/Session.modulevalidation -Xcc -fmodules-prune-interval\=86400 -Xcc -fmodules-prune-after\=345600 -package-name spi_builder_workspace -emit-const-values -const-gather-protocols-list /Users/admin/builder/spi-builder-workspace/.derivedData/Build/Intermediates.noindex/TeslaSwift.build/Debug-watchos/TeslaSwiftStreaming-t.build/Objects-normal/arm64_32/TeslaSwiftStreaming_const_extract_protocols.json -Xcc -I/Users/admin/builder/spi-builder-workspace/.derivedData/Build/Products/Debug-watchos/include -Xcc -I/Users/admin/builder/spi-builder-workspace/.derivedData/Build/Intermediates.noindex/TeslaSwift.build/Debug-watchos/TeslaSwiftStreaming-t.build/DerivedSources-normal/arm64_32 -Xcc -I/Users/admin/builder/spi-builder-workspace/.derivedData/Build/Intermediates.noindex/TeslaSwift.build/Debug-watchos/TeslaSwiftStreaming-t.build/DerivedSources/arm64_32 -Xcc -I/Users/admin/builder/spi-builder-workspace/.derivedData/Build/Intermediates.noindex/TeslaSwift.build/Debug-watchos/TeslaSwiftStreaming-t.build/DerivedSources -Xcc -DSWIFT_PACKAGE -Xcc -DDEBUG\=1 -emit-objc-header -emit-objc-header-path /Users/admin/builder/spi-builder-workspace/.derivedData/Build/Intermediates.noindex/TeslaSwift.build/Debug-watchos/TeslaSwiftStreaming-t.build/Objects-normal/arm64_32/TeslaSwiftStreaming-Swift.h -working-directory /Users/admin/builder/spi-builder-workspace/.swiftpm/xcode -experimental-emit-module-separately -disable-cmo
SwiftCompile normal arm64 Compiling\ TeslaSwift+Combine.swift /Users/admin/builder/spi-builder-workspace/Sources/Extensions/Combine/TeslaSwift+Combine.swift (in target 'TeslaSwiftCombine' from project 'TeslaSwift')
SwiftCompile normal arm64 /Users/admin/builder/spi-builder-workspace/Sources/Extensions/Combine/TeslaSwift+Combine.swift (in target 'TeslaSwiftCombine' from project 'TeslaSwift')
cd /Users/admin/builder/spi-builder-workspace/.swiftpm/xcode
builtin-SwiftPerFileCompile TeslaSwift+Combine.swift
SwiftMergeGeneratedHeaders /Users/admin/builder/spi-builder-workspace/.derivedData/Build/Intermediates.noindex/GeneratedModuleMaps-watchos/TeslaSwiftStreaming-Swift.h /Users/admin/builder/spi-builder-workspace/.derivedData/Build/Intermediates.noindex/TeslaSwift.build/Debug-watchos/TeslaSwiftStreaming-t.build/Objects-normal/arm64/TeslaSwiftStreaming-Swift.h /Users/admin/builder/spi-builder-workspace/.derivedData/Build/Intermediates.noindex/TeslaSwift.build/Debug-watchos/TeslaSwiftStreaming-t.build/Objects-normal/arm64_32/TeslaSwiftStreaming-Swift.h (in target 'TeslaSwiftStreaming' from project 'TeslaSwift')
cd /Users/admin/builder/spi-builder-workspace
builtin-swiftHeaderTool -arch arm64 /Users/admin/builder/spi-builder-workspace/.derivedData/Build/Intermediates.noindex/TeslaSwift.build/Debug-watchos/TeslaSwiftStreaming-t.build/Objects-normal/arm64/TeslaSwiftStreaming-Swift.h -arch arm64_32 /Users/admin/builder/spi-builder-workspace/.derivedData/Build/Intermediates.noindex/TeslaSwift.build/Debug-watchos/TeslaSwiftStreaming-t.build/Objects-normal/arm64_32/TeslaSwiftStreaming-Swift.h -o /Users/admin/builder/spi-builder-workspace/.derivedData/Build/Intermediates.noindex/GeneratedModuleMaps-watchos/TeslaSwiftStreaming-Swift.h
SwiftDriverJobDiscovery normal arm64_32 Compiling WebSocket.swift, FoundationTransport.swift (in target 'Starscream' from project 'Starscream')
Copy /Users/admin/builder/spi-builder-workspace/.derivedData/Build/Products/Debug-watchos/TeslaSwiftStreaming.swiftmodule/arm64_32-apple-watchos.swiftmodule /Users/admin/builder/spi-builder-workspace/.derivedData/Build/Intermediates.noindex/TeslaSwift.build/Debug-watchos/TeslaSwiftStreaming-t.build/Objects-normal/arm64_32/TeslaSwiftStreaming.swiftmodule (in target 'TeslaSwiftStreaming' from project 'TeslaSwift')
cd /Users/admin/builder/spi-builder-workspace
builtin-copy -exclude .DS_Store -exclude CVS -exclude .svn -exclude .git -exclude .hg -resolve-src-symlinks -rename /Users/admin/builder/spi-builder-workspace/.derivedData/Build/Intermediates.noindex/TeslaSwift.build/Debug-watchos/TeslaSwiftStreaming-t.build/Objects-normal/arm64_32/TeslaSwiftStreaming.swiftmodule /Users/admin/builder/spi-builder-workspace/.derivedData/Build/Products/Debug-watchos/TeslaSwiftStreaming.swiftmodule/arm64_32-apple-watchos.swiftmodule
Copy /Users/admin/builder/spi-builder-workspace/.derivedData/Build/Products/Debug-watchos/TeslaSwiftStreaming.swiftmodule/arm64_32-apple-watchos.swiftdoc /Users/admin/builder/spi-builder-workspace/.derivedData/Build/Intermediates.noindex/TeslaSwift.build/Debug-watchos/TeslaSwiftStreaming-t.build/Objects-normal/arm64_32/TeslaSwiftStreaming.swiftdoc (in target 'TeslaSwiftStreaming' from project 'TeslaSwift')
cd /Users/admin/builder/spi-builder-workspace
builtin-copy -exclude .DS_Store -exclude CVS -exclude .svn -exclude .git -exclude .hg -resolve-src-symlinks -rename /Users/admin/builder/spi-builder-workspace/.derivedData/Build/Intermediates.noindex/TeslaSwift.build/Debug-watchos/TeslaSwiftStreaming-t.build/Objects-normal/arm64_32/TeslaSwiftStreaming.swiftdoc /Users/admin/builder/spi-builder-workspace/.derivedData/Build/Products/Debug-watchos/TeslaSwiftStreaming.swiftmodule/arm64_32-apple-watchos.swiftdoc
SwiftDriverJobDiscovery normal arm64 Emitting module for TeslaSwiftCombine (in target 'TeslaSwiftCombine' from project 'TeslaSwift')
Copy /Users/admin/builder/spi-builder-workspace/.derivedData/Build/Products/Debug-watchos/TeslaSwiftStreaming.swiftmodule/arm64_32-apple-watchos.abi.json /Users/admin/builder/spi-builder-workspace/.derivedData/Build/Intermediates.noindex/TeslaSwift.build/Debug-watchos/TeslaSwiftStreaming-t.build/Objects-normal/arm64_32/TeslaSwiftStreaming.abi.json (in target 'TeslaSwiftStreaming' from project 'TeslaSwift')
cd /Users/admin/builder/spi-builder-workspace
builtin-copy -exclude .DS_Store -exclude CVS -exclude .svn -exclude .git -exclude .hg -resolve-src-symlinks -rename /Users/admin/builder/spi-builder-workspace/.derivedData/Build/Intermediates.noindex/TeslaSwift.build/Debug-watchos/TeslaSwiftStreaming-t.build/Objects-normal/arm64_32/TeslaSwiftStreaming.abi.json /Users/admin/builder/spi-builder-workspace/.derivedData/Build/Products/Debug-watchos/TeslaSwiftStreaming.swiftmodule/arm64_32-apple-watchos.abi.json
Copy /Users/admin/builder/spi-builder-workspace/.derivedData/Build/Products/Debug-watchos/TeslaSwiftStreaming.swiftmodule/Project/arm64_32-apple-watchos.swiftsourceinfo /Users/admin/builder/spi-builder-workspace/.derivedData/Build/Intermediates.noindex/TeslaSwift.build/Debug-watchos/TeslaSwiftStreaming-t.build/Objects-normal/arm64_32/TeslaSwiftStreaming.swiftsourceinfo (in target 'TeslaSwiftStreaming' from project 'TeslaSwift')
cd /Users/admin/builder/spi-builder-workspace
builtin-copy -exclude .DS_Store -exclude CVS -exclude .svn -exclude .git -exclude .hg -resolve-src-symlinks -rename /Users/admin/builder/spi-builder-workspace/.derivedData/Build/Intermediates.noindex/TeslaSwift.build/Debug-watchos/TeslaSwiftStreaming-t.build/Objects-normal/arm64_32/TeslaSwiftStreaming.swiftsourceinfo /Users/admin/builder/spi-builder-workspace/.derivedData/Build/Products/Debug-watchos/TeslaSwiftStreaming.swiftmodule/Project/arm64_32-apple-watchos.swiftsourceinfo
SwiftDriver\ Compilation\ Requirements TeslaSwiftCombine normal arm64 com.apple.xcode.tools.swift.compiler (in target 'TeslaSwiftCombine' from project 'TeslaSwift')
cd /Users/admin/builder/spi-builder-workspace/.swiftpm/xcode
builtin-Swift-Compilation-Requirements -- /Applications/Xcode-27.0.0-Release.Candidate.app/Contents/Developer/Toolchains/XcodeDefault.xctoolchain/usr/bin/swiftc -parse-as-library -module-name TeslaSwiftCombine -Onone @/Users/admin/builder/spi-builder-workspace/.derivedData/Build/Intermediates.noindex/TeslaSwift.build/Debug-watchos/TeslaSwiftCombine-t.build/Objects-normal/arm64/TeslaSwiftCombine.SwiftFileList -DSWIFT_PACKAGE -DDEBUG -DSWIFT_MODULE_RESOURCE_BUNDLE_UNAVAILABLE -DXcode -plugin-path /Applications/Xcode-27.0.0-Release.Candidate.app/Contents/Developer/Toolchains/XcodeDefault.xctoolchain/usr/lib/swift/host/plugins/testing -enable-experimental-feature DebugDescriptionMacro -sdk /Applications/Xcode-27.0.0-Release.Candidate.app/Contents/Developer/Platforms/WatchOS.platform/Developer/SDKs/WatchOS27.0.sdk -target arm64-apple-watchos9.0 -g -module-cache-path /Users/admin/builder/spi-builder-workspace/.derivedData/ModuleCache.noindex -Xfrontend -serialize-debugging-options -enable-testing -index-store-path /Users/admin/builder/spi-builder-workspace/.derivedData/Index.noindex/DataStore -Xcc -D_LIBCPP_HARDENING_MODE\=_LIBCPP_HARDENING_MODE_DEBUG -swift-version 5 -I /Users/admin/builder/spi-builder-workspace/.derivedData/Build/Products/Debug-watchos -Isystem /Applications/Xcode-27.0.0-Release.Candidate.app/Contents/Developer/Platforms/WatchOS.platform/Developer/usr/lib -F /Users/admin/builder/spi-builder-workspace/.derivedData/Build/Products/Debug-watchos/PackageFrameworks -F /Users/admin/builder/spi-builder-workspace/.derivedData/Build/Products/Debug-watchos -F /Applications/Xcode-27.0.0-Release.Candidate.app/Contents/Developer/Platforms/WatchOS.platform/Developer/Library/Frameworks -F /Applications/Xcode-27.0.0-Release.Candidate.app/Contents/Developer/Platforms/WatchOS.platform/Developer/SDKs/WatchOS27.0.sdk/Developer/Library/Frameworks -c -j10 -enable-batch-mode -incremental -Xcc -ivfsstatcache -Xcc /Users/admin/builder/spi-builder-workspace/.derivedData/SDKStatCaches.noindex/watchos27.0-24R360-e829b21a6f8c9b70876ba0858053c04477534ef55a1706bf4c1112bbb242f0a2.sdkstatcache -output-file-map /Users/admin/builder/spi-builder-workspace/.derivedData/Build/Intermediates.noindex/TeslaSwift.build/Debug-watchos/TeslaSwiftCombine-t.build/Objects-normal/arm64/TeslaSwiftCombine-OutputFileMap.json -save-temps -no-color-diagnostics -explicit-module-build -module-cache-path /Users/admin/builder/spi-builder-workspace/.derivedData/Build/Intermediates.noindex/SwiftExplicitPrecompiledModules -clang-scanner-module-cache-path /Users/admin/builder/spi-builder-workspace/.derivedData/ModuleCache.noindex -sdk-module-cache-path /Users/admin/builder/spi-builder-workspace/.derivedData/SDKExplicitPrecompiledModules -emit-dependencies -emit-module -emit-module-path /Users/admin/builder/spi-builder-workspace/.derivedData/Build/Intermediates.noindex/TeslaSwift.build/Debug-watchos/TeslaSwiftCombine-t.build/Objects-normal/arm64/TeslaSwiftCombine.swiftmodule -serialize-diagnostics -dependency-scan-serialize-diagnostics-path /Users/admin/builder/spi-builder-workspace/.derivedData/Build/Intermediates.noindex/TeslaSwift.build/Debug-watchos/TeslaSwiftCombine-t.build/Objects-normal/arm64/TeslaSwiftCombine-dependency-scan.dia -validate-clang-modules-once -clang-build-session-file /Users/admin/builder/spi-builder-workspace/.derivedData/ModuleCache.noindex/Session.modulevalidation -Xcc -fmodules-prune-interval\=86400 -Xcc -fmodules-prune-after\=345600 -package-name spi_builder_workspace -emit-const-values -const-gather-protocols-list /Users/admin/builder/spi-builder-workspace/.derivedData/Build/Intermediates.noindex/TeslaSwift.build/Debug-watchos/TeslaSwiftCombine-t.build/Objects-normal/arm64/TeslaSwiftCombine_const_extract_protocols.json -Xcc -I/Users/admin/builder/spi-builder-workspace/.derivedData/Build/Products/Debug-watchos/include -Xcc -I/Users/admin/builder/spi-builder-workspace/.derivedData/Build/Intermediates.noindex/TeslaSwift.build/Debug-watchos/TeslaSwiftCombine-t.build/DerivedSources-normal/arm64 -Xcc -I/Users/admin/builder/spi-builder-workspace/.derivedData/Build/Intermediates.noindex/TeslaSwift.build/Debug-watchos/TeslaSwiftCombine-t.build/DerivedSources/arm64 -Xcc -I/Users/admin/builder/spi-builder-workspace/.derivedData/Build/Intermediates.noindex/TeslaSwift.build/Debug-watchos/TeslaSwiftCombine-t.build/DerivedSources -Xcc -DSWIFT_PACKAGE -Xcc -DDEBUG\=1 -emit-objc-header -emit-objc-header-path /Users/admin/builder/spi-builder-workspace/.derivedData/Build/Intermediates.noindex/TeslaSwift.build/Debug-watchos/TeslaSwiftCombine-t.build/Objects-normal/arm64/TeslaSwiftCombine-Swift.h -working-directory /Users/admin/builder/spi-builder-workspace/.swiftpm/xcode -experimental-emit-module-separately -disable-cmo
SwiftDriver\ Compilation Starscream normal arm64_32 com.apple.xcode.tools.swift.compiler (in target 'Starscream' from project 'Starscream')
cd /Users/admin/builder/spi-builder-workspace/.swiftpm/xcode
builtin-Swift-Compilation -- /Applications/Xcode-27.0.0-Release.Candidate.app/Contents/Developer/Toolchains/XcodeDefault.xctoolchain/usr/bin/swiftc -parse-as-library -module-name Starscream -Onone @/Users/admin/builder/spi-builder-workspace/.derivedData/Build/Intermediates.noindex/Starscream.build/Debug-watchos/Starscream-t.build/Objects-normal/arm64_32/Starscream.SwiftFileList -DSWIFT_PACKAGE -DDEBUG -DSWIFT_MODULE_RESOURCE_BUNDLE_AVAILABLE -DXcode -plugin-path /Applications/Xcode-27.0.0-Release.Candidate.app/Contents/Developer/Toolchains/XcodeDefault.xctoolchain/usr/lib/swift/host/plugins/testing -enable-experimental-feature DebugDescriptionMacro -sdk /Applications/Xcode-27.0.0-Release.Candidate.app/Contents/Developer/Platforms/WatchOS.platform/Developer/SDKs/WatchOS27.0.sdk -target arm64_32-apple-watchos9.0 -g -module-cache-path /Users/admin/builder/spi-builder-workspace/.derivedData/ModuleCache.noindex -Xfrontend -serialize-debugging-options -enable-testing -suppress-warnings -index-store-path /Users/admin/builder/spi-builder-workspace/.derivedData/Index.noindex/DataStore -Xcc -D_LIBCPP_HARDENING_MODE\=_LIBCPP_HARDENING_MODE_DEBUG -swift-version 5 -I /Users/admin/builder/spi-builder-workspace/.derivedData/Build/Products/Debug-watchos -Isystem /Applications/Xcode-27.0.0-Release.Candidate.app/Contents/Developer/Platforms/WatchOS.platform/Developer/usr/lib -F /Users/admin/builder/spi-builder-workspace/.derivedData/Build/Products/Debug-watchos -F /Applications/Xcode-27.0.0-Release.Candidate.app/Contents/Developer/Platforms/WatchOS.platform/Developer/Library/Frameworks -F /Applications/Xcode-27.0.0-Release.Candidate.app/Contents/Developer/Platforms/WatchOS.platform/Developer/SDKs/WatchOS27.0.sdk/Developer/Library/Frameworks -c -j10 -enable-batch-mode -incremental -Xcc -ivfsstatcache -Xcc /Users/admin/builder/spi-builder-workspace/.derivedData/SDKStatCaches.noindex/watchos27.0-24R360-e829b21a6f8c9b70876ba0858053c04477534ef55a1706bf4c1112bbb242f0a2.sdkstatcache -output-file-map /Users/admin/builder/spi-builder-workspace/.derivedData/Build/Intermediates.noindex/Starscream.build/Debug-watchos/Starscream-t.build/Objects-normal/arm64_32/Starscream-OutputFileMap.json -save-temps -no-color-diagnostics -explicit-module-build -module-cache-path /Users/admin/builder/spi-builder-workspace/.derivedData/Build/Intermediates.noindex/SwiftExplicitPrecompiledModules -clang-scanner-module-cache-path /Users/admin/builder/spi-builder-workspace/.derivedData/ModuleCache.noindex -sdk-module-cache-path /Users/admin/builder/spi-builder-workspace/.derivedData/SDKExplicitPrecompiledModules -emit-dependencies -emit-module -emit-module-path /Users/admin/builder/spi-builder-workspace/.derivedData/Build/Intermediates.noindex/Starscream.build/Debug-watchos/Starscream-t.build/Objects-normal/arm64_32/Starscream.swiftmodule -serialize-diagnostics -dependency-scan-serialize-diagnostics-path /Users/admin/builder/spi-builder-workspace/.derivedData/Build/Intermediates.noindex/Starscream.build/Debug-watchos/Starscream-t.build/Objects-normal/arm64_32/Starscream-dependency-scan.dia -validate-clang-modules-once -clang-build-session-file /Users/admin/builder/spi-builder-workspace/.derivedData/ModuleCache.noindex/Session.modulevalidation -Xcc -fmodules-prune-interval\=86400 -Xcc -fmodules-prune-after\=345600 -emit-const-values -const-gather-protocols-list /Users/admin/builder/spi-builder-workspace/.derivedData/Build/Intermediates.noindex/Starscream.build/Debug-watchos/Starscream-t.build/Objects-normal/arm64_32/Starscream_const_extract_protocols.json -Xcc -I/Users/admin/builder/spi-builder-workspace/.derivedData/Build/Products/Debug-watchos/include -Xcc -I/Users/admin/builder/spi-builder-workspace/.derivedData/Build/Intermediates.noindex/Starscream.build/Debug-watchos/Starscream-t.build/DerivedSources-normal/arm64_32 -Xcc -I/Users/admin/builder/spi-builder-workspace/.derivedData/Build/Intermediates.noindex/Starscream.build/Debug-watchos/Starscream-t.build/DerivedSources/arm64_32 -Xcc -I/Users/admin/builder/spi-builder-workspace/.derivedData/Build/Intermediates.noindex/Starscream.build/Debug-watchos/Starscream-t.build/DerivedSources -Xcc -DSWIFT_PACKAGE -Xcc -DDEBUG\=1 -emit-objc-header -emit-objc-header-path /Users/admin/builder/spi-builder-workspace/.derivedData/Build/Intermediates.noindex/Starscream.build/Debug-watchos/Starscream-t.build/Objects-normal/arm64_32/Starscream-Swift.h -working-directory /Users/admin/builder/spi-builder-workspace/.swiftpm/xcode -experimental-emit-module-separately -disable-cmo
SwiftDriver\ Compilation Starscream normal arm64 com.apple.xcode.tools.swift.compiler (in target 'Starscream' from project 'Starscream')
cd /Users/admin/builder/spi-builder-workspace/.swiftpm/xcode
builtin-Swift-Compilation -- /Applications/Xcode-27.0.0-Release.Candidate.app/Contents/Developer/Toolchains/XcodeDefault.xctoolchain/usr/bin/swiftc -parse-as-library -module-name Starscream -Onone @/Users/admin/builder/spi-builder-workspace/.derivedData/Build/Intermediates.noindex/Starscream.build/Debug-watchos/Starscream-t.build/Objects-normal/arm64/Starscream.SwiftFileList -DSWIFT_PACKAGE -DDEBUG -DSWIFT_MODULE_RESOURCE_BUNDLE_AVAILABLE -DXcode -plugin-path /Applications/Xcode-27.0.0-Release.Candidate.app/Contents/Developer/Toolchains/XcodeDefault.xctoolchain/usr/lib/swift/host/plugins/testing -enable-experimental-feature DebugDescriptionMacro -sdk /Applications/Xcode-27.0.0-Release.Candidate.app/Contents/Developer/Platforms/WatchOS.platform/Developer/SDKs/WatchOS27.0.sdk -target arm64-apple-watchos9.0 -g -module-cache-path /Users/admin/builder/spi-builder-workspace/.derivedData/ModuleCache.noindex -Xfrontend -serialize-debugging-options -enable-testing -suppress-warnings -index-store-path /Users/admin/builder/spi-builder-workspace/.derivedData/Index.noindex/DataStore -Xcc -D_LIBCPP_HARDENING_MODE\=_LIBCPP_HARDENING_MODE_DEBUG -swift-version 5 -I /Users/admin/builder/spi-builder-workspace/.derivedData/Build/Products/Debug-watchos -Isystem /Applications/Xcode-27.0.0-Release.Candidate.app/Contents/Developer/Platforms/WatchOS.platform/Developer/usr/lib -F /Users/admin/builder/spi-builder-workspace/.derivedData/Build/Products/Debug-watchos -F /Applications/Xcode-27.0.0-Release.Candidate.app/Contents/Developer/Platforms/WatchOS.platform/Developer/Library/Frameworks -F /Applications/Xcode-27.0.0-Release.Candidate.app/Contents/Developer/Platforms/WatchOS.platform/Developer/SDKs/WatchOS27.0.sdk/Developer/Library/Frameworks -c -j10 -enable-batch-mode -incremental -Xcc -ivfsstatcache -Xcc /Users/admin/builder/spi-builder-workspace/.derivedData/SDKStatCaches.noindex/watchos27.0-24R360-e829b21a6f8c9b70876ba0858053c04477534ef55a1706bf4c1112bbb242f0a2.sdkstatcache -output-file-map /Users/admin/builder/spi-builder-workspace/.derivedData/Build/Intermediates.noindex/Starscream.build/Debug-watchos/Starscream-t.build/Objects-normal/arm64/Starscream-OutputFileMap.json -save-temps -no-color-diagnostics -explicit-module-build -module-cache-path /Users/admin/builder/spi-builder-workspace/.derivedData/Build/Intermediates.noindex/SwiftExplicitPrecompiledModules -clang-scanner-module-cache-path /Users/admin/builder/spi-builder-workspace/.derivedData/ModuleCache.noindex -sdk-module-cache-path /Users/admin/builder/spi-builder-workspace/.derivedData/SDKExplicitPrecompiledModules -emit-dependencies -emit-module -emit-module-path /Users/admin/builder/spi-builder-workspace/.derivedData/Build/Intermediates.noindex/Starscream.build/Debug-watchos/Starscream-t.build/Objects-normal/arm64/Starscream.swiftmodule -serialize-diagnostics -dependency-scan-serialize-diagnostics-path /Users/admin/builder/spi-builder-workspace/.derivedData/Build/Intermediates.noindex/Starscream.build/Debug-watchos/Starscream-t.build/Objects-normal/arm64/Starscream-dependency-scan.dia -validate-clang-modules-once -clang-build-session-file /Users/admin/builder/spi-builder-workspace/.derivedData/ModuleCache.noindex/Session.modulevalidation -Xcc -fmodules-prune-interval\=86400 -Xcc -fmodules-prune-after\=345600 -emit-const-values -const-gather-protocols-list /Users/admin/builder/spi-builder-workspace/.derivedData/Build/Intermediates.noindex/Starscream.build/Debug-watchos/Starscream-t.build/Objects-normal/arm64/Starscream_const_extract_protocols.json -Xcc -I/Users/admin/builder/spi-builder-workspace/.derivedData/Build/Products/Debug-watchos/include -Xcc -I/Users/admin/builder/spi-builder-workspace/.derivedData/Build/Intermediates.noindex/Starscream.build/Debug-watchos/Starscream-t.build/DerivedSources-normal/arm64 -Xcc -I/Users/admin/builder/spi-builder-workspace/.derivedData/Build/Intermediates.noindex/Starscream.build/Debug-watchos/Starscream-t.build/DerivedSources/arm64 -Xcc -I/Users/admin/builder/spi-builder-workspace/.derivedData/Build/Intermediates.noindex/Starscream.build/Debug-watchos/Starscream-t.build/DerivedSources -Xcc -DSWIFT_PACKAGE -Xcc -DDEBUG\=1 -emit-objc-header -emit-objc-header-path /Users/admin/builder/spi-builder-workspace/.derivedData/Build/Intermediates.noindex/Starscream.build/Debug-watchos/Starscream-t.build/Objects-normal/arm64/Starscream-Swift.h -working-directory /Users/admin/builder/spi-builder-workspace/.swiftpm/xcode -experimental-emit-module-separately -disable-cmo
Copy /Users/admin/builder/spi-builder-workspace/.derivedData/Build/Products/Debug-watchos/TeslaSwiftCombine.swiftmodule/arm64-apple-watchos.swiftmodule /Users/admin/builder/spi-builder-workspace/.derivedData/Build/Intermediates.noindex/TeslaSwift.build/Debug-watchos/TeslaSwiftCombine-t.build/Objects-normal/arm64/TeslaSwiftCombine.swiftmodule (in target 'TeslaSwiftCombine' from project 'TeslaSwift')
cd /Users/admin/builder/spi-builder-workspace
builtin-copy -exclude .DS_Store -exclude CVS -exclude .svn -exclude .git -exclude .hg -resolve-src-symlinks -rename /Users/admin/builder/spi-builder-workspace/.derivedData/Build/Intermediates.noindex/TeslaSwift.build/Debug-watchos/TeslaSwiftCombine-t.build/Objects-normal/arm64/TeslaSwiftCombine.swiftmodule /Users/admin/builder/spi-builder-workspace/.derivedData/Build/Products/Debug-watchos/TeslaSwiftCombine.swiftmodule/arm64-apple-watchos.swiftmodule
Copy /Users/admin/builder/spi-builder-workspace/.derivedData/Build/Products/Debug-watchos/TeslaSwiftCombine.swiftmodule/arm64-apple-watchos.swiftdoc /Users/admin/builder/spi-builder-workspace/.derivedData/Build/Intermediates.noindex/TeslaSwift.build/Debug-watchos/TeslaSwiftCombine-t.build/Objects-normal/arm64/TeslaSwiftCombine.swiftdoc (in target 'TeslaSwiftCombine' from project 'TeslaSwift')
cd /Users/admin/builder/spi-builder-workspace
builtin-copy -exclude .DS_Store -exclude CVS -exclude .svn -exclude .git -exclude .hg -resolve-src-symlinks -rename /Users/admin/builder/spi-builder-workspace/.derivedData/Build/Intermediates.noindex/TeslaSwift.build/Debug-watchos/TeslaSwiftCombine-t.build/Objects-normal/arm64/TeslaSwiftCombine.swiftdoc /Users/admin/builder/spi-builder-workspace/.derivedData/Build/Products/Debug-watchos/TeslaSwiftCombine.swiftmodule/arm64-apple-watchos.swiftdoc
Copy /Users/admin/builder/spi-builder-workspace/.derivedData/Build/Products/Debug-watchos/TeslaSwiftCombine.swiftmodule/arm64-apple-watchos.abi.json /Users/admin/builder/spi-builder-workspace/.derivedData/Build/Intermediates.noindex/TeslaSwift.build/Debug-watchos/TeslaSwiftCombine-t.build/Objects-normal/arm64/TeslaSwiftCombine.abi.json (in target 'TeslaSwiftCombine' from project 'TeslaSwift')
cd /Users/admin/builder/spi-builder-workspace
builtin-copy -exclude .DS_Store -exclude CVS -exclude .svn -exclude .git -exclude .hg -resolve-src-symlinks -rename /Users/admin/builder/spi-builder-workspace/.derivedData/Build/Intermediates.noindex/TeslaSwift.build/Debug-watchos/TeslaSwiftCombine-t.build/Objects-normal/arm64/TeslaSwiftCombine.abi.json /Users/admin/builder/spi-builder-workspace/.derivedData/Build/Products/Debug-watchos/TeslaSwiftCombine.swiftmodule/arm64-apple-watchos.abi.json
Copy /Users/admin/builder/spi-builder-workspace/.derivedData/Build/Products/Debug-watchos/TeslaSwiftCombine.swiftmodule/Project/arm64-apple-watchos.swiftsourceinfo /Users/admin/builder/spi-builder-workspace/.derivedData/Build/Intermediates.noindex/TeslaSwift.build/Debug-watchos/TeslaSwiftCombine-t.build/Objects-normal/arm64/TeslaSwiftCombine.swiftsourceinfo (in target 'TeslaSwiftCombine' from project 'TeslaSwift')
cd /Users/admin/builder/spi-builder-workspace
builtin-copy -exclude .DS_Store -exclude CVS -exclude .svn -exclude .git -exclude .hg -resolve-src-symlinks -rename /Users/admin/builder/spi-builder-workspace/.derivedData/Build/Intermediates.noindex/TeslaSwift.build/Debug-watchos/TeslaSwiftCombine-t.build/Objects-normal/arm64/TeslaSwiftCombine.swiftsourceinfo /Users/admin/builder/spi-builder-workspace/.derivedData/Build/Products/Debug-watchos/TeslaSwiftCombine.swiftmodule/Project/arm64-apple-watchos.swiftsourceinfo
Ld /Users/admin/builder/spi-builder-workspace/.derivedData/Build/Intermediates.noindex/Starscream.build/Debug-watchos/Starscream-t.build/Objects-normal/arm64_32/Binary/Starscream.o normal arm64_32 (in target 'Starscream' from project 'Starscream')
cd /Users/admin/builder/spi-builder-workspace/.dependencies/checkouts/Starscream
/Applications/Xcode-27.0.0-Release.Candidate.app/Contents/Developer/Toolchains/XcodeDefault.xctoolchain/usr/bin/clang -Xlinker -reproducible -target arm64_32-apple-watchos9.0 -r -isysroot /Applications/Xcode-27.0.0-Release.Candidate.app/Contents/Developer/Platforms/WatchOS.platform/Developer/SDKs/WatchOS27.0.sdk -O0 -w -Xlinker -no_warn_duplicate_libraries -F/Users/admin/builder/spi-builder-workspace/.derivedData/Build/Intermediates.noindex/EagerLinkingTBDs/Debug-watchos -F/Users/admin/builder/spi-builder-workspace/.derivedData/Build/Products/Debug-watchos -iframework /Applications/Xcode-27.0.0-Release.Candidate.app/Contents/Developer/Platforms/WatchOS.platform/Developer/Library/Frameworks -iframework /Applications/Xcode-27.0.0-Release.Candidate.app/Contents/Developer/Platforms/WatchOS.platform/Developer/SDKs/WatchOS27.0.sdk/Developer/Library/Frameworks -filelist /Users/admin/builder/spi-builder-workspace/.derivedData/Build/Intermediates.noindex/Starscream.build/Debug-watchos/Starscream-t.build/Objects-normal/arm64_32/Starscream.LinkFileList -nostdlib -Xlinker -object_path_lto -Xlinker /Users/admin/builder/spi-builder-workspace/.derivedData/Build/Intermediates.noindex/Starscream.build/Debug-watchos/Starscream-t.build/Objects-normal/arm64_32/Starscream_lto.o -Xlinker -no_deduplicate -Xlinker -dependency_info -Xlinker /Users/admin/builder/spi-builder-workspace/.derivedData/Build/Intermediates.noindex/Starscream.build/Debug-watchos/Starscream-t.build/Objects-normal/arm64_32/Starscream_dependency_info.dat -fobjc-link-runtime -L/Applications/Xcode-27.0.0-Release.Candidate.app/Contents/Developer/Toolchains/XcodeDefault.xctoolchain/usr/lib/swift/watchos -L/usr/lib/swift -Xlinker -add_ast_path -Xlinker /Users/admin/builder/spi-builder-workspace/.derivedData/Build/Intermediates.noindex/Starscream.build/Debug-watchos/Starscream-t.build/Objects-normal/arm64_32/Starscream.swiftmodule -o /Users/admin/builder/spi-builder-workspace/.derivedData/Build/Intermediates.noindex/Starscream.build/Debug-watchos/Starscream-t.build/Objects-normal/arm64_32/Binary/Starscream.o
Ld /Users/admin/builder/spi-builder-workspace/.derivedData/Build/Intermediates.noindex/Starscream.build/Debug-watchos/Starscream-t.build/Objects-normal/arm64/Binary/Starscream.o normal arm64 (in target 'Starscream' from project 'Starscream')
cd /Users/admin/builder/spi-builder-workspace/.dependencies/checkouts/Starscream
/Applications/Xcode-27.0.0-Release.Candidate.app/Contents/Developer/Toolchains/XcodeDefault.xctoolchain/usr/bin/clang -Xlinker -reproducible -target arm64-apple-watchos9.0 -r -isysroot /Applications/Xcode-27.0.0-Release.Candidate.app/Contents/Developer/Platforms/WatchOS.platform/Developer/SDKs/WatchOS27.0.sdk -O0 -w -Xlinker -no_warn_duplicate_libraries -F/Users/admin/builder/spi-builder-workspace/.derivedData/Build/Intermediates.noindex/EagerLinkingTBDs/Debug-watchos -F/Users/admin/builder/spi-builder-workspace/.derivedData/Build/Products/Debug-watchos -iframework /Applications/Xcode-27.0.0-Release.Candidate.app/Contents/Developer/Platforms/WatchOS.platform/Developer/Library/Frameworks -iframework /Applications/Xcode-27.0.0-Release.Candidate.app/Contents/Developer/Platforms/WatchOS.platform/Developer/SDKs/WatchOS27.0.sdk/Developer/Library/Frameworks -filelist /Users/admin/builder/spi-builder-workspace/.derivedData/Build/Intermediates.noindex/Starscream.build/Debug-watchos/Starscream-t.build/Objects-normal/arm64/Starscream.LinkFileList -nostdlib -Xlinker -object_path_lto -Xlinker /Users/admin/builder/spi-builder-workspace/.derivedData/Build/Intermediates.noindex/Starscream.build/Debug-watchos/Starscream-t.build/Objects-normal/arm64/Starscream_lto.o -Xlinker -no_deduplicate -Xlinker -dependency_info -Xlinker /Users/admin/builder/spi-builder-workspace/.derivedData/Build/Intermediates.noindex/Starscream.build/Debug-watchos/Starscream-t.build/Objects-normal/arm64/Starscream_dependency_info.dat -fobjc-link-runtime -L/Applications/Xcode-27.0.0-Release.Candidate.app/Contents/Developer/Toolchains/XcodeDefault.xctoolchain/usr/lib/swift/watchos -L/usr/lib/swift -Xlinker -add_ast_path -Xlinker /Users/admin/builder/spi-builder-workspace/.derivedData/Build/Intermediates.noindex/Starscream.build/Debug-watchos/Starscream-t.build/Objects-normal/arm64/Starscream.swiftmodule -o /Users/admin/builder/spi-builder-workspace/.derivedData/Build/Intermediates.noindex/Starscream.build/Debug-watchos/Starscream-t.build/Objects-normal/arm64/Binary/Starscream.o
CreateUniversalBinary /Users/admin/builder/spi-builder-workspace/.derivedData/Build/Products/Debug-watchos/Starscream.o normal arm64\ arm64_32 (in target 'Starscream' from project 'Starscream')
cd /Users/admin/builder/spi-builder-workspace/.dependencies/checkouts/Starscream
/Applications/Xcode-27.0.0-Release.Candidate.app/Contents/Developer/Toolchains/XcodeDefault.xctoolchain/usr/bin/lipo -create /Users/admin/builder/spi-builder-workspace/.derivedData/Build/Intermediates.noindex/Starscream.build/Debug-watchos/Starscream-t.build/Objects-normal/arm64/Binary/Starscream.o /Users/admin/builder/spi-builder-workspace/.derivedData/Build/Intermediates.noindex/Starscream.build/Debug-watchos/Starscream-t.build/Objects-normal/arm64_32/Binary/Starscream.o -output /Users/admin/builder/spi-builder-workspace/.derivedData/Build/Products/Debug-watchos/Starscream.o
ExtractAppIntentsMetadata (in target 'TeslaSwift' from project 'TeslaSwift')
cd /Users/admin/builder/spi-builder-workspace
/Applications/Xcode-27.0.0-Release.Candidate.app/Contents/Developer/Toolchains/XcodeDefault.xctoolchain/usr/bin/appintentsmetadataprocessor --toolchain-dir /var/run/com.apple.security.cryptexd/mnt/com.apple.MobileAsset.MetalToolchain-v27.1.266.1.aDOwGo/Metal.xctoolchain --module-name TeslaSwift --sdk-root /Applications/Xcode-27.0.0-Release.Candidate.app/Contents/Developer/Platforms/WatchOS.platform/Developer/SDKs/WatchOS27.0.sdk --xcode-version 27A266a --platform-family watchOS --deployment-target 9.0 --bundle-identifier spi-builder-workspace.TeslaSwift --output /Users/admin/builder/spi-builder-workspace/.derivedData/Build/Products/Debug-watchos/TeslaSwift.appintents --target-triple arm64-apple-watchos9.0 --target-triple arm64_32-apple-watchos9.0 --binary-file /Users/admin/builder/spi-builder-workspace/.derivedData/Build/Products/Debug-watchos/TeslaSwift.o --dependency-file /Users/admin/builder/spi-builder-workspace/.derivedData/Build/Intermediates.noindex/TeslaSwift.build/Debug-watchos/TeslaSwift-t.build/Objects-normal/arm64/TeslaSwift_dependency_info.dat --dependency-file /Users/admin/builder/spi-builder-workspace/.derivedData/Build/Intermediates.noindex/TeslaSwift.build/Debug-watchos/TeslaSwift-t.build/Objects-normal/arm64_32/TeslaSwift_dependency_info.dat --stringsdata-file /Users/admin/builder/spi-builder-workspace/.derivedData/Build/Intermediates.noindex/TeslaSwift.build/Debug-watchos/TeslaSwift-t.build/Objects-normal/arm64/ExtractedAppShortcutsMetadata.stringsdata --stringsdata-file /Users/admin/builder/spi-builder-workspace/.derivedData/Build/Intermediates.noindex/TeslaSwift.build/Debug-watchos/TeslaSwift-t.build/Objects-normal/arm64_32/ExtractedAppShortcutsMetadata.stringsdata --source-file-list /Users/admin/builder/spi-builder-workspace/.derivedData/Build/Intermediates.noindex/TeslaSwift.build/Debug-watchos/TeslaSwift-t.build/Objects-normal/arm64/TeslaSwift.SwiftFileList --source-file-list /Users/admin/builder/spi-builder-workspace/.derivedData/Build/Intermediates.noindex/TeslaSwift.build/Debug-watchos/TeslaSwift-t.build/Objects-normal/arm64_32/TeslaSwift.SwiftFileList --metadata-file-list /Users/admin/builder/spi-builder-workspace/.derivedData/Build/Intermediates.noindex/TeslaSwift.build/Debug-watchos/TeslaSwift-t.build/TeslaSwift.DependencyMetadataFileList --static-metadata-file-list /Users/admin/builder/spi-builder-workspace/.derivedData/Build/Intermediates.noindex/TeslaSwift.build/Debug-watchos/TeslaSwift-t.build/TeslaSwift.DependencyStaticMetadataFileList --swift-const-vals-list /Users/admin/builder/spi-builder-workspace/.derivedData/Build/Intermediates.noindex/TeslaSwift.build/Debug-watchos/TeslaSwift-t.build/Objects-normal/arm64/TeslaSwift.SwiftConstValuesFileList --swift-const-vals-list /Users/admin/builder/spi-builder-workspace/.derivedData/Build/Intermediates.noindex/TeslaSwift.build/Debug-watchos/TeslaSwift-t.build/Objects-normal/arm64_32/TeslaSwift.SwiftConstValuesFileList --force --compile-time-extraction --deployment-aware-processing --no-app-shortcuts-localization
2026-09-22 13:45:43.964 appintentsmetadataprocessor[864:5293] Starting appintentsmetadataprocessor export
2026-09-22 13:45:44.105 appintentsmetadataprocessor[864:5293] Extracted no relevant App Intents symbols, skipping writing output
SwiftDriverJobDiscovery normal arm64_32 Emitting module for TeslaSwiftCombine (in target 'TeslaSwiftCombine' from project 'TeslaSwift')
SwiftDriver\ Compilation\ Requirements TeslaSwiftCombine normal arm64_32 com.apple.xcode.tools.swift.compiler (in target 'TeslaSwiftCombine' from project 'TeslaSwift')
cd /Users/admin/builder/spi-builder-workspace/.swiftpm/xcode
builtin-Swift-Compilation-Requirements -- /Applications/Xcode-27.0.0-Release.Candidate.app/Contents/Developer/Toolchains/XcodeDefault.xctoolchain/usr/bin/swiftc -parse-as-library -module-name TeslaSwiftCombine -Onone @/Users/admin/builder/spi-builder-workspace/.derivedData/Build/Intermediates.noindex/TeslaSwift.build/Debug-watchos/TeslaSwiftCombine-t.build/Objects-normal/arm64_32/TeslaSwiftCombine.SwiftFileList -DSWIFT_PACKAGE -DDEBUG -DSWIFT_MODULE_RESOURCE_BUNDLE_UNAVAILABLE -DXcode -plugin-path /Applications/Xcode-27.0.0-Release.Candidate.app/Contents/Developer/Toolchains/XcodeDefault.xctoolchain/usr/lib/swift/host/plugins/testing -enable-experimental-feature DebugDescriptionMacro -sdk /Applications/Xcode-27.0.0-Release.Candidate.app/Contents/Developer/Platforms/WatchOS.platform/Developer/SDKs/WatchOS27.0.sdk -target arm64_32-apple-watchos9.0 -g -module-cache-path /Users/admin/builder/spi-builder-workspace/.derivedData/ModuleCache.noindex -Xfrontend -serialize-debugging-options -enable-testing -index-store-path /Users/admin/builder/spi-builder-workspace/.derivedData/Index.noindex/DataStore -Xcc -D_LIBCPP_HARDENING_MODE\=_LIBCPP_HARDENING_MODE_DEBUG -swift-version 5 -I /Users/admin/builder/spi-builder-workspace/.derivedData/Build/Products/Debug-watchos -Isystem /Applications/Xcode-27.0.0-Release.Candidate.app/Contents/Developer/Platforms/WatchOS.platform/Developer/usr/lib -F /Users/admin/builder/spi-builder-workspace/.derivedData/Build/Products/Debug-watchos/PackageFrameworks -F /Users/admin/builder/spi-builder-workspace/.derivedData/Build/Products/Debug-watchos -F /Applications/Xcode-27.0.0-Release.Candidate.app/Contents/Developer/Platforms/WatchOS.platform/Developer/Library/Frameworks -F /Applications/Xcode-27.0.0-Release.Candidate.app/Contents/Developer/Platforms/WatchOS.platform/Developer/SDKs/WatchOS27.0.sdk/Developer/Library/Frameworks -c -j10 -enable-batch-mode -incremental -Xcc -ivfsstatcache -Xcc /Users/admin/builder/spi-builder-workspace/.derivedData/SDKStatCaches.noindex/watchos27.0-24R360-e829b21a6f8c9b70876ba0858053c04477534ef55a1706bf4c1112bbb242f0a2.sdkstatcache -output-file-map /Users/admin/builder/spi-builder-workspace/.derivedData/Build/Intermediates.noindex/TeslaSwift.build/Debug-watchos/TeslaSwiftCombine-t.build/Objects-normal/arm64_32/TeslaSwiftCombine-OutputFileMap.json -save-temps -no-color-diagnostics -explicit-module-build -module-cache-path /Users/admin/builder/spi-builder-workspace/.derivedData/Build/Intermediates.noindex/SwiftExplicitPrecompiledModules -clang-scanner-module-cache-path /Users/admin/builder/spi-builder-workspace/.derivedData/ModuleCache.noindex -sdk-module-cache-path /Users/admin/builder/spi-builder-workspace/.derivedData/SDKExplicitPrecompiledModules -emit-dependencies -emit-module -emit-module-path /Users/admin/builder/spi-builder-workspace/.derivedData/Build/Intermediates.noindex/TeslaSwift.build/Debug-watchos/TeslaSwiftCombine-t.build/Objects-normal/arm64_32/TeslaSwiftCombine.swiftmodule -serialize-diagnostics -dependency-scan-serialize-diagnostics-path /Users/admin/builder/spi-builder-workspace/.derivedData/Build/Intermediates.noindex/TeslaSwift.build/Debug-watchos/TeslaSwiftCombine-t.build/Objects-normal/arm64_32/TeslaSwiftCombine-dependency-scan.dia -validate-clang-modules-once -clang-build-session-file /Users/admin/builder/spi-builder-workspace/.derivedData/ModuleCache.noindex/Session.modulevalidation -Xcc -fmodules-prune-interval\=86400 -Xcc -fmodules-prune-after\=345600 -package-name spi_builder_workspace -emit-const-values -const-gather-protocols-list /Users/admin/builder/spi-builder-workspace/.derivedData/Build/Intermediates.noindex/TeslaSwift.build/Debug-watchos/TeslaSwiftCombine-t.build/Objects-normal/arm64_32/TeslaSwiftCombine_const_extract_protocols.json -Xcc -I/Users/admin/builder/spi-builder-workspace/.derivedData/Build/Products/Debug-watchos/include -Xcc -I/Users/admin/builder/spi-builder-workspace/.derivedData/Build/Intermediates.noindex/TeslaSwift.build/Debug-watchos/TeslaSwiftCombine-t.build/DerivedSources-normal/arm64_32 -Xcc -I/Users/admin/builder/spi-builder-workspace/.derivedData/Build/Intermediates.noindex/TeslaSwift.build/Debug-watchos/TeslaSwiftCombine-t.build/DerivedSources/arm64_32 -Xcc -I/Users/admin/builder/spi-builder-workspace/.derivedData/Build/Intermediates.noindex/TeslaSwift.build/Debug-watchos/TeslaSwiftCombine-t.build/DerivedSources -Xcc -DSWIFT_PACKAGE -Xcc -DDEBUG\=1 -emit-objc-header -emit-objc-header-path /Users/admin/builder/spi-builder-workspace/.derivedData/Build/Intermediates.noindex/TeslaSwift.build/Debug-watchos/TeslaSwiftCombine-t.build/Objects-normal/arm64_32/TeslaSwiftCombine-Swift.h -working-directory /Users/admin/builder/spi-builder-workspace/.swiftpm/xcode -experimental-emit-module-separately -disable-cmo
ExtractAppIntentsMetadata (in target 'Starscream' from project 'Starscream')
cd /Users/admin/builder/spi-builder-workspace/.dependencies/checkouts/Starscream
/Applications/Xcode-27.0.0-Release.Candidate.app/Contents/Developer/Toolchains/XcodeDefault.xctoolchain/usr/bin/appintentsmetadataprocessor --toolchain-dir /var/run/com.apple.security.cryptexd/mnt/com.apple.MobileAsset.MetalToolchain-v27.1.266.1.aDOwGo/Metal.xctoolchain --module-name Starscream --sdk-root /Applications/Xcode-27.0.0-Release.Candidate.app/Contents/Developer/Platforms/WatchOS.platform/Developer/SDKs/WatchOS27.0.sdk --xcode-version 27A266a --platform-family watchOS --deployment-target 9.0 --bundle-identifier starscream.Starscream --output /Users/admin/builder/spi-builder-workspace/.derivedData/Build/Products/Debug-watchos/Starscream.appintents --target-triple arm64-apple-watchos9.0 --target-triple arm64_32-apple-watchos9.0 --binary-file /Users/admin/builder/spi-builder-workspace/.derivedData/Build/Products/Debug-watchos/Starscream.o --dependency-file /Users/admin/builder/spi-builder-workspace/.derivedData/Build/Intermediates.noindex/Starscream.build/Debug-watchos/Starscream-t.build/Objects-normal/arm64/Starscream_dependency_info.dat --dependency-file /Users/admin/builder/spi-builder-workspace/.derivedData/Build/Intermediates.noindex/Starscream.build/Debug-watchos/Starscream-t.build/Objects-normal/arm64_32/Starscream_dependency_info.dat --stringsdata-file /Users/admin/builder/spi-builder-workspace/.derivedData/Build/Intermediates.noindex/Starscream.build/Debug-watchos/Starscream-t.build/Objects-normal/arm64/ExtractedAppShortcutsMetadata.stringsdata --stringsdata-file /Users/admin/builder/spi-builder-workspace/.derivedData/Build/Intermediates.noindex/Starscream.build/Debug-watchos/Starscream-t.build/Objects-normal/arm64_32/ExtractedAppShortcutsMetadata.stringsdata --source-file-list /Users/admin/builder/spi-builder-workspace/.derivedData/Build/Intermediates.noindex/Starscream.build/Debug-watchos/Starscream-t.build/Objects-normal/arm64/Starscream.SwiftFileList --source-file-list /Users/admin/builder/spi-builder-workspace/.derivedData/Build/Intermediates.noindex/Starscream.build/Debug-watchos/Starscream-t.build/Objects-normal/arm64_32/Starscream.SwiftFileList --metadata-file-list /Users/admin/builder/spi-builder-workspace/.derivedData/Build/Intermediates.noindex/Starscream.build/Debug-watchos/Starscream-t.build/Starscream.DependencyMetadataFileList --static-metadata-file-list /Users/admin/builder/spi-builder-workspace/.derivedData/Build/Intermediates.noindex/Starscream.build/Debug-watchos/Starscream-t.build/Starscream.DependencyStaticMetadataFileList --swift-const-vals-list /Users/admin/builder/spi-builder-workspace/.derivedData/Build/Intermediates.noindex/Starscream.build/Debug-watchos/Starscream-t.build/Objects-normal/arm64/Starscream.SwiftConstValuesFileList --swift-const-vals-list /Users/admin/builder/spi-builder-workspace/.derivedData/Build/Intermediates.noindex/Starscream.build/Debug-watchos/Starscream-t.build/Objects-normal/arm64_32/Starscream.SwiftConstValuesFileList --force --compile-time-extraction --deployment-aware-processing --no-app-shortcuts-localization
2026-09-22 13:45:43.964 appintentsmetadataprocessor[865:5294] Starting appintentsmetadataprocessor export
2026-09-22 13:45:44.104 appintentsmetadataprocessor[865:5294] Extracted no relevant App Intents symbols, skipping writing output
SwiftMergeGeneratedHeaders /Users/admin/builder/spi-builder-workspace/.derivedData/Build/Intermediates.noindex/GeneratedModuleMaps-watchos/TeslaSwiftCombine-Swift.h /Users/admin/builder/spi-builder-workspace/.derivedData/Build/Intermediates.noindex/TeslaSwift.build/Debug-watchos/TeslaSwiftCombine-t.build/Objects-normal/arm64/TeslaSwiftCombine-Swift.h /Users/admin/builder/spi-builder-workspace/.derivedData/Build/Intermediates.noindex/TeslaSwift.build/Debug-watchos/TeslaSwiftCombine-t.build/Objects-normal/arm64_32/TeslaSwiftCombine-Swift.h (in target 'TeslaSwiftCombine' from project 'TeslaSwift')
cd /Users/admin/builder/spi-builder-workspace
builtin-swiftHeaderTool -arch arm64 /Users/admin/builder/spi-builder-workspace/.derivedData/Build/Intermediates.noindex/TeslaSwift.build/Debug-watchos/TeslaSwiftCombine-t.build/Objects-normal/arm64/TeslaSwiftCombine-Swift.h -arch arm64_32 /Users/admin/builder/spi-builder-workspace/.derivedData/Build/Intermediates.noindex/TeslaSwift.build/Debug-watchos/TeslaSwiftCombine-t.build/Objects-normal/arm64_32/TeslaSwiftCombine-Swift.h -o /Users/admin/builder/spi-builder-workspace/.derivedData/Build/Intermediates.noindex/GeneratedModuleMaps-watchos/TeslaSwiftCombine-Swift.h
Copy /Users/admin/builder/spi-builder-workspace/.derivedData/Build/Products/Debug-watchos/TeslaSwiftCombine.swiftmodule/arm64_32-apple-watchos.swiftmodule /Users/admin/builder/spi-builder-workspace/.derivedData/Build/Intermediates.noindex/TeslaSwift.build/Debug-watchos/TeslaSwiftCombine-t.build/Objects-normal/arm64_32/TeslaSwiftCombine.swiftmodule (in target 'TeslaSwiftCombine' from project 'TeslaSwift')
cd /Users/admin/builder/spi-builder-workspace
builtin-copy -exclude .DS_Store -exclude CVS -exclude .svn -exclude .git -exclude .hg -resolve-src-symlinks -rename /Users/admin/builder/spi-builder-workspace/.derivedData/Build/Intermediates.noindex/TeslaSwift.build/Debug-watchos/TeslaSwiftCombine-t.build/Objects-normal/arm64_32/TeslaSwiftCombine.swiftmodule /Users/admin/builder/spi-builder-workspace/.derivedData/Build/Products/Debug-watchos/TeslaSwiftCombine.swiftmodule/arm64_32-apple-watchos.swiftmodule
Copy /Users/admin/builder/spi-builder-workspace/.derivedData/Build/Products/Debug-watchos/TeslaSwiftCombine.swiftmodule/arm64_32-apple-watchos.swiftdoc /Users/admin/builder/spi-builder-workspace/.derivedData/Build/Intermediates.noindex/TeslaSwift.build/Debug-watchos/TeslaSwiftCombine-t.build/Objects-normal/arm64_32/TeslaSwiftCombine.swiftdoc (in target 'TeslaSwiftCombine' from project 'TeslaSwift')
cd /Users/admin/builder/spi-builder-workspace
builtin-copy -exclude .DS_Store -exclude CVS -exclude .svn -exclude .git -exclude .hg -resolve-src-symlinks -rename /Users/admin/builder/spi-builder-workspace/.derivedData/Build/Intermediates.noindex/TeslaSwift.build/Debug-watchos/TeslaSwiftCombine-t.build/Objects-normal/arm64_32/TeslaSwiftCombine.swiftdoc /Users/admin/builder/spi-builder-workspace/.derivedData/Build/Products/Debug-watchos/TeslaSwiftCombine.swiftmodule/arm64_32-apple-watchos.swiftdoc
Copy /Users/admin/builder/spi-builder-workspace/.derivedData/Build/Products/Debug-watchos/TeslaSwiftCombine.swiftmodule/arm64_32-apple-watchos.abi.json /Users/admin/builder/spi-builder-workspace/.derivedData/Build/Intermediates.noindex/TeslaSwift.build/Debug-watchos/TeslaSwiftCombine-t.build/Objects-normal/arm64_32/TeslaSwiftCombine.abi.json (in target 'TeslaSwiftCombine' from project 'TeslaSwift')
cd /Users/admin/builder/spi-builder-workspace
builtin-copy -exclude .DS_Store -exclude CVS -exclude .svn -exclude .git -exclude .hg -resolve-src-symlinks -rename /Users/admin/builder/spi-builder-workspace/.derivedData/Build/Intermediates.noindex/TeslaSwift.build/Debug-watchos/TeslaSwiftCombine-t.build/Objects-normal/arm64_32/TeslaSwiftCombine.abi.json /Users/admin/builder/spi-builder-workspace/.derivedData/Build/Products/Debug-watchos/TeslaSwiftCombine.swiftmodule/arm64_32-apple-watchos.abi.json
Copy /Users/admin/builder/spi-builder-workspace/.derivedData/Build/Products/Debug-watchos/TeslaSwiftCombine.swiftmodule/Project/arm64_32-apple-watchos.swiftsourceinfo /Users/admin/builder/spi-builder-workspace/.derivedData/Build/Intermediates.noindex/TeslaSwift.build/Debug-watchos/TeslaSwiftCombine-t.build/Objects-normal/arm64_32/TeslaSwiftCombine.swiftsourceinfo (in target 'TeslaSwiftCombine' from project 'TeslaSwift')
cd /Users/admin/builder/spi-builder-workspace
builtin-copy -exclude .DS_Store -exclude CVS -exclude .svn -exclude .git -exclude .hg -resolve-src-symlinks -rename /Users/admin/builder/spi-builder-workspace/.derivedData/Build/Intermediates.noindex/TeslaSwift.build/Debug-watchos/TeslaSwiftCombine-t.build/Objects-normal/arm64_32/TeslaSwiftCombine.swiftsourceinfo /Users/admin/builder/spi-builder-workspace/.derivedData/Build/Products/Debug-watchos/TeslaSwiftCombine.swiftmodule/Project/arm64_32-apple-watchos.swiftsourceinfo
SwiftDriver TeslaSwiftStreamingCombine normal arm64_32 com.apple.xcode.tools.swift.compiler (in target 'TeslaSwiftStreamingCombine' from project 'TeslaSwift')
cd /Users/admin/builder/spi-builder-workspace/.swiftpm/xcode
builtin-SwiftDriver -- /Applications/Xcode-27.0.0-Release.Candidate.app/Contents/Developer/Toolchains/XcodeDefault.xctoolchain/usr/bin/swiftc -parse-as-library -module-name TeslaSwiftStreamingCombine -Onone @/Users/admin/builder/spi-builder-workspace/.derivedData/Build/Intermediates.noindex/TeslaSwift.build/Debug-watchos/TeslaSwiftStreamingCombine-t.build/Objects-normal/arm64_32/TeslaSwiftStreamingCombine.SwiftFileList -DSWIFT_PACKAGE -DDEBUG -DSWIFT_MODULE_RESOURCE_BUNDLE_UNAVAILABLE -DXcode -plugin-path /Applications/Xcode-27.0.0-Release.Candidate.app/Contents/Developer/Toolchains/XcodeDefault.xctoolchain/usr/lib/swift/host/plugins/testing -enable-experimental-feature DebugDescriptionMacro -sdk /Applications/Xcode-27.0.0-Release.Candidate.app/Contents/Developer/Platforms/WatchOS.platform/Developer/SDKs/WatchOS27.0.sdk -target arm64_32-apple-watchos9.0 -g -module-cache-path /Users/admin/builder/spi-builder-workspace/.derivedData/ModuleCache.noindex -Xfrontend -serialize-debugging-options -enable-testing -index-store-path /Users/admin/builder/spi-builder-workspace/.derivedData/Index.noindex/DataStore -Xcc -D_LIBCPP_HARDENING_MODE\=_LIBCPP_HARDENING_MODE_DEBUG -swift-version 5 -I /Users/admin/builder/spi-builder-workspace/.derivedData/Build/Products/Debug-watchos -Isystem /Applications/Xcode-27.0.0-Release.Candidate.app/Contents/Developer/Platforms/WatchOS.platform/Developer/usr/lib -F /Users/admin/builder/spi-builder-workspace/.derivedData/Build/Products/Debug-watchos/PackageFrameworks -F /Users/admin/builder/spi-builder-workspace/.derivedData/Build/Products/Debug-watchos -F /Applications/Xcode-27.0.0-Release.Candidate.app/Contents/Developer/Platforms/WatchOS.platform/Developer/Library/Frameworks -F /Applications/Xcode-27.0.0-Release.Candidate.app/Contents/Developer/Platforms/WatchOS.platform/Developer/SDKs/WatchOS27.0.sdk/Developer/Library/Frameworks -c -j10 -enable-batch-mode -incremental -Xcc -ivfsstatcache -Xcc /Users/admin/builder/spi-builder-workspace/.derivedData/SDKStatCaches.noindex/watchos27.0-24R360-e829b21a6f8c9b70876ba0858053c04477534ef55a1706bf4c1112bbb242f0a2.sdkstatcache -output-file-map /Users/admin/builder/spi-builder-workspace/.derivedData/Build/Intermediates.noindex/TeslaSwift.build/Debug-watchos/TeslaSwiftStreamingCombine-t.build/Objects-normal/arm64_32/TeslaSwiftStreamingCombine-OutputFileMap.json -save-temps -no-color-diagnostics -explicit-module-build -module-cache-path /Users/admin/builder/spi-builder-workspace/.derivedData/Build/Intermediates.noindex/SwiftExplicitPrecompiledModules -clang-scanner-module-cache-path /Users/admin/builder/spi-builder-workspace/.derivedData/ModuleCache.noindex -sdk-module-cache-path /Users/admin/builder/spi-builder-workspace/.derivedData/SDKExplicitPrecompiledModules -emit-dependencies -emit-module -emit-module-path /Users/admin/builder/spi-builder-workspace/.derivedData/Build/Intermediates.noindex/TeslaSwift.build/Debug-watchos/TeslaSwiftStreamingCombine-t.build/Objects-normal/arm64_32/TeslaSwiftStreamingCombine.swiftmodule -serialize-diagnostics -dependency-scan-serialize-diagnostics-path /Users/admin/builder/spi-builder-workspace/.derivedData/Build/Intermediates.noindex/TeslaSwift.build/Debug-watchos/TeslaSwiftStreamingCombine-t.build/Objects-normal/arm64_32/TeslaSwiftStreamingCombine-dependency-scan.dia -validate-clang-modules-once -clang-build-session-file /Users/admin/builder/spi-builder-workspace/.derivedData/ModuleCache.noindex/Session.modulevalidation -Xcc -fmodules-prune-interval\=86400 -Xcc -fmodules-prune-after\=345600 -package-name spi_builder_workspace -emit-const-values -const-gather-protocols-list /Users/admin/builder/spi-builder-workspace/.derivedData/Build/Intermediates.noindex/TeslaSwift.build/Debug-watchos/TeslaSwiftStreamingCombine-t.build/Objects-normal/arm64_32/TeslaSwiftStreamingCombine_const_extract_protocols.json -Xcc -I/Users/admin/builder/spi-builder-workspace/.derivedData/Build/Products/Debug-watchos/include -Xcc -I/Users/admin/builder/spi-builder-workspace/.derivedData/Build/Intermediates.noindex/TeslaSwift.build/Debug-watchos/TeslaSwiftStreamingCombine-t.build/DerivedSources-normal/arm64_32 -Xcc -I/Users/admin/builder/spi-builder-workspace/.derivedData/Build/Intermediates.noindex/TeslaSwift.build/Debug-watchos/TeslaSwiftStreamingCombine-t.build/DerivedSources/arm64_32 -Xcc -I/Users/admin/builder/spi-builder-workspace/.derivedData/Build/Intermediates.noindex/TeslaSwift.build/Debug-watchos/TeslaSwiftStreamingCombine-t.build/DerivedSources -Xcc -DSWIFT_PACKAGE -Xcc -DDEBUG\=1 -emit-objc-header -emit-objc-header-path /Users/admin/builder/spi-builder-workspace/.derivedData/Build/Intermediates.noindex/TeslaSwift.build/Debug-watchos/TeslaSwiftStreamingCombine-t.build/Objects-normal/arm64_32/TeslaSwiftStreamingCombine-Swift.h -working-directory /Users/admin/builder/spi-builder-workspace/.swiftpm/xcode -experimental-emit-module-separately -disable-cmo
SwiftDriver TeslaSwiftStreamingCombine normal arm64 com.apple.xcode.tools.swift.compiler (in target 'TeslaSwiftStreamingCombine' from project 'TeslaSwift')
cd /Users/admin/builder/spi-builder-workspace/.swiftpm/xcode
builtin-SwiftDriver -- /Applications/Xcode-27.0.0-Release.Candidate.app/Contents/Developer/Toolchains/XcodeDefault.xctoolchain/usr/bin/swiftc -parse-as-library -module-name TeslaSwiftStreamingCombine -Onone @/Users/admin/builder/spi-builder-workspace/.derivedData/Build/Intermediates.noindex/TeslaSwift.build/Debug-watchos/TeslaSwiftStreamingCombine-t.build/Objects-normal/arm64/TeslaSwiftStreamingCombine.SwiftFileList -DSWIFT_PACKAGE -DDEBUG -DSWIFT_MODULE_RESOURCE_BUNDLE_UNAVAILABLE -DXcode -plugin-path /Applications/Xcode-27.0.0-Release.Candidate.app/Contents/Developer/Toolchains/XcodeDefault.xctoolchain/usr/lib/swift/host/plugins/testing -enable-experimental-feature DebugDescriptionMacro -sdk /Applications/Xcode-27.0.0-Release.Candidate.app/Contents/Developer/Platforms/WatchOS.platform/Developer/SDKs/WatchOS27.0.sdk -target arm64-apple-watchos9.0 -g -module-cache-path /Users/admin/builder/spi-builder-workspace/.derivedData/ModuleCache.noindex -Xfrontend -serialize-debugging-options -enable-testing -index-store-path /Users/admin/builder/spi-builder-workspace/.derivedData/Index.noindex/DataStore -Xcc -D_LIBCPP_HARDENING_MODE\=_LIBCPP_HARDENING_MODE_DEBUG -swift-version 5 -I /Users/admin/builder/spi-builder-workspace/.derivedData/Build/Products/Debug-watchos -Isystem /Applications/Xcode-27.0.0-Release.Candidate.app/Contents/Developer/Platforms/WatchOS.platform/Developer/usr/lib -F /Users/admin/builder/spi-builder-workspace/.derivedData/Build/Products/Debug-watchos/PackageFrameworks -F /Users/admin/builder/spi-builder-workspace/.derivedData/Build/Products/Debug-watchos -F /Applications/Xcode-27.0.0-Release.Candidate.app/Contents/Developer/Platforms/WatchOS.platform/Developer/Library/Frameworks -F /Applications/Xcode-27.0.0-Release.Candidate.app/Contents/Developer/Platforms/WatchOS.platform/Developer/SDKs/WatchOS27.0.sdk/Developer/Library/Frameworks -c -j10 -enable-batch-mode -incremental -Xcc -ivfsstatcache -Xcc /Users/admin/builder/spi-builder-workspace/.derivedData/SDKStatCaches.noindex/watchos27.0-24R360-e829b21a6f8c9b70876ba0858053c04477534ef55a1706bf4c1112bbb242f0a2.sdkstatcache -output-file-map /Users/admin/builder/spi-builder-workspace/.derivedData/Build/Intermediates.noindex/TeslaSwift.build/Debug-watchos/TeslaSwiftStreamingCombine-t.build/Objects-normal/arm64/TeslaSwiftStreamingCombine-OutputFileMap.json -save-temps -no-color-diagnostics -explicit-module-build -module-cache-path /Users/admin/builder/spi-builder-workspace/.derivedData/Build/Intermediates.noindex/SwiftExplicitPrecompiledModules -clang-scanner-module-cache-path /Users/admin/builder/spi-builder-workspace/.derivedData/ModuleCache.noindex -sdk-module-cache-path /Users/admin/builder/spi-builder-workspace/.derivedData/SDKExplicitPrecompiledModules -emit-dependencies -emit-module -emit-module-path /Users/admin/builder/spi-builder-workspace/.derivedData/Build/Intermediates.noindex/TeslaSwift.build/Debug-watchos/TeslaSwiftStreamingCombine-t.build/Objects-normal/arm64/TeslaSwiftStreamingCombine.swiftmodule -serialize-diagnostics -dependency-scan-serialize-diagnostics-path /Users/admin/builder/spi-builder-workspace/.derivedData/Build/Intermediates.noindex/TeslaSwift.build/Debug-watchos/TeslaSwiftStreamingCombine-t.build/Objects-normal/arm64/TeslaSwiftStreamingCombine-dependency-scan.dia -validate-clang-modules-once -clang-build-session-file /Users/admin/builder/spi-builder-workspace/.derivedData/ModuleCache.noindex/Session.modulevalidation -Xcc -fmodules-prune-interval\=86400 -Xcc -fmodules-prune-after\=345600 -package-name spi_builder_workspace -emit-const-values -const-gather-protocols-list /Users/admin/builder/spi-builder-workspace/.derivedData/Build/Intermediates.noindex/TeslaSwift.build/Debug-watchos/TeslaSwiftStreamingCombine-t.build/Objects-normal/arm64/TeslaSwiftStreamingCombine_const_extract_protocols.json -Xcc -I/Users/admin/builder/spi-builder-workspace/.derivedData/Build/Products/Debug-watchos/include -Xcc -I/Users/admin/builder/spi-builder-workspace/.derivedData/Build/Intermediates.noindex/TeslaSwift.build/Debug-watchos/TeslaSwiftStreamingCombine-t.build/DerivedSources-normal/arm64 -Xcc -I/Users/admin/builder/spi-builder-workspace/.derivedData/Build/Intermediates.noindex/TeslaSwift.build/Debug-watchos/TeslaSwiftStreamingCombine-t.build/DerivedSources/arm64 -Xcc -I/Users/admin/builder/spi-builder-workspace/.derivedData/Build/Intermediates.noindex/TeslaSwift.build/Debug-watchos/TeslaSwiftStreamingCombine-t.build/DerivedSources -Xcc -DSWIFT_PACKAGE -Xcc -DDEBUG\=1 -emit-objc-header -emit-objc-header-path /Users/admin/builder/spi-builder-workspace/.derivedData/Build/Intermediates.noindex/TeslaSwift.build/Debug-watchos/TeslaSwiftStreamingCombine-t.build/Objects-normal/arm64/TeslaSwiftStreamingCombine-Swift.h -working-directory /Users/admin/builder/spi-builder-workspace/.swiftpm/xcode -experimental-emit-module-separately -disable-cmo
SwiftDriverJobDiscovery normal arm64 Compiling StreamEvent.swift (in target 'TeslaSwiftStreaming' from project 'TeslaSwift')
SwiftDriverJobDiscovery normal arm64_32 Compiling StreamControl.swift (in target 'TeslaSwiftStreaming' from project 'TeslaSwift')
SwiftDriverJobDiscovery normal arm64_32 Compiling StreamEvent.swift (in target 'TeslaSwiftStreaming' from project 'TeslaSwift')
SwiftDriverJobDiscovery normal arm64 Compiling TeslaSwift+Combine.swift (in target 'TeslaSwiftCombine' from project 'TeslaSwift')
SwiftDriver\ Compilation TeslaSwiftCombine normal arm64 com.apple.xcode.tools.swift.compiler (in target 'TeslaSwiftCombine' from project 'TeslaSwift')
cd /Users/admin/builder/spi-builder-workspace/.swiftpm/xcode
builtin-Swift-Compilation -- /Applications/Xcode-27.0.0-Release.Candidate.app/Contents/Developer/Toolchains/XcodeDefault.xctoolchain/usr/bin/swiftc -parse-as-library -module-name TeslaSwiftCombine -Onone @/Users/admin/builder/spi-builder-workspace/.derivedData/Build/Intermediates.noindex/TeslaSwift.build/Debug-watchos/TeslaSwiftCombine-t.build/Objects-normal/arm64/TeslaSwiftCombine.SwiftFileList -DSWIFT_PACKAGE -DDEBUG -DSWIFT_MODULE_RESOURCE_BUNDLE_UNAVAILABLE -DXcode -plugin-path /Applications/Xcode-27.0.0-Release.Candidate.app/Contents/Developer/Toolchains/XcodeDefault.xctoolchain/usr/lib/swift/host/plugins/testing -enable-experimental-feature DebugDescriptionMacro -sdk /Applications/Xcode-27.0.0-Release.Candidate.app/Contents/Developer/Platforms/WatchOS.platform/Developer/SDKs/WatchOS27.0.sdk -target arm64-apple-watchos9.0 -g -module-cache-path /Users/admin/builder/spi-builder-workspace/.derivedData/ModuleCache.noindex -Xfrontend -serialize-debugging-options -enable-testing -index-store-path /Users/admin/builder/spi-builder-workspace/.derivedData/Index.noindex/DataStore -Xcc -D_LIBCPP_HARDENING_MODE\=_LIBCPP_HARDENING_MODE_DEBUG -swift-version 5 -I /Users/admin/builder/spi-builder-workspace/.derivedData/Build/Products/Debug-watchos -Isystem /Applications/Xcode-27.0.0-Release.Candidate.app/Contents/Developer/Platforms/WatchOS.platform/Developer/usr/lib -F /Users/admin/builder/spi-builder-workspace/.derivedData/Build/Products/Debug-watchos/PackageFrameworks -F /Users/admin/builder/spi-builder-workspace/.derivedData/Build/Products/Debug-watchos -F /Applications/Xcode-27.0.0-Release.Candidate.app/Contents/Developer/Platforms/WatchOS.platform/Developer/Library/Frameworks -F /Applications/Xcode-27.0.0-Release.Candidate.app/Contents/Developer/Platforms/WatchOS.platform/Developer/SDKs/WatchOS27.0.sdk/Developer/Library/Frameworks -c -j10 -enable-batch-mode -incremental -Xcc -ivfsstatcache -Xcc /Users/admin/builder/spi-builder-workspace/.derivedData/SDKStatCaches.noindex/watchos27.0-24R360-e829b21a6f8c9b70876ba0858053c04477534ef55a1706bf4c1112bbb242f0a2.sdkstatcache -output-file-map /Users/admin/builder/spi-builder-workspace/.derivedData/Build/Intermediates.noindex/TeslaSwift.build/Debug-watchos/TeslaSwiftCombine-t.build/Objects-normal/arm64/TeslaSwiftCombine-OutputFileMap.json -save-temps -no-color-diagnostics -explicit-module-build -module-cache-path /Users/admin/builder/spi-builder-workspace/.derivedData/Build/Intermediates.noindex/SwiftExplicitPrecompiledModules -clang-scanner-module-cache-path /Users/admin/builder/spi-builder-workspace/.derivedData/ModuleCache.noindex -sdk-module-cache-path /Users/admin/builder/spi-builder-workspace/.derivedData/SDKExplicitPrecompiledModules -emit-dependencies -emit-module -emit-module-path /Users/admin/builder/spi-builder-workspace/.derivedData/Build/Intermediates.noindex/TeslaSwift.build/Debug-watchos/TeslaSwiftCombine-t.build/Objects-normal/arm64/TeslaSwiftCombine.swiftmodule -serialize-diagnostics -dependency-scan-serialize-diagnostics-path /Users/admin/builder/spi-builder-workspace/.derivedData/Build/Intermediates.noindex/TeslaSwift.build/Debug-watchos/TeslaSwiftCombine-t.build/Objects-normal/arm64/TeslaSwiftCombine-dependency-scan.dia -validate-clang-modules-once -clang-build-session-file /Users/admin/builder/spi-builder-workspace/.derivedData/ModuleCache.noindex/Session.modulevalidation -Xcc -fmodules-prune-interval\=86400 -Xcc -fmodules-prune-after\=345600 -package-name spi_builder_workspace -emit-const-values -const-gather-protocols-list /Users/admin/builder/spi-builder-workspace/.derivedData/Build/Intermediates.noindex/TeslaSwift.build/Debug-watchos/TeslaSwiftCombine-t.build/Objects-normal/arm64/TeslaSwiftCombine_const_extract_protocols.json -Xcc -I/Users/admin/builder/spi-builder-workspace/.derivedData/Build/Products/Debug-watchos/include -Xcc -I/Users/admin/builder/spi-builder-workspace/.derivedData/Build/Intermediates.noindex/TeslaSwift.build/Debug-watchos/TeslaSwiftCombine-t.build/DerivedSources-normal/arm64 -Xcc -I/Users/admin/builder/spi-builder-workspace/.derivedData/Build/Intermediates.noindex/TeslaSwift.build/Debug-watchos/TeslaSwiftCombine-t.build/DerivedSources/arm64 -Xcc -I/Users/admin/builder/spi-builder-workspace/.derivedData/Build/Intermediates.noindex/TeslaSwift.build/Debug-watchos/TeslaSwiftCombine-t.build/DerivedSources -Xcc -DSWIFT_PACKAGE -Xcc -DDEBUG\=1 -emit-objc-header -emit-objc-header-path /Users/admin/builder/spi-builder-workspace/.derivedData/Build/Intermediates.noindex/TeslaSwift.build/Debug-watchos/TeslaSwiftCombine-t.build/Objects-normal/arm64/TeslaSwiftCombine-Swift.h -working-directory /Users/admin/builder/spi-builder-workspace/.swiftpm/xcode -experimental-emit-module-separately -disable-cmo
SwiftDriverJobDiscovery normal arm64_32 Compiling TeslaStreaming.swift (in target 'TeslaSwiftStreaming' from project 'TeslaSwift')
SwiftDriverJobDiscovery normal arm64_32 Compiling TeslaSwift+Combine.swift (in target 'TeslaSwiftCombine' from project 'TeslaSwift')
SwiftDriver\ Compilation TeslaSwiftCombine normal arm64_32 com.apple.xcode.tools.swift.compiler (in target 'TeslaSwiftCombine' from project 'TeslaSwift')
cd /Users/admin/builder/spi-builder-workspace/.swiftpm/xcode
builtin-Swift-Compilation -- /Applications/Xcode-27.0.0-Release.Candidate.app/Contents/Developer/Toolchains/XcodeDefault.xctoolchain/usr/bin/swiftc -parse-as-library -module-name TeslaSwiftCombine -Onone @/Users/admin/builder/spi-builder-workspace/.derivedData/Build/Intermediates.noindex/TeslaSwift.build/Debug-watchos/TeslaSwiftCombine-t.build/Objects-normal/arm64_32/TeslaSwiftCombine.SwiftFileList -DSWIFT_PACKAGE -DDEBUG -DSWIFT_MODULE_RESOURCE_BUNDLE_UNAVAILABLE -DXcode -plugin-path /Applications/Xcode-27.0.0-Release.Candidate.app/Contents/Developer/Toolchains/XcodeDefault.xctoolchain/usr/lib/swift/host/plugins/testing -enable-experimental-feature DebugDescriptionMacro -sdk /Applications/Xcode-27.0.0-Release.Candidate.app/Contents/Developer/Platforms/WatchOS.platform/Developer/SDKs/WatchOS27.0.sdk -target arm64_32-apple-watchos9.0 -g -module-cache-path /Users/admin/builder/spi-builder-workspace/.derivedData/ModuleCache.noindex -Xfrontend -serialize-debugging-options -enable-testing -index-store-path /Users/admin/builder/spi-builder-workspace/.derivedData/Index.noindex/DataStore -Xcc -D_LIBCPP_HARDENING_MODE\=_LIBCPP_HARDENING_MODE_DEBUG -swift-version 5 -I /Users/admin/builder/spi-builder-workspace/.derivedData/Build/Products/Debug-watchos -Isystem /Applications/Xcode-27.0.0-Release.Candidate.app/Contents/Developer/Platforms/WatchOS.platform/Developer/usr/lib -F /Users/admin/builder/spi-builder-workspace/.derivedData/Build/Products/Debug-watchos/PackageFrameworks -F /Users/admin/builder/spi-builder-workspace/.derivedData/Build/Products/Debug-watchos -F /Applications/Xcode-27.0.0-Release.Candidate.app/Contents/Developer/Platforms/WatchOS.platform/Developer/Library/Frameworks -F /Applications/Xcode-27.0.0-Release.Candidate.app/Contents/Developer/Platforms/WatchOS.platform/Developer/SDKs/WatchOS27.0.sdk/Developer/Library/Frameworks -c -j10 -enable-batch-mode -incremental -Xcc -ivfsstatcache -Xcc /Users/admin/builder/spi-builder-workspace/.derivedData/SDKStatCaches.noindex/watchos27.0-24R360-e829b21a6f8c9b70876ba0858053c04477534ef55a1706bf4c1112bbb242f0a2.sdkstatcache -output-file-map /Users/admin/builder/spi-builder-workspace/.derivedData/Build/Intermediates.noindex/TeslaSwift.build/Debug-watchos/TeslaSwiftCombine-t.build/Objects-normal/arm64_32/TeslaSwiftCombine-OutputFileMap.json -save-temps -no-color-diagnostics -explicit-module-build -module-cache-path /Users/admin/builder/spi-builder-workspace/.derivedData/Build/Intermediates.noindex/SwiftExplicitPrecompiledModules -clang-scanner-module-cache-path /Users/admin/builder/spi-builder-workspace/.derivedData/ModuleCache.noindex -sdk-module-cache-path /Users/admin/builder/spi-builder-workspace/.derivedData/SDKExplicitPrecompiledModules -emit-dependencies -emit-module -emit-module-path /Users/admin/builder/spi-builder-workspace/.derivedData/Build/Intermediates.noindex/TeslaSwift.build/Debug-watchos/TeslaSwiftCombine-t.build/Objects-normal/arm64_32/TeslaSwiftCombine.swiftmodule -serialize-diagnostics -dependency-scan-serialize-diagnostics-path /Users/admin/builder/spi-builder-workspace/.derivedData/Build/Intermediates.noindex/TeslaSwift.build/Debug-watchos/TeslaSwiftCombine-t.build/Objects-normal/arm64_32/TeslaSwiftCombine-dependency-scan.dia -validate-clang-modules-once -clang-build-session-file /Users/admin/builder/spi-builder-workspace/.derivedData/ModuleCache.noindex/Session.modulevalidation -Xcc -fmodules-prune-interval\=86400 -Xcc -fmodules-prune-after\=345600 -package-name spi_builder_workspace -emit-const-values -const-gather-protocols-list /Users/admin/builder/spi-builder-workspace/.derivedData/Build/Intermediates.noindex/TeslaSwift.build/Debug-watchos/TeslaSwiftCombine-t.build/Objects-normal/arm64_32/TeslaSwiftCombine_const_extract_protocols.json -Xcc -I/Users/admin/builder/spi-builder-workspace/.derivedData/Build/Products/Debug-watchos/include -Xcc -I/Users/admin/builder/spi-builder-workspace/.derivedData/Build/Intermediates.noindex/TeslaSwift.build/Debug-watchos/TeslaSwiftCombine-t.build/DerivedSources-normal/arm64_32 -Xcc -I/Users/admin/builder/spi-builder-workspace/.derivedData/Build/Intermediates.noindex/TeslaSwift.build/Debug-watchos/TeslaSwiftCombine-t.build/DerivedSources/arm64_32 -Xcc -I/Users/admin/builder/spi-builder-workspace/.derivedData/Build/Intermediates.noindex/TeslaSwift.build/Debug-watchos/TeslaSwiftCombine-t.build/DerivedSources -Xcc -DSWIFT_PACKAGE -Xcc -DDEBUG\=1 -emit-objc-header -emit-objc-header-path /Users/admin/builder/spi-builder-workspace/.derivedData/Build/Intermediates.noindex/TeslaSwift.build/Debug-watchos/TeslaSwiftCombine-t.build/Objects-normal/arm64_32/TeslaSwiftCombine-Swift.h -working-directory /Users/admin/builder/spi-builder-workspace/.swiftpm/xcode -experimental-emit-module-separately -disable-cmo
SwiftDriver\ Compilation TeslaSwiftStreaming normal arm64_32 com.apple.xcode.tools.swift.compiler (in target 'TeslaSwiftStreaming' from project 'TeslaSwift')
cd /Users/admin/builder/spi-builder-workspace/.swiftpm/xcode
builtin-Swift-Compilation -- /Applications/Xcode-27.0.0-Release.Candidate.app/Contents/Developer/Toolchains/XcodeDefault.xctoolchain/usr/bin/swiftc -parse-as-library -module-name TeslaSwiftStreaming -Onone @/Users/admin/builder/spi-builder-workspace/.derivedData/Build/Intermediates.noindex/TeslaSwift.build/Debug-watchos/TeslaSwiftStreaming-t.build/Objects-normal/arm64_32/TeslaSwiftStreaming.SwiftFileList -DSWIFT_PACKAGE -DDEBUG -DSWIFT_MODULE_RESOURCE_BUNDLE_UNAVAILABLE -DXcode -plugin-path /Applications/Xcode-27.0.0-Release.Candidate.app/Contents/Developer/Toolchains/XcodeDefault.xctoolchain/usr/lib/swift/host/plugins/testing -enable-experimental-feature DebugDescriptionMacro -sdk /Applications/Xcode-27.0.0-Release.Candidate.app/Contents/Developer/Platforms/WatchOS.platform/Developer/SDKs/WatchOS27.0.sdk -target arm64_32-apple-watchos9.0 -g -module-cache-path /Users/admin/builder/spi-builder-workspace/.derivedData/ModuleCache.noindex -Xfrontend -serialize-debugging-options -enable-testing -index-store-path /Users/admin/builder/spi-builder-workspace/.derivedData/Index.noindex/DataStore -Xcc -D_LIBCPP_HARDENING_MODE\=_LIBCPP_HARDENING_MODE_DEBUG -swift-version 5 -I /Users/admin/builder/spi-builder-workspace/.derivedData/Build/Products/Debug-watchos -Isystem /Applications/Xcode-27.0.0-Release.Candidate.app/Contents/Developer/Platforms/WatchOS.platform/Developer/usr/lib -F /Users/admin/builder/spi-builder-workspace/.derivedData/Build/Products/Debug-watchos/PackageFrameworks -F /Users/admin/builder/spi-builder-workspace/.derivedData/Build/Products/Debug-watchos -F /Applications/Xcode-27.0.0-Release.Candidate.app/Contents/Developer/Platforms/WatchOS.platform/Developer/Library/Frameworks -F /Applications/Xcode-27.0.0-Release.Candidate.app/Contents/Developer/Platforms/WatchOS.platform/Developer/SDKs/WatchOS27.0.sdk/Developer/Library/Frameworks -c -j10 -enable-batch-mode -incremental -Xcc -ivfsstatcache -Xcc /Users/admin/builder/spi-builder-workspace/.derivedData/SDKStatCaches.noindex/watchos27.0-24R360-e829b21a6f8c9b70876ba0858053c04477534ef55a1706bf4c1112bbb242f0a2.sdkstatcache -output-file-map /Users/admin/builder/spi-builder-workspace/.derivedData/Build/Intermediates.noindex/TeslaSwift.build/Debug-watchos/TeslaSwiftStreaming-t.build/Objects-normal/arm64_32/TeslaSwiftStreaming-OutputFileMap.json -save-temps -no-color-diagnostics -explicit-module-build -module-cache-path /Users/admin/builder/spi-builder-workspace/.derivedData/Build/Intermediates.noindex/SwiftExplicitPrecompiledModules -clang-scanner-module-cache-path /Users/admin/builder/spi-builder-workspace/.derivedData/ModuleCache.noindex -sdk-module-cache-path /Users/admin/builder/spi-builder-workspace/.derivedData/SDKExplicitPrecompiledModules -emit-dependencies -emit-module -emit-module-path /Users/admin/builder/spi-builder-workspace/.derivedData/Build/Intermediates.noindex/TeslaSwift.build/Debug-watchos/TeslaSwiftStreaming-t.build/Objects-normal/arm64_32/TeslaSwiftStreaming.swiftmodule -serialize-diagnostics -dependency-scan-serialize-diagnostics-path /Users/admin/builder/spi-builder-workspace/.derivedData/Build/Intermediates.noindex/TeslaSwift.build/Debug-watchos/TeslaSwiftStreaming-t.build/Objects-normal/arm64_32/TeslaSwiftStreaming-dependency-scan.dia -validate-clang-modules-once -clang-build-session-file /Users/admin/builder/spi-builder-workspace/.derivedData/ModuleCache.noindex/Session.modulevalidation -Xcc -fmodules-prune-interval\=86400 -Xcc -fmodules-prune-after\=345600 -package-name spi_builder_workspace -emit-const-values -const-gather-protocols-list /Users/admin/builder/spi-builder-workspace/.derivedData/Build/Intermediates.noindex/TeslaSwift.build/Debug-watchos/TeslaSwiftStreaming-t.build/Objects-normal/arm64_32/TeslaSwiftStreaming_const_extract_protocols.json -Xcc -I/Users/admin/builder/spi-builder-workspace/.derivedData/Build/Products/Debug-watchos/include -Xcc -I/Users/admin/builder/spi-builder-workspace/.derivedData/Build/Intermediates.noindex/TeslaSwift.build/Debug-watchos/TeslaSwiftStreaming-t.build/DerivedSources-normal/arm64_32 -Xcc -I/Users/admin/builder/spi-builder-workspace/.derivedData/Build/Intermediates.noindex/TeslaSwift.build/Debug-watchos/TeslaSwiftStreaming-t.build/DerivedSources/arm64_32 -Xcc -I/Users/admin/builder/spi-builder-workspace/.derivedData/Build/Intermediates.noindex/TeslaSwift.build/Debug-watchos/TeslaSwiftStreaming-t.build/DerivedSources -Xcc -DSWIFT_PACKAGE -Xcc -DDEBUG\=1 -emit-objc-header -emit-objc-header-path /Users/admin/builder/spi-builder-workspace/.derivedData/Build/Intermediates.noindex/TeslaSwift.build/Debug-watchos/TeslaSwiftStreaming-t.build/Objects-normal/arm64_32/TeslaSwiftStreaming-Swift.h -working-directory /Users/admin/builder/spi-builder-workspace/.swiftpm/xcode -experimental-emit-module-separately -disable-cmo
Ld /Users/admin/builder/spi-builder-workspace/.derivedData/Build/Intermediates.noindex/TeslaSwift.build/Debug-watchos/TeslaSwiftCombine-t.build/Objects-normal/arm64/Binary/TeslaSwiftCombine.o normal arm64 (in target 'TeslaSwiftCombine' from project 'TeslaSwift')
cd /Users/admin/builder/spi-builder-workspace
/Applications/Xcode-27.0.0-Release.Candidate.app/Contents/Developer/Toolchains/XcodeDefault.xctoolchain/usr/bin/clang -Xlinker -reproducible -target arm64-apple-watchos9.0 -r -isysroot /Applications/Xcode-27.0.0-Release.Candidate.app/Contents/Developer/Platforms/WatchOS.platform/Developer/SDKs/WatchOS27.0.sdk -O0 -Xlinker -no_warn_duplicate_libraries -F/Users/admin/builder/spi-builder-workspace/.derivedData/Build/Intermediates.noindex/EagerLinkingTBDs/Debug-watchos -F/Users/admin/builder/spi-builder-workspace/.derivedData/Build/Products/Debug-watchos/PackageFrameworks -F/Users/admin/builder/spi-builder-workspace/.derivedData/Build/Products/Debug-watchos -iframework /Applications/Xcode-27.0.0-Release.Candidate.app/Contents/Developer/Platforms/WatchOS.platform/Developer/Library/Frameworks -iframework /Applications/Xcode-27.0.0-Release.Candidate.app/Contents/Developer/Platforms/WatchOS.platform/Developer/SDKs/WatchOS27.0.sdk/Developer/Library/Frameworks -filelist /Users/admin/builder/spi-builder-workspace/.derivedData/Build/Intermediates.noindex/TeslaSwift.build/Debug-watchos/TeslaSwiftCombine-t.build/Objects-normal/arm64/TeslaSwiftCombine.LinkFileList -nostdlib -Xlinker -object_path_lto -Xlinker /Users/admin/builder/spi-builder-workspace/.derivedData/Build/Intermediates.noindex/TeslaSwift.build/Debug-watchos/TeslaSwiftCombine-t.build/Objects-normal/arm64/TeslaSwiftCombine_lto.o -Xlinker -no_deduplicate -Xlinker -dependency_info -Xlinker /Users/admin/builder/spi-builder-workspace/.derivedData/Build/Intermediates.noindex/TeslaSwift.build/Debug-watchos/TeslaSwiftCombine-t.build/Objects-normal/arm64/TeslaSwiftCombine_dependency_info.dat -fobjc-link-runtime -L/Applications/Xcode-27.0.0-Release.Candidate.app/Contents/Developer/Toolchains/XcodeDefault.xctoolchain/usr/lib/swift/watchos -L/usr/lib/swift -Xlinker -add_ast_path -Xlinker /Users/admin/builder/spi-builder-workspace/.derivedData/Build/Intermediates.noindex/TeslaSwift.build/Debug-watchos/TeslaSwiftCombine-t.build/Objects-normal/arm64/TeslaSwiftCombine.swiftmodule -o /Users/admin/builder/spi-builder-workspace/.derivedData/Build/Intermediates.noindex/TeslaSwift.build/Debug-watchos/TeslaSwiftCombine-t.build/Objects-normal/arm64/Binary/TeslaSwiftCombine.o
Ld /Users/admin/builder/spi-builder-workspace/.derivedData/Build/Intermediates.noindex/TeslaSwift.build/Debug-watchos/TeslaSwiftCombine-t.build/Objects-normal/arm64_32/Binary/TeslaSwiftCombine.o normal arm64_32 (in target 'TeslaSwiftCombine' from project 'TeslaSwift')
cd /Users/admin/builder/spi-builder-workspace
/Applications/Xcode-27.0.0-Release.Candidate.app/Contents/Developer/Toolchains/XcodeDefault.xctoolchain/usr/bin/clang -Xlinker -reproducible -target arm64_32-apple-watchos9.0 -r -isysroot /Applications/Xcode-27.0.0-Release.Candidate.app/Contents/Developer/Platforms/WatchOS.platform/Developer/SDKs/WatchOS27.0.sdk -O0 -Xlinker -no_warn_duplicate_libraries -F/Users/admin/builder/spi-builder-workspace/.derivedData/Build/Intermediates.noindex/EagerLinkingTBDs/Debug-watchos -F/Users/admin/builder/spi-builder-workspace/.derivedData/Build/Products/Debug-watchos/PackageFrameworks -F/Users/admin/builder/spi-builder-workspace/.derivedData/Build/Products/Debug-watchos -iframework /Applications/Xcode-27.0.0-Release.Candidate.app/Contents/Developer/Platforms/WatchOS.platform/Developer/Library/Frameworks -iframework /Applications/Xcode-27.0.0-Release.Candidate.app/Contents/Developer/Platforms/WatchOS.platform/Developer/SDKs/WatchOS27.0.sdk/Developer/Library/Frameworks -filelist /Users/admin/builder/spi-builder-workspace/.derivedData/Build/Intermediates.noindex/TeslaSwift.build/Debug-watchos/TeslaSwiftCombine-t.build/Objects-normal/arm64_32/TeslaSwiftCombine.LinkFileList -nostdlib -Xlinker -object_path_lto -Xlinker /Users/admin/builder/spi-builder-workspace/.derivedData/Build/Intermediates.noindex/TeslaSwift.build/Debug-watchos/TeslaSwiftCombine-t.build/Objects-normal/arm64_32/TeslaSwiftCombine_lto.o -Xlinker -no_deduplicate -Xlinker -dependency_info -Xlinker /Users/admin/builder/spi-builder-workspace/.derivedData/Build/Intermediates.noindex/TeslaSwift.build/Debug-watchos/TeslaSwiftCombine-t.build/Objects-normal/arm64_32/TeslaSwiftCombine_dependency_info.dat -fobjc-link-runtime -L/Applications/Xcode-27.0.0-Release.Candidate.app/Contents/Developer/Toolchains/XcodeDefault.xctoolchain/usr/lib/swift/watchos -L/usr/lib/swift -Xlinker -add_ast_path -Xlinker /Users/admin/builder/spi-builder-workspace/.derivedData/Build/Intermediates.noindex/TeslaSwift.build/Debug-watchos/TeslaSwiftCombine-t.build/Objects-normal/arm64_32/TeslaSwiftCombine.swiftmodule -o /Users/admin/builder/spi-builder-workspace/.derivedData/Build/Intermediates.noindex/TeslaSwift.build/Debug-watchos/TeslaSwiftCombine-t.build/Objects-normal/arm64_32/Binary/TeslaSwiftCombine.o
Ld /Users/admin/builder/spi-builder-workspace/.derivedData/Build/Intermediates.noindex/TeslaSwift.build/Debug-watchos/TeslaSwiftStreaming-t.build/Objects-normal/arm64_32/Binary/TeslaSwiftStreaming.o normal arm64_32 (in target 'TeslaSwiftStreaming' from project 'TeslaSwift')
cd /Users/admin/builder/spi-builder-workspace
/Applications/Xcode-27.0.0-Release.Candidate.app/Contents/Developer/Toolchains/XcodeDefault.xctoolchain/usr/bin/clang -Xlinker -reproducible -target arm64_32-apple-watchos9.0 -r -isysroot /Applications/Xcode-27.0.0-Release.Candidate.app/Contents/Developer/Platforms/WatchOS.platform/Developer/SDKs/WatchOS27.0.sdk -O0 -Xlinker -no_warn_duplicate_libraries -F/Users/admin/builder/spi-builder-workspace/.derivedData/Build/Intermediates.noindex/EagerLinkingTBDs/Debug-watchos -F/Users/admin/builder/spi-builder-workspace/.derivedData/Build/Products/Debug-watchos/PackageFrameworks -F/Users/admin/builder/spi-builder-workspace/.derivedData/Build/Products/Debug-watchos -iframework /Applications/Xcode-27.0.0-Release.Candidate.app/Contents/Developer/Platforms/WatchOS.platform/Developer/Library/Frameworks -iframework /Applications/Xcode-27.0.0-Release.Candidate.app/Contents/Developer/Platforms/WatchOS.platform/Developer/SDKs/WatchOS27.0.sdk/Developer/Library/Frameworks -filelist /Users/admin/builder/spi-builder-workspace/.derivedData/Build/Intermediates.noindex/TeslaSwift.build/Debug-watchos/TeslaSwiftStreaming-t.build/Objects-normal/arm64_32/TeslaSwiftStreaming.LinkFileList -nostdlib -Xlinker -object_path_lto -Xlinker /Users/admin/builder/spi-builder-workspace/.derivedData/Build/Intermediates.noindex/TeslaSwift.build/Debug-watchos/TeslaSwiftStreaming-t.build/Objects-normal/arm64_32/TeslaSwiftStreaming_lto.o -Xlinker -no_deduplicate -Xlinker -dependency_info -Xlinker /Users/admin/builder/spi-builder-workspace/.derivedData/Build/Intermediates.noindex/TeslaSwift.build/Debug-watchos/TeslaSwiftStreaming-t.build/Objects-normal/arm64_32/TeslaSwiftStreaming_dependency_info.dat -fobjc-link-runtime -L/Applications/Xcode-27.0.0-Release.Candidate.app/Contents/Developer/Toolchains/XcodeDefault.xctoolchain/usr/lib/swift/watchos -L/usr/lib/swift -Xlinker -add_ast_path -Xlinker /Users/admin/builder/spi-builder-workspace/.derivedData/Build/Intermediates.noindex/TeslaSwift.build/Debug-watchos/TeslaSwiftStreaming-t.build/Objects-normal/arm64_32/TeslaSwiftStreaming.swiftmodule -o /Users/admin/builder/spi-builder-workspace/.derivedData/Build/Intermediates.noindex/TeslaSwift.build/Debug-watchos/TeslaSwiftStreaming-t.build/Objects-normal/arm64_32/Binary/TeslaSwiftStreaming.o
SwiftCompile normal arm64_32 Compiling\ TeslaSwift+StreamingCombine.swift /Users/admin/builder/spi-builder-workspace/Sources/Extensions/StreamingCombine/TeslaSwift+StreamingCombine.swift (in target 'TeslaSwiftStreamingCombine' from project 'TeslaSwift')
SwiftCompile normal arm64_32 /Users/admin/builder/spi-builder-workspace/Sources/Extensions/StreamingCombine/TeslaSwift+StreamingCombine.swift (in target 'TeslaSwiftStreamingCombine' from project 'TeslaSwift')
cd /Users/admin/builder/spi-builder-workspace/.swiftpm/xcode
builtin-SwiftPerFileCompile TeslaSwift+StreamingCombine.swift
/Users/admin/builder/spi-builder-workspace/Sources/Extensions/StreamingCombine/TeslaSwift+StreamingCombine.swift:12:11: error: cannot find type 'TeslaStreaming' in scope
10 | import TeslaSwift
11 |
12 | extension TeslaStreaming {
| `- error: cannot find type 'TeslaStreaming' in scope
13 | public func streamPublisher(vehicle: Vehicle) -> TeslaStreamingPublisher {
14 | return TeslaStreamingPublisher(vehicle: vehicle, stream: self)
/Users/admin/builder/spi-builder-workspace/Sources/Extensions/StreamingCombine/TeslaSwift+StreamingCombine.swift:13:54: error: cannot find type 'TeslaStreamingPublisher' in scope
11 |
12 | extension TeslaStreaming {
13 | public func streamPublisher(vehicle: Vehicle) -> TeslaStreamingPublisher {
| `- error: cannot find type 'TeslaStreamingPublisher' in scope
14 | return TeslaStreamingPublisher(vehicle: vehicle, stream: self)
15 | }
SwiftEmitModule normal arm64_32 Emitting\ module\ for\ TeslaSwiftStreamingCombine (in target 'TeslaSwiftStreamingCombine' from project 'TeslaSwift')
/Users/admin/builder/spi-builder-workspace/Sources/Extensions/StreamingCombine/TeslaSwift+StreamingCombine.swift:12:11: error: cannot find type 'TeslaStreaming' in scope
10 | import TeslaSwift
11 |
12 | extension TeslaStreaming {
| `- error: cannot find type 'TeslaStreaming' in scope
13 | public func streamPublisher(vehicle: Vehicle) -> TeslaStreamingPublisher {
14 | return TeslaStreamingPublisher(vehicle: vehicle, stream: self)
Failed frontend command:
/Applications/Xcode-27.0.0-Release.Candidate.app/Contents/Developer/Toolchains/XcodeDefault.xctoolchain/usr/bin/swift-frontend -frontend -emit-module -experimental-skip-non-inlinable-function-bodies-without-types /Users/admin/builder/spi-builder-workspace/Sources/Extensions/StreamingCombine/TeslaSwift+StreamingCombine.swift -target arm64_32-apple-watchos9.0 -disable-cross-import-overlay-search -load-resolved-plugin /Applications/Xcode-27.0.0-Release.Candidate.app/Contents/Developer/Platforms/WatchOS.platform/Developer/usr/lib/swift/host/plugins/libFoundationMacros.dylib\#/Applications/Xcode-27.0.0-Release.Candidate.app/Contents/Developer/Platforms/WatchOS.platform/Developer/usr/bin/swift-plugin-server\#FoundationMacros -load-resolved-plugin /Applications/Xcode-27.0.0-Release.Candidate.app/Contents/Developer/Platforms/WatchOS.platform/Developer/usr/lib/swift/host/plugins/libObservationMacros.dylib\#/Applications/Xcode-27.0.0-Release.Candidate.app/Contents/Developer/Platforms/WatchOS.platform/Developer/usr/bin/swift-plugin-server\#ObservationMacros -load-resolved-plugin /Applications/Xcode-27.0.0-Release.Candidate.app/Contents/Developer/Platforms/WatchOS.platform/Developer/usr/lib/swift/host/plugins/libSwiftMacros.dylib\#/Applications/Xcode-27.0.0-Release.Candidate.app/Contents/Developer/Platforms/WatchOS.platform/Developer/usr/bin/swift-plugin-server\#SwiftMacros -disable-implicit-swift-modules -Xcc -fno-implicit-modules -Xcc -fno-implicit-module-maps -explicit-swift-module-map-file /Users/admin/builder/spi-builder-workspace/.derivedData/Build/Intermediates.noindex/TeslaSwift.build/Debug-watchos/TeslaSwiftStreamingCombine-t.build/Objects-normal/arm64_32/TeslaSwiftStreamingCombine-dependencies-1.json -enable-objc-interop -sdk /Applications/Xcode-27.0.0-Release.Candidate.app/Contents/Developer/Platforms/WatchOS.platform/Developer/SDKs/WatchOS27.0.sdk -I /Users/admin/builder/spi-builder-workspace/.derivedData/Build/Products/Debug-watchos -Isystem /Applications/Xcode-27.0.0-Release.Candidate.app/Contents/Developer/Platforms/WatchOS.platform/Developer/usr/lib -F /Users/admin/builder/spi-builder-workspace/.derivedData/Build/Products/Debug-watchos/PackageFrameworks -F /Users/admin/builder/spi-builder-workspace/.derivedData/Build/Products/Debug-watchos -F /Applications/Xcode-27.0.0-Release.Candidate.app/Contents/Developer/Platforms/WatchOS.platform/Developer/Library/Frameworks -F /Applications/Xcode-27.0.0-Release.Candidate.app/Contents/Developer/Platforms/WatchOS.platform/Developer/SDKs/WatchOS27.0.sdk/Developer/Library/Frameworks -module-cache-path /Users/admin/builder/spi-builder-workspace/.derivedData/Build/Intermediates.noindex/SwiftExplicitPrecompiledModules -no-color-diagnostics -Xcc -fno-color-diagnostics -enable-testing -g -debug-info-format\=dwarf -dwarf-version\=4 -swift-version 5 -Onone -D SWIFT_PACKAGE -D DEBUG -D SWIFT_MODULE_RESOURCE_BUNDLE_UNAVAILABLE -D Xcode -serialize-debugging-options -enable-experimental-feature DebugDescriptionMacro -empty-abi-descriptor -validate-clang-modules-once -clang-build-session-file /Users/admin/builder/spi-builder-workspace/.derivedData/ModuleCache.noindex/Session.modulevalidation -Xcc -working-directory -Xcc /Users/admin/builder/spi-builder-workspace/.swiftpm/xcode -enable-anonymous-context-mangled-names -file-compilation-dir /Users/admin/builder/spi-builder-workspace/.swiftpm/xcode -Xcc -D_LIBCPP_HARDENING_MODE\=_LIBCPP_HARDENING_MODE_DEBUG -Xcc -ivfsstatcache -Xcc /Users/admin/builder/spi-builder-workspace/.derivedData/SDKStatCaches.noindex/watchos27.0-24R360-e829b21a6f8c9b70876ba0858053c04477534ef55a1706bf4c1112bbb242f0a2.sdkstatcache -Xcc -fmodules-prune-interval\=86400 -Xcc -fmodules-prune-after\=345600 -Xcc -I/Users/admin/builder/spi-builder-workspace/.derivedData/Build/Products/Debug-watchos/include -Xcc -I/Users/admin/builder/spi-builder-workspace/.derivedData/Build/Intermediates.noindex/TeslaSwift.build/Debug-watchos/TeslaSwiftStreamingCombine-t.build/DerivedSources-normal/arm64_32 -Xcc -I/Users/admin/builder/spi-builder-workspace/.derivedData/Build/Intermediates.noindex/TeslaSwift.build/Debug-watchos/TeslaSwiftStreamingCombine-t.build/DerivedSources/arm64_32 -Xcc -I/Users/admin/builder/spi-builder-workspace/.derivedData/Build/Intermediates.noindex/TeslaSwift.build/Debug-watchos/TeslaSwiftStreamingCombine-t.build/DerivedSources -Xcc -DSWIFT_PACKAGE -Xcc -DDEBUG\=1 -no-auto-bridging-header-chaining -module-name TeslaSwiftStreamingCombine -package-name spi_builder_workspace -const-gather-protocols-file /Users/admin/builder/spi-builder-workspace/.derivedData/Build/Intermediates.noindex/TeslaSwift.build/Debug-watchos/TeslaSwiftStreamingCombine-t.build/Objects-normal/arm64_32/TeslaSwiftStreamingCombine_const_extract_protocols.json -disable-clang-spi -clang-target arm64_32-apple-watchos27.0 -target-sdk-version 27.0 -target-sdk-name watchos27.0 -in-process-plugin-server-path /Applications/Xcode-27.0.0-Release.Candidate.app/Contents/Developer/Toolchains/XcodeDefault.xctoolchain/usr/lib/swift/host/libSwiftInProcPluginServer.dylib -emit-module-doc-path /Users/admin/builder/spi-builder-workspace/.derivedData/Build/Intermediates.noindex/TeslaSwift.build/Debug-watchos/TeslaSwiftStreamingCombine-t.build/Objects-normal/arm64_32/TeslaSwiftStreamingCombine.swiftdoc -emit-module-source-info-path /Users/admin/builder/spi-builder-workspace/.derivedData/Build/Intermediates.noindex/TeslaSwift.build/Debug-watchos/TeslaSwiftStreamingCombine-t.build/Objects-normal/arm64_32/TeslaSwiftStreamingCombine.swiftsourceinfo -emit-objc-header-path /Users/admin/builder/spi-builder-workspace/.derivedData/Build/Intermediates.noindex/TeslaSwift.build/Debug-watchos/TeslaSwiftStreamingCombine-t.build/Objects-normal/arm64_32/TeslaSwiftStreamingCombine-Swift.h -serialize-diagnostics-path /Users/admin/builder/spi-builder-workspace/.derivedData/Build/Intermediates.noindex/TeslaSwift.build/Debug-watchos/TeslaSwiftStreamingCombine-t.build/Objects-normal/arm64_32/TeslaSwiftStreamingCombine-primary-emit-module.dia -emit-dependencies-path /Users/admin/builder/spi-builder-workspace/.derivedData/Build/Intermediates.noindex/TeslaSwift.build/Debug-watchos/TeslaSwiftStreamingCombine-t.build/Objects-normal/arm64_32/TeslaSwiftStreamingCombine-primary-emit-module.d -parse-as-library -o /Users/admin/builder/spi-builder-workspace/.derivedData/Build/Intermediates.noindex/TeslaSwift.build/Debug-watchos/TeslaSwiftStreamingCombine-t.build/Objects-normal/arm64_32/TeslaSwiftStreamingCombine.swiftmodule -emit-abi-descriptor-path /Users/admin/builder/spi-builder-workspace/.derivedData/Build/Intermediates.noindex/TeslaSwift.build/Debug-watchos/TeslaSwiftStreamingCombine-t.build/Objects-normal/arm64_32/TeslaSwiftStreamingCombine.abi.json
SwiftCompile normal arm64_32 (in target 'TeslaSwiftStreamingCombine' from project 'TeslaSwift')
cd /Users/admin/builder/spi-builder-workspace/.swiftpm/xcode
SwiftEmitModule normal arm64 Emitting\ module\ for\ TeslaSwiftStreamingCombine (in target 'TeslaSwiftStreamingCombine' from project 'TeslaSwift')
SwiftCompile normal arm64 (in target 'TeslaSwiftStreamingCombine' from project 'TeslaSwift')
cd /Users/admin/builder/spi-builder-workspace/.swiftpm/xcode
SwiftCompile normal arm64 Compiling\ TeslaSwift+StreamingCombine.swift /Users/admin/builder/spi-builder-workspace/Sources/Extensions/StreamingCombine/TeslaSwift+StreamingCombine.swift (in target 'TeslaSwiftStreamingCombine' from project 'TeslaSwift')
SwiftCompile normal arm64 /Users/admin/builder/spi-builder-workspace/Sources/Extensions/StreamingCombine/TeslaSwift+StreamingCombine.swift (in target 'TeslaSwiftStreamingCombine' from project 'TeslaSwift')
cd /Users/admin/builder/spi-builder-workspace/.swiftpm/xcode
builtin-SwiftPerFileCompile TeslaSwift+StreamingCombine.swift
SwiftDriverJobDiscovery normal arm64 Compiling TeslaStreaming.swift (in target 'TeslaSwiftStreaming' from project 'TeslaSwift')
SwiftDriver\ Compilation TeslaSwiftStreaming normal arm64 com.apple.xcode.tools.swift.compiler (in target 'TeslaSwiftStreaming' from project 'TeslaSwift')
cd /Users/admin/builder/spi-builder-workspace/.swiftpm/xcode
builtin-Swift-Compilation -- /Applications/Xcode-27.0.0-Release.Candidate.app/Contents/Developer/Toolchains/XcodeDefault.xctoolchain/usr/bin/swiftc -parse-as-library -module-name TeslaSwiftStreaming -Onone @/Users/admin/builder/spi-builder-workspace/.derivedData/Build/Intermediates.noindex/TeslaSwift.build/Debug-watchos/TeslaSwiftStreaming-t.build/Objects-normal/arm64/TeslaSwiftStreaming.SwiftFileList -DSWIFT_PACKAGE -DDEBUG -DSWIFT_MODULE_RESOURCE_BUNDLE_UNAVAILABLE -DXcode -plugin-path /Applications/Xcode-27.0.0-Release.Candidate.app/Contents/Developer/Toolchains/XcodeDefault.xctoolchain/usr/lib/swift/host/plugins/testing -enable-experimental-feature DebugDescriptionMacro -sdk /Applications/Xcode-27.0.0-Release.Candidate.app/Contents/Developer/Platforms/WatchOS.platform/Developer/SDKs/WatchOS27.0.sdk -target arm64-apple-watchos9.0 -g -module-cache-path /Users/admin/builder/spi-builder-workspace/.derivedData/ModuleCache.noindex -Xfrontend -serialize-debugging-options -enable-testing -index-store-path /Users/admin/builder/spi-builder-workspace/.derivedData/Index.noindex/DataStore -Xcc -D_LIBCPP_HARDENING_MODE\=_LIBCPP_HARDENING_MODE_DEBUG -swift-version 5 -I /Users/admin/builder/spi-builder-workspace/.derivedData/Build/Products/Debug-watchos -Isystem /Applications/Xcode-27.0.0-Release.Candidate.app/Contents/Developer/Platforms/WatchOS.platform/Developer/usr/lib -F /Users/admin/builder/spi-builder-workspace/.derivedData/Build/Products/Debug-watchos/PackageFrameworks -F /Users/admin/builder/spi-builder-workspace/.derivedData/Build/Products/Debug-watchos -F /Applications/Xcode-27.0.0-Release.Candidate.app/Contents/Developer/Platforms/WatchOS.platform/Developer/Library/Frameworks -F /Applications/Xcode-27.0.0-Release.Candidate.app/Contents/Developer/Platforms/WatchOS.platform/Developer/SDKs/WatchOS27.0.sdk/Developer/Library/Frameworks -c -j10 -enable-batch-mode -incremental -Xcc -ivfsstatcache -Xcc /Users/admin/builder/spi-builder-workspace/.derivedData/SDKStatCaches.noindex/watchos27.0-24R360-e829b21a6f8c9b70876ba0858053c04477534ef55a1706bf4c1112bbb242f0a2.sdkstatcache -output-file-map /Users/admin/builder/spi-builder-workspace/.derivedData/Build/Intermediates.noindex/TeslaSwift.build/Debug-watchos/TeslaSwiftStreaming-t.build/Objects-normal/arm64/TeslaSwiftStreaming-OutputFileMap.json -save-temps -no-color-diagnostics -explicit-module-build -module-cache-path /Users/admin/builder/spi-builder-workspace/.derivedData/Build/Intermediates.noindex/SwiftExplicitPrecompiledModules -clang-scanner-module-cache-path /Users/admin/builder/spi-builder-workspace/.derivedData/ModuleCache.noindex -sdk-module-cache-path /Users/admin/builder/spi-builder-workspace/.derivedData/SDKExplicitPrecompiledModules -emit-dependencies -emit-module -emit-module-path /Users/admin/builder/spi-builder-workspace/.derivedData/Build/Intermediates.noindex/TeslaSwift.build/Debug-watchos/TeslaSwiftStreaming-t.build/Objects-normal/arm64/TeslaSwiftStreaming.swiftmodule -serialize-diagnostics -dependency-scan-serialize-diagnostics-path /Users/admin/builder/spi-builder-workspace/.derivedData/Build/Intermediates.noindex/TeslaSwift.build/Debug-watchos/TeslaSwiftStreaming-t.build/Objects-normal/arm64/TeslaSwiftStreaming-dependency-scan.dia -validate-clang-modules-once -clang-build-session-file /Users/admin/builder/spi-builder-workspace/.derivedData/ModuleCache.noindex/Session.modulevalidation -Xcc -fmodules-prune-interval\=86400 -Xcc -fmodules-prune-after\=345600 -package-name spi_builder_workspace -emit-const-values -const-gather-protocols-list /Users/admin/builder/spi-builder-workspace/.derivedData/Build/Intermediates.noindex/TeslaSwift.build/Debug-watchos/TeslaSwiftStreaming-t.build/Objects-normal/arm64/TeslaSwiftStreaming_const_extract_protocols.json -Xcc -I/Users/admin/builder/spi-builder-workspace/.derivedData/Build/Products/Debug-watchos/include -Xcc -I/Users/admin/builder/spi-builder-workspace/.derivedData/Build/Intermediates.noindex/TeslaSwift.build/Debug-watchos/TeslaSwiftStreaming-t.build/DerivedSources-normal/arm64 -Xcc -I/Users/admin/builder/spi-builder-workspace/.derivedData/Build/Intermediates.noindex/TeslaSwift.build/Debug-watchos/TeslaSwiftStreaming-t.build/DerivedSources/arm64 -Xcc -I/Users/admin/builder/spi-builder-workspace/.derivedData/Build/Intermediates.noindex/TeslaSwift.build/Debug-watchos/TeslaSwiftStreaming-t.build/DerivedSources -Xcc -DSWIFT_PACKAGE -Xcc -DDEBUG\=1 -emit-objc-header -emit-objc-header-path /Users/admin/builder/spi-builder-workspace/.derivedData/Build/Intermediates.noindex/TeslaSwift.build/Debug-watchos/TeslaSwiftStreaming-t.build/Objects-normal/arm64/TeslaSwiftStreaming-Swift.h -working-directory /Users/admin/builder/spi-builder-workspace/.swiftpm/xcode -experimental-emit-module-separately -disable-cmo
CreateUniversalBinary /Users/admin/builder/spi-builder-workspace/.derivedData/Build/Products/Debug-watchos/TeslaSwiftCombine.o normal arm64\ arm64_32 (in target 'TeslaSwiftCombine' from project 'TeslaSwift')
cd /Users/admin/builder/spi-builder-workspace
/Applications/Xcode-27.0.0-Release.Candidate.app/Contents/Developer/Toolchains/XcodeDefault.xctoolchain/usr/bin/lipo -create /Users/admin/builder/spi-builder-workspace/.derivedData/Build/Intermediates.noindex/TeslaSwift.build/Debug-watchos/TeslaSwiftCombine-t.build/Objects-normal/arm64/Binary/TeslaSwiftCombine.o /Users/admin/builder/spi-builder-workspace/.derivedData/Build/Intermediates.noindex/TeslaSwift.build/Debug-watchos/TeslaSwiftCombine-t.build/Objects-normal/arm64_32/Binary/TeslaSwiftCombine.o -output /Users/admin/builder/spi-builder-workspace/.derivedData/Build/Products/Debug-watchos/TeslaSwiftCombine.o
Ld /Users/admin/builder/spi-builder-workspace/.derivedData/Build/Intermediates.noindex/TeslaSwift.build/Debug-watchos/TeslaSwiftStreaming-t.build/Objects-normal/arm64/Binary/TeslaSwiftStreaming.o normal arm64 (in target 'TeslaSwiftStreaming' from project 'TeslaSwift')
cd /Users/admin/builder/spi-builder-workspace
/Applications/Xcode-27.0.0-Release.Candidate.app/Contents/Developer/Toolchains/XcodeDefault.xctoolchain/usr/bin/clang -Xlinker -reproducible -target arm64-apple-watchos9.0 -r -isysroot /Applications/Xcode-27.0.0-Release.Candidate.app/Contents/Developer/Platforms/WatchOS.platform/Developer/SDKs/WatchOS27.0.sdk -O0 -Xlinker -no_warn_duplicate_libraries -F/Users/admin/builder/spi-builder-workspace/.derivedData/Build/Intermediates.noindex/EagerLinkingTBDs/Debug-watchos -F/Users/admin/builder/spi-builder-workspace/.derivedData/Build/Products/Debug-watchos/PackageFrameworks -F/Users/admin/builder/spi-builder-workspace/.derivedData/Build/Products/Debug-watchos -iframework /Applications/Xcode-27.0.0-Release.Candidate.app/Contents/Developer/Platforms/WatchOS.platform/Developer/Library/Frameworks -iframework /Applications/Xcode-27.0.0-Release.Candidate.app/Contents/Developer/Platforms/WatchOS.platform/Developer/SDKs/WatchOS27.0.sdk/Developer/Library/Frameworks -filelist /Users/admin/builder/spi-builder-workspace/.derivedData/Build/Intermediates.noindex/TeslaSwift.build/Debug-watchos/TeslaSwiftStreaming-t.build/Objects-normal/arm64/TeslaSwiftStreaming.LinkFileList -nostdlib -Xlinker -object_path_lto -Xlinker /Users/admin/builder/spi-builder-workspace/.derivedData/Build/Intermediates.noindex/TeslaSwift.build/Debug-watchos/TeslaSwiftStreaming-t.build/Objects-normal/arm64/TeslaSwiftStreaming_lto.o -Xlinker -no_deduplicate -Xlinker -dependency_info -Xlinker /Users/admin/builder/spi-builder-workspace/.derivedData/Build/Intermediates.noindex/TeslaSwift.build/Debug-watchos/TeslaSwiftStreaming-t.build/Objects-normal/arm64/TeslaSwiftStreaming_dependency_info.dat -fobjc-link-runtime -L/Applications/Xcode-27.0.0-Release.Candidate.app/Contents/Developer/Toolchains/XcodeDefault.xctoolchain/usr/lib/swift/watchos -L/usr/lib/swift -Xlinker -add_ast_path -Xlinker /Users/admin/builder/spi-builder-workspace/.derivedData/Build/Intermediates.noindex/TeslaSwift.build/Debug-watchos/TeslaSwiftStreaming-t.build/Objects-normal/arm64/TeslaSwiftStreaming.swiftmodule -o /Users/admin/builder/spi-builder-workspace/.derivedData/Build/Intermediates.noindex/TeslaSwift.build/Debug-watchos/TeslaSwiftStreaming-t.build/Objects-normal/arm64/Binary/TeslaSwiftStreaming.o
ExtractAppIntentsMetadata (in target 'TeslaSwiftCombine' from project 'TeslaSwift')
cd /Users/admin/builder/spi-builder-workspace
/Applications/Xcode-27.0.0-Release.Candidate.app/Contents/Developer/Toolchains/XcodeDefault.xctoolchain/usr/bin/appintentsmetadataprocessor --toolchain-dir /var/run/com.apple.security.cryptexd/mnt/com.apple.MobileAsset.MetalToolchain-v27.1.266.1.aDOwGo/Metal.xctoolchain --module-name TeslaSwiftCombine --sdk-root /Applications/Xcode-27.0.0-Release.Candidate.app/Contents/Developer/Platforms/WatchOS.platform/Developer/SDKs/WatchOS27.0.sdk --xcode-version 27A266a --platform-family watchOS --deployment-target 9.0 --bundle-identifier spi-builder-workspace.TeslaSwiftCombine --output /Users/admin/builder/spi-builder-workspace/.derivedData/Build/Products/Debug-watchos/TeslaSwiftCombine.appintents --target-triple arm64-apple-watchos9.0 --target-triple arm64_32-apple-watchos9.0 --binary-file /Users/admin/builder/spi-builder-workspace/.derivedData/Build/Products/Debug-watchos/TeslaSwiftCombine.o --dependency-file /Users/admin/builder/spi-builder-workspace/.derivedData/Build/Intermediates.noindex/TeslaSwift.build/Debug-watchos/TeslaSwiftCombine-t.build/Objects-normal/arm64/TeslaSwiftCombine_dependency_info.dat --dependency-file /Users/admin/builder/spi-builder-workspace/.derivedData/Build/Intermediates.noindex/TeslaSwift.build/Debug-watchos/TeslaSwiftCombine-t.build/Objects-normal/arm64_32/TeslaSwiftCombine_dependency_info.dat --stringsdata-file /Users/admin/builder/spi-builder-workspace/.derivedData/Build/Intermediates.noindex/TeslaSwift.build/Debug-watchos/TeslaSwiftCombine-t.build/Objects-normal/arm64/ExtractedAppShortcutsMetadata.stringsdata --stringsdata-file /Users/admin/builder/spi-builder-workspace/.derivedData/Build/Intermediates.noindex/TeslaSwift.build/Debug-watchos/TeslaSwiftCombine-t.build/Objects-normal/arm64_32/ExtractedAppShortcutsMetadata.stringsdata --source-file-list /Users/admin/builder/spi-builder-workspace/.derivedData/Build/Intermediates.noindex/TeslaSwift.build/Debug-watchos/TeslaSwiftCombine-t.build/Objects-normal/arm64/TeslaSwiftCombine.SwiftFileList --source-file-list /Users/admin/builder/spi-builder-workspace/.derivedData/Build/Intermediates.noindex/TeslaSwift.build/Debug-watchos/TeslaSwiftCombine-t.build/Objects-normal/arm64_32/TeslaSwiftCombine.SwiftFileList --metadata-file-list /Users/admin/builder/spi-builder-workspace/.derivedData/Build/Intermediates.noindex/TeslaSwift.build/Debug-watchos/TeslaSwiftCombine-t.build/TeslaSwiftCombine.DependencyMetadataFileList --static-metadata-file-list /Users/admin/builder/spi-builder-workspace/.derivedData/Build/Intermediates.noindex/TeslaSwift.build/Debug-watchos/TeslaSwiftCombine-t.build/TeslaSwiftCombine.DependencyStaticMetadataFileList --swift-const-vals-list /Users/admin/builder/spi-builder-workspace/.derivedData/Build/Intermediates.noindex/TeslaSwift.build/Debug-watchos/TeslaSwiftCombine-t.build/Objects-normal/arm64/TeslaSwiftCombine.SwiftConstValuesFileList --swift-const-vals-list /Users/admin/builder/spi-builder-workspace/.derivedData/Build/Intermediates.noindex/TeslaSwift.build/Debug-watchos/TeslaSwiftCombine-t.build/Objects-normal/arm64_32/TeslaSwiftCombine.SwiftConstValuesFileList --force --compile-time-extraction --deployment-aware-processing --no-app-shortcuts-localization
2026-09-22 13:45:44.223 appintentsmetadataprocessor[878:5433] Starting appintentsmetadataprocessor export
CreateUniversalBinary /Users/admin/builder/spi-builder-workspace/.derivedData/Build/Products/Debug-watchos/TeslaSwiftStreaming.o normal arm64\ arm64_32 (in target 'TeslaSwiftStreaming' from project 'TeslaSwift')
cd /Users/admin/builder/spi-builder-workspace
/Applications/Xcode-27.0.0-Release.Candidate.app/Contents/Developer/Toolchains/XcodeDefault.xctoolchain/usr/bin/lipo -create /Users/admin/builder/spi-builder-workspace/.derivedData/Build/Intermediates.noindex/TeslaSwift.build/Debug-watchos/TeslaSwiftStreaming-t.build/Objects-normal/arm64/Binary/TeslaSwiftStreaming.o /Users/admin/builder/spi-builder-workspace/.derivedData/Build/Intermediates.noindex/TeslaSwift.build/Debug-watchos/TeslaSwiftStreaming-t.build/Objects-normal/arm64_32/Binary/TeslaSwiftStreaming.o -output /Users/admin/builder/spi-builder-workspace/.derivedData/Build/Products/Debug-watchos/TeslaSwiftStreaming.o
ExtractAppIntentsMetadata (in target 'TeslaSwiftStreaming' from project 'TeslaSwift')
cd /Users/admin/builder/spi-builder-workspace
/Applications/Xcode-27.0.0-Release.Candidate.app/Contents/Developer/Toolchains/XcodeDefault.xctoolchain/usr/bin/appintentsmetadataprocessor --toolchain-dir /var/run/com.apple.security.cryptexd/mnt/com.apple.MobileAsset.MetalToolchain-v27.1.266.1.aDOwGo/Metal.xctoolchain --module-name TeslaSwiftStreaming --sdk-root /Applications/Xcode-27.0.0-Release.Candidate.app/Contents/Developer/Platforms/WatchOS.platform/Developer/SDKs/WatchOS27.0.sdk --xcode-version 27A266a --platform-family watchOS --deployment-target 9.0 --bundle-identifier spi-builder-workspace.TeslaSwiftStreaming --output /Users/admin/builder/spi-builder-workspace/.derivedData/Build/Products/Debug-watchos/TeslaSwiftStreaming.appintents --target-triple arm64-apple-watchos9.0 --target-triple arm64_32-apple-watchos9.0 --binary-file /Users/admin/builder/spi-builder-workspace/.derivedData/Build/Products/Debug-watchos/TeslaSwiftStreaming.o --dependency-file /Users/admin/builder/spi-builder-workspace/.derivedData/Build/Intermediates.noindex/TeslaSwift.build/Debug-watchos/TeslaSwiftStreaming-t.build/Objects-normal/arm64/TeslaSwiftStreaming_dependency_info.dat --dependency-file /Users/admin/builder/spi-builder-workspace/.derivedData/Build/Intermediates.noindex/TeslaSwift.build/Debug-watchos/TeslaSwiftStreaming-t.build/Objects-normal/arm64_32/TeslaSwiftStreaming_dependency_info.dat --stringsdata-file /Users/admin/builder/spi-builder-workspace/.derivedData/Build/Intermediates.noindex/TeslaSwift.build/Debug-watchos/TeslaSwiftStreaming-t.build/Objects-normal/arm64/ExtractedAppShortcutsMetadata.stringsdata --stringsdata-file /Users/admin/builder/spi-builder-workspace/.derivedData/Build/Intermediates.noindex/TeslaSwift.build/Debug-watchos/TeslaSwiftStreaming-t.build/Objects-normal/arm64_32/ExtractedAppShortcutsMetadata.stringsdata --source-file-list /Users/admin/builder/spi-builder-workspace/.derivedData/Build/Intermediates.noindex/TeslaSwift.build/Debug-watchos/TeslaSwiftStreaming-t.build/Objects-normal/arm64/TeslaSwiftStreaming.SwiftFileList --source-file-list /Users/admin/builder/spi-builder-workspace/.derivedData/Build/Intermediates.noindex/TeslaSwift.build/Debug-watchos/TeslaSwiftStreaming-t.build/Objects-normal/arm64_32/TeslaSwiftStreaming.SwiftFileList --metadata-file-list /Users/admin/builder/spi-builder-workspace/.derivedData/Build/Intermediates.noindex/TeslaSwift.build/Debug-watchos/TeslaSwiftStreaming-t.build/TeslaSwiftStreaming.DependencyMetadataFileList --static-metadata-file-list /Users/admin/builder/spi-builder-workspace/.derivedData/Build/Intermediates.noindex/TeslaSwift.build/Debug-watchos/TeslaSwiftStreaming-t.build/TeslaSwiftStreaming.DependencyStaticMetadataFileList --swift-const-vals-list /Users/admin/builder/spi-builder-workspace/.derivedData/Build/Intermediates.noindex/TeslaSwift.build/Debug-watchos/TeslaSwiftStreaming-t.build/Objects-normal/arm64/TeslaSwiftStreaming.SwiftConstValuesFileList --swift-const-vals-list /Users/admin/builder/spi-builder-workspace/.derivedData/Build/Intermediates.noindex/TeslaSwift.build/Debug-watchos/TeslaSwiftStreaming-t.build/Objects-normal/arm64_32/TeslaSwiftStreaming.SwiftConstValuesFileList --force --compile-time-extraction --deployment-aware-processing --no-app-shortcuts-localization
2026-09-22 13:45:44.257 appintentsmetadataprocessor[881:5447] Starting appintentsmetadataprocessor export
PruneExplicitPrecompiledModules /Users/admin/builder/spi-builder-workspace/.derivedData/Build/Intermediates.noindex/ExplicitPrecompiledModules
PruneExplicitPrecompiledModules /Users/admin/builder/spi-builder-workspace/.derivedData/Build/Intermediates.noindex/SwiftExplicitPrecompiledModules
PruneExplicitPrecompiledModules /Users/admin/builder/spi-builder-workspace/.derivedData/SDKExplicitPrecompiledModules
2026-09-22 13:45:33.974 xcodebuild[665:4070] [MT] IDERunDestination: Supported platforms for the buildables in the current scheme is empty.
2026-09-22 13:45:34.292 xcodebuild[665:4070] [MT] IDERunDestination: Supported platforms for the buildables in the current scheme is empty.
** BUILD FAILED **
The following build commands failed:
SwiftEmitModule normal arm64_32 Emitting\ module\ for\ TeslaSwiftStreamingCombine (in target 'TeslaSwiftStreamingCombine' from project 'TeslaSwift')
SwiftCompile normal arm64_32 (in target 'TeslaSwiftStreamingCombine' from project 'TeslaSwift')
Building workspace TeslaSwift with scheme TeslaSwift-Package
(3 failures)
Command line invocation:
/Applications/Xcode-27.0.0-Release.Candidate.app/Contents/Developer/usr/bin/xcodebuild -IDEClonedSourcePackagesDirPathOverride=/Users/admin/builder/spi-builder-workspace/.dependencies -resolvePackageDependencies
Resolve Package Graph
Resolved source packages:
TeslaSwift: /Users/admin/builder/spi-builder-workspace
Starscream: https://github.com/daltoniam/Starscream.git @ 4.0.8
resolved source packages: TeslaSwift, Starscream
2026-09-22 13:45:45.254 xcodebuild[882:5482] [MT] IDERunDestination: Supported platforms for the buildables in the current scheme is empty.
{
"dependencies" : [
{
"identity" : "starscream",
"requirement" : {
"range" : [
{
"lower_bound" : "4.0.8",
"upper_bound" : "5.0.0"
}
]
},
"type" : "sourceControl",
"url" : "https://github.com/daltoniam/Starscream.git"
}
],
"manifest_display_name" : "TeslaSwift",
"name" : "TeslaSwift",
"path" : "/Users/admin/builder/spi-builder-workspace",
"platforms" : [
{
"name" : "macos",
"version" : "12.0"
},
{
"name" : "ios",
"version" : "15.0"
},
{
"name" : "watchos",
"version" : "8.0"
},
{
"name" : "tvos",
"version" : "15.0"
}
],
"products" : [
{
"name" : "TeslaSwift",
"targets" : [
"TeslaSwift"
],
"type" : {
"library" : [
"automatic"
]
}
},
{
"name" : "TeslaSwiftStreaming",
"targets" : [
"TeslaSwiftStreaming"
],
"type" : {
"library" : [
"automatic"
]
}
},
{
"name" : "TeslaSwiftCombine",
"targets" : [
"TeslaSwiftCombine"
],
"type" : {
"library" : [
"automatic"
]
}
},
{
"name" : "TeslaSwiftStreamingCombine",
"targets" : [
"TeslaSwiftStreamingCombine"
],
"type" : {
"library" : [
"automatic"
]
}
}
],
"targets" : [
{
"c99name" : "TeslaSwiftStreamingCombine",
"module_type" : "SwiftTarget",
"name" : "TeslaSwiftStreamingCombine",
"path" : "Sources/Extensions/StreamingCombine",
"product_memberships" : [
"TeslaSwiftStreamingCombine"
],
"sources" : [
"TeslaSwift+StreamingCombine.swift"
],
"target_dependencies" : [
"TeslaSwiftStreaming",
"TeslaSwiftCombine"
],
"type" : "library"
},
{
"c99name" : "TeslaSwiftStreaming",
"module_type" : "SwiftTarget",
"name" : "TeslaSwiftStreaming",
"path" : "Sources/Extensions/Streaming",
"product_dependencies" : [
"Starscream"
],
"product_memberships" : [
"TeslaSwiftStreaming",
"TeslaSwiftStreamingCombine"
],
"sources" : [
"StreamControl.swift",
"StreamEvent.swift",
"TeslaStreaming.swift"
],
"target_dependencies" : [
"TeslaSwift"
],
"type" : "library"
},
{
"c99name" : "TeslaSwiftCombine",
"module_type" : "SwiftTarget",
"name" : "TeslaSwiftCombine",
"path" : "Sources/Extensions/Combine",
"product_memberships" : [
"TeslaSwiftCombine",
"TeslaSwiftStreamingCombine"
],
"sources" : [
"TeslaSwift+Combine.swift"
],
"target_dependencies" : [
"TeslaSwift"
],
"type" : "library"
},
{
"c99name" : "TeslaSwift",
"module_type" : "SwiftTarget",
"name" : "TeslaSwift",
"path" : "Sources/TeslaSwift",
"product_memberships" : [
"TeslaSwift",
"TeslaSwiftStreaming",
"TeslaSwiftCombine",
"TeslaSwiftStreamingCombine"
],
"sources" : [
"Model/Authentication.swift",
"Model/BatteryData.swift",
"Model/BatteryPowerHistory.swift",
"Model/BatteryStatus.swift",
"Model/ChargeAmpsCommandOptions.swift",
"Model/ChargeHistory.swift",
"Model/ChargeLimitPercentageCommandOptions.swift",
"Model/ChargeState.swift",
"Model/ClimateState.swift",
"Model/Codable+JSONString.swift",
"Model/CommandResponse.swift",
"Model/Distance.swift",
"Model/DriveState.swift",
"Model/EnergySite.swift",
"Model/EnergySiteHistory.swift",
"Model/EnergySiteInfo.swift",
"Model/EnergySiteLiveStatus.swift",
"Model/EnergySiteStatus.swift",
"Model/ErrorMessage.swift",
"Model/GenericResponse.swift",
"Model/GuiSettings.swift",
"Model/HomeLinkCommandOptions.swift",
"Model/MaxDefrostCommandOptions.swift",
"Model/Me.swift",
"Model/NearbyChargingSites.swift",
"Model/OpenTrunkOptions.swift",
"Model/Partner.swift",
"Model/Product.swift",
"Model/Region.swift",
"Model/RemoteSeatHeaterRequestOptions.swift",
"Model/RemoteStartDriveCommandOptions.swift",
"Model/RemoteSteeringWheelHeaterRequestOptions.swift",
"Model/ScheduledChargingCommandOptions.swift",
"Model/ScheduledDepartureCommandOptions.swift",
"Model/SentryModeCommandOptions.swift",
"Model/SetSunRoofCommandOptions.swift",
"Model/SetTemperatureCommandOptions.swift",
"Model/ShareToVehicleOptions.swift",
"Model/SoftwareUpdate.swift",
"Model/Speed.swift",
"Model/SpeedLimitOptions.swift",
"Model/ValetCommandOptions.swift",
"Model/Vehicle.swift",
"Model/VehicleConfig.swift",
"Model/VehicleExtended.swift",
"Model/VehicleState.swift",
"Model/WindowControlCommandOptions.swift",
"TeslaEndpoint.swift",
"TeslaSwift.swift",
"VehicleCommands.swift"
],
"type" : "library"
}
],
"tools_version" : "5.10"
}
{
"workspace" : {
"name" : "TeslaSwift",
"schemes" : [
"TeslaSwift",
"TeslaSwift-Combine",
"TeslaSwift-Package",
"TeslaSwiftCombine",
"TeslaSwiftStreaming",
"TeslaSwiftStreamingCombine"
]
}
}
2026-09-22 13:45:46.714 xcodebuild[890:5552] [MT] IDERunDestination: Supported platforms for the buildables in the current scheme is empty.
2026-09-22 13:45:46.817 xcodebuild[890:5552] [MT] IDERunDestination: Supported platforms for the buildables in the current scheme is empty.
Running build ...
env DEVELOPER_DIR=/Applications/Xcode-27.0.0-Release.Candidate.app xcrun xcodebuild -IDEClonedSourcePackagesDirPathOverride=$PWD/.dependencies -skipMacroValidation -skipPackagePluginValidation -derivedDataPath $PWD/.derivedData build -scheme TeslaSwift-Package -destination generic/platform=watchOS
Command line invocation:
/Applications/Xcode-27.0.0-Release.Candidate.app/Contents/Developer/usr/bin/xcodebuild -IDEClonedSourcePackagesDirPathOverride=/Users/admin/builder/spi-builder-workspace/.dependencies -skipMacroValidation -skipPackagePluginValidation -derivedDataPath /Users/admin/builder/spi-builder-workspace/.derivedData build -scheme TeslaSwift-Package -destination generic/platform=watchOS
Resolve Package Graph
Resolved source packages:
TeslaSwift: /Users/admin/builder/spi-builder-workspace
Starscream: https://github.com/daltoniam/Starscream.git @ 4.0.8
ComputePackagePrebuildTargetDependencyGraph
Prepare packages
CreateBuildRequest
SendProjectDescription
CreateBuildOperation
ComputeTargetDependencyGraph
note: Building targets in dependency order
note: Target dependency graph (11 targets)
Target 'TeslaSwiftStreamingCombine-product' in project 'TeslaSwift'
➜ Explicit dependency on target 'TeslaSwiftStreamingCombine' in project 'TeslaSwift'
➜ Explicit dependency on target 'TeslaSwift' in project 'TeslaSwift'
➜ Explicit dependency on target 'TeslaSwiftStreaming' in project 'TeslaSwift'
➜ Explicit dependency on target 'TeslaSwiftCombine' in project 'TeslaSwift'
➜ Explicit dependency on target 'Starscream-product' in project 'Starscream'
Target 'TeslaSwiftStreamingCombine' in project 'TeslaSwift'
➜ Explicit dependency on target 'TeslaSwift' in project 'TeslaSwift'
➜ Explicit dependency on target 'TeslaSwiftStreaming' in project 'TeslaSwift'
➜ Explicit dependency on target 'TeslaSwiftCombine' in project 'TeslaSwift'
➜ Explicit dependency on target 'Starscream-product' in project 'Starscream'
Target 'TeslaSwiftStreaming-product' in project 'TeslaSwift'
➜ Explicit dependency on target 'TeslaSwiftStreaming' in project 'TeslaSwift'
➜ Explicit dependency on target 'TeslaSwift' in project 'TeslaSwift'
➜ Explicit dependency on target 'Starscream-product' in project 'Starscream'
Target 'TeslaSwiftStreaming' in project 'TeslaSwift'
➜ Explicit dependency on target 'TeslaSwift' in project 'TeslaSwift'
➜ Explicit dependency on target 'Starscream-product' in project 'Starscream'
Target 'Starscream-product' in project 'Starscream'
➜ Explicit dependency on target 'Starscream' in project 'Starscream'
➜ Explicit dependency on target 'Starscream_Starscream' in project 'Starscream'
Target 'Starscream' in project 'Starscream'
➜ Explicit dependency on target 'Starscream_Starscream' in project 'Starscream'
Target 'Starscream_Starscream' in project 'Starscream' (no dependencies)
Target 'TeslaSwiftCombine-product' in project 'TeslaSwift'
➜ Explicit dependency on target 'TeslaSwiftCombine' in project 'TeslaSwift'
➜ Explicit dependency on target 'TeslaSwift' in project 'TeslaSwift'
Target 'TeslaSwiftCombine' in project 'TeslaSwift'
➜ Explicit dependency on target 'TeslaSwift' in project 'TeslaSwift'
Target 'TeslaSwift-product' in project 'TeslaSwift'
➜ Explicit dependency on target 'TeslaSwift' in project 'TeslaSwift'
Target 'TeslaSwift' in project 'TeslaSwift' (no dependencies)
GatherProvisioningInputs
CreateBuildDescription
ClangStatCache /Applications/Xcode-27.0.0-Release.Candidate.app/Contents/Developer/Toolchains/XcodeDefault.xctoolchain/usr/bin/clang-stat-cache /Applications/Xcode-27.0.0-Release.Candidate.app/Contents/Developer/Platforms/WatchOS.platform/Developer/SDKs/WatchOS27.0.sdk /Users/admin/builder/spi-builder-workspace/.derivedData/SDKStatCaches.noindex/watchos27.0-24R360-e829b21a6f8c9b70876ba0858053c04477534ef55a1706bf4c1112bbb242f0a2.sdkstatcache
cd /Users/admin/builder/spi-builder-workspace/.swiftpm/xcode
/Applications/Xcode-27.0.0-Release.Candidate.app/Contents/Developer/Toolchains/XcodeDefault.xctoolchain/usr/bin/clang-stat-cache /Applications/Xcode-27.0.0-Release.Candidate.app/Contents/Developer/Platforms/WatchOS.platform/Developer/SDKs/WatchOS27.0.sdk -o /Users/admin/builder/spi-builder-workspace/.derivedData/SDKStatCaches.noindex/watchos27.0-24R360-e829b21a6f8c9b70876ba0858053c04477534ef55a1706bf4c1112bbb242f0a2.sdkstatcache
ExtractAppIntentsMetadata (in target 'TeslaSwiftStreaming' from project 'TeslaSwift')
cd /Users/admin/builder/spi-builder-workspace
/Applications/Xcode-27.0.0-Release.Candidate.app/Contents/Developer/Toolchains/XcodeDefault.xctoolchain/usr/bin/appintentsmetadataprocessor --toolchain-dir /var/run/com.apple.security.cryptexd/mnt/com.apple.MobileAsset.MetalToolchain-v27.1.266.1.aDOwGo/Metal.xctoolchain --module-name TeslaSwiftStreaming --sdk-root /Applications/Xcode-27.0.0-Release.Candidate.app/Contents/Developer/Platforms/WatchOS.platform/Developer/SDKs/WatchOS27.0.sdk --xcode-version 27A266a --platform-family watchOS --deployment-target 9.0 --bundle-identifier spi-builder-workspace.TeslaSwiftStreaming --output /Users/admin/builder/spi-builder-workspace/.derivedData/Build/Products/Debug-watchos/TeslaSwiftStreaming.appintents --target-triple arm64-apple-watchos9.0 --target-triple arm64_32-apple-watchos9.0 --binary-file /Users/admin/builder/spi-builder-workspace/.derivedData/Build/Products/Debug-watchos/TeslaSwiftStreaming.o --dependency-file /Users/admin/builder/spi-builder-workspace/.derivedData/Build/Intermediates.noindex/TeslaSwift.build/Debug-watchos/TeslaSwiftStreaming-t.build/Objects-normal/arm64/TeslaSwiftStreaming_dependency_info.dat --dependency-file /Users/admin/builder/spi-builder-workspace/.derivedData/Build/Intermediates.noindex/TeslaSwift.build/Debug-watchos/TeslaSwiftStreaming-t.build/Objects-normal/arm64_32/TeslaSwiftStreaming_dependency_info.dat --stringsdata-file /Users/admin/builder/spi-builder-workspace/.derivedData/Build/Intermediates.noindex/TeslaSwift.build/Debug-watchos/TeslaSwiftStreaming-t.build/Objects-normal/arm64/ExtractedAppShortcutsMetadata.stringsdata --stringsdata-file /Users/admin/builder/spi-builder-workspace/.derivedData/Build/Intermediates.noindex/TeslaSwift.build/Debug-watchos/TeslaSwiftStreaming-t.build/Objects-normal/arm64_32/ExtractedAppShortcutsMetadata.stringsdata --source-file-list /Users/admin/builder/spi-builder-workspace/.derivedData/Build/Intermediates.noindex/TeslaSwift.build/Debug-watchos/TeslaSwiftStreaming-t.build/Objects-normal/arm64/TeslaSwiftStreaming.SwiftFileList --source-file-list /Users/admin/builder/spi-builder-workspace/.derivedData/Build/Intermediates.noindex/TeslaSwift.build/Debug-watchos/TeslaSwiftStreaming-t.build/Objects-normal/arm64_32/TeslaSwiftStreaming.SwiftFileList --metadata-file-list /Users/admin/builder/spi-builder-workspace/.derivedData/Build/Intermediates.noindex/TeslaSwift.build/Debug-watchos/TeslaSwiftStreaming-t.build/TeslaSwiftStreaming.DependencyMetadataFileList --static-metadata-file-list /Users/admin/builder/spi-builder-workspace/.derivedData/Build/Intermediates.noindex/TeslaSwift.build/Debug-watchos/TeslaSwiftStreaming-t.build/TeslaSwiftStreaming.DependencyStaticMetadataFileList --swift-const-vals-list /Users/admin/builder/spi-builder-workspace/.derivedData/Build/Intermediates.noindex/TeslaSwift.build/Debug-watchos/TeslaSwiftStreaming-t.build/Objects-normal/arm64/TeslaSwiftStreaming.SwiftConstValuesFileList --swift-const-vals-list /Users/admin/builder/spi-builder-workspace/.derivedData/Build/Intermediates.noindex/TeslaSwift.build/Debug-watchos/TeslaSwiftStreaming-t.build/Objects-normal/arm64_32/TeslaSwiftStreaming.SwiftConstValuesFileList --force --compile-time-extraction --deployment-aware-processing --no-app-shortcuts-localization
2026-09-22 13:45:48.928 appintentsmetadataprocessor[894:5630] Starting appintentsmetadataprocessor export
2026-09-22 13:45:48.993 appintentsmetadataprocessor[894:5630] Extracted no relevant App Intents symbols, skipping writing output
SwiftDriver TeslaSwiftStreamingCombine normal arm64 com.apple.xcode.tools.swift.compiler (in target 'TeslaSwiftStreamingCombine' from project 'TeslaSwift')
cd /Users/admin/builder/spi-builder-workspace/.swiftpm/xcode
builtin-SwiftDriver -- /Applications/Xcode-27.0.0-Release.Candidate.app/Contents/Developer/Toolchains/XcodeDefault.xctoolchain/usr/bin/swiftc -parse-as-library -module-name TeslaSwiftStreamingCombine -Onone @/Users/admin/builder/spi-builder-workspace/.derivedData/Build/Intermediates.noindex/TeslaSwift.build/Debug-watchos/TeslaSwiftStreamingCombine-t.build/Objects-normal/arm64/TeslaSwiftStreamingCombine.SwiftFileList -DSWIFT_PACKAGE -DDEBUG -DSWIFT_MODULE_RESOURCE_BUNDLE_UNAVAILABLE -DXcode -plugin-path /Applications/Xcode-27.0.0-Release.Candidate.app/Contents/Developer/Toolchains/XcodeDefault.xctoolchain/usr/lib/swift/host/plugins/testing -enable-experimental-feature DebugDescriptionMacro -sdk /Applications/Xcode-27.0.0-Release.Candidate.app/Contents/Developer/Platforms/WatchOS.platform/Developer/SDKs/WatchOS27.0.sdk -target arm64-apple-watchos9.0 -g -module-cache-path /Users/admin/builder/spi-builder-workspace/.derivedData/ModuleCache.noindex -Xfrontend -serialize-debugging-options -enable-testing -index-store-path /Users/admin/builder/spi-builder-workspace/.derivedData/Index.noindex/DataStore -Xcc -D_LIBCPP_HARDENING_MODE\=_LIBCPP_HARDENING_MODE_DEBUG -swift-version 5 -I /Users/admin/builder/spi-builder-workspace/.derivedData/Build/Products/Debug-watchos -Isystem /Applications/Xcode-27.0.0-Release.Candidate.app/Contents/Developer/Platforms/WatchOS.platform/Developer/usr/lib -F /Users/admin/builder/spi-builder-workspace/.derivedData/Build/Products/Debug-watchos/PackageFrameworks -F /Users/admin/builder/spi-builder-workspace/.derivedData/Build/Products/Debug-watchos -F /Applications/Xcode-27.0.0-Release.Candidate.app/Contents/Developer/Platforms/WatchOS.platform/Developer/Library/Frameworks -F /Applications/Xcode-27.0.0-Release.Candidate.app/Contents/Developer/Platforms/WatchOS.platform/Developer/SDKs/WatchOS27.0.sdk/Developer/Library/Frameworks -c -j10 -enable-batch-mode -incremental -Xcc -ivfsstatcache -Xcc /Users/admin/builder/spi-builder-workspace/.derivedData/SDKStatCaches.noindex/watchos27.0-24R360-e829b21a6f8c9b70876ba0858053c04477534ef55a1706bf4c1112bbb242f0a2.sdkstatcache -output-file-map /Users/admin/builder/spi-builder-workspace/.derivedData/Build/Intermediates.noindex/TeslaSwift.build/Debug-watchos/TeslaSwiftStreamingCombine-t.build/Objects-normal/arm64/TeslaSwiftStreamingCombine-OutputFileMap.json -save-temps -no-color-diagnostics -explicit-module-build -module-cache-path /Users/admin/builder/spi-builder-workspace/.derivedData/Build/Intermediates.noindex/SwiftExplicitPrecompiledModules -clang-scanner-module-cache-path /Users/admin/builder/spi-builder-workspace/.derivedData/ModuleCache.noindex -sdk-module-cache-path /Users/admin/builder/spi-builder-workspace/.derivedData/SDKExplicitPrecompiledModules -emit-dependencies -emit-module -emit-module-path /Users/admin/builder/spi-builder-workspace/.derivedData/Build/Intermediates.noindex/TeslaSwift.build/Debug-watchos/TeslaSwiftStreamingCombine-t.build/Objects-normal/arm64/TeslaSwiftStreamingCombine.swiftmodule -serialize-diagnostics -dependency-scan-serialize-diagnostics-path /Users/admin/builder/spi-builder-workspace/.derivedData/Build/Intermediates.noindex/TeslaSwift.build/Debug-watchos/TeslaSwiftStreamingCombine-t.build/Objects-normal/arm64/TeslaSwiftStreamingCombine-dependency-scan.dia -validate-clang-modules-once -clang-build-session-file /Users/admin/builder/spi-builder-workspace/.derivedData/ModuleCache.noindex/Session.modulevalidation -Xcc -fmodules-prune-interval\=86400 -Xcc -fmodules-prune-after\=345600 -package-name spi_builder_workspace -emit-const-values -const-gather-protocols-list /Users/admin/builder/spi-builder-workspace/.derivedData/Build/Intermediates.noindex/TeslaSwift.build/Debug-watchos/TeslaSwiftStreamingCombine-t.build/Objects-normal/arm64/TeslaSwiftStreamingCombine_const_extract_protocols.json -Xcc -I/Users/admin/builder/spi-builder-workspace/.derivedData/Build/Products/Debug-watchos/include -Xcc -I/Users/admin/builder/spi-builder-workspace/.derivedData/Build/Intermediates.noindex/TeslaSwift.build/Debug-watchos/TeslaSwiftStreamingCombine-t.build/DerivedSources-normal/arm64 -Xcc -I/Users/admin/builder/spi-builder-workspace/.derivedData/Build/Intermediates.noindex/TeslaSwift.build/Debug-watchos/TeslaSwiftStreamingCombine-t.build/DerivedSources/arm64 -Xcc -I/Users/admin/builder/spi-builder-workspace/.derivedData/Build/Intermediates.noindex/TeslaSwift.build/Debug-watchos/TeslaSwiftStreamingCombine-t.build/DerivedSources -Xcc -DSWIFT_PACKAGE -Xcc -DDEBUG\=1 -emit-objc-header -emit-objc-header-path /Users/admin/builder/spi-builder-workspace/.derivedData/Build/Intermediates.noindex/TeslaSwift.build/Debug-watchos/TeslaSwiftStreamingCombine-t.build/Objects-normal/arm64/TeslaSwiftStreamingCombine-Swift.h -working-directory /Users/admin/builder/spi-builder-workspace/.swiftpm/xcode -experimental-emit-module-separately -disable-cmo
SwiftDriver TeslaSwiftStreamingCombine normal arm64_32 com.apple.xcode.tools.swift.compiler (in target 'TeslaSwiftStreamingCombine' from project 'TeslaSwift')
cd /Users/admin/builder/spi-builder-workspace/.swiftpm/xcode
builtin-SwiftDriver -- /Applications/Xcode-27.0.0-Release.Candidate.app/Contents/Developer/Toolchains/XcodeDefault.xctoolchain/usr/bin/swiftc -parse-as-library -module-name TeslaSwiftStreamingCombine -Onone @/Users/admin/builder/spi-builder-workspace/.derivedData/Build/Intermediates.noindex/TeslaSwift.build/Debug-watchos/TeslaSwiftStreamingCombine-t.build/Objects-normal/arm64_32/TeslaSwiftStreamingCombine.SwiftFileList -DSWIFT_PACKAGE -DDEBUG -DSWIFT_MODULE_RESOURCE_BUNDLE_UNAVAILABLE -DXcode -plugin-path /Applications/Xcode-27.0.0-Release.Candidate.app/Contents/Developer/Toolchains/XcodeDefault.xctoolchain/usr/lib/swift/host/plugins/testing -enable-experimental-feature DebugDescriptionMacro -sdk /Applications/Xcode-27.0.0-Release.Candidate.app/Contents/Developer/Platforms/WatchOS.platform/Developer/SDKs/WatchOS27.0.sdk -target arm64_32-apple-watchos9.0 -g -module-cache-path /Users/admin/builder/spi-builder-workspace/.derivedData/ModuleCache.noindex -Xfrontend -serialize-debugging-options -enable-testing -index-store-path /Users/admin/builder/spi-builder-workspace/.derivedData/Index.noindex/DataStore -Xcc -D_LIBCPP_HARDENING_MODE\=_LIBCPP_HARDENING_MODE_DEBUG -swift-version 5 -I /Users/admin/builder/spi-builder-workspace/.derivedData/Build/Products/Debug-watchos -Isystem /Applications/Xcode-27.0.0-Release.Candidate.app/Contents/Developer/Platforms/WatchOS.platform/Developer/usr/lib -F /Users/admin/builder/spi-builder-workspace/.derivedData/Build/Products/Debug-watchos/PackageFrameworks -F /Users/admin/builder/spi-builder-workspace/.derivedData/Build/Products/Debug-watchos -F /Applications/Xcode-27.0.0-Release.Candidate.app/Contents/Developer/Platforms/WatchOS.platform/Developer/Library/Frameworks -F /Applications/Xcode-27.0.0-Release.Candidate.app/Contents/Developer/Platforms/WatchOS.platform/Developer/SDKs/WatchOS27.0.sdk/Developer/Library/Frameworks -c -j10 -enable-batch-mode -incremental -Xcc -ivfsstatcache -Xcc /Users/admin/builder/spi-builder-workspace/.derivedData/SDKStatCaches.noindex/watchos27.0-24R360-e829b21a6f8c9b70876ba0858053c04477534ef55a1706bf4c1112bbb242f0a2.sdkstatcache -output-file-map /Users/admin/builder/spi-builder-workspace/.derivedData/Build/Intermediates.noindex/TeslaSwift.build/Debug-watchos/TeslaSwiftStreamingCombine-t.build/Objects-normal/arm64_32/TeslaSwiftStreamingCombine-OutputFileMap.json -save-temps -no-color-diagnostics -explicit-module-build -module-cache-path /Users/admin/builder/spi-builder-workspace/.derivedData/Build/Intermediates.noindex/SwiftExplicitPrecompiledModules -clang-scanner-module-cache-path /Users/admin/builder/spi-builder-workspace/.derivedData/ModuleCache.noindex -sdk-module-cache-path /Users/admin/builder/spi-builder-workspace/.derivedData/SDKExplicitPrecompiledModules -emit-dependencies -emit-module -emit-module-path /Users/admin/builder/spi-builder-workspace/.derivedData/Build/Intermediates.noindex/TeslaSwift.build/Debug-watchos/TeslaSwiftStreamingCombine-t.build/Objects-normal/arm64_32/TeslaSwiftStreamingCombine.swiftmodule -serialize-diagnostics -dependency-scan-serialize-diagnostics-path /Users/admin/builder/spi-builder-workspace/.derivedData/Build/Intermediates.noindex/TeslaSwift.build/Debug-watchos/TeslaSwiftStreamingCombine-t.build/Objects-normal/arm64_32/TeslaSwiftStreamingCombine-dependency-scan.dia -validate-clang-modules-once -clang-build-session-file /Users/admin/builder/spi-builder-workspace/.derivedData/ModuleCache.noindex/Session.modulevalidation -Xcc -fmodules-prune-interval\=86400 -Xcc -fmodules-prune-after\=345600 -package-name spi_builder_workspace -emit-const-values -const-gather-protocols-list /Users/admin/builder/spi-builder-workspace/.derivedData/Build/Intermediates.noindex/TeslaSwift.build/Debug-watchos/TeslaSwiftStreamingCombine-t.build/Objects-normal/arm64_32/TeslaSwiftStreamingCombine_const_extract_protocols.json -Xcc -I/Users/admin/builder/spi-builder-workspace/.derivedData/Build/Products/Debug-watchos/include -Xcc -I/Users/admin/builder/spi-builder-workspace/.derivedData/Build/Intermediates.noindex/TeslaSwift.build/Debug-watchos/TeslaSwiftStreamingCombine-t.build/DerivedSources-normal/arm64_32 -Xcc -I/Users/admin/builder/spi-builder-workspace/.derivedData/Build/Intermediates.noindex/TeslaSwift.build/Debug-watchos/TeslaSwiftStreamingCombine-t.build/DerivedSources/arm64_32 -Xcc -I/Users/admin/builder/spi-builder-workspace/.derivedData/Build/Intermediates.noindex/TeslaSwift.build/Debug-watchos/TeslaSwiftStreamingCombine-t.build/DerivedSources -Xcc -DSWIFT_PACKAGE -Xcc -DDEBUG\=1 -emit-objc-header -emit-objc-header-path /Users/admin/builder/spi-builder-workspace/.derivedData/Build/Intermediates.noindex/TeslaSwift.build/Debug-watchos/TeslaSwiftStreamingCombine-t.build/Objects-normal/arm64_32/TeslaSwiftStreamingCombine-Swift.h -working-directory /Users/admin/builder/spi-builder-workspace/.swiftpm/xcode -experimental-emit-module-separately -disable-cmo
ExtractAppIntentsMetadata (in target 'TeslaSwiftCombine' from project 'TeslaSwift')
cd /Users/admin/builder/spi-builder-workspace
/Applications/Xcode-27.0.0-Release.Candidate.app/Contents/Developer/Toolchains/XcodeDefault.xctoolchain/usr/bin/appintentsmetadataprocessor --toolchain-dir /var/run/com.apple.security.cryptexd/mnt/com.apple.MobileAsset.MetalToolchain-v27.1.266.1.aDOwGo/Metal.xctoolchain --module-name TeslaSwiftCombine --sdk-root /Applications/Xcode-27.0.0-Release.Candidate.app/Contents/Developer/Platforms/WatchOS.platform/Developer/SDKs/WatchOS27.0.sdk --xcode-version 27A266a --platform-family watchOS --deployment-target 9.0 --bundle-identifier spi-builder-workspace.TeslaSwiftCombine --output /Users/admin/builder/spi-builder-workspace/.derivedData/Build/Products/Debug-watchos/TeslaSwiftCombine.appintents --target-triple arm64-apple-watchos9.0 --target-triple arm64_32-apple-watchos9.0 --binary-file /Users/admin/builder/spi-builder-workspace/.derivedData/Build/Products/Debug-watchos/TeslaSwiftCombine.o --dependency-file /Users/admin/builder/spi-builder-workspace/.derivedData/Build/Intermediates.noindex/TeslaSwift.build/Debug-watchos/TeslaSwiftCombine-t.build/Objects-normal/arm64/TeslaSwiftCombine_dependency_info.dat --dependency-file /Users/admin/builder/spi-builder-workspace/.derivedData/Build/Intermediates.noindex/TeslaSwift.build/Debug-watchos/TeslaSwiftCombine-t.build/Objects-normal/arm64_32/TeslaSwiftCombine_dependency_info.dat --stringsdata-file /Users/admin/builder/spi-builder-workspace/.derivedData/Build/Intermediates.noindex/TeslaSwift.build/Debug-watchos/TeslaSwiftCombine-t.build/Objects-normal/arm64/ExtractedAppShortcutsMetadata.stringsdata --stringsdata-file /Users/admin/builder/spi-builder-workspace/.derivedData/Build/Intermediates.noindex/TeslaSwift.build/Debug-watchos/TeslaSwiftCombine-t.build/Objects-normal/arm64_32/ExtractedAppShortcutsMetadata.stringsdata --source-file-list /Users/admin/builder/spi-builder-workspace/.derivedData/Build/Intermediates.noindex/TeslaSwift.build/Debug-watchos/TeslaSwiftCombine-t.build/Objects-normal/arm64/TeslaSwiftCombine.SwiftFileList --source-file-list /Users/admin/builder/spi-builder-workspace/.derivedData/Build/Intermediates.noindex/TeslaSwift.build/Debug-watchos/TeslaSwiftCombine-t.build/Objects-normal/arm64_32/TeslaSwiftCombine.SwiftFileList --metadata-file-list /Users/admin/builder/spi-builder-workspace/.derivedData/Build/Intermediates.noindex/TeslaSwift.build/Debug-watchos/TeslaSwiftCombine-t.build/TeslaSwiftCombine.DependencyMetadataFileList --static-metadata-file-list /Users/admin/builder/spi-builder-workspace/.derivedData/Build/Intermediates.noindex/TeslaSwift.build/Debug-watchos/TeslaSwiftCombine-t.build/TeslaSwiftCombine.DependencyStaticMetadataFileList --swift-const-vals-list /Users/admin/builder/spi-builder-workspace/.derivedData/Build/Intermediates.noindex/TeslaSwift.build/Debug-watchos/TeslaSwiftCombine-t.build/Objects-normal/arm64/TeslaSwiftCombine.SwiftConstValuesFileList --swift-const-vals-list /Users/admin/builder/spi-builder-workspace/.derivedData/Build/Intermediates.noindex/TeslaSwift.build/Debug-watchos/TeslaSwiftCombine-t.build/Objects-normal/arm64_32/TeslaSwiftCombine.SwiftConstValuesFileList --force --compile-time-extraction --deployment-aware-processing --no-app-shortcuts-localization
2026-09-22 13:45:48.929 appintentsmetadataprocessor[895:5631] Starting appintentsmetadataprocessor export
2026-09-22 13:45:48.993 appintentsmetadataprocessor[895:5631] Extracted no relevant App Intents symbols, skipping writing output
SwiftEmitModule normal arm64_32 Emitting\ module\ for\ TeslaSwiftStreamingCombine (in target 'TeslaSwiftStreamingCombine' from project 'TeslaSwift')
SwiftCompile normal arm64_32 (in target 'TeslaSwiftStreamingCombine' from project 'TeslaSwift')
cd /Users/admin/builder/spi-builder-workspace/.swiftpm/xcode
/Users/admin/builder/spi-builder-workspace/Sources/Extensions/StreamingCombine/TeslaSwift+StreamingCombine.swift:12:11: error: cannot find type 'TeslaStreaming' in scope
10 | import TeslaSwift
11 |
12 | extension TeslaStreaming {
| `- error: cannot find type 'TeslaStreaming' in scope
13 | public func streamPublisher(vehicle: Vehicle) -> TeslaStreamingPublisher {
14 | return TeslaStreamingPublisher(vehicle: vehicle, stream: self)
Failed frontend command:
/Applications/Xcode-27.0.0-Release.Candidate.app/Contents/Developer/Toolchains/XcodeDefault.xctoolchain/usr/bin/swift-frontend -frontend -emit-module -experimental-skip-non-inlinable-function-bodies-without-types /Users/admin/builder/spi-builder-workspace/Sources/Extensions/StreamingCombine/TeslaSwift+StreamingCombine.swift -target arm64_32-apple-watchos9.0 -disable-cross-import-overlay-search -load-resolved-plugin /Applications/Xcode-27.0.0-Release.Candidate.app/Contents/Developer/Platforms/WatchOS.platform/Developer/usr/lib/swift/host/plugins/libFoundationMacros.dylib\#/Applications/Xcode-27.0.0-Release.Candidate.app/Contents/Developer/Platforms/WatchOS.platform/Developer/usr/bin/swift-plugin-server\#FoundationMacros -load-resolved-plugin /Applications/Xcode-27.0.0-Release.Candidate.app/Contents/Developer/Platforms/WatchOS.platform/Developer/usr/lib/swift/host/plugins/libObservationMacros.dylib\#/Applications/Xcode-27.0.0-Release.Candidate.app/Contents/Developer/Platforms/WatchOS.platform/Developer/usr/bin/swift-plugin-server\#ObservationMacros -load-resolved-plugin /Applications/Xcode-27.0.0-Release.Candidate.app/Contents/Developer/Platforms/WatchOS.platform/Developer/usr/lib/swift/host/plugins/libSwiftMacros.dylib\#/Applications/Xcode-27.0.0-Release.Candidate.app/Contents/Developer/Platforms/WatchOS.platform/Developer/usr/bin/swift-plugin-server\#SwiftMacros -disable-implicit-swift-modules -Xcc -fno-implicit-modules -Xcc -fno-implicit-module-maps -explicit-swift-module-map-file /Users/admin/builder/spi-builder-workspace/.derivedData/Build/Intermediates.noindex/TeslaSwift.build/Debug-watchos/TeslaSwiftStreamingCombine-t.build/Objects-normal/arm64_32/TeslaSwiftStreamingCombine-dependencies-1.json -enable-objc-interop -sdk /Applications/Xcode-27.0.0-Release.Candidate.app/Contents/Developer/Platforms/WatchOS.platform/Developer/SDKs/WatchOS27.0.sdk -I /Users/admin/builder/spi-builder-workspace/.derivedData/Build/Products/Debug-watchos -Isystem /Applications/Xcode-27.0.0-Release.Candidate.app/Contents/Developer/Platforms/WatchOS.platform/Developer/usr/lib -F /Users/admin/builder/spi-builder-workspace/.derivedData/Build/Products/Debug-watchos/PackageFrameworks -F /Users/admin/builder/spi-builder-workspace/.derivedData/Build/Products/Debug-watchos -F /Applications/Xcode-27.0.0-Release.Candidate.app/Contents/Developer/Platforms/WatchOS.platform/Developer/Library/Frameworks -F /Applications/Xcode-27.0.0-Release.Candidate.app/Contents/Developer/Platforms/WatchOS.platform/Developer/SDKs/WatchOS27.0.sdk/Developer/Library/Frameworks -module-cache-path /Users/admin/builder/spi-builder-workspace/.derivedData/Build/Intermediates.noindex/SwiftExplicitPrecompiledModules -no-color-diagnostics -Xcc -fno-color-diagnostics -enable-testing -g -debug-info-format\=dwarf -dwarf-version\=4 -swift-version 5 -Onone -D SWIFT_PACKAGE -D DEBUG -D SWIFT_MODULE_RESOURCE_BUNDLE_UNAVAILABLE -D Xcode -serialize-debugging-options -enable-experimental-feature DebugDescriptionMacro -empty-abi-descriptor -validate-clang-modules-once -clang-build-session-file /Users/admin/builder/spi-builder-workspace/.derivedData/ModuleCache.noindex/Session.modulevalidation -Xcc -working-directory -Xcc /Users/admin/builder/spi-builder-workspace/.swiftpm/xcode -enable-anonymous-context-mangled-names -file-compilation-dir /Users/admin/builder/spi-builder-workspace/.swiftpm/xcode -Xcc -D_LIBCPP_HARDENING_MODE\=_LIBCPP_HARDENING_MODE_DEBUG -Xcc -ivfsstatcache -Xcc /Users/admin/builder/spi-builder-workspace/.derivedData/SDKStatCaches.noindex/watchos27.0-24R360-e829b21a6f8c9b70876ba0858053c04477534ef55a1706bf4c1112bbb242f0a2.sdkstatcache -Xcc -fmodules-prune-interval\=86400 -Xcc -fmodules-prune-after\=345600 -Xcc -I/Users/admin/builder/spi-builder-workspace/.derivedData/Build/Products/Debug-watchos/include -Xcc -I/Users/admin/builder/spi-builder-workspace/.derivedData/Build/Intermediates.noindex/TeslaSwift.build/Debug-watchos/TeslaSwiftStreamingCombine-t.build/DerivedSources-normal/arm64_32 -Xcc -I/Users/admin/builder/spi-builder-workspace/.derivedData/Build/Intermediates.noindex/TeslaSwift.build/Debug-watchos/TeslaSwiftStreamingCombine-t.build/DerivedSources/arm64_32 -Xcc -I/Users/admin/builder/spi-builder-workspace/.derivedData/Build/Intermediates.noindex/TeslaSwift.build/Debug-watchos/TeslaSwiftStreamingCombine-t.build/DerivedSources -Xcc -DSWIFT_PACKAGE -Xcc -DDEBUG\=1 -no-auto-bridging-header-chaining -module-name TeslaSwiftStreamingCombine -package-name spi_builder_workspace -const-gather-protocols-file /Users/admin/builder/spi-builder-workspace/.derivedData/Build/Intermediates.noindex/TeslaSwift.build/Debug-watchos/TeslaSwiftStreamingCombine-t.build/Objects-normal/arm64_32/TeslaSwiftStreamingCombine_const_extract_protocols.json -disable-clang-spi -clang-target arm64_32-apple-watchos27.0 -target-sdk-version 27.0 -target-sdk-name watchos27.0 -in-process-plugin-server-path /Applications/Xcode-27.0.0-Release.Candidate.app/Contents/Developer/Toolchains/XcodeDefault.xctoolchain/usr/lib/swift/host/libSwiftInProcPluginServer.dylib -emit-module-doc-path /Users/admin/builder/spi-builder-workspace/.derivedData/Build/Intermediates.noindex/TeslaSwift.build/Debug-watchos/TeslaSwiftStreamingCombine-t.build/Objects-normal/arm64_32/TeslaSwiftStreamingCombine.swiftdoc -emit-module-source-info-path /Users/admin/builder/spi-builder-workspace/.derivedData/Build/Intermediates.noindex/TeslaSwift.build/Debug-watchos/TeslaSwiftStreamingCombine-t.build/Objects-normal/arm64_32/TeslaSwiftStreamingCombine.swiftsourceinfo -emit-objc-header-path /Users/admin/builder/spi-builder-workspace/.derivedData/Build/Intermediates.noindex/TeslaSwift.build/Debug-watchos/TeslaSwiftStreamingCombine-t.build/Objects-normal/arm64_32/TeslaSwiftStreamingCombine-Swift.h -serialize-diagnostics-path /Users/admin/builder/spi-builder-workspace/.derivedData/Build/Intermediates.noindex/TeslaSwift.build/Debug-watchos/TeslaSwiftStreamingCombine-t.build/Objects-normal/arm64_32/TeslaSwiftStreamingCombine-primary-emit-module.dia -emit-dependencies-path /Users/admin/builder/spi-builder-workspace/.derivedData/Build/Intermediates.noindex/TeslaSwift.build/Debug-watchos/TeslaSwiftStreamingCombine-t.build/Objects-normal/arm64_32/TeslaSwiftStreamingCombine-primary-emit-module.d -parse-as-library -o /Users/admin/builder/spi-builder-workspace/.derivedData/Build/Intermediates.noindex/TeslaSwift.build/Debug-watchos/TeslaSwiftStreamingCombine-t.build/Objects-normal/arm64_32/TeslaSwiftStreamingCombine.swiftmodule -emit-abi-descriptor-path /Users/admin/builder/spi-builder-workspace/.derivedData/Build/Intermediates.noindex/TeslaSwift.build/Debug-watchos/TeslaSwiftStreamingCombine-t.build/Objects-normal/arm64_32/TeslaSwiftStreamingCombine.abi.json
SwiftEmitModule normal arm64 Emitting\ module\ for\ TeslaSwiftStreamingCombine (in target 'TeslaSwiftStreamingCombine' from project 'TeslaSwift')
/Users/admin/builder/spi-builder-workspace/Sources/Extensions/StreamingCombine/TeslaSwift+StreamingCombine.swift:12:11: error: cannot find type 'TeslaStreaming' in scope
10 | import TeslaSwift
11 |
12 | extension TeslaStreaming {
| `- error: cannot find type 'TeslaStreaming' in scope
13 | public func streamPublisher(vehicle: Vehicle) -> TeslaStreamingPublisher {
14 | return TeslaStreamingPublisher(vehicle: vehicle, stream: self)
Failed frontend command:
/Applications/Xcode-27.0.0-Release.Candidate.app/Contents/Developer/Toolchains/XcodeDefault.xctoolchain/usr/bin/swift-frontend -frontend -emit-module -experimental-skip-non-inlinable-function-bodies-without-types /Users/admin/builder/spi-builder-workspace/Sources/Extensions/StreamingCombine/TeslaSwift+StreamingCombine.swift -target arm64-apple-watchos9.0 -disable-cross-import-overlay-search -load-resolved-plugin /Applications/Xcode-27.0.0-Release.Candidate.app/Contents/Developer/Platforms/WatchOS.platform/Developer/usr/lib/swift/host/plugins/libFoundationMacros.dylib\#/Applications/Xcode-27.0.0-Release.Candidate.app/Contents/Developer/Platforms/WatchOS.platform/Developer/usr/bin/swift-plugin-server\#FoundationMacros -load-resolved-plugin /Applications/Xcode-27.0.0-Release.Candidate.app/Contents/Developer/Platforms/WatchOS.platform/Developer/usr/lib/swift/host/plugins/libObservationMacros.dylib\#/Applications/Xcode-27.0.0-Release.Candidate.app/Contents/Developer/Platforms/WatchOS.platform/Developer/usr/bin/swift-plugin-server\#ObservationMacros -load-resolved-plugin /Applications/Xcode-27.0.0-Release.Candidate.app/Contents/Developer/Platforms/WatchOS.platform/Developer/usr/lib/swift/host/plugins/libSwiftMacros.dylib\#/Applications/Xcode-27.0.0-Release.Candidate.app/Contents/Developer/Platforms/WatchOS.platform/Developer/usr/bin/swift-plugin-server\#SwiftMacros -disable-implicit-swift-modules -Xcc -fno-implicit-modules -Xcc -fno-implicit-module-maps -explicit-swift-module-map-file /Users/admin/builder/spi-builder-workspace/.derivedData/Build/Intermediates.noindex/TeslaSwift.build/Debug-watchos/TeslaSwiftStreamingCombine-t.build/Objects-normal/arm64/TeslaSwiftStreamingCombine-dependencies-2.json -Xllvm -aarch64-use-tbi -enable-objc-interop -stack-check -sdk /Applications/Xcode-27.0.0-Release.Candidate.app/Contents/Developer/Platforms/WatchOS.platform/Developer/SDKs/WatchOS27.0.sdk -I /Users/admin/builder/spi-builder-workspace/.derivedData/Build/Products/Debug-watchos -Isystem /Applications/Xcode-27.0.0-Release.Candidate.app/Contents/Developer/Platforms/WatchOS.platform/Developer/usr/lib -F /Users/admin/builder/spi-builder-workspace/.derivedData/Build/Products/Debug-watchos/PackageFrameworks -F /Users/admin/builder/spi-builder-workspace/.derivedData/Build/Products/Debug-watchos -F /Applications/Xcode-27.0.0-Release.Candidate.app/Contents/Developer/Platforms/WatchOS.platform/Developer/Library/Frameworks -F /Applications/Xcode-27.0.0-Release.Candidate.app/Contents/Developer/Platforms/WatchOS.platform/Developer/SDKs/WatchOS27.0.sdk/Developer/Library/Frameworks -module-cache-path /Users/admin/builder/spi-builder-workspace/.derivedData/Build/Intermediates.noindex/SwiftExplicitPrecompiledModules -no-color-diagnostics -Xcc -fno-color-diagnostics -enable-testing -g -debug-info-format\=dwarf -dwarf-version\=4 -swift-version 5 -Onone -D SWIFT_PACKAGE -D DEBUG -D SWIFT_MODULE_RESOURCE_BUNDLE_UNAVAILABLE -D Xcode -serialize-debugging-options -enable-experimental-feature DebugDescriptionMacro -empty-abi-descriptor -validate-clang-modules-once -clang-build-session-file /Users/admin/builder/spi-builder-workspace/.derivedData/ModuleCache.noindex/Session.modulevalidation -Xcc -working-directory -Xcc /Users/admin/builder/spi-builder-workspace/.swiftpm/xcode -enable-anonymous-context-mangled-names -file-compilation-dir /Users/admin/builder/spi-builder-workspace/.swiftpm/xcode -Xcc -D_LIBCPP_HARDENING_MODE\=_LIBCPP_HARDENING_MODE_DEBUG -Xcc -ivfsstatcache -Xcc /Users/admin/builder/spi-builder-workspace/.derivedData/SDKStatCaches.noindex/watchos27.0-24R360-e829b21a6f8c9b70876ba0858053c04477534ef55a1706bf4c1112bbb242f0a2.sdkstatcache -Xcc -fmodules-prune-interval\=86400 -Xcc -fmodules-prune-after\=345600 -Xcc -I/Users/admin/builder/spi-builder-workspace/.derivedData/Build/Products/Debug-watchos/include -Xcc -I/Users/admin/builder/spi-builder-workspace/.derivedData/Build/Intermediates.noindex/TeslaSwift.build/Debug-watchos/TeslaSwiftStreamingCombine-t.build/DerivedSources-normal/arm64 -Xcc -I/Users/admin/builder/spi-builder-workspace/.derivedData/Build/Intermediates.noindex/TeslaSwift.build/Debug-watchos/TeslaSwiftStreamingCombine-t.build/DerivedSources/arm64 -Xcc -I/Users/admin/builder/spi-builder-workspace/.derivedData/Build/Intermediates.noindex/TeslaSwift.build/Debug-watchos/TeslaSwiftStreamingCombine-t.build/DerivedSources -Xcc -DSWIFT_PACKAGE -Xcc -DDEBUG\=1 -no-auto-bridging-header-chaining -module-name TeslaSwiftStreamingCombine -package-name spi_builder_workspace -const-gather-protocols-file /Users/admin/builder/spi-builder-workspace/.derivedData/Build/Intermediates.noindex/TeslaSwift.build/Debug-watchos/TeslaSwiftStreamingCombine-t.build/Objects-normal/arm64/TeslaSwiftStreamingCombine_const_extract_protocols.json -disable-clang-spi -clang-target arm64-apple-watchos27.0 -target-sdk-version 27.0 -target-sdk-name watchos27.0 -in-process-plugin-server-path /Applications/Xcode-27.0.0-Release.Candidate.app/Contents/Developer/Toolchains/XcodeDefault.xctoolchain/usr/lib/swift/host/libSwiftInProcPluginServer.dylib -emit-module-doc-path /Users/admin/builder/spi-builder-workspace/.derivedData/Build/Intermediates.noindex/TeslaSwift.build/Debug-watchos/TeslaSwiftStreamingCombine-t.build/Objects-normal/arm64/TeslaSwiftStreamingCombine.swiftdoc -emit-module-source-info-path /Users/admin/builder/spi-builder-workspace/.derivedData/Build/Intermediates.noindex/TeslaSwift.build/Debug-watchos/TeslaSwiftStreamingCombine-t.build/Objects-normal/arm64/TeslaSwiftStreamingCombine.swiftsourceinfo -emit-objc-header-path /Users/admin/builder/spi-builder-workspace/.derivedData/Build/Intermediates.noindex/TeslaSwift.build/Debug-watchos/TeslaSwiftStreamingCombine-t.build/Objects-normal/arm64/TeslaSwiftStreamingCombine-Swift.h -serialize-diagnostics-path /Users/admin/builder/spi-builder-workspace/.derivedData/Build/Intermediates.noindex/TeslaSwift.build/Debug-watchos/TeslaSwiftStreamingCombine-t.build/Objects-normal/arm64/TeslaSwiftStreamingCombine-primary-emit-module.dia -emit-dependencies-path /Users/admin/builder/spi-builder-workspace/.derivedData/Build/Intermediates.noindex/TeslaSwift.build/Debug-watchos/TeslaSwiftStreamingCombine-t.build/Objects-normal/arm64/TeslaSwiftStreamingCombine-primary-emit-module.d -parse-as-library -o /Users/admin/builder/spi-builder-workspace/.derivedData/Build/Intermediates.noindex/TeslaSwift.build/Debug-watchos/TeslaSwiftStreamingCombine-t.build/Objects-normal/arm64/TeslaSwiftStreamingCombine.swiftmodule -emit-abi-descriptor-path /Users/admin/builder/spi-builder-workspace/.derivedData/Build/Intermediates.noindex/TeslaSwift.build/Debug-watchos/TeslaSwiftStreamingCombine-t.build/Objects-normal/arm64/TeslaSwiftStreamingCombine.abi.json
SwiftCompile normal arm64 (in target 'TeslaSwiftStreamingCombine' from project 'TeslaSwift')
cd /Users/admin/builder/spi-builder-workspace/.swiftpm/xcode
SwiftCompile normal arm64_32 Compiling\ TeslaSwift+StreamingCombine.swift /Users/admin/builder/spi-builder-workspace/Sources/Extensions/StreamingCombine/TeslaSwift+StreamingCombine.swift (in target 'TeslaSwiftStreamingCombine' from project 'TeslaSwift')
SwiftCompile normal arm64_32 /Users/admin/builder/spi-builder-workspace/Sources/Extensions/StreamingCombine/TeslaSwift+StreamingCombine.swift (in target 'TeslaSwiftStreamingCombine' from project 'TeslaSwift')
cd /Users/admin/builder/spi-builder-workspace/.swiftpm/xcode
builtin-SwiftPerFileCompile TeslaSwift+StreamingCombine.swift
/Users/admin/builder/spi-builder-workspace/Sources/Extensions/StreamingCombine/TeslaSwift+StreamingCombine.swift:12:11: error: cannot find type 'TeslaStreaming' in scope
10 | import TeslaSwift
11 |
12 | extension TeslaStreaming {
| `- error: cannot find type 'TeslaStreaming' in scope
13 | public func streamPublisher(vehicle: Vehicle) -> TeslaStreamingPublisher {
14 | return TeslaStreamingPublisher(vehicle: vehicle, stream: self)
/Users/admin/builder/spi-builder-workspace/Sources/Extensions/StreamingCombine/TeslaSwift+StreamingCombine.swift:13:54: error: cannot find type 'TeslaStreamingPublisher' in scope
11 |
12 | extension TeslaStreaming {
13 | public func streamPublisher(vehicle: Vehicle) -> TeslaStreamingPublisher {
| `- error: cannot find type 'TeslaStreamingPublisher' in scope
14 | return TeslaStreamingPublisher(vehicle: vehicle, stream: self)
15 | }
/Users/admin/builder/spi-builder-workspace/Sources/Extensions/StreamingCombine/TeslaSwift+StreamingCombine.swift:18:35: error: cannot find type 'TeslaStreamingEvent' in scope
16 |
17 | public struct TeslaStreamingPublisher: Publisher, Cancellable {
18 | public typealias Output = TeslaStreamingEvent
| `- error: cannot find type 'TeslaStreamingEvent' in scope
19 | public typealias Failure = Error
20 |
/Users/admin/builder/spi-builder-workspace/Sources/Extensions/StreamingCombine/TeslaSwift+StreamingCombine.swift:22:21: error: cannot find type 'TeslaStreaming' in scope
20 |
21 | let vehicle: Vehicle
22 | let stream: TeslaStreaming
| `- error: cannot find type 'TeslaStreaming' in scope
23 |
24 | init(vehicle: Vehicle, stream: TeslaStreaming) {
/Users/admin/builder/spi-builder-workspace/Sources/Extensions/StreamingCombine/TeslaSwift+StreamingCombine.swift:24:40: error: cannot find type 'TeslaStreaming' in scope
22 | let stream: TeslaStreaming
23 |
24 | init(vehicle: Vehicle, stream: TeslaStreaming) {
| `- error: cannot find type 'TeslaStreaming' in scope
25 | self.vehicle = vehicle
26 | self.stream = stream
/Users/admin/builder/spi-builder-workspace/Sources/Extensions/StreamingCombine/TeslaSwift+StreamingCombine.swift:29:68: error: cannot find type 'TeslaStreamingPublisher' in scope
27 | }
28 |
29 | public func receive<S>(subscriber: S) where S: Subscriber, TeslaStreamingPublisher.Failure == S.Failure, TeslaStreamingPublisher.Output == S.Input {
| `- error: cannot find type 'TeslaStreamingPublisher' in scope
30 |
31 | Task {
SwiftCompile normal arm64 Compiling\ TeslaSwift+StreamingCombine.swift /Users/admin/builder/spi-builder-workspace/Sources/Extensions/StreamingCombine/TeslaSwift+StreamingCombine.swift (in target 'TeslaSwiftStreamingCombine' from project 'TeslaSwift')
SwiftCompile normal arm64 /Users/admin/builder/spi-builder-workspace/Sources/Extensions/StreamingCombine/TeslaSwift+StreamingCombine.swift (in target 'TeslaSwiftStreamingCombine' from project 'TeslaSwift')
cd /Users/admin/builder/spi-builder-workspace/.swiftpm/xcode
builtin-SwiftPerFileCompile TeslaSwift+StreamingCombine.swift
/Users/admin/builder/spi-builder-workspace/Sources/Extensions/StreamingCombine/TeslaSwift+StreamingCombine.swift:12:11: error: cannot find type 'TeslaStreaming' in scope
10 | import TeslaSwift
11 |
12 | extension TeslaStreaming {
| `- error: cannot find type 'TeslaStreaming' in scope
13 | public func streamPublisher(vehicle: Vehicle) -> TeslaStreamingPublisher {
14 | return TeslaStreamingPublisher(vehicle: vehicle, stream: self)
/Users/admin/builder/spi-builder-workspace/Sources/Extensions/StreamingCombine/TeslaSwift+StreamingCombine.swift:13:54: error: cannot find type 'TeslaStreamingPublisher' in scope
11 |
12 | extension TeslaStreaming {
13 | public func streamPublisher(vehicle: Vehicle) -> TeslaStreamingPublisher {
| `- error: cannot find type 'TeslaStreamingPublisher' in scope
14 | return TeslaStreamingPublisher(vehicle: vehicle, stream: self)
15 | }
/Users/admin/builder/spi-builder-workspace/Sources/Extensions/StreamingCombine/TeslaSwift+StreamingCombine.swift:18:35: error: cannot find type 'TeslaStreamingEvent' in scope
16 |
17 | public struct TeslaStreamingPublisher: Publisher, Cancellable {
18 | public typealias Output = TeslaStreamingEvent
| `- error: cannot find type 'TeslaStreamingEvent' in scope
19 | public typealias Failure = Error
20 |
/Users/admin/builder/spi-builder-workspace/Sources/Extensions/StreamingCombine/TeslaSwift+StreamingCombine.swift:22:21: error: cannot find type 'TeslaStreaming' in scope
20 |
21 | let vehicle: Vehicle
22 | let stream: TeslaStreaming
| `- error: cannot find type 'TeslaStreaming' in scope
23 |
24 | init(vehicle: Vehicle, stream: TeslaStreaming) {
/Users/admin/builder/spi-builder-workspace/Sources/Extensions/StreamingCombine/TeslaSwift+StreamingCombine.swift:24:40: error: cannot find type 'TeslaStreaming' in scope
22 | let stream: TeslaStreaming
23 |
24 | init(vehicle: Vehicle, stream: TeslaStreaming) {
| `- error: cannot find type 'TeslaStreaming' in scope
25 | self.vehicle = vehicle
26 | self.stream = stream
/Users/admin/builder/spi-builder-workspace/Sources/Extensions/StreamingCombine/TeslaSwift+StreamingCombine.swift:29:68: error: cannot find type 'TeslaStreamingPublisher' in scope
27 | }
28 |
29 | public func receive<S>(subscriber: S) where S: Subscriber, TeslaStreamingPublisher.Failure == S.Failure, TeslaStreamingPublisher.Output == S.Input {
| `- error: cannot find type 'TeslaStreamingPublisher' in scope
30 |
31 | Task {
PruneExplicitPrecompiledModules /Users/admin/builder/spi-builder-workspace/.derivedData/Build/Intermediates.noindex/SwiftExplicitPrecompiledModules
PruneExplicitPrecompiledModules /Users/admin/builder/spi-builder-workspace/.derivedData/SDKExplicitPrecompiledModules
PruneExplicitPrecompiledModules /Users/admin/builder/spi-builder-workspace/.derivedData/Build/Intermediates.noindex/ExplicitPrecompiledModules
2026-09-22 13:45:47.798 xcodebuild[891:5577] [MT] IDERunDestination: Supported platforms for the buildables in the current scheme is empty.
2026-09-22 13:45:47.900 xcodebuild[891:5577] [MT] IDERunDestination: Supported platforms for the buildables in the current scheme is empty.
** BUILD FAILED **
The following build commands failed:
SwiftCompile normal arm64_32 (in target 'TeslaSwiftStreamingCombine' from project 'TeslaSwift')
SwiftEmitModule normal arm64_32 Emitting\ module\ for\ TeslaSwiftStreamingCombine (in target 'TeslaSwiftStreamingCombine' from project 'TeslaSwift')
SwiftEmitModule normal arm64 Emitting\ module\ for\ TeslaSwiftStreamingCombine (in target 'TeslaSwiftStreamingCombine' from project 'TeslaSwift')
SwiftCompile normal arm64 (in target 'TeslaSwiftStreamingCombine' from project 'TeslaSwift')
Building workspace TeslaSwift with scheme TeslaSwift-Package
(5 failures)
BUILD FAILURE 6.4 watchOS