Build Information
Failed to build RoomEngine, reference 4.3.0 (fb3eb7), with Swift 6.2 for watchOS using Xcode 26.3 on 1 Oct 2026 01:14:23 UTC.
Build Command
env DEVELOPER_DIR=/Applications/Xcode-26.3.0.app xcrun xcodebuild -IDEClonedSourcePackagesDirPathOverride=$PWD/.dependencies -skipMacroValidation -skipPackagePluginValidation -derivedDataPath $PWD/.derivedData build -scheme RoomEngine -destination generic/platform=watchOSBuild Log
========================================
RunAll
========================================
Builder version: 5.1.1
Interrupt handler set up.
========================================
Checkout
========================================
Clone URL: https://github.com/Tencent-RTC/RTCRoomEngine_SwiftPM.git
Reference: 4.3.0
Initialized empty Git repository in /Users/admin/builder/spi-builder-workspace/.git/
From https://github.com/Tencent-RTC/RTCRoomEngine_SwiftPM
* tag 4.3.0 -> FETCH_HEAD
HEAD is now at fb3eb71 release 4.3.0
Cloned https://github.com/Tencent-RTC/RTCRoomEngine_SwiftPM.git
Revision (git rev-parse @):
fb3eb71e81492e23c0e19448d8a1d5eefa54a047
SUCCESS checkout https://github.com/Tencent-RTC/RTCRoomEngine_SwiftPM.git at 4.3.0
========================================
Build
========================================
Selected platform: watchOS
Swift version: 6.2
Building package at path: $PWD
https://github.com/Tencent-RTC/RTCRoomEngine_SwiftPM.git
Command line invocation:
/Applications/Xcode-26.3.0.app/Contents/Developer/usr/bin/xcodebuild -IDEClonedSourcePackagesDirPathOverride=/Users/admin/builder/spi-builder-workspace/.dependencies -resolvePackageDependencies
Resolve Package Graph
Fetching from https://github.com/Tencent-RTC/Chat_SDK_SwiftPM.git
Fetching from https://github.com/Tencent-RTC/Professional_SwiftPM.git
Creating working copy of package ‘Professional_SwiftPM’
Checking out 13.3.20845 of package ‘Professional_SwiftPM’
Creating working copy of package ‘Chat_SDK_SwiftPM’
Checking out 9.0.7652 of package ‘Chat_SDK_SwiftPM’
Resolve Package Graph
Resolved source packages:
Chat_SDK_SwiftPM: https://github.com/Tencent-RTC/Chat_SDK_SwiftPM.git @ 9.0.7652
RoomEngine: /Users/admin/builder/spi-builder-workspace
Professional_SwiftPM: https://github.com/Tencent-RTC/Professional_SwiftPM.git @ 13.3.20845
resolved source packages: Chat_SDK_SwiftPM, RoomEngine, Professional_SwiftPM
2026-09-30 21:13:57.979 xcodebuild[538:3120] [MT] IDERunDestination: Supported platforms for the buildables in the current scheme is empty.
{
"dependencies" : [
{
"identity" : "chat_sdk_swiftpm",
"requirement" : {
"range" : [
{
"lower_bound" : "9.0.7652",
"upper_bound" : "10.0.0"
}
]
},
"type" : "sourceControl",
"url" : "https://github.com/Tencent-RTC/Chat_SDK_SwiftPM.git"
},
{
"identity" : "professional_swiftpm",
"requirement" : {
"range" : [
{
"lower_bound" : "13.3.20845",
"upper_bound" : "14.0.0"
}
]
},
"type" : "sourceControl",
"url" : "https://github.com/Tencent-RTC/Professional_SwiftPM.git"
}
],
"manifest_display_name" : "RoomEngine",
"name" : "RoomEngine",
"path" : "/Users/admin/builder/spi-builder-workspace",
"platforms" : [
{
"name" : "ios",
"version" : "13.0"
}
],
"products" : [
{
"name" : "RoomEngine",
"targets" : [
"RTCRoomEngineBinary",
"RoomEngineDeps"
],
"type" : {
"library" : [
"automatic"
]
}
}
],
"targets" : [
{
"c99name" : "RoomEngineDeps",
"module_type" : "SwiftTarget",
"name" : "RoomEngineDeps",
"path" : "Sources/Deps",
"product_dependencies" : [
"Chat_SDK_SwiftPM",
"Professional_SwiftPM"
],
"product_memberships" : [
"RoomEngine"
],
"sources" : [
"Deps.swift"
],
"type" : "library"
},
{
"c99name" : "RTCRoomEngineBinary",
"module_type" : "BinaryTarget",
"name" : "RTCRoomEngineBinary",
"path" : "remote/archive/RTCRoomEngine_iOS_4.3.0.49_SDK.zip",
"product_memberships" : [
"RoomEngine"
],
"sources" : [
],
"type" : "binary"
}
],
"tools_version" : "6.0"
}
{
"workspace" : {
"name" : "spi-builder-workspace",
"schemes" : [
"RoomEngine"
]
}
}
2026-09-30 21:14:16.297 xcodebuild[819:4674] [MT] IDERunDestination: Supported platforms for the buildables in the current scheme is empty.
Running build ...
env DEVELOPER_DIR=/Applications/Xcode-26.3.0.app xcrun xcodebuild -IDEClonedSourcePackagesDirPathOverride=$PWD/.dependencies -skipMacroValidation -skipPackagePluginValidation -derivedDataPath $PWD/.derivedData build -scheme RoomEngine -destination generic/platform=watchOS
Command line invocation:
/Applications/Xcode-26.3.0.app/Contents/Developer/usr/bin/xcodebuild -IDEClonedSourcePackagesDirPathOverride=/Users/admin/builder/spi-builder-workspace/.dependencies -skipMacroValidation -skipPackagePluginValidation -derivedDataPath /Users/admin/builder/spi-builder-workspace/.derivedData build -scheme RoomEngine -destination generic/platform=watchOS
Resolve Package Graph
Resolve Package Graph
Resolved source packages:
Professional_SwiftPM: https://github.com/Tencent-RTC/Professional_SwiftPM.git @ 13.3.20845
RoomEngine: /Users/admin/builder/spi-builder-workspace
Chat_SDK_SwiftPM: https://github.com/Tencent-RTC/Chat_SDK_SwiftPM.git @ 9.0.7652
2026-09-30 21:14:18.651 xcodebuild[827:4741] [MT] IDERunDestination: Supported platforms for the buildables in the current scheme is empty.
2026-09-30 21:14:18.728 xcodebuild[827:4741] [MT] DVTAssertions: Warning in IDEFrameworks/IDEFoundation/Execution/RunContextManager/IDERunContextManager.m:926
Details: Error deleting scheme: Cannot modify data because the process disallows saving.
Object: <IDERunContextManager: 0x9c8579080>
Method: -deleteRunContexts:completionQueue:completionBlock:
Thread: <_NSMainThread: 0x102ca17f0>{number = 1, name = main}
Please file a bug at https://feedbackassistant.apple.com with this warning message and any useful information you can provide.
2026-09-30 21:14:18.729 xcodebuild[827:4741] could not delete old scheme: Error Domain=DVTCustomDataStoringErrors Code=0 "Cannot modify data because the process disallows saving." UserInfo={NSLocalizedDescription=Cannot modify data because the process disallows saving.}
2026-09-30 21:14:18.730 xcodebuild[827:4741] Writing error result bundle to /var/folders/xq/y_g06wb113726d38xsyx71_h0000gn/T/ResultBundle_2026-30-09_21-14-0018.xcresult
xcodebuild: error: The workspace named "spi-builder-workspace" does not contain a scheme named "RoomEngine". The "-list" option can be used to find the names of the schemes in the workspace.
Command line invocation:
/Applications/Xcode-26.3.0.app/Contents/Developer/usr/bin/xcodebuild -IDEClonedSourcePackagesDirPathOverride=/Users/admin/builder/spi-builder-workspace/.dependencies -resolvePackageDependencies
Resolve Package Graph
Resolved source packages:
Chat_SDK_SwiftPM: https://github.com/Tencent-RTC/Chat_SDK_SwiftPM.git @ 9.0.7652
RoomEngine: /Users/admin/builder/spi-builder-workspace
Professional_SwiftPM: https://github.com/Tencent-RTC/Professional_SwiftPM.git @ 13.3.20845
resolved source packages: Chat_SDK_SwiftPM, RoomEngine, Professional_SwiftPM
2026-09-30 21:14:19.667 xcodebuild[865:4930] [MT] IDERunDestination: Supported platforms for the buildables in the current scheme is empty.
{
"dependencies" : [
{
"identity" : "chat_sdk_swiftpm",
"requirement" : {
"range" : [
{
"lower_bound" : "9.0.7652",
"upper_bound" : "10.0.0"
}
]
},
"type" : "sourceControl",
"url" : "https://github.com/Tencent-RTC/Chat_SDK_SwiftPM.git"
},
{
"identity" : "professional_swiftpm",
"requirement" : {
"range" : [
{
"lower_bound" : "13.3.20845",
"upper_bound" : "14.0.0"
}
]
},
"type" : "sourceControl",
"url" : "https://github.com/Tencent-RTC/Professional_SwiftPM.git"
}
],
"manifest_display_name" : "RoomEngine",
"name" : "RoomEngine",
"path" : "/Users/admin/builder/spi-builder-workspace",
"platforms" : [
{
"name" : "ios",
"version" : "13.0"
}
],
"products" : [
{
"name" : "RoomEngine",
"targets" : [
"RTCRoomEngineBinary",
"RoomEngineDeps"
],
"type" : {
"library" : [
"automatic"
]
}
}
],
"targets" : [
{
"c99name" : "RoomEngineDeps",
"module_type" : "SwiftTarget",
"name" : "RoomEngineDeps",
"path" : "Sources/Deps",
"product_dependencies" : [
"Chat_SDK_SwiftPM",
"Professional_SwiftPM"
],
"product_memberships" : [
"RoomEngine"
],
"sources" : [
"Deps.swift"
],
"type" : "library"
},
{
"c99name" : "RTCRoomEngineBinary",
"module_type" : "BinaryTarget",
"name" : "RTCRoomEngineBinary",
"path" : "remote/archive/RTCRoomEngine_iOS_4.3.0.49_SDK.zip",
"product_memberships" : [
"RoomEngine"
],
"sources" : [
],
"type" : "binary"
}
],
"tools_version" : "6.0"
}
{
"workspace" : {
"name" : "spi-builder-workspace",
"schemes" : [
"RoomEngine"
]
}
}
2026-09-30 21:14:20.778 xcodebuild[879:5010] [MT] IDERunDestination: Supported platforms for the buildables in the current scheme is empty.
Running build ...
env DEVELOPER_DIR=/Applications/Xcode-26.3.0.app xcrun xcodebuild -IDEClonedSourcePackagesDirPathOverride=$PWD/.dependencies -skipMacroValidation -skipPackagePluginValidation -derivedDataPath $PWD/.derivedData build -scheme RoomEngine -destination generic/platform=watchOS
Command line invocation:
/Applications/Xcode-26.3.0.app/Contents/Developer/usr/bin/xcodebuild -IDEClonedSourcePackagesDirPathOverride=/Users/admin/builder/spi-builder-workspace/.dependencies -skipMacroValidation -skipPackagePluginValidation -derivedDataPath /Users/admin/builder/spi-builder-workspace/.derivedData build -scheme RoomEngine -destination generic/platform=watchOS
Resolve Package Graph
Resolved source packages:
RoomEngine: /Users/admin/builder/spi-builder-workspace
Professional_SwiftPM: https://github.com/Tencent-RTC/Professional_SwiftPM.git @ 13.3.20845
Chat_SDK_SwiftPM: https://github.com/Tencent-RTC/Chat_SDK_SwiftPM.git @ 9.0.7652
ComputePackagePrebuildTargetDependencyGraph
Prepare packages
CreateBuildRequest
SendProjectDescription
CreateBuildOperation
ComputeTargetDependencyGraph
note: Building targets in dependency order
note: Target dependency graph (5 targets)
Target 'RoomEngine' in project 'RoomEngine'
➜ Explicit dependency on target 'RoomEngineDeps' in project 'RoomEngine'
➜ Explicit dependency on target 'Chat_SDK_SwiftPM' in project 'Chat_SDK_SwiftPM'
➜ Explicit dependency on target 'Professional_SwiftPM' in project 'Professional_SwiftPM'
Target 'RoomEngineDeps' in project 'RoomEngine'
➜ Explicit dependency on target 'Chat_SDK_SwiftPM' in project 'Chat_SDK_SwiftPM'
➜ Explicit dependency on target 'Professional_SwiftPM' in project 'Professional_SwiftPM'
Target 'Professional_SwiftPM' in project 'Professional_SwiftPM'
➜ Explicit dependency on target 'Professional_SwiftPM' in project 'Professional_SwiftPM'
Target 'Professional_SwiftPM' in project 'Professional_SwiftPM' (no dependencies)
Target 'Chat_SDK_SwiftPM' in project 'Chat_SDK_SwiftPM' (no dependencies)
GatherProvisioningInputs
CreateBuildDescription
ExecuteExternalTool /Applications/Xcode-26.3.0.app/Contents/Developer/Toolchains/XcodeDefault.xctoolchain/usr/bin/clang -v -E -dM -isysroot /Applications/Xcode-26.3.0.app/Contents/Developer/Platforms/WatchOS.platform/Developer/SDKs/WatchOS26.2.sdk -x c -c /dev/null
ExecuteExternalTool /Applications/Xcode-26.3.0.app/Contents/Developer/Toolchains/XcodeDefault.xctoolchain/usr/bin/swiftc --version
ExecuteExternalTool /Applications/Xcode-26.3.0.app/Contents/Developer/Toolchains/XcodeDefault.xctoolchain/usr/bin/ld -version_details
Build description signature: ad96cdff86cccfdd0cd581b89a085fa2
Build description path: /Users/admin/builder/spi-builder-workspace/.derivedData/Build/Intermediates.noindex/XCBuildData/ad96cdff86cccfdd0cd581b89a085fa2.xcbuilddata
/Users/admin/builder/spi-builder-workspace/.dependencies/artifacts/chat_sdk_swiftpm/ImSDK_Plus_xcframework/ImSDK_Plus.xcframework:1:1: error: While building for watchOS, no library for this platform was found in '/Users/admin/builder/spi-builder-workspace/.dependencies/artifacts/chat_sdk_swiftpm/ImSDK_Plus_xcframework/ImSDK_Plus.xcframework'. (in target 'Chat_SDK_SwiftPM' from project 'Chat_SDK_SwiftPM')
/Users/admin/builder/spi-builder-workspace/.dependencies/artifacts/spi-builder-workspace/RTCRoomEngineBinary/RTCRoomEngine.xcframework:1:1: error: While building for watchOS, no library for this platform was found in '/Users/admin/builder/spi-builder-workspace/.dependencies/artifacts/spi-builder-workspace/RTCRoomEngineBinary/RTCRoomEngine.xcframework'. (in target 'RoomEngine' from project 'RoomEngine')
/Users/admin/builder/spi-builder-workspace/.dependencies/artifacts/chat_sdk_swiftpm/ImSDK_Plus_xcframework/ImSDK_Plus.xcframework:1:1: error: While building for watchOS, no library for this platform was found in '/Users/admin/builder/spi-builder-workspace/.dependencies/artifacts/chat_sdk_swiftpm/ImSDK_Plus_xcframework/ImSDK_Plus.xcframework'. (in target 'RoomEngine' from project 'RoomEngine')
/Users/admin/builder/spi-builder-workspace/.dependencies/artifacts/chat_sdk_swiftpm/ImSDK_Plus_xcframework/ImSDK_Plus.xcframework:1:1: error: While building for watchOS, no library for this platform was found in '/Users/admin/builder/spi-builder-workspace/.dependencies/artifacts/chat_sdk_swiftpm/ImSDK_Plus_xcframework/ImSDK_Plus.xcframework'. (in target 'RoomEngine' from project 'RoomEngine')
/Users/admin/builder/spi-builder-workspace/.dependencies/artifacts/professional_swiftpm/TXLiteAVSDK_Professional/TXLiteAVSDK_Professional.xcframework:1:1: error: While building for watchOS, no library for this platform was found in '/Users/admin/builder/spi-builder-workspace/.dependencies/artifacts/professional_swiftpm/TXLiteAVSDK_Professional/TXLiteAVSDK_Professional.xcframework'. (in target 'RoomEngine' from project 'RoomEngine')
/Users/admin/builder/spi-builder-workspace/.dependencies/artifacts/professional_swiftpm/TXFFmpeg/TXFFmpeg.xcframework:1:1: error: While building for watchOS, no library for this platform was found in '/Users/admin/builder/spi-builder-workspace/.dependencies/artifacts/professional_swiftpm/TXFFmpeg/TXFFmpeg.xcframework'. (in target 'RoomEngine' from project 'RoomEngine')
/Users/admin/builder/spi-builder-workspace/.dependencies/artifacts/professional_swiftpm/TXSoundTouch/TXSoundTouch.xcframework:1:1: error: While building for watchOS, no library for this platform was found in '/Users/admin/builder/spi-builder-workspace/.dependencies/artifacts/professional_swiftpm/TXSoundTouch/TXSoundTouch.xcframework'. (in target 'RoomEngine' from project 'RoomEngine')
/Users/admin/builder/spi-builder-workspace/.dependencies/artifacts/professional_swiftpm/TXLiteAVSDK_Professional/TXLiteAVSDK_Professional.xcframework:1:1: error: While building for watchOS, no library for this platform was found in '/Users/admin/builder/spi-builder-workspace/.dependencies/artifacts/professional_swiftpm/TXLiteAVSDK_Professional/TXLiteAVSDK_Professional.xcframework'. (in target 'Professional_SwiftPM' from project 'Professional_SwiftPM')
/Users/admin/builder/spi-builder-workspace/.dependencies/artifacts/professional_swiftpm/TXFFmpeg/TXFFmpeg.xcframework:1:1: error: While building for watchOS, no library for this platform was found in '/Users/admin/builder/spi-builder-workspace/.dependencies/artifacts/professional_swiftpm/TXFFmpeg/TXFFmpeg.xcframework'. (in target 'Professional_SwiftPM' from project 'Professional_SwiftPM')
/Users/admin/builder/spi-builder-workspace/.dependencies/artifacts/professional_swiftpm/TXSoundTouch/TXSoundTouch.xcframework:1:1: error: While building for watchOS, no library for this platform was found in '/Users/admin/builder/spi-builder-workspace/.dependencies/artifacts/professional_swiftpm/TXSoundTouch/TXSoundTouch.xcframework'. (in target 'Professional_SwiftPM' from project 'Professional_SwiftPM')
/Users/admin/builder/spi-builder-workspace/.dependencies/artifacts/chat_sdk_swiftpm/ImSDK_Plus_xcframework/ImSDK_Plus.xcframework:1:1: error: While building for watchOS, no library for this platform was found in '/Users/admin/builder/spi-builder-workspace/.dependencies/artifacts/chat_sdk_swiftpm/ImSDK_Plus_xcframework/ImSDK_Plus.xcframework'. (in target 'RoomEngineDeps' from project 'RoomEngine')
/Users/admin/builder/spi-builder-workspace/.dependencies/artifacts/professional_swiftpm/TXLiteAVSDK_Professional/TXLiteAVSDK_Professional.xcframework:1:1: error: While building for watchOS, no library for this platform was found in '/Users/admin/builder/spi-builder-workspace/.dependencies/artifacts/professional_swiftpm/TXLiteAVSDK_Professional/TXLiteAVSDK_Professional.xcframework'. (in target 'Professional_SwiftPM' from project 'Professional_SwiftPM')
/Users/admin/builder/spi-builder-workspace/.dependencies/artifacts/professional_swiftpm/TXFFmpeg/TXFFmpeg.xcframework:1:1: error: While building for watchOS, no library for this platform was found in '/Users/admin/builder/spi-builder-workspace/.dependencies/artifacts/professional_swiftpm/TXFFmpeg/TXFFmpeg.xcframework'. (in target 'Professional_SwiftPM' from project 'Professional_SwiftPM')
/Users/admin/builder/spi-builder-workspace/.dependencies/artifacts/professional_swiftpm/TXSoundTouch/TXSoundTouch.xcframework:1:1: error: While building for watchOS, no library for this platform was found in '/Users/admin/builder/spi-builder-workspace/.dependencies/artifacts/professional_swiftpm/TXSoundTouch/TXSoundTouch.xcframework'. (in target 'Professional_SwiftPM' from project 'Professional_SwiftPM')
2026-09-30 21:14:21.666 xcodebuild[887:5058] [MT] IDERunDestination: Supported platforms for the buildables in the current scheme is empty.
** BUILD FAILED **
The following build commands failed:
Building workspace spi-builder-workspace with scheme RoomEngine
(1 failure)
BUILD FAILURE 6.2 watchOS