Build Information
Failed to build SpeziSensorKit, reference 0.6.3 (8addfd), with Swift 6.4 for watchOS using Xcode 27.0 on 24 Sep 2026 17:30:32 UTC.
Build Command
env DEVELOPER_DIR=/Applications/Xcode-27.0.0-Release.Candidate.app xcrun xcodebuild -IDEClonedSourcePackagesDirPathOverride=$PWD/.dependencies -skipMacroValidation -skipPackagePluginValidation -derivedDataPath $PWD/.derivedData build -scheme SpeziSensorKit -destination generic/platform=watchOSBuild Log
2026-09-24 13:30:21.614 appintentsmetadataprocessor[2023:10151] Starting appintentsmetadataprocessor export
2026-09-24 13:30:21.675 appintentsmetadataprocessor[2023:10151] Extracted no relevant App Intents symbols, skipping writing output
SwiftExplicitDependencyGeneratePcm arm64 /Users/admin/builder/spi-builder-workspace/.derivedData/SDKExplicitPrecompiledModules/LocalAuthentication-B2TFMTPZVFFVZ7Y4SFJ4HJEBL.pcm
SwiftExplicitDependencyGeneratePcm arm64_32 /Users/admin/builder/spi-builder-workspace/.derivedData/SDKExplicitPrecompiledModules/LocalAuthentication-1XZC5548OHHHWETB1RPNV8QDG.pcm
SwiftEmitModule normal arm64 Emitting\ module\ for\ SpeziKeychainStorage (in target 'SpeziKeychainStorage' from project 'SpeziStorage')
SwiftCompile normal arm64 (in target 'SpeziKeychainStorage' from project 'SpeziStorage')
cd /Users/admin/builder/spi-builder-workspace/.swiftpm/xcode
SwiftCompile normal arm64 Compiling\ KeychainStorage.swift /Users/admin/builder/spi-builder-workspace/.dependencies/checkouts/SpeziStorage/Sources/SpeziKeychainStorage/KeychainStorage.swift (in target 'SpeziKeychainStorage' from project 'SpeziStorage')
SwiftCompile normal arm64 (in target 'SpeziKeychainStorage' from project 'SpeziStorage')
cd /Users/admin/builder/spi-builder-workspace/.swiftpm/xcode
SwiftCompile normal arm64 Compiling\ KeychainStorage+CryptographicKeys.swift /Users/admin/builder/spi-builder-workspace/.dependencies/checkouts/SpeziStorage/Sources/SpeziKeychainStorage/CryptographicKeys/KeychainStorage+CryptographicKeys.swift (in target 'SpeziKeychainStorage' from project 'SpeziStorage')
SwiftCompile normal arm64 /Users/admin/builder/spi-builder-workspace/.dependencies/checkouts/SpeziStorage/Sources/SpeziKeychainStorage/CryptographicKeys/KeychainStorage+CryptographicKeys.swift (in target 'SpeziKeychainStorage' from project 'SpeziStorage')
cd /Users/admin/builder/spi-builder-workspace/.swiftpm/xcode
builtin-SwiftPerFileCompile KeychainStorage+CryptographicKeys.swift
SwiftCompile normal arm64 Compiling\ SecKey+Extensions.swift /Users/admin/builder/spi-builder-workspace/.dependencies/checkouts/SpeziStorage/Sources/SpeziKeychainStorage/CryptographicKeys/SecKey+Extensions.swift (in target 'SpeziKeychainStorage' from project 'SpeziStorage')
SwiftCompile normal arm64 /Users/admin/builder/spi-builder-workspace/.dependencies/checkouts/SpeziStorage/Sources/SpeziKeychainStorage/CryptographicKeys/SecKey+Extensions.swift (in target 'SpeziKeychainStorage' from project 'SpeziStorage')
cd /Users/admin/builder/spi-builder-workspace/.swiftpm/xcode
builtin-SwiftPerFileCompile SecKey+Extensions.swift
SwiftCompile normal arm64 Compiling\ KeychainItemStorageOption.swift /Users/admin/builder/spi-builder-workspace/.dependencies/checkouts/SpeziStorage/Sources/SpeziKeychainStorage/KeychainItemStorageOption.swift (in target 'SpeziKeychainStorage' from project 'SpeziStorage')
SwiftCompile normal arm64 /Users/admin/builder/spi-builder-workspace/.dependencies/checkouts/SpeziStorage/Sources/SpeziKeychainStorage/KeychainItemStorageOption.swift (in target 'SpeziKeychainStorage' from project 'SpeziStorage')
cd /Users/admin/builder/spi-builder-workspace/.swiftpm/xcode
builtin-SwiftPerFileCompile KeychainItemStorageOption.swift
SwiftCompile normal arm64 Compiling\ KeychainItemAccessibility.swift /Users/admin/builder/spi-builder-workspace/.dependencies/checkouts/SpeziStorage/Sources/SpeziKeychainStorage/KeychainItemAccessibility.swift (in target 'SpeziKeychainStorage' from project 'SpeziStorage')
SwiftCompile normal arm64 /Users/admin/builder/spi-builder-workspace/.dependencies/checkouts/SpeziStorage/Sources/SpeziKeychainStorage/KeychainItemAccessibility.swift (in target 'SpeziKeychainStorage' from project 'SpeziStorage')
cd /Users/admin/builder/spi-builder-workspace/.swiftpm/xcode
builtin-SwiftPerFileCompile KeychainItemAccessibility.swift
SwiftCompile normal arm64 Compiling\ CryptographicKeyTag.swift /Users/admin/builder/spi-builder-workspace/.dependencies/checkouts/SpeziStorage/Sources/SpeziKeychainStorage/CryptographicKeys/CryptographicKeyTag.swift (in target 'SpeziKeychainStorage' from project 'SpeziStorage')
SwiftCompile normal arm64 /Users/admin/builder/spi-builder-workspace/.dependencies/checkouts/SpeziStorage/Sources/SpeziKeychainStorage/CryptographicKeys/CryptographicKeyTag.swift (in target 'SpeziKeychainStorage' from project 'SpeziStorage')
cd /Users/admin/builder/spi-builder-workspace/.swiftpm/xcode
builtin-SwiftPerFileCompile CryptographicKeyTag.swift
SwiftCompile normal arm64 Compiling\ CredentialsTag.swift /Users/admin/builder/spi-builder-workspace/.dependencies/checkouts/SpeziStorage/Sources/SpeziKeychainStorage/Credentials/CredentialsTag.swift (in target 'SpeziKeychainStorage' from project 'SpeziStorage')
SwiftCompile normal arm64 /Users/admin/builder/spi-builder-workspace/.dependencies/checkouts/SpeziStorage/Sources/SpeziKeychainStorage/Credentials/CredentialsTag.swift (in target 'SpeziKeychainStorage' from project 'SpeziStorage')
cd /Users/admin/builder/spi-builder-workspace/.swiftpm/xcode
builtin-SwiftPerFileCompile CredentialsTag.swift
SwiftCompile normal arm64 Compiling\ Credentials.swift /Users/admin/builder/spi-builder-workspace/.dependencies/checkouts/SpeziStorage/Sources/SpeziKeychainStorage/Credentials/Credentials.swift (in target 'SpeziKeychainStorage' from project 'SpeziStorage')
SwiftCompile normal arm64 /Users/admin/builder/spi-builder-workspace/.dependencies/checkouts/SpeziStorage/Sources/SpeziKeychainStorage/Credentials/Credentials.swift (in target 'SpeziKeychainStorage' from project 'SpeziStorage')
cd /Users/admin/builder/spi-builder-workspace/.swiftpm/xcode
builtin-SwiftPerFileCompile Credentials.swift
SwiftCompile normal arm64 Compiling\ KeychainStorage+Credentials.swift /Users/admin/builder/spi-builder-workspace/.dependencies/checkouts/SpeziStorage/Sources/SpeziKeychainStorage/Credentials/KeychainStorage+Credentials.swift (in target 'SpeziKeychainStorage' from project 'SpeziStorage')
SwiftCompile normal arm64 /Users/admin/builder/spi-builder-workspace/.dependencies/checkouts/SpeziStorage/Sources/SpeziKeychainStorage/Credentials/KeychainStorage+Credentials.swift (in target 'SpeziKeychainStorage' from project 'SpeziStorage')
cd /Users/admin/builder/spi-builder-workspace/.swiftpm/xcode
builtin-SwiftPerFileCompile KeychainStorage+Credentials.swift
SwiftEmitModule normal arm64_32 Emitting\ module\ for\ SpeziKeychainStorage (in target 'SpeziKeychainStorage' from project 'SpeziStorage')
SwiftCompile normal arm64_32 (in target 'SpeziKeychainStorage' from project 'SpeziStorage')
cd /Users/admin/builder/spi-builder-workspace/.swiftpm/xcode
SwiftDriverJobDiscovery normal arm64 Compiling CryptographicKeyTag.swift (in target 'SpeziKeychainStorage' from project 'SpeziStorage')
SwiftCompile normal arm64_32 Compiling\ CredentialsKind.swift /Users/admin/builder/spi-builder-workspace/.dependencies/checkouts/SpeziStorage/Sources/SpeziKeychainStorage/Credentials/CredentialsKind.swift (in target 'SpeziKeychainStorage' from project 'SpeziStorage')
SwiftCompile normal arm64_32 /Users/admin/builder/spi-builder-workspace/.dependencies/checkouts/SpeziStorage/Sources/SpeziKeychainStorage/Credentials/CredentialsKind.swift (in target 'SpeziKeychainStorage' from project 'SpeziStorage')
cd /Users/admin/builder/spi-builder-workspace/.swiftpm/xcode
builtin-SwiftPerFileCompile CredentialsKind.swift
SwiftCompile normal arm64_32 Compiling\ KeychainStorage+CryptographicKeys.swift /Users/admin/builder/spi-builder-workspace/.dependencies/checkouts/SpeziStorage/Sources/SpeziKeychainStorage/CryptographicKeys/KeychainStorage+CryptographicKeys.swift (in target 'SpeziKeychainStorage' from project 'SpeziStorage')
SwiftCompile normal arm64_32 /Users/admin/builder/spi-builder-workspace/.dependencies/checkouts/SpeziStorage/Sources/SpeziKeychainStorage/CryptographicKeys/KeychainStorage+CryptographicKeys.swift (in target 'SpeziKeychainStorage' from project 'SpeziStorage')
cd /Users/admin/builder/spi-builder-workspace/.swiftpm/xcode
builtin-SwiftPerFileCompile KeychainStorage+CryptographicKeys.swift
SwiftCompile normal arm64_32 Compiling\ KeychainStorage+Credentials.swift /Users/admin/builder/spi-builder-workspace/.dependencies/checkouts/SpeziStorage/Sources/SpeziKeychainStorage/Credentials/KeychainStorage+Credentials.swift (in target 'SpeziKeychainStorage' from project 'SpeziStorage')
SwiftCompile normal arm64_32 /Users/admin/builder/spi-builder-workspace/.dependencies/checkouts/SpeziStorage/Sources/SpeziKeychainStorage/Credentials/KeychainStorage+Credentials.swift (in target 'SpeziKeychainStorage' from project 'SpeziStorage')
cd /Users/admin/builder/spi-builder-workspace/.swiftpm/xcode
builtin-SwiftPerFileCompile KeychainStorage+Credentials.swift
SwiftDriverJobDiscovery normal arm64 Compiling KeychainItemAccessibility.swift (in target 'SpeziKeychainStorage' from project 'SpeziStorage')
SwiftDriverJobDiscovery normal arm64 Compiling CredentialsTag.swift (in target 'SpeziKeychainStorage' from project 'SpeziStorage')
SwiftDriverJobDiscovery normal arm64 Compiling KeychainItemStorageOption.swift (in target 'SpeziKeychainStorage' from project 'SpeziStorage')
SwiftCompile normal arm64_32 Compiling\ SecKey+Extensions.swift /Users/admin/builder/spi-builder-workspace/.dependencies/checkouts/SpeziStorage/Sources/SpeziKeychainStorage/CryptographicKeys/SecKey+Extensions.swift (in target 'SpeziKeychainStorage' from project 'SpeziStorage')
SwiftCompile normal arm64_32 /Users/admin/builder/spi-builder-workspace/.dependencies/checkouts/SpeziStorage/Sources/SpeziKeychainStorage/CryptographicKeys/SecKey+Extensions.swift (in target 'SpeziKeychainStorage' from project 'SpeziStorage')
cd /Users/admin/builder/spi-builder-workspace/.swiftpm/xcode
builtin-SwiftPerFileCompile SecKey+Extensions.swift
SwiftDriverJobDiscovery normal arm64 Emitting module for SpeziKeychainStorage (in target 'SpeziKeychainStorage' from project 'SpeziStorage')
SwiftDriver\ Compilation\ Requirements SpeziKeychainStorage normal arm64 com.apple.xcode.tools.swift.compiler (in target 'SpeziKeychainStorage' from project 'SpeziStorage')
cd /Users/admin/builder/spi-builder-workspace/.swiftpm/xcode
builtin-Swift-Compilation-Requirements -- /Applications/Xcode-27.0.0-Release.Candidate.app/Contents/Developer/Toolchains/XcodeDefault.xctoolchain/usr/bin/swiftc -parse-as-library -module-name SpeziKeychainStorage -Onone @/Users/admin/builder/spi-builder-workspace/.derivedData/Build/Intermediates.noindex/SpeziStorage.build/Debug-watchos/SpeziKeychainStorage-t.build/Objects-normal/arm64/SpeziKeychainStorage.SwiftFileList -DSWIFT_PACKAGE -DDEBUG -DSWIFT_MODULE_RESOURCE_BUNDLE_UNAVAILABLE -Xcc -fmodule-map-file\=/Users/admin/builder/spi-builder-workspace/.dependencies/checkouts/zstd/lib/module.modulemap -Xcc -fmodule-map-file\=/Users/admin/builder/spi-builder-workspace/.dependencies/checkouts/swift-atomics/Sources/_AtomicsShims/include/module.modulemap -Xcc -fmodule-map-file\=/Users/admin/builder/spi-builder-workspace/.dependencies/checkouts/swift-numerics/Sources/_NumericsShims/include/module.modulemap -Xcc -fmodule-map-file\=/Users/admin/builder/spi-builder-workspace/.derivedData/Build/Intermediates.noindex/GeneratedModuleMaps-watchos/SpeziFoundationObjC.modulemap -DXcode -enable-upcoming-feature ExistentialAny -plugin-path /Applications/Xcode-27.0.0-Release.Candidate.app/Contents/Developer/Toolchains/XcodeDefault.xctoolchain/usr/lib/swift/host/plugins/testing -enable-experimental-feature DebugDescriptionMacro -sdk /Applications/Xcode-27.0.0-Release.Candidate.app/Contents/Developer/Platforms/WatchOS.platform/Developer/SDKs/WatchOS27.0.sdk -target arm64-apple-watchos10.0 -g -module-cache-path /Users/admin/builder/spi-builder-workspace/.derivedData/ModuleCache.noindex -Xfrontend -serialize-debugging-options -profile-coverage-mapping -profile-generate -enable-testing -suppress-warnings -index-store-path /Users/admin/builder/spi-builder-workspace/.derivedData/Index.noindex/DataStore -Xcc -D_LIBCPP_HARDENING_MODE\=_LIBCPP_HARDENING_MODE_DEBUG -swift-version 6 -I /Users/admin/builder/spi-builder-workspace/.derivedData/Build/Products/Debug-watchos -Isystem /Applications/Xcode-27.0.0-Release.Candidate.app/Contents/Developer/Platforms/WatchOS.platform/Developer/usr/lib -F /Users/admin/builder/spi-builder-workspace/.derivedData/Build/Products/Debug-watchos/PackageFrameworks -F /Users/admin/builder/spi-builder-workspace/.derivedData/Build/Products/Debug-watchos -F /Applications/Xcode-27.0.0-Release.Candidate.app/Contents/Developer/Platforms/WatchOS.platform/Developer/Library/Frameworks -F /Applications/Xcode-27.0.0-Release.Candidate.app/Contents/Developer/Platforms/WatchOS.platform/Developer/SDKs/WatchOS27.0.sdk/Developer/Library/Frameworks -Xfrontend -load-plugin-executable -Xfrontend /Users/admin/builder/spi-builder-workspace/.derivedData/Build/Products/Debug/ThreadLocalMacros\#ThreadLocalMacros -c -j10 -enable-batch-mode -incremental -Xcc -ivfsstatcache -Xcc /Users/admin/builder/spi-builder-workspace/.derivedData/SDKStatCaches.noindex/watchos27.0-24R360-e829b21a6f8c9b70876ba0858053c04477534ef55a1706bf4c1112bbb242f0a2.sdkstatcache -output-file-map /Users/admin/builder/spi-builder-workspace/.derivedData/Build/Intermediates.noindex/SpeziStorage.build/Debug-watchos/SpeziKeychainStorage-t.build/Objects-normal/arm64/SpeziKeychainStorage-OutputFileMap.json -save-temps -no-color-diagnostics -explicit-module-build -module-cache-path /Users/admin/builder/spi-builder-workspace/.derivedData/Build/Intermediates.noindex/SwiftExplicitPrecompiledModules -clang-scanner-module-cache-path /Users/admin/builder/spi-builder-workspace/.derivedData/ModuleCache.noindex -sdk-module-cache-path /Users/admin/builder/spi-builder-workspace/.derivedData/SDKExplicitPrecompiledModules -emit-dependencies -emit-module -emit-module-path /Users/admin/builder/spi-builder-workspace/.derivedData/Build/Intermediates.noindex/SpeziStorage.build/Debug-watchos/SpeziKeychainStorage-t.build/Objects-normal/arm64/SpeziKeychainStorage.swiftmodule -serialize-diagnostics -dependency-scan-serialize-diagnostics-path /Users/admin/builder/spi-builder-workspace/.derivedData/Build/Intermediates.noindex/SpeziStorage.build/Debug-watchos/SpeziKeychainStorage-t.build/Objects-normal/arm64/SpeziKeychainStorage-dependency-scan.dia -user-module-version 2.1.4 -validate-clang-modules-once -clang-build-session-file /Users/admin/builder/spi-builder-workspace/.derivedData/ModuleCache.noindex/Session.modulevalidation -Xcc -fmodules-prune-interval\=86400 -Xcc -fmodules-prune-after\=345600 -package-name spezistorage -emit-const-values -const-gather-protocols-list /Users/admin/builder/spi-builder-workspace/.derivedData/Build/Intermediates.noindex/SpeziStorage.build/Debug-watchos/SpeziKeychainStorage-t.build/Objects-normal/arm64/SpeziKeychainStorage_const_extract_protocols.json -Xcc -I/Users/admin/builder/spi-builder-workspace/.dependencies/checkouts/zstd/lib -Xcc -I/Users/admin/builder/spi-builder-workspace/.dependencies/checkouts/swift-atomics/Sources/_AtomicsShims/include -Xcc -I/Users/admin/builder/spi-builder-workspace/.dependencies/checkouts/swift-numerics/Sources/_NumericsShims/include -Xcc -I/Users/admin/builder/spi-builder-workspace/.dependencies/checkouts/SpeziFoundation/Sources/SpeziFoundationObjC/include -Xcc -I/Users/admin/builder/spi-builder-workspace/.derivedData/Build/Products/Debug-watchos/include -Xcc -I/Users/admin/builder/spi-builder-workspace/.derivedData/Build/Intermediates.noindex/SpeziStorage.build/Debug-watchos/SpeziKeychainStorage-t.build/DerivedSources-normal/arm64 -Xcc -I/Users/admin/builder/spi-builder-workspace/.derivedData/Build/Intermediates.noindex/SpeziStorage.build/Debug-watchos/SpeziKeychainStorage-t.build/DerivedSources/arm64 -Xcc -I/Users/admin/builder/spi-builder-workspace/.derivedData/Build/Intermediates.noindex/SpeziStorage.build/Debug-watchos/SpeziKeychainStorage-t.build/DerivedSources -Xcc -DSWIFT_PACKAGE -Xcc -DDEBUG\=1 -emit-objc-header -emit-objc-header-path /Users/admin/builder/spi-builder-workspace/.derivedData/Build/Intermediates.noindex/SpeziStorage.build/Debug-watchos/SpeziKeychainStorage-t.build/Objects-normal/arm64/SpeziKeychainStorage-Swift.h -working-directory /Users/admin/builder/spi-builder-workspace/.swiftpm/xcode -experimental-emit-module-separately -disable-cmo
SwiftDriverJobDiscovery normal arm64 Compiling SecKey+Extensions.swift (in target 'SpeziKeychainStorage' from project 'SpeziStorage')
SwiftCompile normal arm64_32 Compiling\ KeychainItemStorageOption.swift /Users/admin/builder/spi-builder-workspace/.dependencies/checkouts/SpeziStorage/Sources/SpeziKeychainStorage/KeychainItemStorageOption.swift (in target 'SpeziKeychainStorage' from project 'SpeziStorage')
SwiftCompile normal arm64_32 /Users/admin/builder/spi-builder-workspace/.dependencies/checkouts/SpeziStorage/Sources/SpeziKeychainStorage/KeychainItemStorageOption.swift (in target 'SpeziKeychainStorage' from project 'SpeziStorage')
cd /Users/admin/builder/spi-builder-workspace/.swiftpm/xcode
builtin-SwiftPerFileCompile KeychainItemStorageOption.swift
Copy /Users/admin/builder/spi-builder-workspace/.derivedData/Build/Products/Debug-watchos/SpeziKeychainStorage.swiftmodule/arm64-apple-watchos.swiftmodule /Users/admin/builder/spi-builder-workspace/.derivedData/Build/Intermediates.noindex/SpeziStorage.build/Debug-watchos/SpeziKeychainStorage-t.build/Objects-normal/arm64/SpeziKeychainStorage.swiftmodule (in target 'SpeziKeychainStorage' from project 'SpeziStorage')
cd /Users/admin/builder/spi-builder-workspace/.dependencies/checkouts/SpeziStorage
builtin-copy -exclude .DS_Store -exclude CVS -exclude .svn -exclude .git -exclude .hg -resolve-src-symlinks -rename /Users/admin/builder/spi-builder-workspace/.derivedData/Build/Intermediates.noindex/SpeziStorage.build/Debug-watchos/SpeziKeychainStorage-t.build/Objects-normal/arm64/SpeziKeychainStorage.swiftmodule /Users/admin/builder/spi-builder-workspace/.derivedData/Build/Products/Debug-watchos/SpeziKeychainStorage.swiftmodule/arm64-apple-watchos.swiftmodule
SwiftDriverJobDiscovery normal arm64 Compiling KeychainStorage+Credentials.swift (in target 'SpeziKeychainStorage' from project 'SpeziStorage')
Copy /Users/admin/builder/spi-builder-workspace/.derivedData/Build/Products/Debug-watchos/SpeziKeychainStorage.swiftmodule/arm64-apple-watchos.swiftdoc /Users/admin/builder/spi-builder-workspace/.derivedData/Build/Intermediates.noindex/SpeziStorage.build/Debug-watchos/SpeziKeychainStorage-t.build/Objects-normal/arm64/SpeziKeychainStorage.swiftdoc (in target 'SpeziKeychainStorage' from project 'SpeziStorage')
cd /Users/admin/builder/spi-builder-workspace/.dependencies/checkouts/SpeziStorage
builtin-copy -exclude .DS_Store -exclude CVS -exclude .svn -exclude .git -exclude .hg -resolve-src-symlinks -rename /Users/admin/builder/spi-builder-workspace/.derivedData/Build/Intermediates.noindex/SpeziStorage.build/Debug-watchos/SpeziKeychainStorage-t.build/Objects-normal/arm64/SpeziKeychainStorage.swiftdoc /Users/admin/builder/spi-builder-workspace/.derivedData/Build/Products/Debug-watchos/SpeziKeychainStorage.swiftmodule/arm64-apple-watchos.swiftdoc
Copy /Users/admin/builder/spi-builder-workspace/.derivedData/Build/Products/Debug-watchos/SpeziKeychainStorage.swiftmodule/arm64-apple-watchos.abi.json /Users/admin/builder/spi-builder-workspace/.derivedData/Build/Intermediates.noindex/SpeziStorage.build/Debug-watchos/SpeziKeychainStorage-t.build/Objects-normal/arm64/SpeziKeychainStorage.abi.json (in target 'SpeziKeychainStorage' from project 'SpeziStorage')
cd /Users/admin/builder/spi-builder-workspace/.dependencies/checkouts/SpeziStorage
builtin-copy -exclude .DS_Store -exclude CVS -exclude .svn -exclude .git -exclude .hg -resolve-src-symlinks -rename /Users/admin/builder/spi-builder-workspace/.derivedData/Build/Intermediates.noindex/SpeziStorage.build/Debug-watchos/SpeziKeychainStorage-t.build/Objects-normal/arm64/SpeziKeychainStorage.abi.json /Users/admin/builder/spi-builder-workspace/.derivedData/Build/Products/Debug-watchos/SpeziKeychainStorage.swiftmodule/arm64-apple-watchos.abi.json
Copy /Users/admin/builder/spi-builder-workspace/.derivedData/Build/Products/Debug-watchos/SpeziKeychainStorage.swiftmodule/Project/arm64-apple-watchos.swiftsourceinfo /Users/admin/builder/spi-builder-workspace/.derivedData/Build/Intermediates.noindex/SpeziStorage.build/Debug-watchos/SpeziKeychainStorage-t.build/Objects-normal/arm64/SpeziKeychainStorage.swiftsourceinfo (in target 'SpeziKeychainStorage' from project 'SpeziStorage')
cd /Users/admin/builder/spi-builder-workspace/.dependencies/checkouts/SpeziStorage
builtin-copy -exclude .DS_Store -exclude CVS -exclude .svn -exclude .git -exclude .hg -resolve-src-symlinks -rename /Users/admin/builder/spi-builder-workspace/.derivedData/Build/Intermediates.noindex/SpeziStorage.build/Debug-watchos/SpeziKeychainStorage-t.build/Objects-normal/arm64/SpeziKeychainStorage.swiftsourceinfo /Users/admin/builder/spi-builder-workspace/.derivedData/Build/Products/Debug-watchos/SpeziKeychainStorage.swiftmodule/Project/arm64-apple-watchos.swiftsourceinfo
SwiftCompile normal arm64_32 Compiling\ KeychainItemAccessibility.swift /Users/admin/builder/spi-builder-workspace/.dependencies/checkouts/SpeziStorage/Sources/SpeziKeychainStorage/KeychainItemAccessibility.swift (in target 'SpeziKeychainStorage' from project 'SpeziStorage')
SwiftCompile normal arm64_32 /Users/admin/builder/spi-builder-workspace/.dependencies/checkouts/SpeziStorage/Sources/SpeziKeychainStorage/KeychainItemAccessibility.swift (in target 'SpeziKeychainStorage' from project 'SpeziStorage')
cd /Users/admin/builder/spi-builder-workspace/.swiftpm/xcode
builtin-SwiftPerFileCompile KeychainItemAccessibility.swift
SwiftCompile normal arm64_32 Compiling\ CryptographicKeyTag.swift /Users/admin/builder/spi-builder-workspace/.dependencies/checkouts/SpeziStorage/Sources/SpeziKeychainStorage/CryptographicKeys/CryptographicKeyTag.swift (in target 'SpeziKeychainStorage' from project 'SpeziStorage')
SwiftCompile normal arm64_32 /Users/admin/builder/spi-builder-workspace/.dependencies/checkouts/SpeziStorage/Sources/SpeziKeychainStorage/CryptographicKeys/CryptographicKeyTag.swift (in target 'SpeziKeychainStorage' from project 'SpeziStorage')
cd /Users/admin/builder/spi-builder-workspace/.swiftpm/xcode
builtin-SwiftPerFileCompile CryptographicKeyTag.swift
SwiftDriverJobDiscovery normal arm64 Compiling Credentials.swift (in target 'SpeziKeychainStorage' from project 'SpeziStorage')
SwiftCompile normal arm64_32 Compiling\ CredentialsTag.swift /Users/admin/builder/spi-builder-workspace/.dependencies/checkouts/SpeziStorage/Sources/SpeziKeychainStorage/Credentials/CredentialsTag.swift (in target 'SpeziKeychainStorage' from project 'SpeziStorage')
SwiftCompile normal arm64_32 /Users/admin/builder/spi-builder-workspace/.dependencies/checkouts/SpeziStorage/Sources/SpeziKeychainStorage/Credentials/CredentialsTag.swift (in target 'SpeziKeychainStorage' from project 'SpeziStorage')
cd /Users/admin/builder/spi-builder-workspace/.swiftpm/xcode
builtin-SwiftPerFileCompile CredentialsTag.swift
SwiftDriverJobDiscovery normal arm64_32 Compiling CredentialsKind.swift (in target 'SpeziKeychainStorage' from project 'SpeziStorage')
SwiftCompile normal arm64_32 Compiling\ Credentials.swift /Users/admin/builder/spi-builder-workspace/.dependencies/checkouts/SpeziStorage/Sources/SpeziKeychainStorage/Credentials/Credentials.swift (in target 'SpeziKeychainStorage' from project 'SpeziStorage')
SwiftCompile normal arm64_32 /Users/admin/builder/spi-builder-workspace/.dependencies/checkouts/SpeziStorage/Sources/SpeziKeychainStorage/Credentials/Credentials.swift (in target 'SpeziKeychainStorage' from project 'SpeziStorage')
cd /Users/admin/builder/spi-builder-workspace/.swiftpm/xcode
builtin-SwiftPerFileCompile Credentials.swift
SwiftDriverJobDiscovery normal arm64 Compiling KeychainStorage.swift (in target 'SpeziKeychainStorage' from project 'SpeziStorage')
SwiftCompile normal arm64_32 Compiling\ KeychainStorage.swift /Users/admin/builder/spi-builder-workspace/.dependencies/checkouts/SpeziStorage/Sources/SpeziKeychainStorage/KeychainStorage.swift (in target 'SpeziKeychainStorage' from project 'SpeziStorage')
SwiftCompile normal arm64_32 (in target 'SpeziKeychainStorage' from project 'SpeziStorage')
cd /Users/admin/builder/spi-builder-workspace/.swiftpm/xcode
SwiftDriverJobDiscovery normal arm64_32 Emitting module for SpeziKeychainStorage (in target 'SpeziKeychainStorage' from project 'SpeziStorage')
SwiftDriver\ Compilation\ Requirements SpeziKeychainStorage normal arm64_32 com.apple.xcode.tools.swift.compiler (in target 'SpeziKeychainStorage' from project 'SpeziStorage')
cd /Users/admin/builder/spi-builder-workspace/.swiftpm/xcode
builtin-Swift-Compilation-Requirements -- /Applications/Xcode-27.0.0-Release.Candidate.app/Contents/Developer/Toolchains/XcodeDefault.xctoolchain/usr/bin/swiftc -parse-as-library -module-name SpeziKeychainStorage -Onone @/Users/admin/builder/spi-builder-workspace/.derivedData/Build/Intermediates.noindex/SpeziStorage.build/Debug-watchos/SpeziKeychainStorage-t.build/Objects-normal/arm64_32/SpeziKeychainStorage.SwiftFileList -DSWIFT_PACKAGE -DDEBUG -DSWIFT_MODULE_RESOURCE_BUNDLE_UNAVAILABLE -Xcc -fmodule-map-file\=/Users/admin/builder/spi-builder-workspace/.dependencies/checkouts/zstd/lib/module.modulemap -Xcc -fmodule-map-file\=/Users/admin/builder/spi-builder-workspace/.dependencies/checkouts/swift-atomics/Sources/_AtomicsShims/include/module.modulemap -Xcc -fmodule-map-file\=/Users/admin/builder/spi-builder-workspace/.dependencies/checkouts/swift-numerics/Sources/_NumericsShims/include/module.modulemap -Xcc -fmodule-map-file\=/Users/admin/builder/spi-builder-workspace/.derivedData/Build/Intermediates.noindex/GeneratedModuleMaps-watchos/SpeziFoundationObjC.modulemap -DXcode -enable-upcoming-feature ExistentialAny -plugin-path /Applications/Xcode-27.0.0-Release.Candidate.app/Contents/Developer/Toolchains/XcodeDefault.xctoolchain/usr/lib/swift/host/plugins/testing -enable-experimental-feature DebugDescriptionMacro -sdk /Applications/Xcode-27.0.0-Release.Candidate.app/Contents/Developer/Platforms/WatchOS.platform/Developer/SDKs/WatchOS27.0.sdk -target arm64_32-apple-watchos10.0 -g -module-cache-path /Users/admin/builder/spi-builder-workspace/.derivedData/ModuleCache.noindex -Xfrontend -serialize-debugging-options -profile-coverage-mapping -profile-generate -enable-testing -suppress-warnings -index-store-path /Users/admin/builder/spi-builder-workspace/.derivedData/Index.noindex/DataStore -Xcc -D_LIBCPP_HARDENING_MODE\=_LIBCPP_HARDENING_MODE_DEBUG -swift-version 6 -I /Users/admin/builder/spi-builder-workspace/.derivedData/Build/Products/Debug-watchos -Isystem /Applications/Xcode-27.0.0-Release.Candidate.app/Contents/Developer/Platforms/WatchOS.platform/Developer/usr/lib -F /Users/admin/builder/spi-builder-workspace/.derivedData/Build/Products/Debug-watchos/PackageFrameworks -F /Users/admin/builder/spi-builder-workspace/.derivedData/Build/Products/Debug-watchos -F /Applications/Xcode-27.0.0-Release.Candidate.app/Contents/Developer/Platforms/WatchOS.platform/Developer/Library/Frameworks -F /Applications/Xcode-27.0.0-Release.Candidate.app/Contents/Developer/Platforms/WatchOS.platform/Developer/SDKs/WatchOS27.0.sdk/Developer/Library/Frameworks -Xfrontend -load-plugin-executable -Xfrontend /Users/admin/builder/spi-builder-workspace/.derivedData/Build/Products/Debug/ThreadLocalMacros\#ThreadLocalMacros -c -j10 -enable-batch-mode -incremental -Xcc -ivfsstatcache -Xcc /Users/admin/builder/spi-builder-workspace/.derivedData/SDKStatCaches.noindex/watchos27.0-24R360-e829b21a6f8c9b70876ba0858053c04477534ef55a1706bf4c1112bbb242f0a2.sdkstatcache -output-file-map /Users/admin/builder/spi-builder-workspace/.derivedData/Build/Intermediates.noindex/SpeziStorage.build/Debug-watchos/SpeziKeychainStorage-t.build/Objects-normal/arm64_32/SpeziKeychainStorage-OutputFileMap.json -save-temps -no-color-diagnostics -explicit-module-build -module-cache-path /Users/admin/builder/spi-builder-workspace/.derivedData/Build/Intermediates.noindex/SwiftExplicitPrecompiledModules -clang-scanner-module-cache-path /Users/admin/builder/spi-builder-workspace/.derivedData/ModuleCache.noindex -sdk-module-cache-path /Users/admin/builder/spi-builder-workspace/.derivedData/SDKExplicitPrecompiledModules -emit-dependencies -emit-module -emit-module-path /Users/admin/builder/spi-builder-workspace/.derivedData/Build/Intermediates.noindex/SpeziStorage.build/Debug-watchos/SpeziKeychainStorage-t.build/Objects-normal/arm64_32/SpeziKeychainStorage.swiftmodule -serialize-diagnostics -dependency-scan-serialize-diagnostics-path /Users/admin/builder/spi-builder-workspace/.derivedData/Build/Intermediates.noindex/SpeziStorage.build/Debug-watchos/SpeziKeychainStorage-t.build/Objects-normal/arm64_32/SpeziKeychainStorage-dependency-scan.dia -user-module-version 2.1.4 -validate-clang-modules-once -clang-build-session-file /Users/admin/builder/spi-builder-workspace/.derivedData/ModuleCache.noindex/Session.modulevalidation -Xcc -fmodules-prune-interval\=86400 -Xcc -fmodules-prune-after\=345600 -package-name spezistorage -emit-const-values -const-gather-protocols-list /Users/admin/builder/spi-builder-workspace/.derivedData/Build/Intermediates.noindex/SpeziStorage.build/Debug-watchos/SpeziKeychainStorage-t.build/Objects-normal/arm64_32/SpeziKeychainStorage_const_extract_protocols.json -Xcc -I/Users/admin/builder/spi-builder-workspace/.dependencies/checkouts/zstd/lib -Xcc -I/Users/admin/builder/spi-builder-workspace/.dependencies/checkouts/swift-atomics/Sources/_AtomicsShims/include -Xcc -I/Users/admin/builder/spi-builder-workspace/.dependencies/checkouts/swift-numerics/Sources/_NumericsShims/include -Xcc -I/Users/admin/builder/spi-builder-workspace/.dependencies/checkouts/SpeziFoundation/Sources/SpeziFoundationObjC/include -Xcc -I/Users/admin/builder/spi-builder-workspace/.derivedData/Build/Products/Debug-watchos/include -Xcc -I/Users/admin/builder/spi-builder-workspace/.derivedData/Build/Intermediates.noindex/SpeziStorage.build/Debug-watchos/SpeziKeychainStorage-t.build/DerivedSources-normal/arm64_32 -Xcc -I/Users/admin/builder/spi-builder-workspace/.derivedData/Build/Intermediates.noindex/SpeziStorage.build/Debug-watchos/SpeziKeychainStorage-t.build/DerivedSources/arm64_32 -Xcc -I/Users/admin/builder/spi-builder-workspace/.derivedData/Build/Intermediates.noindex/SpeziStorage.build/Debug-watchos/SpeziKeychainStorage-t.build/DerivedSources -Xcc -DSWIFT_PACKAGE -Xcc -DDEBUG\=1 -emit-objc-header -emit-objc-header-path /Users/admin/builder/spi-builder-workspace/.derivedData/Build/Intermediates.noindex/SpeziStorage.build/Debug-watchos/SpeziKeychainStorage-t.build/Objects-normal/arm64_32/SpeziKeychainStorage-Swift.h -working-directory /Users/admin/builder/spi-builder-workspace/.swiftpm/xcode -experimental-emit-module-separately -disable-cmo
SwiftDriverJobDiscovery normal arm64 Compiling KeychainStorage+CryptographicKeys.swift (in target 'SpeziKeychainStorage' from project 'SpeziStorage')
SwiftCompile normal arm64 Compiling\ CredentialsKind.swift /Users/admin/builder/spi-builder-workspace/.dependencies/checkouts/SpeziStorage/Sources/SpeziKeychainStorage/Credentials/CredentialsKind.swift (in target 'SpeziKeychainStorage' from project 'SpeziStorage')
SwiftCompile normal arm64 /Users/admin/builder/spi-builder-workspace/.dependencies/checkouts/SpeziStorage/Sources/SpeziKeychainStorage/Credentials/CredentialsKind.swift (in target 'SpeziKeychainStorage' from project 'SpeziStorage')
cd /Users/admin/builder/spi-builder-workspace/.swiftpm/xcode
builtin-SwiftPerFileCompile CredentialsKind.swift
SwiftMergeGeneratedHeaders /Users/admin/builder/spi-builder-workspace/.derivedData/Build/Intermediates.noindex/GeneratedModuleMaps-watchos/SpeziKeychainStorage-Swift.h /Users/admin/builder/spi-builder-workspace/.derivedData/Build/Intermediates.noindex/SpeziStorage.build/Debug-watchos/SpeziKeychainStorage-t.build/Objects-normal/arm64/SpeziKeychainStorage-Swift.h /Users/admin/builder/spi-builder-workspace/.derivedData/Build/Intermediates.noindex/SpeziStorage.build/Debug-watchos/SpeziKeychainStorage-t.build/Objects-normal/arm64_32/SpeziKeychainStorage-Swift.h (in target 'SpeziKeychainStorage' from project 'SpeziStorage')
cd /Users/admin/builder/spi-builder-workspace/.dependencies/checkouts/SpeziStorage
builtin-swiftHeaderTool -arch arm64 /Users/admin/builder/spi-builder-workspace/.derivedData/Build/Intermediates.noindex/SpeziStorage.build/Debug-watchos/SpeziKeychainStorage-t.build/Objects-normal/arm64/SpeziKeychainStorage-Swift.h -arch arm64_32 /Users/admin/builder/spi-builder-workspace/.derivedData/Build/Intermediates.noindex/SpeziStorage.build/Debug-watchos/SpeziKeychainStorage-t.build/Objects-normal/arm64_32/SpeziKeychainStorage-Swift.h -o /Users/admin/builder/spi-builder-workspace/.derivedData/Build/Intermediates.noindex/GeneratedModuleMaps-watchos/SpeziKeychainStorage-Swift.h
SwiftDriverJobDiscovery normal arm64_32 Compiling KeychainItemStorageOption.swift (in target 'SpeziKeychainStorage' from project 'SpeziStorage')
Copy /Users/admin/builder/spi-builder-workspace/.derivedData/Build/Products/Debug-watchos/SpeziKeychainStorage.swiftmodule/arm64_32-apple-watchos.swiftmodule /Users/admin/builder/spi-builder-workspace/.derivedData/Build/Intermediates.noindex/SpeziStorage.build/Debug-watchos/SpeziKeychainStorage-t.build/Objects-normal/arm64_32/SpeziKeychainStorage.swiftmodule (in target 'SpeziKeychainStorage' from project 'SpeziStorage')
cd /Users/admin/builder/spi-builder-workspace/.dependencies/checkouts/SpeziStorage
builtin-copy -exclude .DS_Store -exclude CVS -exclude .svn -exclude .git -exclude .hg -resolve-src-symlinks -rename /Users/admin/builder/spi-builder-workspace/.derivedData/Build/Intermediates.noindex/SpeziStorage.build/Debug-watchos/SpeziKeychainStorage-t.build/Objects-normal/arm64_32/SpeziKeychainStorage.swiftmodule /Users/admin/builder/spi-builder-workspace/.derivedData/Build/Products/Debug-watchos/SpeziKeychainStorage.swiftmodule/arm64_32-apple-watchos.swiftmodule
Copy /Users/admin/builder/spi-builder-workspace/.derivedData/Build/Products/Debug-watchos/SpeziKeychainStorage.swiftmodule/arm64_32-apple-watchos.swiftdoc /Users/admin/builder/spi-builder-workspace/.derivedData/Build/Intermediates.noindex/SpeziStorage.build/Debug-watchos/SpeziKeychainStorage-t.build/Objects-normal/arm64_32/SpeziKeychainStorage.swiftdoc (in target 'SpeziKeychainStorage' from project 'SpeziStorage')
cd /Users/admin/builder/spi-builder-workspace/.dependencies/checkouts/SpeziStorage
builtin-copy -exclude .DS_Store -exclude CVS -exclude .svn -exclude .git -exclude .hg -resolve-src-symlinks -rename /Users/admin/builder/spi-builder-workspace/.derivedData/Build/Intermediates.noindex/SpeziStorage.build/Debug-watchos/SpeziKeychainStorage-t.build/Objects-normal/arm64_32/SpeziKeychainStorage.swiftdoc /Users/admin/builder/spi-builder-workspace/.derivedData/Build/Products/Debug-watchos/SpeziKeychainStorage.swiftmodule/arm64_32-apple-watchos.swiftdoc
Copy /Users/admin/builder/spi-builder-workspace/.derivedData/Build/Products/Debug-watchos/SpeziKeychainStorage.swiftmodule/arm64_32-apple-watchos.abi.json /Users/admin/builder/spi-builder-workspace/.derivedData/Build/Intermediates.noindex/SpeziStorage.build/Debug-watchos/SpeziKeychainStorage-t.build/Objects-normal/arm64_32/SpeziKeychainStorage.abi.json (in target 'SpeziKeychainStorage' from project 'SpeziStorage')
cd /Users/admin/builder/spi-builder-workspace/.dependencies/checkouts/SpeziStorage
builtin-copy -exclude .DS_Store -exclude CVS -exclude .svn -exclude .git -exclude .hg -resolve-src-symlinks -rename /Users/admin/builder/spi-builder-workspace/.derivedData/Build/Intermediates.noindex/SpeziStorage.build/Debug-watchos/SpeziKeychainStorage-t.build/Objects-normal/arm64_32/SpeziKeychainStorage.abi.json /Users/admin/builder/spi-builder-workspace/.derivedData/Build/Products/Debug-watchos/SpeziKeychainStorage.swiftmodule/arm64_32-apple-watchos.abi.json
SwiftDriverJobDiscovery normal arm64_32 Compiling KeychainItemAccessibility.swift (in target 'SpeziKeychainStorage' from project 'SpeziStorage')
Copy /Users/admin/builder/spi-builder-workspace/.derivedData/Build/Products/Debug-watchos/SpeziKeychainStorage.swiftmodule/Project/arm64_32-apple-watchos.swiftsourceinfo /Users/admin/builder/spi-builder-workspace/.derivedData/Build/Intermediates.noindex/SpeziStorage.build/Debug-watchos/SpeziKeychainStorage-t.build/Objects-normal/arm64_32/SpeziKeychainStorage.swiftsourceinfo (in target 'SpeziKeychainStorage' from project 'SpeziStorage')
cd /Users/admin/builder/spi-builder-workspace/.dependencies/checkouts/SpeziStorage
builtin-copy -exclude .DS_Store -exclude CVS -exclude .svn -exclude .git -exclude .hg -resolve-src-symlinks -rename /Users/admin/builder/spi-builder-workspace/.derivedData/Build/Intermediates.noindex/SpeziStorage.build/Debug-watchos/SpeziKeychainStorage-t.build/Objects-normal/arm64_32/SpeziKeychainStorage.swiftsourceinfo /Users/admin/builder/spi-builder-workspace/.derivedData/Build/Products/Debug-watchos/SpeziKeychainStorage.swiftmodule/Project/arm64_32-apple-watchos.swiftsourceinfo
SwiftDriver SpeziLocalStorage normal arm64_32 com.apple.xcode.tools.swift.compiler (in target 'SpeziLocalStorage' from project 'SpeziStorage')
cd /Users/admin/builder/spi-builder-workspace/.swiftpm/xcode
builtin-SwiftDriver -- /Applications/Xcode-27.0.0-Release.Candidate.app/Contents/Developer/Toolchains/XcodeDefault.xctoolchain/usr/bin/swiftc -parse-as-library -module-name SpeziLocalStorage -Onone @/Users/admin/builder/spi-builder-workspace/.derivedData/Build/Intermediates.noindex/SpeziStorage.build/Debug-watchos/SpeziLocalStorage-t.build/Objects-normal/arm64_32/SpeziLocalStorage.SwiftFileList -DSWIFT_PACKAGE -DDEBUG -DSWIFT_MODULE_RESOURCE_BUNDLE_UNAVAILABLE -Xcc -fmodule-map-file\=/Users/admin/builder/spi-builder-workspace/.dependencies/checkouts/zstd/lib/module.modulemap -Xcc -fmodule-map-file\=/Users/admin/builder/spi-builder-workspace/.dependencies/checkouts/swift-atomics/Sources/_AtomicsShims/include/module.modulemap -Xcc -fmodule-map-file\=/Users/admin/builder/spi-builder-workspace/.dependencies/checkouts/swift-numerics/Sources/_NumericsShims/include/module.modulemap -Xcc -fmodule-map-file\=/Users/admin/builder/spi-builder-workspace/.derivedData/Build/Intermediates.noindex/GeneratedModuleMaps-watchos/SpeziFoundationObjC.modulemap -DXcode -enable-upcoming-feature ExistentialAny -plugin-path /Applications/Xcode-27.0.0-Release.Candidate.app/Contents/Developer/Toolchains/XcodeDefault.xctoolchain/usr/lib/swift/host/plugins/testing -enable-experimental-feature DebugDescriptionMacro -sdk /Applications/Xcode-27.0.0-Release.Candidate.app/Contents/Developer/Platforms/WatchOS.platform/Developer/SDKs/WatchOS27.0.sdk -target arm64_32-apple-watchos10.0 -g -module-cache-path /Users/admin/builder/spi-builder-workspace/.derivedData/ModuleCache.noindex -Xfrontend -serialize-debugging-options -profile-coverage-mapping -profile-generate -enable-testing -suppress-warnings -index-store-path /Users/admin/builder/spi-builder-workspace/.derivedData/Index.noindex/DataStore -Xcc -D_LIBCPP_HARDENING_MODE\=_LIBCPP_HARDENING_MODE_DEBUG -swift-version 6 -I /Users/admin/builder/spi-builder-workspace/.derivedData/Build/Products/Debug-watchos -Isystem /Applications/Xcode-27.0.0-Release.Candidate.app/Contents/Developer/Platforms/WatchOS.platform/Developer/usr/lib -F /Users/admin/builder/spi-builder-workspace/.derivedData/Build/Products/Debug-watchos/PackageFrameworks -F /Users/admin/builder/spi-builder-workspace/.derivedData/Build/Products/Debug-watchos -F /Applications/Xcode-27.0.0-Release.Candidate.app/Contents/Developer/Platforms/WatchOS.platform/Developer/Library/Frameworks -F /Applications/Xcode-27.0.0-Release.Candidate.app/Contents/Developer/Platforms/WatchOS.platform/Developer/SDKs/WatchOS27.0.sdk/Developer/Library/Frameworks -Xfrontend -load-plugin-executable -Xfrontend /Users/admin/builder/spi-builder-workspace/.derivedData/Build/Products/Debug/ThreadLocalMacros\#ThreadLocalMacros -c -j10 -enable-batch-mode -incremental -Xcc -ivfsstatcache -Xcc /Users/admin/builder/spi-builder-workspace/.derivedData/SDKStatCaches.noindex/watchos27.0-24R360-e829b21a6f8c9b70876ba0858053c04477534ef55a1706bf4c1112bbb242f0a2.sdkstatcache -output-file-map /Users/admin/builder/spi-builder-workspace/.derivedData/Build/Intermediates.noindex/SpeziStorage.build/Debug-watchos/SpeziLocalStorage-t.build/Objects-normal/arm64_32/SpeziLocalStorage-OutputFileMap.json -save-temps -no-color-diagnostics -explicit-module-build -module-cache-path /Users/admin/builder/spi-builder-workspace/.derivedData/Build/Intermediates.noindex/SwiftExplicitPrecompiledModules -clang-scanner-module-cache-path /Users/admin/builder/spi-builder-workspace/.derivedData/ModuleCache.noindex -sdk-module-cache-path /Users/admin/builder/spi-builder-workspace/.derivedData/SDKExplicitPrecompiledModules -emit-dependencies -emit-module -emit-module-path /Users/admin/builder/spi-builder-workspace/.derivedData/Build/Intermediates.noindex/SpeziStorage.build/Debug-watchos/SpeziLocalStorage-t.build/Objects-normal/arm64_32/SpeziLocalStorage.swiftmodule -serialize-diagnostics -dependency-scan-serialize-diagnostics-path /Users/admin/builder/spi-builder-workspace/.derivedData/Build/Intermediates.noindex/SpeziStorage.build/Debug-watchos/SpeziLocalStorage-t.build/Objects-normal/arm64_32/SpeziLocalStorage-dependency-scan.dia -user-module-version 2.1.4 -validate-clang-modules-once -clang-build-session-file /Users/admin/builder/spi-builder-workspace/.derivedData/ModuleCache.noindex/Session.modulevalidation -Xcc -fmodules-prune-interval\=86400 -Xcc -fmodules-prune-after\=345600 -package-name spezistorage -emit-const-values -const-gather-protocols-list /Users/admin/builder/spi-builder-workspace/.derivedData/Build/Intermediates.noindex/SpeziStorage.build/Debug-watchos/SpeziLocalStorage-t.build/Objects-normal/arm64_32/SpeziLocalStorage_const_extract_protocols.json -Xcc -I/Users/admin/builder/spi-builder-workspace/.dependencies/checkouts/zstd/lib -Xcc -I/Users/admin/builder/spi-builder-workspace/.dependencies/checkouts/swift-atomics/Sources/_AtomicsShims/include -Xcc -I/Users/admin/builder/spi-builder-workspace/.dependencies/checkouts/swift-numerics/Sources/_NumericsShims/include -Xcc -I/Users/admin/builder/spi-builder-workspace/.dependencies/checkouts/SpeziFoundation/Sources/SpeziFoundationObjC/include -Xcc -I/Users/admin/builder/spi-builder-workspace/.derivedData/Build/Products/Debug-watchos/include -Xcc -I/Users/admin/builder/spi-builder-workspace/.derivedData/Build/Intermediates.noindex/SpeziStorage.build/Debug-watchos/SpeziLocalStorage-t.build/DerivedSources-normal/arm64_32 -Xcc -I/Users/admin/builder/spi-builder-workspace/.derivedData/Build/Intermediates.noindex/SpeziStorage.build/Debug-watchos/SpeziLocalStorage-t.build/DerivedSources/arm64_32 -Xcc -I/Users/admin/builder/spi-builder-workspace/.derivedData/Build/Intermediates.noindex/SpeziStorage.build/Debug-watchos/SpeziLocalStorage-t.build/DerivedSources -Xcc -DSWIFT_PACKAGE -Xcc -DDEBUG\=1 -emit-objc-header -emit-objc-header-path /Users/admin/builder/spi-builder-workspace/.derivedData/Build/Intermediates.noindex/SpeziStorage.build/Debug-watchos/SpeziLocalStorage-t.build/Objects-normal/arm64_32/SpeziLocalStorage-Swift.h -working-directory /Users/admin/builder/spi-builder-workspace/.swiftpm/xcode -experimental-emit-module-separately -disable-cmo
SwiftDriver SpeziLocalStorage normal arm64 com.apple.xcode.tools.swift.compiler (in target 'SpeziLocalStorage' from project 'SpeziStorage')
cd /Users/admin/builder/spi-builder-workspace/.swiftpm/xcode
builtin-SwiftDriver -- /Applications/Xcode-27.0.0-Release.Candidate.app/Contents/Developer/Toolchains/XcodeDefault.xctoolchain/usr/bin/swiftc -parse-as-library -module-name SpeziLocalStorage -Onone @/Users/admin/builder/spi-builder-workspace/.derivedData/Build/Intermediates.noindex/SpeziStorage.build/Debug-watchos/SpeziLocalStorage-t.build/Objects-normal/arm64/SpeziLocalStorage.SwiftFileList -DSWIFT_PACKAGE -DDEBUG -DSWIFT_MODULE_RESOURCE_BUNDLE_UNAVAILABLE -Xcc -fmodule-map-file\=/Users/admin/builder/spi-builder-workspace/.dependencies/checkouts/zstd/lib/module.modulemap -Xcc -fmodule-map-file\=/Users/admin/builder/spi-builder-workspace/.dependencies/checkouts/swift-atomics/Sources/_AtomicsShims/include/module.modulemap -Xcc -fmodule-map-file\=/Users/admin/builder/spi-builder-workspace/.dependencies/checkouts/swift-numerics/Sources/_NumericsShims/include/module.modulemap -Xcc -fmodule-map-file\=/Users/admin/builder/spi-builder-workspace/.derivedData/Build/Intermediates.noindex/GeneratedModuleMaps-watchos/SpeziFoundationObjC.modulemap -DXcode -enable-upcoming-feature ExistentialAny -plugin-path /Applications/Xcode-27.0.0-Release.Candidate.app/Contents/Developer/Toolchains/XcodeDefault.xctoolchain/usr/lib/swift/host/plugins/testing -enable-experimental-feature DebugDescriptionMacro -sdk /Applications/Xcode-27.0.0-Release.Candidate.app/Contents/Developer/Platforms/WatchOS.platform/Developer/SDKs/WatchOS27.0.sdk -target arm64-apple-watchos10.0 -g -module-cache-path /Users/admin/builder/spi-builder-workspace/.derivedData/ModuleCache.noindex -Xfrontend -serialize-debugging-options -profile-coverage-mapping -profile-generate -enable-testing -suppress-warnings -index-store-path /Users/admin/builder/spi-builder-workspace/.derivedData/Index.noindex/DataStore -Xcc -D_LIBCPP_HARDENING_MODE\=_LIBCPP_HARDENING_MODE_DEBUG -swift-version 6 -I /Users/admin/builder/spi-builder-workspace/.derivedData/Build/Products/Debug-watchos -Isystem /Applications/Xcode-27.0.0-Release.Candidate.app/Contents/Developer/Platforms/WatchOS.platform/Developer/usr/lib -F /Users/admin/builder/spi-builder-workspace/.derivedData/Build/Products/Debug-watchos/PackageFrameworks -F /Users/admin/builder/spi-builder-workspace/.derivedData/Build/Products/Debug-watchos -F /Applications/Xcode-27.0.0-Release.Candidate.app/Contents/Developer/Platforms/WatchOS.platform/Developer/Library/Frameworks -F /Applications/Xcode-27.0.0-Release.Candidate.app/Contents/Developer/Platforms/WatchOS.platform/Developer/SDKs/WatchOS27.0.sdk/Developer/Library/Frameworks -Xfrontend -load-plugin-executable -Xfrontend /Users/admin/builder/spi-builder-workspace/.derivedData/Build/Products/Debug/ThreadLocalMacros\#ThreadLocalMacros -c -j10 -enable-batch-mode -incremental -Xcc -ivfsstatcache -Xcc /Users/admin/builder/spi-builder-workspace/.derivedData/SDKStatCaches.noindex/watchos27.0-24R360-e829b21a6f8c9b70876ba0858053c04477534ef55a1706bf4c1112bbb242f0a2.sdkstatcache -output-file-map /Users/admin/builder/spi-builder-workspace/.derivedData/Build/Intermediates.noindex/SpeziStorage.build/Debug-watchos/SpeziLocalStorage-t.build/Objects-normal/arm64/SpeziLocalStorage-OutputFileMap.json -save-temps -no-color-diagnostics -explicit-module-build -module-cache-path /Users/admin/builder/spi-builder-workspace/.derivedData/Build/Intermediates.noindex/SwiftExplicitPrecompiledModules -clang-scanner-module-cache-path /Users/admin/builder/spi-builder-workspace/.derivedData/ModuleCache.noindex -sdk-module-cache-path /Users/admin/builder/spi-builder-workspace/.derivedData/SDKExplicitPrecompiledModules -emit-dependencies -emit-module -emit-module-path /Users/admin/builder/spi-builder-workspace/.derivedData/Build/Intermediates.noindex/SpeziStorage.build/Debug-watchos/SpeziLocalStorage-t.build/Objects-normal/arm64/SpeziLocalStorage.swiftmodule -serialize-diagnostics -dependency-scan-serialize-diagnostics-path /Users/admin/builder/spi-builder-workspace/.derivedData/Build/Intermediates.noindex/SpeziStorage.build/Debug-watchos/SpeziLocalStorage-t.build/Objects-normal/arm64/SpeziLocalStorage-dependency-scan.dia -user-module-version 2.1.4 -validate-clang-modules-once -clang-build-session-file /Users/admin/builder/spi-builder-workspace/.derivedData/ModuleCache.noindex/Session.modulevalidation -Xcc -fmodules-prune-interval\=86400 -Xcc -fmodules-prune-after\=345600 -package-name spezistorage -emit-const-values -const-gather-protocols-list /Users/admin/builder/spi-builder-workspace/.derivedData/Build/Intermediates.noindex/SpeziStorage.build/Debug-watchos/SpeziLocalStorage-t.build/Objects-normal/arm64/SpeziLocalStorage_const_extract_protocols.json -Xcc -I/Users/admin/builder/spi-builder-workspace/.dependencies/checkouts/zstd/lib -Xcc -I/Users/admin/builder/spi-builder-workspace/.dependencies/checkouts/swift-atomics/Sources/_AtomicsShims/include -Xcc -I/Users/admin/builder/spi-builder-workspace/.dependencies/checkouts/swift-numerics/Sources/_NumericsShims/include -Xcc -I/Users/admin/builder/spi-builder-workspace/.dependencies/checkouts/SpeziFoundation/Sources/SpeziFoundationObjC/include -Xcc -I/Users/admin/builder/spi-builder-workspace/.derivedData/Build/Products/Debug-watchos/include -Xcc -I/Users/admin/builder/spi-builder-workspace/.derivedData/Build/Intermediates.noindex/SpeziStorage.build/Debug-watchos/SpeziLocalStorage-t.build/DerivedSources-normal/arm64 -Xcc -I/Users/admin/builder/spi-builder-workspace/.derivedData/Build/Intermediates.noindex/SpeziStorage.build/Debug-watchos/SpeziLocalStorage-t.build/DerivedSources/arm64 -Xcc -I/Users/admin/builder/spi-builder-workspace/.derivedData/Build/Intermediates.noindex/SpeziStorage.build/Debug-watchos/SpeziLocalStorage-t.build/DerivedSources -Xcc -DSWIFT_PACKAGE -Xcc -DDEBUG\=1 -emit-objc-header -emit-objc-header-path /Users/admin/builder/spi-builder-workspace/.derivedData/Build/Intermediates.noindex/SpeziStorage.build/Debug-watchos/SpeziLocalStorage-t.build/Objects-normal/arm64/SpeziLocalStorage-Swift.h -working-directory /Users/admin/builder/spi-builder-workspace/.swiftpm/xcode -experimental-emit-module-separately -disable-cmo
SwiftDriverJobDiscovery normal arm64_32 Compiling CryptographicKeyTag.swift (in target 'SpeziKeychainStorage' from project 'SpeziStorage')
SwiftDriverJobDiscovery normal arm64_32 Compiling SecKey+Extensions.swift (in target 'SpeziKeychainStorage' from project 'SpeziStorage')
SwiftDriverJobDiscovery normal arm64_32 Compiling KeychainStorage+Credentials.swift (in target 'SpeziKeychainStorage' from project 'SpeziStorage')
SwiftDriverJobDiscovery normal arm64_32 Compiling CredentialsTag.swift (in target 'SpeziKeychainStorage' from project 'SpeziStorage')
SwiftDriverJobDiscovery normal arm64 Compiling CredentialsKind.swift (in target 'SpeziKeychainStorage' from project 'SpeziStorage')
SwiftDriver\ Compilation SpeziKeychainStorage normal arm64 com.apple.xcode.tools.swift.compiler (in target 'SpeziKeychainStorage' from project 'SpeziStorage')
cd /Users/admin/builder/spi-builder-workspace/.swiftpm/xcode
builtin-Swift-Compilation -- /Applications/Xcode-27.0.0-Release.Candidate.app/Contents/Developer/Toolchains/XcodeDefault.xctoolchain/usr/bin/swiftc -parse-as-library -module-name SpeziKeychainStorage -Onone @/Users/admin/builder/spi-builder-workspace/.derivedData/Build/Intermediates.noindex/SpeziStorage.build/Debug-watchos/SpeziKeychainStorage-t.build/Objects-normal/arm64/SpeziKeychainStorage.SwiftFileList -DSWIFT_PACKAGE -DDEBUG -DSWIFT_MODULE_RESOURCE_BUNDLE_UNAVAILABLE -Xcc -fmodule-map-file\=/Users/admin/builder/spi-builder-workspace/.dependencies/checkouts/zstd/lib/module.modulemap -Xcc -fmodule-map-file\=/Users/admin/builder/spi-builder-workspace/.dependencies/checkouts/swift-atomics/Sources/_AtomicsShims/include/module.modulemap -Xcc -fmodule-map-file\=/Users/admin/builder/spi-builder-workspace/.dependencies/checkouts/swift-numerics/Sources/_NumericsShims/include/module.modulemap -Xcc -fmodule-map-file\=/Users/admin/builder/spi-builder-workspace/.derivedData/Build/Intermediates.noindex/GeneratedModuleMaps-watchos/SpeziFoundationObjC.modulemap -DXcode -enable-upcoming-feature ExistentialAny -plugin-path /Applications/Xcode-27.0.0-Release.Candidate.app/Contents/Developer/Toolchains/XcodeDefault.xctoolchain/usr/lib/swift/host/plugins/testing -enable-experimental-feature DebugDescriptionMacro -sdk /Applications/Xcode-27.0.0-Release.Candidate.app/Contents/Developer/Platforms/WatchOS.platform/Developer/SDKs/WatchOS27.0.sdk -target arm64-apple-watchos10.0 -g -module-cache-path /Users/admin/builder/spi-builder-workspace/.derivedData/ModuleCache.noindex -Xfrontend -serialize-debugging-options -profile-coverage-mapping -profile-generate -enable-testing -suppress-warnings -index-store-path /Users/admin/builder/spi-builder-workspace/.derivedData/Index.noindex/DataStore -Xcc -D_LIBCPP_HARDENING_MODE\=_LIBCPP_HARDENING_MODE_DEBUG -swift-version 6 -I /Users/admin/builder/spi-builder-workspace/.derivedData/Build/Products/Debug-watchos -Isystem /Applications/Xcode-27.0.0-Release.Candidate.app/Contents/Developer/Platforms/WatchOS.platform/Developer/usr/lib -F /Users/admin/builder/spi-builder-workspace/.derivedData/Build/Products/Debug-watchos/PackageFrameworks -F /Users/admin/builder/spi-builder-workspace/.derivedData/Build/Products/Debug-watchos -F /Applications/Xcode-27.0.0-Release.Candidate.app/Contents/Developer/Platforms/WatchOS.platform/Developer/Library/Frameworks -F /Applications/Xcode-27.0.0-Release.Candidate.app/Contents/Developer/Platforms/WatchOS.platform/Developer/SDKs/WatchOS27.0.sdk/Developer/Library/Frameworks -Xfrontend -load-plugin-executable -Xfrontend /Users/admin/builder/spi-builder-workspace/.derivedData/Build/Products/Debug/ThreadLocalMacros\#ThreadLocalMacros -c -j10 -enable-batch-mode -incremental -Xcc -ivfsstatcache -Xcc /Users/admin/builder/spi-builder-workspace/.derivedData/SDKStatCaches.noindex/watchos27.0-24R360-e829b21a6f8c9b70876ba0858053c04477534ef55a1706bf4c1112bbb242f0a2.sdkstatcache -output-file-map /Users/admin/builder/spi-builder-workspace/.derivedData/Build/Intermediates.noindex/SpeziStorage.build/Debug-watchos/SpeziKeychainStorage-t.build/Objects-normal/arm64/SpeziKeychainStorage-OutputFileMap.json -save-temps -no-color-diagnostics -explicit-module-build -module-cache-path /Users/admin/builder/spi-builder-workspace/.derivedData/Build/Intermediates.noindex/SwiftExplicitPrecompiledModules -clang-scanner-module-cache-path /Users/admin/builder/spi-builder-workspace/.derivedData/ModuleCache.noindex -sdk-module-cache-path /Users/admin/builder/spi-builder-workspace/.derivedData/SDKExplicitPrecompiledModules -emit-dependencies -emit-module -emit-module-path /Users/admin/builder/spi-builder-workspace/.derivedData/Build/Intermediates.noindex/SpeziStorage.build/Debug-watchos/SpeziKeychainStorage-t.build/Objects-normal/arm64/SpeziKeychainStorage.swiftmodule -serialize-diagnostics -dependency-scan-serialize-diagnostics-path /Users/admin/builder/spi-builder-workspace/.derivedData/Build/Intermediates.noindex/SpeziStorage.build/Debug-watchos/SpeziKeychainStorage-t.build/Objects-normal/arm64/SpeziKeychainStorage-dependency-scan.dia -user-module-version 2.1.4 -validate-clang-modules-once -clang-build-session-file /Users/admin/builder/spi-builder-workspace/.derivedData/ModuleCache.noindex/Session.modulevalidation -Xcc -fmodules-prune-interval\=86400 -Xcc -fmodules-prune-after\=345600 -package-name spezistorage -emit-const-values -const-gather-protocols-list /Users/admin/builder/spi-builder-workspace/.derivedData/Build/Intermediates.noindex/SpeziStorage.build/Debug-watchos/SpeziKeychainStorage-t.build/Objects-normal/arm64/SpeziKeychainStorage_const_extract_protocols.json -Xcc -I/Users/admin/builder/spi-builder-workspace/.dependencies/checkouts/zstd/lib -Xcc -I/Users/admin/builder/spi-builder-workspace/.dependencies/checkouts/swift-atomics/Sources/_AtomicsShims/include -Xcc -I/Users/admin/builder/spi-builder-workspace/.dependencies/checkouts/swift-numerics/Sources/_NumericsShims/include -Xcc -I/Users/admin/builder/spi-builder-workspace/.dependencies/checkouts/SpeziFoundation/Sources/SpeziFoundationObjC/include -Xcc -I/Users/admin/builder/spi-builder-workspace/.derivedData/Build/Products/Debug-watchos/include -Xcc -I/Users/admin/builder/spi-builder-workspace/.derivedData/Build/Intermediates.noindex/SpeziStorage.build/Debug-watchos/SpeziKeychainStorage-t.build/DerivedSources-normal/arm64 -Xcc -I/Users/admin/builder/spi-builder-workspace/.derivedData/Build/Intermediates.noindex/SpeziStorage.build/Debug-watchos/SpeziKeychainStorage-t.build/DerivedSources/arm64 -Xcc -I/Users/admin/builder/spi-builder-workspace/.derivedData/Build/Intermediates.noindex/SpeziStorage.build/Debug-watchos/SpeziKeychainStorage-t.build/DerivedSources -Xcc -DSWIFT_PACKAGE -Xcc -DDEBUG\=1 -emit-objc-header -emit-objc-header-path /Users/admin/builder/spi-builder-workspace/.derivedData/Build/Intermediates.noindex/SpeziStorage.build/Debug-watchos/SpeziKeychainStorage-t.build/Objects-normal/arm64/SpeziKeychainStorage-Swift.h -working-directory /Users/admin/builder/spi-builder-workspace/.swiftpm/xcode -experimental-emit-module-separately -disable-cmo
Ld /Users/admin/builder/spi-builder-workspace/.derivedData/Build/Intermediates.noindex/SpeziStorage.build/Debug-watchos/SpeziKeychainStorage-t.build/Objects-normal/arm64/Binary/SpeziKeychainStorage.o normal arm64 (in target 'SpeziKeychainStorage' from project 'SpeziStorage')
cd /Users/admin/builder/spi-builder-workspace/.dependencies/checkouts/SpeziStorage
/Applications/Xcode-27.0.0-Release.Candidate.app/Contents/Developer/Toolchains/XcodeDefault.xctoolchain/usr/bin/clang -Xlinker -reproducible -target arm64-apple-watchos10.0 -r -isysroot /Applications/Xcode-27.0.0-Release.Candidate.app/Contents/Developer/Platforms/WatchOS.platform/Developer/SDKs/WatchOS27.0.sdk -O0 -w -Xlinker -no_warn_duplicate_libraries -F/Users/admin/builder/spi-builder-workspace/.derivedData/Build/Intermediates.noindex/EagerLinkingTBDs/Debug-watchos -F/Users/admin/builder/spi-builder-workspace/.derivedData/Build/Products/Debug-watchos/PackageFrameworks -F/Users/admin/builder/spi-builder-workspace/.derivedData/Build/Products/Debug-watchos -iframework /Applications/Xcode-27.0.0-Release.Candidate.app/Contents/Developer/Platforms/WatchOS.platform/Developer/Library/Frameworks -iframework /Applications/Xcode-27.0.0-Release.Candidate.app/Contents/Developer/Platforms/WatchOS.platform/Developer/SDKs/WatchOS27.0.sdk/Developer/Library/Frameworks -filelist /Users/admin/builder/spi-builder-workspace/.derivedData/Build/Intermediates.noindex/SpeziStorage.build/Debug-watchos/SpeziKeychainStorage-t.build/Objects-normal/arm64/SpeziKeychainStorage.LinkFileList -nostdlib -Xlinker -object_path_lto -Xlinker /Users/admin/builder/spi-builder-workspace/.derivedData/Build/Intermediates.noindex/SpeziStorage.build/Debug-watchos/SpeziKeychainStorage-t.build/Objects-normal/arm64/SpeziKeychainStorage_lto.o -Xlinker -no_deduplicate -Xlinker -debug_variant -Xlinker -dependency_info -Xlinker /Users/admin/builder/spi-builder-workspace/.derivedData/Build/Intermediates.noindex/SpeziStorage.build/Debug-watchos/SpeziKeychainStorage-t.build/Objects-normal/arm64/SpeziKeychainStorage_dependency_info.dat -fobjc-link-runtime -L/Applications/Xcode-27.0.0-Release.Candidate.app/Contents/Developer/Toolchains/XcodeDefault.xctoolchain/usr/lib/swift/watchos -L/usr/lib/swift -Xlinker -add_ast_path -Xlinker /Users/admin/builder/spi-builder-workspace/.derivedData/Build/Intermediates.noindex/SpeziStorage.build/Debug-watchos/SpeziKeychainStorage-t.build/Objects-normal/arm64/SpeziKeychainStorage.swiftmodule -o /Users/admin/builder/spi-builder-workspace/.derivedData/Build/Intermediates.noindex/SpeziStorage.build/Debug-watchos/SpeziKeychainStorage-t.build/Objects-normal/arm64/Binary/SpeziKeychainStorage.o
SwiftDriverJobDiscovery normal arm64_32 Compiling KeychainStorage.swift (in target 'SpeziKeychainStorage' from project 'SpeziStorage')
SwiftDriverJobDiscovery normal arm64_32 Compiling KeychainStorage+CryptographicKeys.swift (in target 'SpeziKeychainStorage' from project 'SpeziStorage')
SwiftDriverJobDiscovery normal arm64_32 Compiling Credentials.swift (in target 'SpeziKeychainStorage' from project 'SpeziStorage')
SwiftDriver\ Compilation SpeziKeychainStorage normal arm64_32 com.apple.xcode.tools.swift.compiler (in target 'SpeziKeychainStorage' from project 'SpeziStorage')
cd /Users/admin/builder/spi-builder-workspace/.swiftpm/xcode
builtin-Swift-Compilation -- /Applications/Xcode-27.0.0-Release.Candidate.app/Contents/Developer/Toolchains/XcodeDefault.xctoolchain/usr/bin/swiftc -parse-as-library -module-name SpeziKeychainStorage -Onone @/Users/admin/builder/spi-builder-workspace/.derivedData/Build/Intermediates.noindex/SpeziStorage.build/Debug-watchos/SpeziKeychainStorage-t.build/Objects-normal/arm64_32/SpeziKeychainStorage.SwiftFileList -DSWIFT_PACKAGE -DDEBUG -DSWIFT_MODULE_RESOURCE_BUNDLE_UNAVAILABLE -Xcc -fmodule-map-file\=/Users/admin/builder/spi-builder-workspace/.dependencies/checkouts/zstd/lib/module.modulemap -Xcc -fmodule-map-file\=/Users/admin/builder/spi-builder-workspace/.dependencies/checkouts/swift-atomics/Sources/_AtomicsShims/include/module.modulemap -Xcc -fmodule-map-file\=/Users/admin/builder/spi-builder-workspace/.dependencies/checkouts/swift-numerics/Sources/_NumericsShims/include/module.modulemap -Xcc -fmodule-map-file\=/Users/admin/builder/spi-builder-workspace/.derivedData/Build/Intermediates.noindex/GeneratedModuleMaps-watchos/SpeziFoundationObjC.modulemap -DXcode -enable-upcoming-feature ExistentialAny -plugin-path /Applications/Xcode-27.0.0-Release.Candidate.app/Contents/Developer/Toolchains/XcodeDefault.xctoolchain/usr/lib/swift/host/plugins/testing -enable-experimental-feature DebugDescriptionMacro -sdk /Applications/Xcode-27.0.0-Release.Candidate.app/Contents/Developer/Platforms/WatchOS.platform/Developer/SDKs/WatchOS27.0.sdk -target arm64_32-apple-watchos10.0 -g -module-cache-path /Users/admin/builder/spi-builder-workspace/.derivedData/ModuleCache.noindex -Xfrontend -serialize-debugging-options -profile-coverage-mapping -profile-generate -enable-testing -suppress-warnings -index-store-path /Users/admin/builder/spi-builder-workspace/.derivedData/Index.noindex/DataStore -Xcc -D_LIBCPP_HARDENING_MODE\=_LIBCPP_HARDENING_MODE_DEBUG -swift-version 6 -I /Users/admin/builder/spi-builder-workspace/.derivedData/Build/Products/Debug-watchos -Isystem /Applications/Xcode-27.0.0-Release.Candidate.app/Contents/Developer/Platforms/WatchOS.platform/Developer/usr/lib -F /Users/admin/builder/spi-builder-workspace/.derivedData/Build/Products/Debug-watchos/PackageFrameworks -F /Users/admin/builder/spi-builder-workspace/.derivedData/Build/Products/Debug-watchos -F /Applications/Xcode-27.0.0-Release.Candidate.app/Contents/Developer/Platforms/WatchOS.platform/Developer/Library/Frameworks -F /Applications/Xcode-27.0.0-Release.Candidate.app/Contents/Developer/Platforms/WatchOS.platform/Developer/SDKs/WatchOS27.0.sdk/Developer/Library/Frameworks -Xfrontend -load-plugin-executable -Xfrontend /Users/admin/builder/spi-builder-workspace/.derivedData/Build/Products/Debug/ThreadLocalMacros\#ThreadLocalMacros -c -j10 -enable-batch-mode -incremental -Xcc -ivfsstatcache -Xcc /Users/admin/builder/spi-builder-workspace/.derivedData/SDKStatCaches.noindex/watchos27.0-24R360-e829b21a6f8c9b70876ba0858053c04477534ef55a1706bf4c1112bbb242f0a2.sdkstatcache -output-file-map /Users/admin/builder/spi-builder-workspace/.derivedData/Build/Intermediates.noindex/SpeziStorage.build/Debug-watchos/SpeziKeychainStorage-t.build/Objects-normal/arm64_32/SpeziKeychainStorage-OutputFileMap.json -save-temps -no-color-diagnostics -explicit-module-build -module-cache-path /Users/admin/builder/spi-builder-workspace/.derivedData/Build/Intermediates.noindex/SwiftExplicitPrecompiledModules -clang-scanner-module-cache-path /Users/admin/builder/spi-builder-workspace/.derivedData/ModuleCache.noindex -sdk-module-cache-path /Users/admin/builder/spi-builder-workspace/.derivedData/SDKExplicitPrecompiledModules -emit-dependencies -emit-module -emit-module-path /Users/admin/builder/spi-builder-workspace/.derivedData/Build/Intermediates.noindex/SpeziStorage.build/Debug-watchos/SpeziKeychainStorage-t.build/Objects-normal/arm64_32/SpeziKeychainStorage.swiftmodule -serialize-diagnostics -dependency-scan-serialize-diagnostics-path /Users/admin/builder/spi-builder-workspace/.derivedData/Build/Intermediates.noindex/SpeziStorage.build/Debug-watchos/SpeziKeychainStorage-t.build/Objects-normal/arm64_32/SpeziKeychainStorage-dependency-scan.dia -user-module-version 2.1.4 -validate-clang-modules-once -clang-build-session-file /Users/admin/builder/spi-builder-workspace/.derivedData/ModuleCache.noindex/Session.modulevalidation -Xcc -fmodules-prune-interval\=86400 -Xcc -fmodules-prune-after\=345600 -package-name spezistorage -emit-const-values -const-gather-protocols-list /Users/admin/builder/spi-builder-workspace/.derivedData/Build/Intermediates.noindex/SpeziStorage.build/Debug-watchos/SpeziKeychainStorage-t.build/Objects-normal/arm64_32/SpeziKeychainStorage_const_extract_protocols.json -Xcc -I/Users/admin/builder/spi-builder-workspace/.dependencies/checkouts/zstd/lib -Xcc -I/Users/admin/builder/spi-builder-workspace/.dependencies/checkouts/swift-atomics/Sources/_AtomicsShims/include -Xcc -I/Users/admin/builder/spi-builder-workspace/.dependencies/checkouts/swift-numerics/Sources/_NumericsShims/include -Xcc -I/Users/admin/builder/spi-builder-workspace/.dependencies/checkouts/SpeziFoundation/Sources/SpeziFoundationObjC/include -Xcc -I/Users/admin/builder/spi-builder-workspace/.derivedData/Build/Products/Debug-watchos/include -Xcc -I/Users/admin/builder/spi-builder-workspace/.derivedData/Build/Intermediates.noindex/SpeziStorage.build/Debug-watchos/SpeziKeychainStorage-t.build/DerivedSources-normal/arm64_32 -Xcc -I/Users/admin/builder/spi-builder-workspace/.derivedData/Build/Intermediates.noindex/SpeziStorage.build/Debug-watchos/SpeziKeychainStorage-t.build/DerivedSources/arm64_32 -Xcc -I/Users/admin/builder/spi-builder-workspace/.derivedData/Build/Intermediates.noindex/SpeziStorage.build/Debug-watchos/SpeziKeychainStorage-t.build/DerivedSources -Xcc -DSWIFT_PACKAGE -Xcc -DDEBUG\=1 -emit-objc-header -emit-objc-header-path /Users/admin/builder/spi-builder-workspace/.derivedData/Build/Intermediates.noindex/SpeziStorage.build/Debug-watchos/SpeziKeychainStorage-t.build/Objects-normal/arm64_32/SpeziKeychainStorage-Swift.h -working-directory /Users/admin/builder/spi-builder-workspace/.swiftpm/xcode -experimental-emit-module-separately -disable-cmo
Ld /Users/admin/builder/spi-builder-workspace/.derivedData/Build/Intermediates.noindex/SpeziStorage.build/Debug-watchos/SpeziKeychainStorage-t.build/Objects-normal/arm64_32/Binary/SpeziKeychainStorage.o normal arm64_32 (in target 'SpeziKeychainStorage' from project 'SpeziStorage')
cd /Users/admin/builder/spi-builder-workspace/.dependencies/checkouts/SpeziStorage
/Applications/Xcode-27.0.0-Release.Candidate.app/Contents/Developer/Toolchains/XcodeDefault.xctoolchain/usr/bin/clang -Xlinker -reproducible -target arm64_32-apple-watchos10.0 -r -isysroot /Applications/Xcode-27.0.0-Release.Candidate.app/Contents/Developer/Platforms/WatchOS.platform/Developer/SDKs/WatchOS27.0.sdk -O0 -w -Xlinker -no_warn_duplicate_libraries -F/Users/admin/builder/spi-builder-workspace/.derivedData/Build/Intermediates.noindex/EagerLinkingTBDs/Debug-watchos -F/Users/admin/builder/spi-builder-workspace/.derivedData/Build/Products/Debug-watchos/PackageFrameworks -F/Users/admin/builder/spi-builder-workspace/.derivedData/Build/Products/Debug-watchos -iframework /Applications/Xcode-27.0.0-Release.Candidate.app/Contents/Developer/Platforms/WatchOS.platform/Developer/Library/Frameworks -iframework /Applications/Xcode-27.0.0-Release.Candidate.app/Contents/Developer/Platforms/WatchOS.platform/Developer/SDKs/WatchOS27.0.sdk/Developer/Library/Frameworks -filelist /Users/admin/builder/spi-builder-workspace/.derivedData/Build/Intermediates.noindex/SpeziStorage.build/Debug-watchos/SpeziKeychainStorage-t.build/Objects-normal/arm64_32/SpeziKeychainStorage.LinkFileList -nostdlib -Xlinker -object_path_lto -Xlinker /Users/admin/builder/spi-builder-workspace/.derivedData/Build/Intermediates.noindex/SpeziStorage.build/Debug-watchos/SpeziKeychainStorage-t.build/Objects-normal/arm64_32/SpeziKeychainStorage_lto.o -Xlinker -no_deduplicate -Xlinker -debug_variant -Xlinker -dependency_info -Xlinker /Users/admin/builder/spi-builder-workspace/.derivedData/Build/Intermediates.noindex/SpeziStorage.build/Debug-watchos/SpeziKeychainStorage-t.build/Objects-normal/arm64_32/SpeziKeychainStorage_dependency_info.dat -fobjc-link-runtime -L/Applications/Xcode-27.0.0-Release.Candidate.app/Contents/Developer/Toolchains/XcodeDefault.xctoolchain/usr/lib/swift/watchos -L/usr/lib/swift -Xlinker -add_ast_path -Xlinker /Users/admin/builder/spi-builder-workspace/.derivedData/Build/Intermediates.noindex/SpeziStorage.build/Debug-watchos/SpeziKeychainStorage-t.build/Objects-normal/arm64_32/SpeziKeychainStorage.swiftmodule -o /Users/admin/builder/spi-builder-workspace/.derivedData/Build/Intermediates.noindex/SpeziStorage.build/Debug-watchos/SpeziKeychainStorage-t.build/Objects-normal/arm64_32/Binary/SpeziKeychainStorage.o
CreateUniversalBinary /Users/admin/builder/spi-builder-workspace/.derivedData/Build/Products/Debug-watchos/SpeziKeychainStorage.o normal arm64\ arm64_32 (in target 'SpeziKeychainStorage' from project 'SpeziStorage')
cd /Users/admin/builder/spi-builder-workspace/.dependencies/checkouts/SpeziStorage
/Applications/Xcode-27.0.0-Release.Candidate.app/Contents/Developer/Toolchains/XcodeDefault.xctoolchain/usr/bin/lipo -create /Users/admin/builder/spi-builder-workspace/.derivedData/Build/Intermediates.noindex/SpeziStorage.build/Debug-watchos/SpeziKeychainStorage-t.build/Objects-normal/arm64/Binary/SpeziKeychainStorage.o /Users/admin/builder/spi-builder-workspace/.derivedData/Build/Intermediates.noindex/SpeziStorage.build/Debug-watchos/SpeziKeychainStorage-t.build/Objects-normal/arm64_32/Binary/SpeziKeychainStorage.o -output /Users/admin/builder/spi-builder-workspace/.derivedData/Build/Products/Debug-watchos/SpeziKeychainStorage.o
ExtractAppIntentsMetadata (in target 'SpeziKeychainStorage' from project 'SpeziStorage')
cd /Users/admin/builder/spi-builder-workspace/.dependencies/checkouts/SpeziStorage
/Applications/Xcode-27.0.0-Release.Candidate.app/Contents/Developer/Toolchains/XcodeDefault.xctoolchain/usr/bin/appintentsmetadataprocessor --toolchain-dir /var/run/com.apple.security.cryptexd/mnt/com.apple.MobileAsset.MetalToolchain-v27.1.266.1.sA9pdR/Metal.xctoolchain --module-name SpeziKeychainStorage --sdk-root /Applications/Xcode-27.0.0-Release.Candidate.app/Contents/Developer/Platforms/WatchOS.platform/Developer/SDKs/WatchOS27.0.sdk --xcode-version 27A266a --platform-family watchOS --deployment-target 10.0 --bundle-identifier spezistorage.SpeziKeychainStorage --output /Users/admin/builder/spi-builder-workspace/.derivedData/Build/Products/Debug-watchos/SpeziKeychainStorage.appintents --target-triple arm64-apple-watchos10.0 --target-triple arm64_32-apple-watchos10.0 --binary-file /Users/admin/builder/spi-builder-workspace/.derivedData/Build/Products/Debug-watchos/SpeziKeychainStorage.o --dependency-file /Users/admin/builder/spi-builder-workspace/.derivedData/Build/Intermediates.noindex/SpeziStorage.build/Debug-watchos/SpeziKeychainStorage-t.build/Objects-normal/arm64/SpeziKeychainStorage_dependency_info.dat --dependency-file /Users/admin/builder/spi-builder-workspace/.derivedData/Build/Intermediates.noindex/SpeziStorage.build/Debug-watchos/SpeziKeychainStorage-t.build/Objects-normal/arm64_32/SpeziKeychainStorage_dependency_info.dat --stringsdata-file /Users/admin/builder/spi-builder-workspace/.derivedData/Build/Intermediates.noindex/SpeziStorage.build/Debug-watchos/SpeziKeychainStorage-t.build/Objects-normal/arm64/ExtractedAppShortcutsMetadata.stringsdata --stringsdata-file /Users/admin/builder/spi-builder-workspace/.derivedData/Build/Intermediates.noindex/SpeziStorage.build/Debug-watchos/SpeziKeychainStorage-t.build/Objects-normal/arm64_32/ExtractedAppShortcutsMetadata.stringsdata --source-file-list /Users/admin/builder/spi-builder-workspace/.derivedData/Build/Intermediates.noindex/SpeziStorage.build/Debug-watchos/SpeziKeychainStorage-t.build/Objects-normal/arm64/SpeziKeychainStorage.SwiftFileList --source-file-list /Users/admin/builder/spi-builder-workspace/.derivedData/Build/Intermediates.noindex/SpeziStorage.build/Debug-watchos/SpeziKeychainStorage-t.build/Objects-normal/arm64_32/SpeziKeychainStorage.SwiftFileList --metadata-file-list /Users/admin/builder/spi-builder-workspace/.derivedData/Build/Intermediates.noindex/SpeziStorage.build/Debug-watchos/SpeziKeychainStorage-t.build/SpeziKeychainStorage.DependencyMetadataFileList --static-metadata-file-list /Users/admin/builder/spi-builder-workspace/.derivedData/Build/Intermediates.noindex/SpeziStorage.build/Debug-watchos/SpeziKeychainStorage-t.build/SpeziKeychainStorage.DependencyStaticMetadataFileList --swift-const-vals-list /Users/admin/builder/spi-builder-workspace/.derivedData/Build/Intermediates.noindex/SpeziStorage.build/Debug-watchos/SpeziKeychainStorage-t.build/Objects-normal/arm64/SpeziKeychainStorage.SwiftConstValuesFileList --swift-const-vals-list /Users/admin/builder/spi-builder-workspace/.derivedData/Build/Intermediates.noindex/SpeziStorage.build/Debug-watchos/SpeziKeychainStorage-t.build/Objects-normal/arm64_32/SpeziKeychainStorage.SwiftConstValuesFileList --force --compile-time-extraction --deployment-aware-processing --no-app-shortcuts-localization
2026-09-24 13:30:22.656 appintentsmetadataprocessor[2053:10351] Starting appintentsmetadataprocessor export
2026-09-24 13:30:22.731 appintentsmetadataprocessor[2053:10351] Extracted no relevant App Intents symbols, skipping writing output
SwiftEmitModule normal arm64_32 Emitting\ module\ for\ SpeziLocalStorage (in target 'SpeziLocalStorage' from project 'SpeziStorage')
SwiftCompile normal arm64_32 (in target 'SpeziLocalStorage' from project 'SpeziStorage')
cd /Users/admin/builder/spi-builder-workspace/.swiftpm/xcode
SwiftCompile normal arm64_32 Compiling\ LocalStorage.swift /Users/admin/builder/spi-builder-workspace/.dependencies/checkouts/SpeziStorage/Sources/SpeziLocalStorage/LocalStorage.swift (in target 'SpeziLocalStorage' from project 'SpeziStorage')
SwiftCompile normal arm64_32 /Users/admin/builder/spi-builder-workspace/.dependencies/checkouts/SpeziStorage/Sources/SpeziLocalStorage/LocalStorage.swift (in target 'SpeziLocalStorage' from project 'SpeziStorage')
cd /Users/admin/builder/spi-builder-workspace/.swiftpm/xcode
builtin-SwiftPerFileCompile LocalStorage.swift
SwiftCompile normal arm64_32 Compiling\ LocalStorageKey.swift /Users/admin/builder/spi-builder-workspace/.dependencies/checkouts/SpeziStorage/Sources/SpeziLocalStorage/LocalStorageKey.swift (in target 'SpeziLocalStorage' from project 'SpeziStorage')
SwiftCompile normal arm64_32 /Users/admin/builder/spi-builder-workspace/.dependencies/checkouts/SpeziStorage/Sources/SpeziLocalStorage/LocalStorageKey.swift (in target 'SpeziLocalStorage' from project 'SpeziStorage')
cd /Users/admin/builder/spi-builder-workspace/.swiftpm/xcode
builtin-SwiftPerFileCompile LocalStorageKey.swift
SwiftCompile normal arm64_32 Compiling\ LocalStorageError.swift /Users/admin/builder/spi-builder-workspace/.dependencies/checkouts/SpeziStorage/Sources/SpeziLocalStorage/LocalStorageError.swift (in target 'SpeziLocalStorage' from project 'SpeziStorage')
SwiftCompile normal arm64_32 /Users/admin/builder/spi-builder-workspace/.dependencies/checkouts/SpeziStorage/Sources/SpeziLocalStorage/LocalStorageError.swift (in target 'SpeziLocalStorage' from project 'SpeziStorage')
cd /Users/admin/builder/spi-builder-workspace/.swiftpm/xcode
builtin-SwiftPerFileCompile LocalStorageError.swift
SwiftCompile normal arm64_32 Compiling\ LocalStorageEntry.swift /Users/admin/builder/spi-builder-workspace/.dependencies/checkouts/SpeziStorage/Sources/SpeziLocalStorage/LocalStorageEntry.swift (in target 'SpeziLocalStorage' from project 'SpeziStorage')
SwiftCompile normal arm64_32 /Users/admin/builder/spi-builder-workspace/.dependencies/checkouts/SpeziStorage/Sources/SpeziLocalStorage/LocalStorageEntry.swift (in target 'SpeziLocalStorage' from project 'SpeziStorage')
cd /Users/admin/builder/spi-builder-workspace/.swiftpm/xcode
builtin-SwiftPerFileCompile LocalStorageEntry.swift
SwiftCompile normal arm64_32 Compiling\ LocalStorageSetting.swift /Users/admin/builder/spi-builder-workspace/.dependencies/checkouts/SpeziStorage/Sources/SpeziLocalStorage/LocalStorageSetting.swift (in target 'SpeziLocalStorage' from project 'SpeziStorage')
SwiftCompile normal arm64_32 /Users/admin/builder/spi-builder-workspace/.dependencies/checkouts/SpeziStorage/Sources/SpeziLocalStorage/LocalStorageSetting.swift (in target 'SpeziLocalStorage' from project 'SpeziStorage')
cd /Users/admin/builder/spi-builder-workspace/.swiftpm/xcode
builtin-SwiftPerFileCompile LocalStorageSetting.swift
SwiftEmitModule normal arm64 Emitting\ module\ for\ SpeziLocalStorage (in target 'SpeziLocalStorage' from project 'SpeziStorage')
SwiftCompile normal arm64 (in target 'SpeziLocalStorage' from project 'SpeziStorage')
cd /Users/admin/builder/spi-builder-workspace/.swiftpm/xcode
SwiftCompile normal arm64 Compiling\ LocalStorageEntry.swift /Users/admin/builder/spi-builder-workspace/.dependencies/checkouts/SpeziStorage/Sources/SpeziLocalStorage/LocalStorageEntry.swift (in target 'SpeziLocalStorage' from project 'SpeziStorage')
SwiftCompile normal arm64 /Users/admin/builder/spi-builder-workspace/.dependencies/checkouts/SpeziStorage/Sources/SpeziLocalStorage/LocalStorageEntry.swift (in target 'SpeziLocalStorage' from project 'SpeziStorage')
cd /Users/admin/builder/spi-builder-workspace/.swiftpm/xcode
builtin-SwiftPerFileCompile LocalStorageEntry.swift
SwiftCompile normal arm64 Compiling\ LocalStorageError.swift /Users/admin/builder/spi-builder-workspace/.dependencies/checkouts/SpeziStorage/Sources/SpeziLocalStorage/LocalStorageError.swift (in target 'SpeziLocalStorage' from project 'SpeziStorage')
SwiftCompile normal arm64 /Users/admin/builder/spi-builder-workspace/.dependencies/checkouts/SpeziStorage/Sources/SpeziLocalStorage/LocalStorageError.swift (in target 'SpeziLocalStorage' from project 'SpeziStorage')
cd /Users/admin/builder/spi-builder-workspace/.swiftpm/xcode
builtin-SwiftPerFileCompile LocalStorageError.swift
SwiftCompile normal arm64 Compiling\ LocalStorageSetting.swift /Users/admin/builder/spi-builder-workspace/.dependencies/checkouts/SpeziStorage/Sources/SpeziLocalStorage/LocalStorageSetting.swift (in target 'SpeziLocalStorage' from project 'SpeziStorage')
SwiftCompile normal arm64 /Users/admin/builder/spi-builder-workspace/.dependencies/checkouts/SpeziStorage/Sources/SpeziLocalStorage/LocalStorageSetting.swift (in target 'SpeziLocalStorage' from project 'SpeziStorage')
cd /Users/admin/builder/spi-builder-workspace/.swiftpm/xcode
builtin-SwiftPerFileCompile LocalStorageSetting.swift
SwiftCompile normal arm64 Compiling\ LocalStorageKey.swift /Users/admin/builder/spi-builder-workspace/.dependencies/checkouts/SpeziStorage/Sources/SpeziLocalStorage/LocalStorageKey.swift (in target 'SpeziLocalStorage' from project 'SpeziStorage')
SwiftCompile normal arm64 /Users/admin/builder/spi-builder-workspace/.dependencies/checkouts/SpeziStorage/Sources/SpeziLocalStorage/LocalStorageKey.swift (in target 'SpeziLocalStorage' from project 'SpeziStorage')
cd /Users/admin/builder/spi-builder-workspace/.swiftpm/xcode
builtin-SwiftPerFileCompile LocalStorageKey.swift
SwiftDriverJobDiscovery normal arm64 Compiling LocalStorageError.swift (in target 'SpeziLocalStorage' from project 'SpeziStorage')
SwiftCompile normal arm64 Compiling\ LocalStorage.swift /Users/admin/builder/spi-builder-workspace/.dependencies/checkouts/SpeziStorage/Sources/SpeziLocalStorage/LocalStorage.swift (in target 'SpeziLocalStorage' from project 'SpeziStorage')
SwiftCompile normal arm64 /Users/admin/builder/spi-builder-workspace/.dependencies/checkouts/SpeziStorage/Sources/SpeziLocalStorage/LocalStorage.swift (in target 'SpeziLocalStorage' from project 'SpeziStorage')
cd /Users/admin/builder/spi-builder-workspace/.swiftpm/xcode
builtin-SwiftPerFileCompile LocalStorage.swift
SwiftDriverJobDiscovery normal arm64_32 Compiling LocalStorageError.swift (in target 'SpeziLocalStorage' from project 'SpeziStorage')
SwiftDriverJobDiscovery normal arm64 Compiling LocalStorageSetting.swift (in target 'SpeziLocalStorage' from project 'SpeziStorage')
SwiftDriverJobDiscovery normal arm64_32 Compiling LocalStorageSetting.swift (in target 'SpeziLocalStorage' from project 'SpeziStorage')
SwiftDriverJobDiscovery normal arm64_32 Compiling LocalStorageKey.swift (in target 'SpeziLocalStorage' from project 'SpeziStorage')
SwiftDriverJobDiscovery normal arm64_32 Emitting module for SpeziLocalStorage (in target 'SpeziLocalStorage' from project 'SpeziStorage')
SwiftDriver\ Compilation\ Requirements SpeziLocalStorage normal arm64_32 com.apple.xcode.tools.swift.compiler (in target 'SpeziLocalStorage' from project 'SpeziStorage')
cd /Users/admin/builder/spi-builder-workspace/.swiftpm/xcode
builtin-Swift-Compilation-Requirements -- /Applications/Xcode-27.0.0-Release.Candidate.app/Contents/Developer/Toolchains/XcodeDefault.xctoolchain/usr/bin/swiftc -parse-as-library -module-name SpeziLocalStorage -Onone @/Users/admin/builder/spi-builder-workspace/.derivedData/Build/Intermediates.noindex/SpeziStorage.build/Debug-watchos/SpeziLocalStorage-t.build/Objects-normal/arm64_32/SpeziLocalStorage.SwiftFileList -DSWIFT_PACKAGE -DDEBUG -DSWIFT_MODULE_RESOURCE_BUNDLE_UNAVAILABLE -Xcc -fmodule-map-file\=/Users/admin/builder/spi-builder-workspace/.dependencies/checkouts/zstd/lib/module.modulemap -Xcc -fmodule-map-file\=/Users/admin/builder/spi-builder-workspace/.dependencies/checkouts/swift-atomics/Sources/_AtomicsShims/include/module.modulemap -Xcc -fmodule-map-file\=/Users/admin/builder/spi-builder-workspace/.dependencies/checkouts/swift-numerics/Sources/_NumericsShims/include/module.modulemap -Xcc -fmodule-map-file\=/Users/admin/builder/spi-builder-workspace/.derivedData/Build/Intermediates.noindex/GeneratedModuleMaps-watchos/SpeziFoundationObjC.modulemap -DXcode -enable-upcoming-feature ExistentialAny -plugin-path /Applications/Xcode-27.0.0-Release.Candidate.app/Contents/Developer/Toolchains/XcodeDefault.xctoolchain/usr/lib/swift/host/plugins/testing -enable-experimental-feature DebugDescriptionMacro -sdk /Applications/Xcode-27.0.0-Release.Candidate.app/Contents/Developer/Platforms/WatchOS.platform/Developer/SDKs/WatchOS27.0.sdk -target arm64_32-apple-watchos10.0 -g -module-cache-path /Users/admin/builder/spi-builder-workspace/.derivedData/ModuleCache.noindex -Xfrontend -serialize-debugging-options -profile-coverage-mapping -profile-generate -enable-testing -suppress-warnings -index-store-path /Users/admin/builder/spi-builder-workspace/.derivedData/Index.noindex/DataStore -Xcc -D_LIBCPP_HARDENING_MODE\=_LIBCPP_HARDENING_MODE_DEBUG -swift-version 6 -I /Users/admin/builder/spi-builder-workspace/.derivedData/Build/Products/Debug-watchos -Isystem /Applications/Xcode-27.0.0-Release.Candidate.app/Contents/Developer/Platforms/WatchOS.platform/Developer/usr/lib -F /Users/admin/builder/spi-builder-workspace/.derivedData/Build/Products/Debug-watchos/PackageFrameworks -F /Users/admin/builder/spi-builder-workspace/.derivedData/Build/Products/Debug-watchos -F /Applications/Xcode-27.0.0-Release.Candidate.app/Contents/Developer/Platforms/WatchOS.platform/Developer/Library/Frameworks -F /Applications/Xcode-27.0.0-Release.Candidate.app/Contents/Developer/Platforms/WatchOS.platform/Developer/SDKs/WatchOS27.0.sdk/Developer/Library/Frameworks -Xfrontend -load-plugin-executable -Xfrontend /Users/admin/builder/spi-builder-workspace/.derivedData/Build/Products/Debug/ThreadLocalMacros\#ThreadLocalMacros -c -j10 -enable-batch-mode -incremental -Xcc -ivfsstatcache -Xcc /Users/admin/builder/spi-builder-workspace/.derivedData/SDKStatCaches.noindex/watchos27.0-24R360-e829b21a6f8c9b70876ba0858053c04477534ef55a1706bf4c1112bbb242f0a2.sdkstatcache -output-file-map /Users/admin/builder/spi-builder-workspace/.derivedData/Build/Intermediates.noindex/SpeziStorage.build/Debug-watchos/SpeziLocalStorage-t.build/Objects-normal/arm64_32/SpeziLocalStorage-OutputFileMap.json -save-temps -no-color-diagnostics -explicit-module-build -module-cache-path /Users/admin/builder/spi-builder-workspace/.derivedData/Build/Intermediates.noindex/SwiftExplicitPrecompiledModules -clang-scanner-module-cache-path /Users/admin/builder/spi-builder-workspace/.derivedData/ModuleCache.noindex -sdk-module-cache-path /Users/admin/builder/spi-builder-workspace/.derivedData/SDKExplicitPrecompiledModules -emit-dependencies -emit-module -emit-module-path /Users/admin/builder/spi-builder-workspace/.derivedData/Build/Intermediates.noindex/SpeziStorage.build/Debug-watchos/SpeziLocalStorage-t.build/Objects-normal/arm64_32/SpeziLocalStorage.swiftmodule -serialize-diagnostics -dependency-scan-serialize-diagnostics-path /Users/admin/builder/spi-builder-workspace/.derivedData/Build/Intermediates.noindex/SpeziStorage.build/Debug-watchos/SpeziLocalStorage-t.build/Objects-normal/arm64_32/SpeziLocalStorage-dependency-scan.dia -user-module-version 2.1.4 -validate-clang-modules-once -clang-build-session-file /Users/admin/builder/spi-builder-workspace/.derivedData/ModuleCache.noindex/Session.modulevalidation -Xcc -fmodules-prune-interval\=86400 -Xcc -fmodules-prune-after\=345600 -package-name spezistorage -emit-const-values -const-gather-protocols-list /Users/admin/builder/spi-builder-workspace/.derivedData/Build/Intermediates.noindex/SpeziStorage.build/Debug-watchos/SpeziLocalStorage-t.build/Objects-normal/arm64_32/SpeziLocalStorage_const_extract_protocols.json -Xcc -I/Users/admin/builder/spi-builder-workspace/.dependencies/checkouts/zstd/lib -Xcc -I/Users/admin/builder/spi-builder-workspace/.dependencies/checkouts/swift-atomics/Sources/_AtomicsShims/include -Xcc -I/Users/admin/builder/spi-builder-workspace/.dependencies/checkouts/swift-numerics/Sources/_NumericsShims/include -Xcc -I/Users/admin/builder/spi-builder-workspace/.dependencies/checkouts/SpeziFoundation/Sources/SpeziFoundationObjC/include -Xcc -I/Users/admin/builder/spi-builder-workspace/.derivedData/Build/Products/Debug-watchos/include -Xcc -I/Users/admin/builder/spi-builder-workspace/.derivedData/Build/Intermediates.noindex/SpeziStorage.build/Debug-watchos/SpeziLocalStorage-t.build/DerivedSources-normal/arm64_32 -Xcc -I/Users/admin/builder/spi-builder-workspace/.derivedData/Build/Intermediates.noindex/SpeziStorage.build/Debug-watchos/SpeziLocalStorage-t.build/DerivedSources/arm64_32 -Xcc -I/Users/admin/builder/spi-builder-workspace/.derivedData/Build/Intermediates.noindex/SpeziStorage.build/Debug-watchos/SpeziLocalStorage-t.build/DerivedSources -Xcc -DSWIFT_PACKAGE -Xcc -DDEBUG\=1 -emit-objc-header -emit-objc-header-path /Users/admin/builder/spi-builder-workspace/.derivedData/Build/Intermediates.noindex/SpeziStorage.build/Debug-watchos/SpeziLocalStorage-t.build/Objects-normal/arm64_32/SpeziLocalStorage-Swift.h -working-directory /Users/admin/builder/spi-builder-workspace/.swiftpm/xcode -experimental-emit-module-separately -disable-cmo
Copy /Users/admin/builder/spi-builder-workspace/.derivedData/Build/Products/Debug-watchos/SpeziLocalStorage.swiftmodule/arm64_32-apple-watchos.swiftdoc /Users/admin/builder/spi-builder-workspace/.derivedData/Build/Intermediates.noindex/SpeziStorage.build/Debug-watchos/SpeziLocalStorage-t.build/Objects-normal/arm64_32/SpeziLocalStorage.swiftdoc (in target 'SpeziLocalStorage' from project 'SpeziStorage')
cd /Users/admin/builder/spi-builder-workspace/.dependencies/checkouts/SpeziStorage
builtin-copy -exclude .DS_Store -exclude CVS -exclude .svn -exclude .git -exclude .hg -resolve-src-symlinks -rename /Users/admin/builder/spi-builder-workspace/.derivedData/Build/Intermediates.noindex/SpeziStorage.build/Debug-watchos/SpeziLocalStorage-t.build/Objects-normal/arm64_32/SpeziLocalStorage.swiftdoc /Users/admin/builder/spi-builder-workspace/.derivedData/Build/Products/Debug-watchos/SpeziLocalStorage.swiftmodule/arm64_32-apple-watchos.swiftdoc
Copy /Users/admin/builder/spi-builder-workspace/.derivedData/Build/Products/Debug-watchos/SpeziLocalStorage.swiftmodule/arm64_32-apple-watchos.abi.json /Users/admin/builder/spi-builder-workspace/.derivedData/Build/Intermediates.noindex/SpeziStorage.build/Debug-watchos/SpeziLocalStorage-t.build/Objects-normal/arm64_32/SpeziLocalStorage.abi.json (in target 'SpeziLocalStorage' from project 'SpeziStorage')
cd /Users/admin/builder/spi-builder-workspace/.dependencies/checkouts/SpeziStorage
builtin-copy -exclude .DS_Store -exclude CVS -exclude .svn -exclude .git -exclude .hg -resolve-src-symlinks -rename /Users/admin/builder/spi-builder-workspace/.derivedData/Build/Intermediates.noindex/SpeziStorage.build/Debug-watchos/SpeziLocalStorage-t.build/Objects-normal/arm64_32/SpeziLocalStorage.abi.json /Users/admin/builder/spi-builder-workspace/.derivedData/Build/Products/Debug-watchos/SpeziLocalStorage.swiftmodule/arm64_32-apple-watchos.abi.json
Copy /Users/admin/builder/spi-builder-workspace/.derivedData/Build/Products/Debug-watchos/SpeziLocalStorage.swiftmodule/arm64_32-apple-watchos.swiftmodule /Users/admin/builder/spi-builder-workspace/.derivedData/Build/Intermediates.noindex/SpeziStorage.build/Debug-watchos/SpeziLocalStorage-t.build/Objects-normal/arm64_32/SpeziLocalStorage.swiftmodule (in target 'SpeziLocalStorage' from project 'SpeziStorage')
cd /Users/admin/builder/spi-builder-workspace/.dependencies/checkouts/SpeziStorage
builtin-copy -exclude .DS_Store -exclude CVS -exclude .svn -exclude .git -exclude .hg -resolve-src-symlinks -rename /Users/admin/builder/spi-builder-workspace/.derivedData/Build/Intermediates.noindex/SpeziStorage.build/Debug-watchos/SpeziLocalStorage-t.build/Objects-normal/arm64_32/SpeziLocalStorage.swiftmodule /Users/admin/builder/spi-builder-workspace/.derivedData/Build/Products/Debug-watchos/SpeziLocalStorage.swiftmodule/arm64_32-apple-watchos.swiftmodule
Copy /Users/admin/builder/spi-builder-workspace/.derivedData/Build/Products/Debug-watchos/SpeziLocalStorage.swiftmodule/Project/arm64_32-apple-watchos.swiftsourceinfo /Users/admin/builder/spi-builder-workspace/.derivedData/Build/Intermediates.noindex/SpeziStorage.build/Debug-watchos/SpeziLocalStorage-t.build/Objects-normal/arm64_32/SpeziLocalStorage.swiftsourceinfo (in target 'SpeziLocalStorage' from project 'SpeziStorage')
cd /Users/admin/builder/spi-builder-workspace/.dependencies/checkouts/SpeziStorage
builtin-copy -exclude .DS_Store -exclude CVS -exclude .svn -exclude .git -exclude .hg -resolve-src-symlinks -rename /Users/admin/builder/spi-builder-workspace/.derivedData/Build/Intermediates.noindex/SpeziStorage.build/Debug-watchos/SpeziLocalStorage-t.build/Objects-normal/arm64_32/SpeziLocalStorage.swiftsourceinfo /Users/admin/builder/spi-builder-workspace/.derivedData/Build/Products/Debug-watchos/SpeziLocalStorage.swiftmodule/Project/arm64_32-apple-watchos.swiftsourceinfo
SwiftDriverJobDiscovery normal arm64 Emitting module for SpeziLocalStorage (in target 'SpeziLocalStorage' from project 'SpeziStorage')
SwiftDriver\ Compilation\ Requirements SpeziLocalStorage normal arm64 com.apple.xcode.tools.swift.compiler (in target 'SpeziLocalStorage' from project 'SpeziStorage')
cd /Users/admin/builder/spi-builder-workspace/.swiftpm/xcode
builtin-Swift-Compilation-Requirements -- /Applications/Xcode-27.0.0-Release.Candidate.app/Contents/Developer/Toolchains/XcodeDefault.xctoolchain/usr/bin/swiftc -parse-as-library -module-name SpeziLocalStorage -Onone @/Users/admin/builder/spi-builder-workspace/.derivedData/Build/Intermediates.noindex/SpeziStorage.build/Debug-watchos/SpeziLocalStorage-t.build/Objects-normal/arm64/SpeziLocalStorage.SwiftFileList -DSWIFT_PACKAGE -DDEBUG -DSWIFT_MODULE_RESOURCE_BUNDLE_UNAVAILABLE -Xcc -fmodule-map-file\=/Users/admin/builder/spi-builder-workspace/.dependencies/checkouts/zstd/lib/module.modulemap -Xcc -fmodule-map-file\=/Users/admin/builder/spi-builder-workspace/.dependencies/checkouts/swift-atomics/Sources/_AtomicsShims/include/module.modulemap -Xcc -fmodule-map-file\=/Users/admin/builder/spi-builder-workspace/.dependencies/checkouts/swift-numerics/Sources/_NumericsShims/include/module.modulemap -Xcc -fmodule-map-file\=/Users/admin/builder/spi-builder-workspace/.derivedData/Build/Intermediates.noindex/GeneratedModuleMaps-watchos/SpeziFoundationObjC.modulemap -DXcode -enable-upcoming-feature ExistentialAny -plugin-path /Applications/Xcode-27.0.0-Release.Candidate.app/Contents/Developer/Toolchains/XcodeDefault.xctoolchain/usr/lib/swift/host/plugins/testing -enable-experimental-feature DebugDescriptionMacro -sdk /Applications/Xcode-27.0.0-Release.Candidate.app/Contents/Developer/Platforms/WatchOS.platform/Developer/SDKs/WatchOS27.0.sdk -target arm64-apple-watchos10.0 -g -module-cache-path /Users/admin/builder/spi-builder-workspace/.derivedData/ModuleCache.noindex -Xfrontend -serialize-debugging-options -profile-coverage-mapping -profile-generate -enable-testing -suppress-warnings -index-store-path /Users/admin/builder/spi-builder-workspace/.derivedData/Index.noindex/DataStore -Xcc -D_LIBCPP_HARDENING_MODE\=_LIBCPP_HARDENING_MODE_DEBUG -swift-version 6 -I /Users/admin/builder/spi-builder-workspace/.derivedData/Build/Products/Debug-watchos -Isystem /Applications/Xcode-27.0.0-Release.Candidate.app/Contents/Developer/Platforms/WatchOS.platform/Developer/usr/lib -F /Users/admin/builder/spi-builder-workspace/.derivedData/Build/Products/Debug-watchos/PackageFrameworks -F /Users/admin/builder/spi-builder-workspace/.derivedData/Build/Products/Debug-watchos -F /Applications/Xcode-27.0.0-Release.Candidate.app/Contents/Developer/Platforms/WatchOS.platform/Developer/Library/Frameworks -F /Applications/Xcode-27.0.0-Release.Candidate.app/Contents/Developer/Platforms/WatchOS.platform/Developer/SDKs/WatchOS27.0.sdk/Developer/Library/Frameworks -Xfrontend -load-plugin-executable -Xfrontend /Users/admin/builder/spi-builder-workspace/.derivedData/Build/Products/Debug/ThreadLocalMacros\#ThreadLocalMacros -c -j10 -enable-batch-mode -incremental -Xcc -ivfsstatcache -Xcc /Users/admin/builder/spi-builder-workspace/.derivedData/SDKStatCaches.noindex/watchos27.0-24R360-e829b21a6f8c9b70876ba0858053c04477534ef55a1706bf4c1112bbb242f0a2.sdkstatcache -output-file-map /Users/admin/builder/spi-builder-workspace/.derivedData/Build/Intermediates.noindex/SpeziStorage.build/Debug-watchos/SpeziLocalStorage-t.build/Objects-normal/arm64/SpeziLocalStorage-OutputFileMap.json -save-temps -no-color-diagnostics -explicit-module-build -module-cache-path /Users/admin/builder/spi-builder-workspace/.derivedData/Build/Intermediates.noindex/SwiftExplicitPrecompiledModules -clang-scanner-module-cache-path /Users/admin/builder/spi-builder-workspace/.derivedData/ModuleCache.noindex -sdk-module-cache-path /Users/admin/builder/spi-builder-workspace/.derivedData/SDKExplicitPrecompiledModules -emit-dependencies -emit-module -emit-module-path /Users/admin/builder/spi-builder-workspace/.derivedData/Build/Intermediates.noindex/SpeziStorage.build/Debug-watchos/SpeziLocalStorage-t.build/Objects-normal/arm64/SpeziLocalStorage.swiftmodule -serialize-diagnostics -dependency-scan-serialize-diagnostics-path /Users/admin/builder/spi-builder-workspace/.derivedData/Build/Intermediates.noindex/SpeziStorage.build/Debug-watchos/SpeziLocalStorage-t.build/Objects-normal/arm64/SpeziLocalStorage-dependency-scan.dia -user-module-version 2.1.4 -validate-clang-modules-once -clang-build-session-file /Users/admin/builder/spi-builder-workspace/.derivedData/ModuleCache.noindex/Session.modulevalidation -Xcc -fmodules-prune-interval\=86400 -Xcc -fmodules-prune-after\=345600 -package-name spezistorage -emit-const-values -const-gather-protocols-list /Users/admin/builder/spi-builder-workspace/.derivedData/Build/Intermediates.noindex/SpeziStorage.build/Debug-watchos/SpeziLocalStorage-t.build/Objects-normal/arm64/SpeziLocalStorage_const_extract_protocols.json -Xcc -I/Users/admin/builder/spi-builder-workspace/.dependencies/checkouts/zstd/lib -Xcc -I/Users/admin/builder/spi-builder-workspace/.dependencies/checkouts/swift-atomics/Sources/_AtomicsShims/include -Xcc -I/Users/admin/builder/spi-builder-workspace/.dependencies/checkouts/swift-numerics/Sources/_NumericsShims/include -Xcc -I/Users/admin/builder/spi-builder-workspace/.dependencies/checkouts/SpeziFoundation/Sources/SpeziFoundationObjC/include -Xcc -I/Users/admin/builder/spi-builder-workspace/.derivedData/Build/Products/Debug-watchos/include -Xcc -I/Users/admin/builder/spi-builder-workspace/.derivedData/Build/Intermediates.noindex/SpeziStorage.build/Debug-watchos/SpeziLocalStorage-t.build/DerivedSources-normal/arm64 -Xcc -I/Users/admin/builder/spi-builder-workspace/.derivedData/Build/Intermediates.noindex/SpeziStorage.build/Debug-watchos/SpeziLocalStorage-t.build/DerivedSources/arm64 -Xcc -I/Users/admin/builder/spi-builder-workspace/.derivedData/Build/Intermediates.noindex/SpeziStorage.build/Debug-watchos/SpeziLocalStorage-t.build/DerivedSources -Xcc -DSWIFT_PACKAGE -Xcc -DDEBUG\=1 -emit-objc-header -emit-objc-header-path /Users/admin/builder/spi-builder-workspace/.derivedData/Build/Intermediates.noindex/SpeziStorage.build/Debug-watchos/SpeziLocalStorage-t.build/Objects-normal/arm64/SpeziLocalStorage-Swift.h -working-directory /Users/admin/builder/spi-builder-workspace/.swiftpm/xcode -experimental-emit-module-separately -disable-cmo
SwiftMergeGeneratedHeaders /Users/admin/builder/spi-builder-workspace/.derivedData/Build/Intermediates.noindex/GeneratedModuleMaps-watchos/SpeziLocalStorage-Swift.h /Users/admin/builder/spi-builder-workspace/.derivedData/Build/Intermediates.noindex/SpeziStorage.build/Debug-watchos/SpeziLocalStorage-t.build/Objects-normal/arm64/SpeziLocalStorage-Swift.h /Users/admin/builder/spi-builder-workspace/.derivedData/Build/Intermediates.noindex/SpeziStorage.build/Debug-watchos/SpeziLocalStorage-t.build/Objects-normal/arm64_32/SpeziLocalStorage-Swift.h (in target 'SpeziLocalStorage' from project 'SpeziStorage')
cd /Users/admin/builder/spi-builder-workspace/.dependencies/checkouts/SpeziStorage
builtin-swiftHeaderTool -arch arm64 /Users/admin/builder/spi-builder-workspace/.derivedData/Build/Intermediates.noindex/SpeziStorage.build/Debug-watchos/SpeziLocalStorage-t.build/Objects-normal/arm64/SpeziLocalStorage-Swift.h -arch arm64_32 /Users/admin/builder/spi-builder-workspace/.derivedData/Build/Intermediates.noindex/SpeziStorage.build/Debug-watchos/SpeziLocalStorage-t.build/Objects-normal/arm64_32/SpeziLocalStorage-Swift.h -o /Users/admin/builder/spi-builder-workspace/.derivedData/Build/Intermediates.noindex/GeneratedModuleMaps-watchos/SpeziLocalStorage-Swift.h
Copy /Users/admin/builder/spi-builder-workspace/.derivedData/Build/Products/Debug-watchos/SpeziLocalStorage.swiftmodule/arm64-apple-watchos.swiftmodule /Users/admin/builder/spi-builder-workspace/.derivedData/Build/Intermediates.noindex/SpeziStorage.build/Debug-watchos/SpeziLocalStorage-t.build/Objects-normal/arm64/SpeziLocalStorage.swiftmodule (in target 'SpeziLocalStorage' from project 'SpeziStorage')
cd /Users/admin/builder/spi-builder-workspace/.dependencies/checkouts/SpeziStorage
builtin-copy -exclude .DS_Store -exclude CVS -exclude .svn -exclude .git -exclude .hg -resolve-src-symlinks -rename /Users/admin/builder/spi-builder-workspace/.derivedData/Build/Intermediates.noindex/SpeziStorage.build/Debug-watchos/SpeziLocalStorage-t.build/Objects-normal/arm64/SpeziLocalStorage.swiftmodule /Users/admin/builder/spi-builder-workspace/.derivedData/Build/Products/Debug-watchos/SpeziLocalStorage.swiftmodule/arm64-apple-watchos.swiftmodule
Copy /Users/admin/builder/spi-builder-workspace/.derivedData/Build/Products/Debug-watchos/SpeziLocalStorage.swiftmodule/arm64-apple-watchos.swiftdoc /Users/admin/builder/spi-builder-workspace/.derivedData/Build/Intermediates.noindex/SpeziStorage.build/Debug-watchos/SpeziLocalStorage-t.build/Objects-normal/arm64/SpeziLocalStorage.swiftdoc (in target 'SpeziLocalStorage' from project 'SpeziStorage')
cd /Users/admin/builder/spi-builder-workspace/.dependencies/checkouts/SpeziStorage
builtin-copy -exclude .DS_Store -exclude CVS -exclude .svn -exclude .git -exclude .hg -resolve-src-symlinks -rename /Users/admin/builder/spi-builder-workspace/.derivedData/Build/Intermediates.noindex/SpeziStorage.build/Debug-watchos/SpeziLocalStorage-t.build/Objects-normal/arm64/SpeziLocalStorage.swiftdoc /Users/admin/builder/spi-builder-workspace/.derivedData/Build/Products/Debug-watchos/SpeziLocalStorage.swiftmodule/arm64-apple-watchos.swiftdoc
Copy /Users/admin/builder/spi-builder-workspace/.derivedData/Build/Products/Debug-watchos/SpeziLocalStorage.swiftmodule/arm64-apple-watchos.abi.json /Users/admin/builder/spi-builder-workspace/.derivedData/Build/Intermediates.noindex/SpeziStorage.build/Debug-watchos/SpeziLocalStorage-t.build/Objects-normal/arm64/SpeziLocalStorage.abi.json (in target 'SpeziLocalStorage' from project 'SpeziStorage')
cd /Users/admin/builder/spi-builder-workspace/.dependencies/checkouts/SpeziStorage
builtin-copy -exclude .DS_Store -exclude CVS -exclude .svn -exclude .git -exclude .hg -resolve-src-symlinks -rename /Users/admin/builder/spi-builder-workspace/.derivedData/Build/Intermediates.noindex/SpeziStorage.build/Debug-watchos/SpeziLocalStorage-t.build/Objects-normal/arm64/SpeziLocalStorage.abi.json /Users/admin/builder/spi-builder-workspace/.derivedData/Build/Products/Debug-watchos/SpeziLocalStorage.swiftmodule/arm64-apple-watchos.abi.json
Copy /Users/admin/builder/spi-builder-workspace/.derivedData/Build/Products/Debug-watchos/SpeziLocalStorage.swiftmodule/Project/arm64-apple-watchos.swiftsourceinfo /Users/admin/builder/spi-builder-workspace/.derivedData/Build/Intermediates.noindex/SpeziStorage.build/Debug-watchos/SpeziLocalStorage-t.build/Objects-normal/arm64/SpeziLocalStorage.swiftsourceinfo (in target 'SpeziLocalStorage' from project 'SpeziStorage')
cd /Users/admin/builder/spi-builder-workspace/.dependencies/checkouts/SpeziStorage
builtin-copy -exclude .DS_Store -exclude CVS -exclude .svn -exclude .git -exclude .hg -resolve-src-symlinks -rename /Users/admin/builder/spi-builder-workspace/.derivedData/Build/Intermediates.noindex/SpeziStorage.build/Debug-watchos/SpeziLocalStorage-t.build/Objects-normal/arm64/SpeziLocalStorage.swiftsourceinfo /Users/admin/builder/spi-builder-workspace/.derivedData/Build/Products/Debug-watchos/SpeziLocalStorage.swiftmodule/Project/arm64-apple-watchos.swiftsourceinfo
SwiftDriver SpeziSensorKit normal arm64_32 com.apple.xcode.tools.swift.compiler (in target 'SpeziSensorKit' from project 'SpeziSensorKit')
cd /Users/admin/builder/spi-builder-workspace/.swiftpm/xcode
builtin-SwiftDriver -- /Applications/Xcode-27.0.0-Release.Candidate.app/Contents/Developer/Toolchains/XcodeDefault.xctoolchain/usr/bin/swiftc -parse-as-library -module-name SpeziSensorKit -Onone @/Users/admin/builder/spi-builder-workspace/.derivedData/Build/Intermediates.noindex/SpeziSensorKit.build/Debug-watchos/SpeziSensorKit-t.build/Objects-normal/arm64_32/SpeziSensorKit.SwiftFileList -DSWIFT_PACKAGE -DDEBUG -DSWIFT_MODULE_RESOURCE_BUNDLE_UNAVAILABLE -Xcc -fmodule-map-file\=/Users/admin/builder/spi-builder-workspace/.dependencies/checkouts/zstd/lib/module.modulemap -Xcc -fmodule-map-file\=/Users/admin/builder/spi-builder-workspace/.dependencies/checkouts/swift-atomics/Sources/_AtomicsShims/include/module.modulemap -Xcc -fmodule-map-file\=/Users/admin/builder/spi-builder-workspace/.dependencies/checkouts/swift-numerics/Sources/_NumericsShims/include/module.modulemap -Xcc -fmodule-map-file\=/Users/admin/builder/spi-builder-workspace/.derivedData/Build/Intermediates.noindex/GeneratedModuleMaps-watchos/SpeziFoundationObjC.modulemap -DXcode -enable-upcoming-feature ExistentialAny -enable-upcoming-feature InternalImportsByDefault -plugin-path /Applications/Xcode-27.0.0-Release.Candidate.app/Contents/Developer/Toolchains/XcodeDefault.xctoolchain/usr/lib/swift/host/plugins/testing -enable-experimental-feature DebugDescriptionMacro -sdk /Applications/Xcode-27.0.0-Release.Candidate.app/Contents/Developer/Platforms/WatchOS.platform/Developer/SDKs/WatchOS27.0.sdk -target arm64_32-apple-watchos10.0 -g -module-cache-path /Users/admin/builder/spi-builder-workspace/.derivedData/ModuleCache.noindex -Xfrontend -serialize-debugging-options -profile-coverage-mapping -profile-generate -enable-testing -index-store-path /Users/admin/builder/spi-builder-workspace/.derivedData/Index.noindex/DataStore -Xcc -D_LIBCPP_HARDENING_MODE\=_LIBCPP_HARDENING_MODE_DEBUG -swift-version 6 -I /Users/admin/builder/spi-builder-workspace/.derivedData/Build/Products/Debug-watchos -Isystem /Applications/Xcode-27.0.0-Release.Candidate.app/Contents/Developer/Platforms/WatchOS.platform/Developer/usr/lib -F /Users/admin/builder/spi-builder-workspace/.derivedData/Build/Products/Debug-watchos/PackageFrameworks -F /Users/admin/builder/spi-builder-workspace/.derivedData/Build/Products/Debug-watchos -F /Applications/Xcode-27.0.0-Release.Candidate.app/Contents/Developer/Platforms/WatchOS.platform/Developer/Library/Frameworks -F /Applications/Xcode-27.0.0-Release.Candidate.app/Contents/Developer/Platforms/WatchOS.platform/Developer/SDKs/WatchOS27.0.sdk/Developer/Library/Frameworks -Xfrontend -load-plugin-executable -Xfrontend /Users/admin/builder/spi-builder-workspace/.derivedData/Build/Products/Debug/ThreadLocalMacros\#ThreadLocalMacros -c -j10 -enable-batch-mode -incremental -Xcc -ivfsstatcache -Xcc /Users/admin/builder/spi-builder-workspace/.derivedData/SDKStatCaches.noindex/watchos27.0-24R360-e829b21a6f8c9b70876ba0858053c04477534ef55a1706bf4c1112bbb242f0a2.sdkstatcache -output-file-map /Users/admin/builder/spi-builder-workspace/.derivedData/Build/Intermediates.noindex/SpeziSensorKit.build/Debug-watchos/SpeziSensorKit-t.build/Objects-normal/arm64_32/SpeziSensorKit-OutputFileMap.json -save-temps -no-color-diagnostics -explicit-module-build -module-cache-path /Users/admin/builder/spi-builder-workspace/.derivedData/Build/Intermediates.noindex/SwiftExplicitPrecompiledModules -clang-scanner-module-cache-path /Users/admin/builder/spi-builder-workspace/.derivedData/ModuleCache.noindex -sdk-module-cache-path /Users/admin/builder/spi-builder-workspace/.derivedData/SDKExplicitPrecompiledModules -emit-dependencies -emit-module -emit-module-path /Users/admin/builder/spi-builder-workspace/.derivedData/Build/Intermediates.noindex/SpeziSensorKit.build/Debug-watchos/SpeziSensorKit-t.build/Objects-normal/arm64_32/SpeziSensorKit.swiftmodule -serialize-diagnostics -dependency-scan-serialize-diagnostics-path /Users/admin/builder/spi-builder-workspace/.derivedData/Build/Intermediates.noindex/SpeziSensorKit.build/Debug-watchos/SpeziSensorKit-t.build/Objects-normal/arm64_32/SpeziSensorKit-dependency-scan.dia -validate-clang-modules-once -clang-build-session-file /Users/admin/builder/spi-builder-workspace/.derivedData/ModuleCache.noindex/Session.modulevalidation -Xcc -fmodules-prune-interval\=86400 -Xcc -fmodules-prune-after\=345600 -package-name spi_builder_workspace -emit-const-values -const-gather-protocols-list /Users/admin/builder/spi-builder-workspace/.derivedData/Build/Intermediates.noindex/SpeziSensorKit.build/Debug-watchos/SpeziSensorKit-t.build/Objects-normal/arm64_32/SpeziSensorKit_const_extract_protocols.json -Xcc -I/Users/admin/builder/spi-builder-workspace/.dependencies/checkouts/zstd/lib -Xcc -I/Users/admin/builder/spi-builder-workspace/.dependencies/checkouts/swift-atomics/Sources/_AtomicsShims/include -Xcc -I/Users/admin/builder/spi-builder-workspace/.dependencies/checkouts/swift-numerics/Sources/_NumericsShims/include -Xcc -I/Users/admin/builder/spi-builder-workspace/.dependencies/checkouts/SpeziFoundation/Sources/SpeziFoundationObjC/include -Xcc -I/Users/admin/builder/spi-builder-workspace/.derivedData/Build/Products/Debug-watchos/include -Xcc -I/Users/admin/builder/spi-builder-workspace/.derivedData/Build/Intermediates.noindex/SpeziSensorKit.build/Debug-watchos/SpeziSensorKit-t.build/DerivedSources-normal/arm64_32 -Xcc -I/Users/admin/builder/spi-builder-workspace/.derivedData/Build/Intermediates.noindex/SpeziSensorKit.build/Debug-watchos/SpeziSensorKit-t.build/DerivedSources/arm64_32 -Xcc -I/Users/admin/builder/spi-builder-workspace/.derivedData/Build/Intermediates.noindex/SpeziSensorKit.build/Debug-watchos/SpeziSensorKit-t.build/DerivedSources -Xcc -DSWIFT_PACKAGE -Xcc -DDEBUG\=1 -emit-objc-header -emit-objc-header-path /Users/admin/builder/spi-builder-workspace/.derivedData/Build/Intermediates.noindex/SpeziSensorKit.build/Debug-watchos/SpeziSensorKit-t.build/Objects-normal/arm64_32/SpeziSensorKit-Swift.h -working-directory /Users/admin/builder/spi-builder-workspace/.swiftpm/xcode -experimental-emit-module-separately -disable-cmo
error: Clang dependency scanning failure: (in target 'SpeziSensorKit' from project 'SpeziSensorKit')
error: Clang dependency scanning failure: (in target 'SpeziSensorKit' from project 'SpeziSensorKit')
/Users/admin/builder/spi-builder-workspace/Sources/SpeziSensorKit/Sample Types/AmbientLight.swift:10:15: error: Unable to resolve module dependency: 'SensorKit' (in target 'SpeziSensorKit' from project 'SpeziSensorKit')
note: A dependency of main module 'SpeziSensorKit'
/Users/admin/builder/spi-builder-workspace/Sources/SpeziSensorKit/Sample Types/DeviceUsage.swift:10:15: note: Also imported here
/Users/admin/builder/spi-builder-workspace/Sources/SpeziSensorKit/Sample Types/ECG.swift:10:15: note: Also imported here
/Users/admin/builder/spi-builder-workspace/Sources/SpeziSensorKit/Sample Types/OnWrist.swift:12:15: note: Also imported here
/Users/admin/builder/spi-builder-workspace/Sources/SpeziSensorKit/Sample Types/Other+Unsafe.swift:9:31: note: Also imported here
/Users/admin/builder/spi-builder-workspace/Sources/SpeziSensorKit/Sample Types/Other.swift:11:15: note: Also imported here
/Users/admin/builder/spi-builder-workspace/Sources/SpeziSensorKit/Sample Types/Visit.swift:11:15: note: Also imported here
/Users/admin/builder/spi-builder-workspace/Sources/SpeziSensorKit/Sensor Reader/AnchoredFetcher+NumSamplesFetching.swift:13:8: note: Also imported here
/Users/admin/builder/spi-builder-workspace/Sources/SpeziSensorKit/Sensor Reader/AnchoredFetcher+TimeIntervalFetching.swift:11:8: note: Also imported here
/Users/admin/builder/spi-builder-workspace/Sources/SpeziSensorKit/Sensor Reader/AnchoredFetcher.swift:11:8: note: Also imported here
/Users/admin/builder/spi-builder-workspace/Sources/SpeziSensorKit/Sensor Reader/FetchResult.swift:10:8: note: Also imported here
/Users/admin/builder/spi-builder-workspace/Sources/SpeziSensorKit/Sensor/AnySensor+Operations.swift:11:15: note: Also imported here
/Users/admin/builder/spi-builder-workspace/Sources/SpeziSensorKit/Sensor/AnySensor.swift:9:15: note: Also imported here
/Users/admin/builder/spi-builder-workspace/Sources/SpeziSensorKit/Sensor/Sensor+WellKnown.swift:10:15: note: Also imported here
/Users/admin/builder/spi-builder-workspace/Sources/SpeziSensorKit/Sensor/Sensor.swift:9:15: note: Also imported here
/Users/admin/builder/spi-builder-workspace/Sources/SpeziSensorKit/Sensor/SensorSample.swift:9:15: note: Also imported here
/Users/admin/builder/spi-builder-workspace/Sources/SpeziSensorKit/SensorKit.swift:10:64: note: Also imported here
/Users/admin/builder/spi-builder-workspace/Sources/SpeziSensorKit/Utils/SensorKitUtils.swift:9:15: note: Also imported here
/Users/admin/builder/spi-builder-workspace/Sources/SpeziSensorKit/Sample Types/AmbientLight.swift:10:15: note: A dependency of main module 'SpeziSensorKit'
public import SensorKit
^ (in target 'SpeziSensorKit' from project 'SpeziSensorKit')
/Users/admin/builder/spi-builder-workspace/Sources/SpeziSensorKit/Sample Types/DeviceUsage.swift:10:15: note: Also imported here
public import SensorKit
^ (in target 'SpeziSensorKit' from project 'SpeziSensorKit')
/Users/admin/builder/spi-builder-workspace/Sources/SpeziSensorKit/Sample Types/ECG.swift:10:15: note: Also imported here
public import SensorKit
^ (in target 'SpeziSensorKit' from project 'SpeziSensorKit')
/Users/admin/builder/spi-builder-workspace/Sources/SpeziSensorKit/Sample Types/OnWrist.swift:12:15: note: Also imported here
public import SensorKit
^ (in target 'SpeziSensorKit' from project 'SpeziSensorKit')
/Users/admin/builder/spi-builder-workspace/Sources/SpeziSensorKit/Sample Types/Other+Unsafe.swift:9:31: note: Also imported here
@preconcurrency public import SensorKit
^ (in target 'SpeziSensorKit' from project 'SpeziSensorKit')
/Users/admin/builder/spi-builder-workspace/Sources/SpeziSensorKit/Sample Types/Other.swift:11:15: note: Also imported here
public import SensorKit
^ (in target 'SpeziSensorKit' from project 'SpeziSensorKit')
/Users/admin/builder/spi-builder-workspace/Sources/SpeziSensorKit/Sample Types/Visit.swift:11:15: note: Also imported here
public import SensorKit
^ (in target 'SpeziSensorKit' from project 'SpeziSensorKit')
/Users/admin/builder/spi-builder-workspace/Sources/SpeziSensorKit/Sensor Reader/AnchoredFetcher+NumSamplesFetching.swift:13:8: note: Also imported here
import SensorKit
^ (in target 'SpeziSensorKit' from project 'SpeziSensorKit')
/Users/admin/builder/spi-builder-workspace/Sources/SpeziSensorKit/Sensor Reader/AnchoredFetcher+TimeIntervalFetching.swift:11:8: note: Also imported here
import SensorKit
^ (in target 'SpeziSensorKit' from project 'SpeziSensorKit')
/Users/admin/builder/spi-builder-workspace/Sources/SpeziSensorKit/Sensor Reader/AnchoredFetcher.swift:11:8: note: Also imported here
import SensorKit
^ (in target 'SpeziSensorKit' from project 'SpeziSensorKit')
/Users/admin/builder/spi-builder-workspace/Sources/SpeziSensorKit/Sensor Reader/FetchResult.swift:10:8: note: Also imported here
import SensorKit
^ (in target 'SpeziSensorKit' from project 'SpeziSensorKit')
/Users/admin/builder/spi-builder-workspace/Sources/SpeziSensorKit/Sensor/AnySensor+Operations.swift:11:15: note: Also imported here
public import SensorKit
^ (in target 'SpeziSensorKit' from project 'SpeziSensorKit')
/Users/admin/builder/spi-builder-workspace/Sources/SpeziSensorKit/Sensor/AnySensor.swift:9:15: note: Also imported here
public import SensorKit
^ (in target 'SpeziSensorKit' from project 'SpeziSensorKit')
/Users/admin/builder/spi-builder-workspace/Sources/SpeziSensorKit/Sensor/Sensor+WellKnown.swift:10:15: note: Also imported here
public import SensorKit
^ (in target 'SpeziSensorKit' from project 'SpeziSensorKit')
/Users/admin/builder/spi-builder-workspace/Sources/SpeziSensorKit/Sensor/Sensor.swift:9:15: note: Also imported here
public import SensorKit
^ (in target 'SpeziSensorKit' from project 'SpeziSensorKit')
/Users/admin/builder/spi-builder-workspace/Sources/SpeziSensorKit/Sensor/SensorSample.swift:9:15: note: Also imported here
public import SensorKit
^ (in target 'SpeziSensorKit' from project 'SpeziSensorKit')
/Users/admin/builder/spi-builder-workspace/Sources/SpeziSensorKit/SensorKit.swift:10:64: note: Also imported here
@_documentation(visibility: internal) @_exported public import SensorKit
^ (in target 'SpeziSensorKit' from project 'SpeziSensorKit')
/Users/admin/builder/spi-builder-workspace/Sources/SpeziSensorKit/Utils/SensorKitUtils.swift:9:15: note: Also imported here
public import SensorKit
^ (in target 'SpeziSensorKit' from project 'SpeziSensorKit')
SwiftDriver SpeziSensorKit normal arm64 com.apple.xcode.tools.swift.compiler (in target 'SpeziSensorKit' from project 'SpeziSensorKit')
cd /Users/admin/builder/spi-builder-workspace/.swiftpm/xcode
builtin-SwiftDriver -- /Applications/Xcode-27.0.0-Release.Candidate.app/Contents/Developer/Toolchains/XcodeDefault.xctoolchain/usr/bin/swiftc -parse-as-library -module-name SpeziSensorKit -Onone @/Users/admin/builder/spi-builder-workspace/.derivedData/Build/Intermediates.noindex/SpeziSensorKit.build/Debug-watchos/SpeziSensorKit-t.build/Objects-normal/arm64/SpeziSensorKit.SwiftFileList -DSWIFT_PACKAGE -DDEBUG -DSWIFT_MODULE_RESOURCE_BUNDLE_UNAVAILABLE -Xcc -fmodule-map-file\=/Users/admin/builder/spi-builder-workspace/.dependencies/checkouts/zstd/lib/module.modulemap -Xcc -fmodule-map-file\=/Users/admin/builder/spi-builder-workspace/.dependencies/checkouts/swift-atomics/Sources/_AtomicsShims/include/module.modulemap -Xcc -fmodule-map-file\=/Users/admin/builder/spi-builder-workspace/.dependencies/checkouts/swift-numerics/Sources/_NumericsShims/include/module.modulemap -Xcc -fmodule-map-file\=/Users/admin/builder/spi-builder-workspace/.derivedData/Build/Intermediates.noindex/GeneratedModuleMaps-watchos/SpeziFoundationObjC.modulemap -DXcode -enable-upcoming-feature ExistentialAny -enable-upcoming-feature InternalImportsByDefault -plugin-path /Applications/Xcode-27.0.0-Release.Candidate.app/Contents/Developer/Toolchains/XcodeDefault.xctoolchain/usr/lib/swift/host/plugins/testing -enable-experimental-feature DebugDescriptionMacro -sdk /Applications/Xcode-27.0.0-Release.Candidate.app/Contents/Developer/Platforms/WatchOS.platform/Developer/SDKs/WatchOS27.0.sdk -target arm64-apple-watchos10.0 -g -module-cache-path /Users/admin/builder/spi-builder-workspace/.derivedData/ModuleCache.noindex -Xfrontend -serialize-debugging-options -profile-coverage-mapping -profile-generate -enable-testing -index-store-path /Users/admin/builder/spi-builder-workspace/.derivedData/Index.noindex/DataStore -Xcc -D_LIBCPP_HARDENING_MODE\=_LIBCPP_HARDENING_MODE_DEBUG -swift-version 6 -I /Users/admin/builder/spi-builder-workspace/.derivedData/Build/Products/Debug-watchos -Isystem /Applications/Xcode-27.0.0-Release.Candidate.app/Contents/Developer/Platforms/WatchOS.platform/Developer/usr/lib -F /Users/admin/builder/spi-builder-workspace/.derivedData/Build/Products/Debug-watchos/PackageFrameworks -F /Users/admin/builder/spi-builder-workspace/.derivedData/Build/Products/Debug-watchos -F /Applications/Xcode-27.0.0-Release.Candidate.app/Contents/Developer/Platforms/WatchOS.platform/Developer/Library/Frameworks -F /Applications/Xcode-27.0.0-Release.Candidate.app/Contents/Developer/Platforms/WatchOS.platform/Developer/SDKs/WatchOS27.0.sdk/Developer/Library/Frameworks -Xfrontend -load-plugin-executable -Xfrontend /Users/admin/builder/spi-builder-workspace/.derivedData/Build/Products/Debug/ThreadLocalMacros\#ThreadLocalMacros -c -j10 -enable-batch-mode -incremental -Xcc -ivfsstatcache -Xcc /Users/admin/builder/spi-builder-workspace/.derivedData/SDKStatCaches.noindex/watchos27.0-24R360-e829b21a6f8c9b70876ba0858053c04477534ef55a1706bf4c1112bbb242f0a2.sdkstatcache -output-file-map /Users/admin/builder/spi-builder-workspace/.derivedData/Build/Intermediates.noindex/SpeziSensorKit.build/Debug-watchos/SpeziSensorKit-t.build/Objects-normal/arm64/SpeziSensorKit-OutputFileMap.json -save-temps -no-color-diagnostics -explicit-module-build -module-cache-path /Users/admin/builder/spi-builder-workspace/.derivedData/Build/Intermediates.noindex/SwiftExplicitPrecompiledModules -clang-scanner-module-cache-path /Users/admin/builder/spi-builder-workspace/.derivedData/ModuleCache.noindex -sdk-module-cache-path /Users/admin/builder/spi-builder-workspace/.derivedData/SDKExplicitPrecompiledModules -emit-dependencies -emit-module -emit-module-path /Users/admin/builder/spi-builder-workspace/.derivedData/Build/Intermediates.noindex/SpeziSensorKit.build/Debug-watchos/SpeziSensorKit-t.build/Objects-normal/arm64/SpeziSensorKit.swiftmodule -serialize-diagnostics -dependency-scan-serialize-diagnostics-path /Users/admin/builder/spi-builder-workspace/.derivedData/Build/Intermediates.noindex/SpeziSensorKit.build/Debug-watchos/SpeziSensorKit-t.build/Objects-normal/arm64/SpeziSensorKit-dependency-scan.dia -validate-clang-modules-once -clang-build-session-file /Users/admin/builder/spi-builder-workspace/.derivedData/ModuleCache.noindex/Session.modulevalidation -Xcc -fmodules-prune-interval\=86400 -Xcc -fmodules-prune-after\=345600 -package-name spi_builder_workspace -emit-const-values -const-gather-protocols-list /Users/admin/builder/spi-builder-workspace/.derivedData/Build/Intermediates.noindex/SpeziSensorKit.build/Debug-watchos/SpeziSensorKit-t.build/Objects-normal/arm64/SpeziSensorKit_const_extract_protocols.json -Xcc -I/Users/admin/builder/spi-builder-workspace/.dependencies/checkouts/zstd/lib -Xcc -I/Users/admin/builder/spi-builder-workspace/.dependencies/checkouts/swift-atomics/Sources/_AtomicsShims/include -Xcc -I/Users/admin/builder/spi-builder-workspace/.dependencies/checkouts/swift-numerics/Sources/_NumericsShims/include -Xcc -I/Users/admin/builder/spi-builder-workspace/.dependencies/checkouts/SpeziFoundation/Sources/SpeziFoundationObjC/include -Xcc -I/Users/admin/builder/spi-builder-workspace/.derivedData/Build/Products/Debug-watchos/include -Xcc -I/Users/admin/builder/spi-builder-workspace/.derivedData/Build/Intermediates.noindex/SpeziSensorKit.build/Debug-watchos/SpeziSensorKit-t.build/DerivedSources-normal/arm64 -Xcc -I/Users/admin/builder/spi-builder-workspace/.derivedData/Build/Intermediates.noindex/SpeziSensorKit.build/Debug-watchos/SpeziSensorKit-t.build/DerivedSources/arm64 -Xcc -I/Users/admin/builder/spi-builder-workspace/.derivedData/Build/Intermediates.noindex/SpeziSensorKit.build/Debug-watchos/SpeziSensorKit-t.build/DerivedSources -Xcc -DSWIFT_PACKAGE -Xcc -DDEBUG\=1 -emit-objc-header -emit-objc-header-path /Users/admin/builder/spi-builder-workspace/.derivedData/Build/Intermediates.noindex/SpeziSensorKit.build/Debug-watchos/SpeziSensorKit-t.build/Objects-normal/arm64/SpeziSensorKit-Swift.h -working-directory /Users/admin/builder/spi-builder-workspace/.swiftpm/xcode -experimental-emit-module-separately -disable-cmo
error: Clang dependency scanning failure: (in target 'SpeziSensorKit' from project 'SpeziSensorKit')
error: Clang dependency scanning failure: (in target 'SpeziSensorKit' from project 'SpeziSensorKit')
/Users/admin/builder/spi-builder-workspace/Sources/SpeziSensorKit/Sample Types/AmbientLight.swift:10:15: error: Unable to resolve module dependency: 'SensorKit' (in target 'SpeziSensorKit' from project 'SpeziSensorKit')
note: A dependency of main module 'SpeziSensorKit'
/Users/admin/builder/spi-builder-workspace/Sources/SpeziSensorKit/Sample Types/DeviceUsage.swift:10:15: note: Also imported here
/Users/admin/builder/spi-builder-workspace/Sources/SpeziSensorKit/Sample Types/ECG.swift:10:15: note: Also imported here
/Users/admin/builder/spi-builder-workspace/Sources/SpeziSensorKit/Sample Types/OnWrist.swift:12:15: note: Also imported here
/Users/admin/builder/spi-builder-workspace/Sources/SpeziSensorKit/Sample Types/Other+Unsafe.swift:9:31: note: Also imported here
/Users/admin/builder/spi-builder-workspace/Sources/SpeziSensorKit/Sample Types/Other.swift:11:15: note: Also imported here
/Users/admin/builder/spi-builder-workspace/Sources/SpeziSensorKit/Sample Types/Visit.swift:11:15: note: Also imported here
/Users/admin/builder/spi-builder-workspace/Sources/SpeziSensorKit/Sensor Reader/AnchoredFetcher+NumSamplesFetching.swift:13:8: note: Also imported here
/Users/admin/builder/spi-builder-workspace/Sources/SpeziSensorKit/Sensor Reader/AnchoredFetcher+TimeIntervalFetching.swift:11:8: note: Also imported here
/Users/admin/builder/spi-builder-workspace/Sources/SpeziSensorKit/Sensor Reader/AnchoredFetcher.swift:11:8: note: Also imported here
/Users/admin/builder/spi-builder-workspace/Sources/SpeziSensorKit/Sensor Reader/FetchResult.swift:10:8: note: Also imported here
/Users/admin/builder/spi-builder-workspace/Sources/SpeziSensorKit/Sensor/AnySensor+Operations.swift:11:15: note: Also imported here
/Users/admin/builder/spi-builder-workspace/Sources/SpeziSensorKit/Sensor/AnySensor.swift:9:15: note: Also imported here
/Users/admin/builder/spi-builder-workspace/Sources/SpeziSensorKit/Sensor/Sensor+WellKnown.swift:10:15: note: Also imported here
/Users/admin/builder/spi-builder-workspace/Sources/SpeziSensorKit/Sensor/Sensor.swift:9:15: note: Also imported here
/Users/admin/builder/spi-builder-workspace/Sources/SpeziSensorKit/Sensor/SensorSample.swift:9:15: note: Also imported here
/Users/admin/builder/spi-builder-workspace/Sources/SpeziSensorKit/SensorKit.swift:10:64: note: Also imported here
/Users/admin/builder/spi-builder-workspace/Sources/SpeziSensorKit/Utils/SensorKitUtils.swift:9:15: note: Also imported here
/Users/admin/builder/spi-builder-workspace/Sources/SpeziSensorKit/Sample Types/AmbientLight.swift:10:15: note: A dependency of main module 'SpeziSensorKit'
public import SensorKit
^ (in target 'SpeziSensorKit' from project 'SpeziSensorKit')
/Users/admin/builder/spi-builder-workspace/Sources/SpeziSensorKit/Sample Types/DeviceUsage.swift:10:15: note: Also imported here
public import SensorKit
^ (in target 'SpeziSensorKit' from project 'SpeziSensorKit')
/Users/admin/builder/spi-builder-workspace/Sources/SpeziSensorKit/Sample Types/ECG.swift:10:15: note: Also imported here
public import SensorKit
^ (in target 'SpeziSensorKit' from project 'SpeziSensorKit')
/Users/admin/builder/spi-builder-workspace/Sources/SpeziSensorKit/Sample Types/OnWrist.swift:12:15: note: Also imported here
public import SensorKit
^ (in target 'SpeziSensorKit' from project 'SpeziSensorKit')
/Users/admin/builder/spi-builder-workspace/Sources/SpeziSensorKit/Sample Types/Other+Unsafe.swift:9:31: note: Also imported here
@preconcurrency public import SensorKit
^ (in target 'SpeziSensorKit' from project 'SpeziSensorKit')
/Users/admin/builder/spi-builder-workspace/Sources/SpeziSensorKit/Sample Types/Other.swift:11:15: note: Also imported here
public import SensorKit
^ (in target 'SpeziSensorKit' from project 'SpeziSensorKit')
/Users/admin/builder/spi-builder-workspace/Sources/SpeziSensorKit/Sample Types/Visit.swift:11:15: note: Also imported here
public import SensorKit
^ (in target 'SpeziSensorKit' from project 'SpeziSensorKit')
/Users/admin/builder/spi-builder-workspace/Sources/SpeziSensorKit/Sensor Reader/AnchoredFetcher+NumSamplesFetching.swift:13:8: note: Also imported here
import SensorKit
^ (in target 'SpeziSensorKit' from project 'SpeziSensorKit')
/Users/admin/builder/spi-builder-workspace/Sources/SpeziSensorKit/Sensor Reader/AnchoredFetcher+TimeIntervalFetching.swift:11:8: note: Also imported here
import SensorKit
^ (in target 'SpeziSensorKit' from project 'SpeziSensorKit')
/Users/admin/builder/spi-builder-workspace/Sources/SpeziSensorKit/Sensor Reader/AnchoredFetcher.swift:11:8: note: Also imported here
import SensorKit
^ (in target 'SpeziSensorKit' from project 'SpeziSensorKit')
/Users/admin/builder/spi-builder-workspace/Sources/SpeziSensorKit/Sensor Reader/FetchResult.swift:10:8: note: Also imported here
import SensorKit
^ (in target 'SpeziSensorKit' from project 'SpeziSensorKit')
/Users/admin/builder/spi-builder-workspace/Sources/SpeziSensorKit/Sensor/AnySensor+Operations.swift:11:15: note: Also imported here
public import SensorKit
^ (in target 'SpeziSensorKit' from project 'SpeziSensorKit')
/Users/admin/builder/spi-builder-workspace/Sources/SpeziSensorKit/Sensor/AnySensor.swift:9:15: note: Also imported here
public import SensorKit
^ (in target 'SpeziSensorKit' from project 'SpeziSensorKit')
/Users/admin/builder/spi-builder-workspace/Sources/SpeziSensorKit/Sensor/Sensor+WellKnown.swift:10:15: note: Also imported here
public import SensorKit
^ (in target 'SpeziSensorKit' from project 'SpeziSensorKit')
/Users/admin/builder/spi-builder-workspace/Sources/SpeziSensorKit/Sensor/Sensor.swift:9:15: note: Also imported here
public import SensorKit
^ (in target 'SpeziSensorKit' from project 'SpeziSensorKit')
/Users/admin/builder/spi-builder-workspace/Sources/SpeziSensorKit/Sensor/SensorSample.swift:9:15: note: Also imported here
public import SensorKit
^ (in target 'SpeziSensorKit' from project 'SpeziSensorKit')
/Users/admin/builder/spi-builder-workspace/Sources/SpeziSensorKit/SensorKit.swift:10:64: note: Also imported here
@_documentation(visibility: internal) @_exported public import SensorKit
^ (in target 'SpeziSensorKit' from project 'SpeziSensorKit')
/Users/admin/builder/spi-builder-workspace/Sources/SpeziSensorKit/Utils/SensorKitUtils.swift:9:15: note: Also imported here
public import SensorKit
^ (in target 'SpeziSensorKit' from project 'SpeziSensorKit')
SwiftDriverJobDiscovery normal arm64_32 Compiling LocalStorage.swift (in target 'SpeziLocalStorage' from project 'SpeziStorage')
SwiftDriverJobDiscovery normal arm64 Compiling LocalStorageEntry.swift (in target 'SpeziLocalStorage' from project 'SpeziStorage')
SwiftDriverJobDiscovery normal arm64_32 Compiling LocalStorageEntry.swift (in target 'SpeziLocalStorage' from project 'SpeziStorage')
SwiftDriver\ Compilation SpeziLocalStorage normal arm64_32 com.apple.xcode.tools.swift.compiler (in target 'SpeziLocalStorage' from project 'SpeziStorage')
cd /Users/admin/builder/spi-builder-workspace/.swiftpm/xcode
builtin-Swift-Compilation -- /Applications/Xcode-27.0.0-Release.Candidate.app/Contents/Developer/Toolchains/XcodeDefault.xctoolchain/usr/bin/swiftc -parse-as-library -module-name SpeziLocalStorage -Onone @/Users/admin/builder/spi-builder-workspace/.derivedData/Build/Intermediates.noindex/SpeziStorage.build/Debug-watchos/SpeziLocalStorage-t.build/Objects-normal/arm64_32/SpeziLocalStorage.SwiftFileList -DSWIFT_PACKAGE -DDEBUG -DSWIFT_MODULE_RESOURCE_BUNDLE_UNAVAILABLE -Xcc -fmodule-map-file\=/Users/admin/builder/spi-builder-workspace/.dependencies/checkouts/zstd/lib/module.modulemap -Xcc -fmodule-map-file\=/Users/admin/builder/spi-builder-workspace/.dependencies/checkouts/swift-atomics/Sources/_AtomicsShims/include/module.modulemap -Xcc -fmodule-map-file\=/Users/admin/builder/spi-builder-workspace/.dependencies/checkouts/swift-numerics/Sources/_NumericsShims/include/module.modulemap -Xcc -fmodule-map-file\=/Users/admin/builder/spi-builder-workspace/.derivedData/Build/Intermediates.noindex/GeneratedModuleMaps-watchos/SpeziFoundationObjC.modulemap -DXcode -enable-upcoming-feature ExistentialAny -plugin-path /Applications/Xcode-27.0.0-Release.Candidate.app/Contents/Developer/Toolchains/XcodeDefault.xctoolchain/usr/lib/swift/host/plugins/testing -enable-experimental-feature DebugDescriptionMacro -sdk /Applications/Xcode-27.0.0-Release.Candidate.app/Contents/Developer/Platforms/WatchOS.platform/Developer/SDKs/WatchOS27.0.sdk -target arm64_32-apple-watchos10.0 -g -module-cache-path /Users/admin/builder/spi-builder-workspace/.derivedData/ModuleCache.noindex -Xfrontend -serialize-debugging-options -profile-coverage-mapping -profile-generate -enable-testing -suppress-warnings -index-store-path /Users/admin/builder/spi-builder-workspace/.derivedData/Index.noindex/DataStore -Xcc -D_LIBCPP_HARDENING_MODE\=_LIBCPP_HARDENING_MODE_DEBUG -swift-version 6 -I /Users/admin/builder/spi-builder-workspace/.derivedData/Build/Products/Debug-watchos -Isystem /Applications/Xcode-27.0.0-Release.Candidate.app/Contents/Developer/Platforms/WatchOS.platform/Developer/usr/lib -F /Users/admin/builder/spi-builder-workspace/.derivedData/Build/Products/Debug-watchos/PackageFrameworks -F /Users/admin/builder/spi-builder-workspace/.derivedData/Build/Products/Debug-watchos -F /Applications/Xcode-27.0.0-Release.Candidate.app/Contents/Developer/Platforms/WatchOS.platform/Developer/Library/Frameworks -F /Applications/Xcode-27.0.0-Release.Candidate.app/Contents/Developer/Platforms/WatchOS.platform/Developer/SDKs/WatchOS27.0.sdk/Developer/Library/Frameworks -Xfrontend -load-plugin-executable -Xfrontend /Users/admin/builder/spi-builder-workspace/.derivedData/Build/Products/Debug/ThreadLocalMacros\#ThreadLocalMacros -c -j10 -enable-batch-mode -incremental -Xcc -ivfsstatcache -Xcc /Users/admin/builder/spi-builder-workspace/.derivedData/SDKStatCaches.noindex/watchos27.0-24R360-e829b21a6f8c9b70876ba0858053c04477534ef55a1706bf4c1112bbb242f0a2.sdkstatcache -output-file-map /Users/admin/builder/spi-builder-workspace/.derivedData/Build/Intermediates.noindex/SpeziStorage.build/Debug-watchos/SpeziLocalStorage-t.build/Objects-normal/arm64_32/SpeziLocalStorage-OutputFileMap.json -save-temps -no-color-diagnostics -explicit-module-build -module-cache-path /Users/admin/builder/spi-builder-workspace/.derivedData/Build/Intermediates.noindex/SwiftExplicitPrecompiledModules -clang-scanner-module-cache-path /Users/admin/builder/spi-builder-workspace/.derivedData/ModuleCache.noindex -sdk-module-cache-path /Users/admin/builder/spi-builder-workspace/.derivedData/SDKExplicitPrecompiledModules -emit-dependencies -emit-module -emit-module-path /Users/admin/builder/spi-builder-workspace/.derivedData/Build/Intermediates.noindex/SpeziStorage.build/Debug-watchos/SpeziLocalStorage-t.build/Objects-normal/arm64_32/SpeziLocalStorage.swiftmodule -serialize-diagnostics -dependency-scan-serialize-diagnostics-path /Users/admin/builder/spi-builder-workspace/.derivedData/Build/Intermediates.noindex/SpeziStorage.build/Debug-watchos/SpeziLocalStorage-t.build/Objects-normal/arm64_32/SpeziLocalStorage-dependency-scan.dia -user-module-version 2.1.4 -validate-clang-modules-once -clang-build-session-file /Users/admin/builder/spi-builder-workspace/.derivedData/ModuleCache.noindex/Session.modulevalidation -Xcc -fmodules-prune-interval\=86400 -Xcc -fmodules-prune-after\=345600 -package-name spezistorage -emit-const-values -const-gather-protocols-list /Users/admin/builder/spi-builder-workspace/.derivedData/Build/Intermediates.noindex/SpeziStorage.build/Debug-watchos/SpeziLocalStorage-t.build/Objects-normal/arm64_32/SpeziLocalStorage_const_extract_protocols.json -Xcc -I/Users/admin/builder/spi-builder-workspace/.dependencies/checkouts/zstd/lib -Xcc -I/Users/admin/builder/spi-builder-workspace/.dependencies/checkouts/swift-atomics/Sources/_AtomicsShims/include -Xcc -I/Users/admin/builder/spi-builder-workspace/.dependencies/checkouts/swift-numerics/Sources/_NumericsShims/include -Xcc -I/Users/admin/builder/spi-builder-workspace/.dependencies/checkouts/SpeziFoundation/Sources/SpeziFoundationObjC/include -Xcc -I/Users/admin/builder/spi-builder-workspace/.derivedData/Build/Products/Debug-watchos/include -Xcc -I/Users/admin/builder/spi-builder-workspace/.derivedData/Build/Intermediates.noindex/SpeziStorage.build/Debug-watchos/SpeziLocalStorage-t.build/DerivedSources-normal/arm64_32 -Xcc -I/Users/admin/builder/spi-builder-workspace/.derivedData/Build/Intermediates.noindex/SpeziStorage.build/Debug-watchos/SpeziLocalStorage-t.build/DerivedSources/arm64_32 -Xcc -I/Users/admin/builder/spi-builder-workspace/.derivedData/Build/Intermediates.noindex/SpeziStorage.build/Debug-watchos/SpeziLocalStorage-t.build/DerivedSources -Xcc -DSWIFT_PACKAGE -Xcc -DDEBUG\=1 -emit-objc-header -emit-objc-header-path /Users/admin/builder/spi-builder-workspace/.derivedData/Build/Intermediates.noindex/SpeziStorage.build/Debug-watchos/SpeziLocalStorage-t.build/Objects-normal/arm64_32/SpeziLocalStorage-Swift.h -working-directory /Users/admin/builder/spi-builder-workspace/.swiftpm/xcode -experimental-emit-module-separately -disable-cmo
Ld /Users/admin/builder/spi-builder-workspace/.derivedData/Build/Intermediates.noindex/SpeziStorage.build/Debug-watchos/SpeziLocalStorage-t.build/Objects-normal/arm64_32/Binary/SpeziLocalStorage.o normal arm64_32 (in target 'SpeziLocalStorage' from project 'SpeziStorage')
cd /Users/admin/builder/spi-builder-workspace/.dependencies/checkouts/SpeziStorage
/Applications/Xcode-27.0.0-Release.Candidate.app/Contents/Developer/Toolchains/XcodeDefault.xctoolchain/usr/bin/clang -Xlinker -reproducible -target arm64_32-apple-watchos10.0 -r -isysroot /Applications/Xcode-27.0.0-Release.Candidate.app/Contents/Developer/Platforms/WatchOS.platform/Developer/SDKs/WatchOS27.0.sdk -O0 -w -Xlinker -no_warn_duplicate_libraries -F/Users/admin/builder/spi-builder-workspace/.derivedData/Build/Intermediates.noindex/EagerLinkingTBDs/Debug-watchos -F/Users/admin/builder/spi-builder-workspace/.derivedData/Build/Products/Debug-watchos/PackageFrameworks -F/Users/admin/builder/spi-builder-workspace/.derivedData/Build/Products/Debug-watchos -iframework /Applications/Xcode-27.0.0-Release.Candidate.app/Contents/Developer/Platforms/WatchOS.platform/Developer/Library/Frameworks -iframework /Applications/Xcode-27.0.0-Release.Candidate.app/Contents/Developer/Platforms/WatchOS.platform/Developer/SDKs/WatchOS27.0.sdk/Developer/Library/Frameworks -filelist /Users/admin/builder/spi-builder-workspace/.derivedData/Build/Intermediates.noindex/SpeziStorage.build/Debug-watchos/SpeziLocalStorage-t.build/Objects-normal/arm64_32/SpeziLocalStorage.LinkFileList -nostdlib -Xlinker -object_path_lto -Xlinker /Users/admin/builder/spi-builder-workspace/.derivedData/Build/Intermediates.noindex/SpeziStorage.build/Debug-watchos/SpeziLocalStorage-t.build/Objects-normal/arm64_32/SpeziLocalStorage_lto.o -Xlinker -no_deduplicate -Xlinker -debug_variant -Xlinker -dependency_info -Xlinker /Users/admin/builder/spi-builder-workspace/.derivedData/Build/Intermediates.noindex/SpeziStorage.build/Debug-watchos/SpeziLocalStorage-t.build/Objects-normal/arm64_32/SpeziLocalStorage_dependency_info.dat -fobjc-link-runtime -L/Applications/Xcode-27.0.0-Release.Candidate.app/Contents/Developer/Toolchains/XcodeDefault.xctoolchain/usr/lib/swift/watchos -L/usr/lib/swift -Xlinker -add_ast_path -Xlinker /Users/admin/builder/spi-builder-workspace/.derivedData/Build/Intermediates.noindex/SpeziStorage.build/Debug-watchos/SpeziLocalStorage-t.build/Objects-normal/arm64_32/SpeziLocalStorage.swiftmodule -o /Users/admin/builder/spi-builder-workspace/.derivedData/Build/Intermediates.noindex/SpeziStorage.build/Debug-watchos/SpeziLocalStorage-t.build/Objects-normal/arm64_32/Binary/SpeziLocalStorage.o
SwiftDriverJobDiscovery normal arm64 Compiling LocalStorageKey.swift (in target 'SpeziLocalStorage' from project 'SpeziStorage')
SwiftDriverJobDiscovery normal arm64 Compiling LocalStorage.swift (in target 'SpeziLocalStorage' from project 'SpeziStorage')
SwiftDriver\ Compilation SpeziLocalStorage normal arm64 com.apple.xcode.tools.swift.compiler (in target 'SpeziLocalStorage' from project 'SpeziStorage')
cd /Users/admin/builder/spi-builder-workspace/.swiftpm/xcode
builtin-Swift-Compilation -- /Applications/Xcode-27.0.0-Release.Candidate.app/Contents/Developer/Toolchains/XcodeDefault.xctoolchain/usr/bin/swiftc -parse-as-library -module-name SpeziLocalStorage -Onone @/Users/admin/builder/spi-builder-workspace/.derivedData/Build/Intermediates.noindex/SpeziStorage.build/Debug-watchos/SpeziLocalStorage-t.build/Objects-normal/arm64/SpeziLocalStorage.SwiftFileList -DSWIFT_PACKAGE -DDEBUG -DSWIFT_MODULE_RESOURCE_BUNDLE_UNAVAILABLE -Xcc -fmodule-map-file\=/Users/admin/builder/spi-builder-workspace/.dependencies/checkouts/zstd/lib/module.modulemap -Xcc -fmodule-map-file\=/Users/admin/builder/spi-builder-workspace/.dependencies/checkouts/swift-atomics/Sources/_AtomicsShims/include/module.modulemap -Xcc -fmodule-map-file\=/Users/admin/builder/spi-builder-workspace/.dependencies/checkouts/swift-numerics/Sources/_NumericsShims/include/module.modulemap -Xcc -fmodule-map-file\=/Users/admin/builder/spi-builder-workspace/.derivedData/Build/Intermediates.noindex/GeneratedModuleMaps-watchos/SpeziFoundationObjC.modulemap -DXcode -enable-upcoming-feature ExistentialAny -plugin-path /Applications/Xcode-27.0.0-Release.Candidate.app/Contents/Developer/Toolchains/XcodeDefault.xctoolchain/usr/lib/swift/host/plugins/testing -enable-experimental-feature DebugDescriptionMacro -sdk /Applications/Xcode-27.0.0-Release.Candidate.app/Contents/Developer/Platforms/WatchOS.platform/Developer/SDKs/WatchOS27.0.sdk -target arm64-apple-watchos10.0 -g -module-cache-path /Users/admin/builder/spi-builder-workspace/.derivedData/ModuleCache.noindex -Xfrontend -serialize-debugging-options -profile-coverage-mapping -profile-generate -enable-testing -suppress-warnings -index-store-path /Users/admin/builder/spi-builder-workspace/.derivedData/Index.noindex/DataStore -Xcc -D_LIBCPP_HARDENING_MODE\=_LIBCPP_HARDENING_MODE_DEBUG -swift-version 6 -I /Users/admin/builder/spi-builder-workspace/.derivedData/Build/Products/Debug-watchos -Isystem /Applications/Xcode-27.0.0-Release.Candidate.app/Contents/Developer/Platforms/WatchOS.platform/Developer/usr/lib -F /Users/admin/builder/spi-builder-workspace/.derivedData/Build/Products/Debug-watchos/PackageFrameworks -F /Users/admin/builder/spi-builder-workspace/.derivedData/Build/Products/Debug-watchos -F /Applications/Xcode-27.0.0-Release.Candidate.app/Contents/Developer/Platforms/WatchOS.platform/Developer/Library/Frameworks -F /Applications/Xcode-27.0.0-Release.Candidate.app/Contents/Developer/Platforms/WatchOS.platform/Developer/SDKs/WatchOS27.0.sdk/Developer/Library/Frameworks -Xfrontend -load-plugin-executable -Xfrontend /Users/admin/builder/spi-builder-workspace/.derivedData/Build/Products/Debug/ThreadLocalMacros\#ThreadLocalMacros -c -j10 -enable-batch-mode -incremental -Xcc -ivfsstatcache -Xcc /Users/admin/builder/spi-builder-workspace/.derivedData/SDKStatCaches.noindex/watchos27.0-24R360-e829b21a6f8c9b70876ba0858053c04477534ef55a1706bf4c1112bbb242f0a2.sdkstatcache -output-file-map /Users/admin/builder/spi-builder-workspace/.derivedData/Build/Intermediates.noindex/SpeziStorage.build/Debug-watchos/SpeziLocalStorage-t.build/Objects-normal/arm64/SpeziLocalStorage-OutputFileMap.json -save-temps -no-color-diagnostics -explicit-module-build -module-cache-path /Users/admin/builder/spi-builder-workspace/.derivedData/Build/Intermediates.noindex/SwiftExplicitPrecompiledModules -clang-scanner-module-cache-path /Users/admin/builder/spi-builder-workspace/.derivedData/ModuleCache.noindex -sdk-module-cache-path /Users/admin/builder/spi-builder-workspace/.derivedData/SDKExplicitPrecompiledModules -emit-dependencies -emit-module -emit-module-path /Users/admin/builder/spi-builder-workspace/.derivedData/Build/Intermediates.noindex/SpeziStorage.build/Debug-watchos/SpeziLocalStorage-t.build/Objects-normal/arm64/SpeziLocalStorage.swiftmodule -serialize-diagnostics -dependency-scan-serialize-diagnostics-path /Users/admin/builder/spi-builder-workspace/.derivedData/Build/Intermediates.noindex/SpeziStorage.build/Debug-watchos/SpeziLocalStorage-t.build/Objects-normal/arm64/SpeziLocalStorage-dependency-scan.dia -user-module-version 2.1.4 -validate-clang-modules-once -clang-build-session-file /Users/admin/builder/spi-builder-workspace/.derivedData/ModuleCache.noindex/Session.modulevalidation -Xcc -fmodules-prune-interval\=86400 -Xcc -fmodules-prune-after\=345600 -package-name spezistorage -emit-const-values -const-gather-protocols-list /Users/admin/builder/spi-builder-workspace/.derivedData/Build/Intermediates.noindex/SpeziStorage.build/Debug-watchos/SpeziLocalStorage-t.build/Objects-normal/arm64/SpeziLocalStorage_const_extract_protocols.json -Xcc -I/Users/admin/builder/spi-builder-workspace/.dependencies/checkouts/zstd/lib -Xcc -I/Users/admin/builder/spi-builder-workspace/.dependencies/checkouts/swift-atomics/Sources/_AtomicsShims/include -Xcc -I/Users/admin/builder/spi-builder-workspace/.dependencies/checkouts/swift-numerics/Sources/_NumericsShims/include -Xcc -I/Users/admin/builder/spi-builder-workspace/.dependencies/checkouts/SpeziFoundation/Sources/SpeziFoundationObjC/include -Xcc -I/Users/admin/builder/spi-builder-workspace/.derivedData/Build/Products/Debug-watchos/include -Xcc -I/Users/admin/builder/spi-builder-workspace/.derivedData/Build/Intermediates.noindex/SpeziStorage.build/Debug-watchos/SpeziLocalStorage-t.build/DerivedSources-normal/arm64 -Xcc -I/Users/admin/builder/spi-builder-workspace/.derivedData/Build/Intermediates.noindex/SpeziStorage.build/Debug-watchos/SpeziLocalStorage-t.build/DerivedSources/arm64 -Xcc -I/Users/admin/builder/spi-builder-workspace/.derivedData/Build/Intermediates.noindex/SpeziStorage.build/Debug-watchos/SpeziLocalStorage-t.build/DerivedSources -Xcc -DSWIFT_PACKAGE -Xcc -DDEBUG\=1 -emit-objc-header -emit-objc-header-path /Users/admin/builder/spi-builder-workspace/.derivedData/Build/Intermediates.noindex/SpeziStorage.build/Debug-watchos/SpeziLocalStorage-t.build/Objects-normal/arm64/SpeziLocalStorage-Swift.h -working-directory /Users/admin/builder/spi-builder-workspace/.swiftpm/xcode -experimental-emit-module-separately -disable-cmo
Ld /Users/admin/builder/spi-builder-workspace/.derivedData/Build/Intermediates.noindex/SpeziStorage.build/Debug-watchos/SpeziLocalStorage-t.build/Objects-normal/arm64/Binary/SpeziLocalStorage.o normal arm64 (in target 'SpeziLocalStorage' from project 'SpeziStorage')
cd /Users/admin/builder/spi-builder-workspace/.dependencies/checkouts/SpeziStorage
/Applications/Xcode-27.0.0-Release.Candidate.app/Contents/Developer/Toolchains/XcodeDefault.xctoolchain/usr/bin/clang -Xlinker -reproducible -target arm64-apple-watchos10.0 -r -isysroot /Applications/Xcode-27.0.0-Release.Candidate.app/Contents/Developer/Platforms/WatchOS.platform/Developer/SDKs/WatchOS27.0.sdk -O0 -w -Xlinker -no_warn_duplicate_libraries -F/Users/admin/builder/spi-builder-workspace/.derivedData/Build/Intermediates.noindex/EagerLinkingTBDs/Debug-watchos -F/Users/admin/builder/spi-builder-workspace/.derivedData/Build/Products/Debug-watchos/PackageFrameworks -F/Users/admin/builder/spi-builder-workspace/.derivedData/Build/Products/Debug-watchos -iframework /Applications/Xcode-27.0.0-Release.Candidate.app/Contents/Developer/Platforms/WatchOS.platform/Developer/Library/Frameworks -iframework /Applications/Xcode-27.0.0-Release.Candidate.app/Contents/Developer/Platforms/WatchOS.platform/Developer/SDKs/WatchOS27.0.sdk/Developer/Library/Frameworks -filelist /Users/admin/builder/spi-builder-workspace/.derivedData/Build/Intermediates.noindex/SpeziStorage.build/Debug-watchos/SpeziLocalStorage-t.build/Objects-normal/arm64/SpeziLocalStorage.LinkFileList -nostdlib -Xlinker -object_path_lto -Xlinker /Users/admin/builder/spi-builder-workspace/.derivedData/Build/Intermediates.noindex/SpeziStorage.build/Debug-watchos/SpeziLocalStorage-t.build/Objects-normal/arm64/SpeziLocalStorage_lto.o -Xlinker -no_deduplicate -Xlinker -debug_variant -Xlinker -dependency_info -Xlinker /Users/admin/builder/spi-builder-workspace/.derivedData/Build/Intermediates.noindex/SpeziStorage.build/Debug-watchos/SpeziLocalStorage-t.build/Objects-normal/arm64/SpeziLocalStorage_dependency_info.dat -fobjc-link-runtime -L/Applications/Xcode-27.0.0-Release.Candidate.app/Contents/Developer/Toolchains/XcodeDefault.xctoolchain/usr/lib/swift/watchos -L/usr/lib/swift -Xlinker -add_ast_path -Xlinker /Users/admin/builder/spi-builder-workspace/.derivedData/Build/Intermediates.noindex/SpeziStorage.build/Debug-watchos/SpeziLocalStorage-t.build/Objects-normal/arm64/SpeziLocalStorage.swiftmodule -o /Users/admin/builder/spi-builder-workspace/.derivedData/Build/Intermediates.noindex/SpeziStorage.build/Debug-watchos/SpeziLocalStorage-t.build/Objects-normal/arm64/Binary/SpeziLocalStorage.o
CreateUniversalBinary /Users/admin/builder/spi-builder-workspace/.derivedData/Build/Products/Debug-watchos/SpeziLocalStorage.o normal arm64\ arm64_32 (in target 'SpeziLocalStorage' from project 'SpeziStorage')
cd /Users/admin/builder/spi-builder-workspace/.dependencies/checkouts/SpeziStorage
/Applications/Xcode-27.0.0-Release.Candidate.app/Contents/Developer/Toolchains/XcodeDefault.xctoolchain/usr/bin/lipo -create /Users/admin/builder/spi-builder-workspace/.derivedData/Build/Intermediates.noindex/SpeziStorage.build/Debug-watchos/SpeziLocalStorage-t.build/Objects-normal/arm64/Binary/SpeziLocalStorage.o /Users/admin/builder/spi-builder-workspace/.derivedData/Build/Intermediates.noindex/SpeziStorage.build/Debug-watchos/SpeziLocalStorage-t.build/Objects-normal/arm64_32/Binary/SpeziLocalStorage.o -output /Users/admin/builder/spi-builder-workspace/.derivedData/Build/Products/Debug-watchos/SpeziLocalStorage.o
ExtractAppIntentsMetadata (in target 'SpeziLocalStorage' from project 'SpeziStorage')
cd /Users/admin/builder/spi-builder-workspace/.dependencies/checkouts/SpeziStorage
/Applications/Xcode-27.0.0-Release.Candidate.app/Contents/Developer/Toolchains/XcodeDefault.xctoolchain/usr/bin/appintentsmetadataprocessor --toolchain-dir /var/run/com.apple.security.cryptexd/mnt/com.apple.MobileAsset.MetalToolchain-v27.1.266.1.sA9pdR/Metal.xctoolchain --module-name SpeziLocalStorage --sdk-root /Applications/Xcode-27.0.0-Release.Candidate.app/Contents/Developer/Platforms/WatchOS.platform/Developer/SDKs/WatchOS27.0.sdk --xcode-version 27A266a --platform-family watchOS --deployment-target 10.0 --bundle-identifier spezistorage.SpeziLocalStorage --output /Users/admin/builder/spi-builder-workspace/.derivedData/Build/Products/Debug-watchos/SpeziLocalStorage.appintents --target-triple arm64-apple-watchos10.0 --target-triple arm64_32-apple-watchos10.0 --binary-file /Users/admin/builder/spi-builder-workspace/.derivedData/Build/Products/Debug-watchos/SpeziLocalStorage.o --dependency-file /Users/admin/builder/spi-builder-workspace/.derivedData/Build/Intermediates.noindex/SpeziStorage.build/Debug-watchos/SpeziLocalStorage-t.build/Objects-normal/arm64/SpeziLocalStorage_dependency_info.dat --dependency-file /Users/admin/builder/spi-builder-workspace/.derivedData/Build/Intermediates.noindex/SpeziStorage.build/Debug-watchos/SpeziLocalStorage-t.build/Objects-normal/arm64_32/SpeziLocalStorage_dependency_info.dat --stringsdata-file /Users/admin/builder/spi-builder-workspace/.derivedData/Build/Intermediates.noindex/SpeziStorage.build/Debug-watchos/SpeziLocalStorage-t.build/Objects-normal/arm64/ExtractedAppShortcutsMetadata.stringsdata --stringsdata-file /Users/admin/builder/spi-builder-workspace/.derivedData/Build/Intermediates.noindex/SpeziStorage.build/Debug-watchos/SpeziLocalStorage-t.build/Objects-normal/arm64_32/ExtractedAppShortcutsMetadata.stringsdata --source-file-list /Users/admin/builder/spi-builder-workspace/.derivedData/Build/Intermediates.noindex/SpeziStorage.build/Debug-watchos/SpeziLocalStorage-t.build/Objects-normal/arm64/SpeziLocalStorage.SwiftFileList --source-file-list /Users/admin/builder/spi-builder-workspace/.derivedData/Build/Intermediates.noindex/SpeziStorage.build/Debug-watchos/SpeziLocalStorage-t.build/Objects-normal/arm64_32/SpeziLocalStorage.SwiftFileList --metadata-file-list /Users/admin/builder/spi-builder-workspace/.derivedData/Build/Intermediates.noindex/SpeziStorage.build/Debug-watchos/SpeziLocalStorage-t.build/SpeziLocalStorage.DependencyMetadataFileList --static-metadata-file-list /Users/admin/builder/spi-builder-workspace/.derivedData/Build/Intermediates.noindex/SpeziStorage.build/Debug-watchos/SpeziLocalStorage-t.build/SpeziLocalStorage.DependencyStaticMetadataFileList --swift-const-vals-list /Users/admin/builder/spi-builder-workspace/.derivedData/Build/Intermediates.noindex/SpeziStorage.build/Debug-watchos/SpeziLocalStorage-t.build/Objects-normal/arm64/SpeziLocalStorage.SwiftConstValuesFileList --swift-const-vals-list /Users/admin/builder/spi-builder-workspace/.derivedData/Build/Intermediates.noindex/SpeziStorage.build/Debug-watchos/SpeziLocalStorage-t.build/Objects-normal/arm64_32/SpeziLocalStorage.SwiftConstValuesFileList --force --compile-time-extraction --deployment-aware-processing --no-app-shortcuts-localization
2026-09-24 13:30:23.483 appintentsmetadataprocessor[2075:10561] Starting appintentsmetadataprocessor export
2026-09-24 13:30:23.598 appintentsmetadataprocessor[2075:10561] Extracted no relevant App Intents symbols, skipping writing output
PruneExplicitPrecompiledModules /Users/admin/builder/spi-builder-workspace/.derivedData/Build/Intermediates.noindex/ExplicitPrecompiledModules
PruneExplicitPrecompiledModules /Users/admin/builder/spi-builder-workspace/.derivedData/Build/Intermediates.noindex/SwiftExplicitPrecompiledModules
PruneExplicitPrecompiledModules /Users/admin/builder/spi-builder-workspace/.derivedData/SDKExplicitPrecompiledModules
2026-09-24 13:29:59.514 xcodebuild[1160:6313] [MT] IDERunDestination: Supported platforms for the buildables in the current scheme is empty.
** BUILD FAILED **
The following build commands failed:
SwiftDriver SpeziSensorKit normal arm64_32 com.apple.xcode.tools.swift.compiler (in target 'SpeziSensorKit' from project 'SpeziSensorKit')
SwiftDriver SpeziSensorKit normal arm64 com.apple.xcode.tools.swift.compiler (in target 'SpeziSensorKit' from project 'SpeziSensorKit')
Building workspace SpeziSensorKit with scheme SpeziSensorKit
(3 failures)
Command line invocation:
/Applications/Xcode-27.0.0-Release.Candidate.app/Contents/Developer/usr/bin/xcodebuild -IDEClonedSourcePackagesDirPathOverride=/Users/admin/builder/spi-builder-workspace/.dependencies -resolvePackageDependencies
Resolve Package Graph
failed to retrieve search paths with pkg-config; maybe pkg-config is not installedcouldn't find pc file for zlib
Resolved source packages:
SpeziStorage: https://github.com/StanfordSpezi/SpeziStorage.git @ 2.1.4
Spezi: https://github.com/StanfordSpezi/Spezi.git @ 1.10.2
swift-log: https://github.com/apple/swift-log @ 1.15.1
swift-syntax: https://github.com/swiftlang/swift-syntax.git @ 603.0.2
swift-algorithms: https://github.com/apple/swift-algorithms.git @ 1.2.1
SpeziSensorKit: /Users/admin/builder/spi-builder-workspace
SpeziFoundation: https://github.com/StanfordSpezi/SpeziFoundation.git @ 2.7.7
swift-atomics: https://github.com/apple/swift-atomics.git @ 1.3.1
swift-numerics: https://github.com/apple/swift-numerics.git @ 1.1.1
RuntimeAssertions: https://github.com/StanfordBDHG/XCTRuntimeAssertions.git @ 2.2.0
swift-collections: https://github.com/apple/swift-collections.git @ 1.7.0
ThreadLocal: https://github.com/StanfordBDHG/ThreadLocal.git @ 0.1.3
zstd: https://github.com/StanfordBDHG/zstd.git @ 1.5.8-beta.1
resolved source packages: SpeziStorage, Spezi, swift-log, swift-syntax, swift-algorithms, SpeziSensorKit, SpeziFoundation, swift-atomics, swift-numerics, RuntimeAssertions, swift-collections, ThreadLocal, zstd
2026-09-24 13:30:25.826 xcodebuild[2076:10649] [MT] IDERunDestination: Supported platforms for the buildables in the current scheme is empty.
{
"dependencies" : [
{
"identity" : "spezi",
"requirement" : {
"range" : [
{
"lower_bound" : "1.8.0",
"upper_bound" : "2.0.0"
}
]
},
"type" : "sourceControl",
"url" : "https://github.com/StanfordSpezi/Spezi.git"
},
{
"identity" : "spezifoundation",
"requirement" : {
"range" : [
{
"lower_bound" : "2.2.1",
"upper_bound" : "3.0.0"
}
]
},
"type" : "sourceControl",
"url" : "https://github.com/StanfordSpezi/SpeziFoundation.git"
},
{
"identity" : "spezistorage",
"requirement" : {
"range" : [
{
"lower_bound" : "2.1.3",
"upper_bound" : "3.0.0"
}
]
},
"type" : "sourceControl",
"url" : "https://github.com/StanfordSpezi/SpeziStorage.git"
}
],
"manifest_display_name" : "SpeziSensorKit",
"name" : "SpeziSensorKit",
"path" : "/Users/admin/builder/spi-builder-workspace",
"platforms" : [
{
"name" : "ios",
"version" : "17.0"
}
],
"products" : [
{
"name" : "SpeziSensorKit",
"targets" : [
"SpeziSensorKit"
],
"type" : {
"library" : [
"automatic"
]
}
}
],
"targets" : [
{
"c99name" : "SpeziSensorKitTests",
"module_type" : "SwiftTarget",
"name" : "SpeziSensorKitTests",
"path" : "Tests/SpeziSensorKitTests",
"sources" : [
"SensorKitTests.swift"
],
"target_dependencies" : [
"SpeziSensorKit"
],
"type" : "test"
},
{
"c99name" : "SpeziSensorKit",
"module_type" : "SwiftTarget",
"name" : "SpeziSensorKit",
"path" : "Sources/SpeziSensorKit",
"product_dependencies" : [
"Spezi",
"SpeziFoundation",
"SpeziLocalStorage"
],
"product_memberships" : [
"SpeziSensorKit"
],
"sources" : [
"QueryAnchor.swift",
"Sample Types/Acceleration.swift",
"Sample Types/AmbientLight.swift",
"Sample Types/AmbientPressure.swift",
"Sample Types/DeviceUsage.swift",
"Sample Types/ECG.swift",
"Sample Types/HeartRate.swift",
"Sample Types/OnWrist.swift",
"Sample Types/Other+Unsafe.swift",
"Sample Types/Other.swift",
"Sample Types/Pedometer.swift",
"Sample Types/RotationRate.swift",
"Sample Types/Visit.swift",
"Sensor Reader/AnchoredFetcher+NumSamplesFetching.swift",
"Sensor Reader/AnchoredFetcher+TimeIntervalFetching.swift",
"Sensor Reader/AnchoredFetcher.swift",
"Sensor Reader/FetchResult.swift",
"Sensor Reader/FetchResultsIterator.swift",
"Sensor/AnySensor+Operations.swift",
"Sensor/AnySensor.swift",
"Sensor/Sensor+WellKnown.swift",
"Sensor/Sensor.swift",
"Sensor/SensorSample.swift",
"SensorKit+Availability.swift",
"SensorKit+LocalStorage.swift",
"SensorKit.swift",
"Utils/AsyncSequence.swift",
"Utils/SensorKitUtils.swift"
],
"type" : "library"
}
],
"tools_version" : "6.0"
}
{
"workspace" : {
"name" : "SpeziSensorKit",
"schemes" : [
"SpeziSensorKit"
]
}
}
2026-09-24 13:30:28.201 xcodebuild[2092:10747] [MT] IDERunDestination: Supported platforms for the buildables in the current scheme is empty.
Running build ...
env DEVELOPER_DIR=/Applications/Xcode-27.0.0-Release.Candidate.app xcrun xcodebuild -IDEClonedSourcePackagesDirPathOverride=$PWD/.dependencies -skipMacroValidation -skipPackagePluginValidation -derivedDataPath $PWD/.derivedData build -scheme SpeziSensorKit -destination generic/platform=watchOS
Command line invocation:
/Applications/Xcode-27.0.0-Release.Candidate.app/Contents/Developer/usr/bin/xcodebuild -IDEClonedSourcePackagesDirPathOverride=/Users/admin/builder/spi-builder-workspace/.dependencies -skipMacroValidation -skipPackagePluginValidation -derivedDataPath /Users/admin/builder/spi-builder-workspace/.derivedData build -scheme SpeziSensorKit -destination generic/platform=watchOS
Resolve Package Graph
failed to retrieve search paths with pkg-config; maybe pkg-config is not installedcouldn't find pc file for zlib
Resolved source packages:
RuntimeAssertions: https://github.com/StanfordBDHG/XCTRuntimeAssertions.git @ 2.2.0
swift-numerics: https://github.com/apple/swift-numerics.git @ 1.1.1
swift-log: https://github.com/apple/swift-log @ 1.15.1
swift-atomics: https://github.com/apple/swift-atomics.git @ 1.3.1
SpeziFoundation: https://github.com/StanfordSpezi/SpeziFoundation.git @ 2.7.7
ThreadLocal: https://github.com/StanfordBDHG/ThreadLocal.git @ 0.1.3
Spezi: https://github.com/StanfordSpezi/Spezi.git @ 1.10.2
SpeziStorage: https://github.com/StanfordSpezi/SpeziStorage.git @ 2.1.4
zstd: https://github.com/StanfordBDHG/zstd.git @ 1.5.8-beta.1
SpeziSensorKit: /Users/admin/builder/spi-builder-workspace
swift-algorithms: https://github.com/apple/swift-algorithms.git @ 1.2.1
swift-syntax: https://github.com/swiftlang/swift-syntax.git @ 603.0.2
swift-collections: https://github.com/apple/swift-collections.git @ 1.7.0
ComputePackagePrebuildTargetDependencyGraph
Prepare packages
CreateBuildRequest
SendProjectDescription
CreateBuildOperation
ComputeTargetDependencyGraph
note: Building targets in dependency order
note: Target dependency graph (31 targets)
Target 'SpeziSensorKit-product' in project 'SpeziSensorKit'
➜ Explicit dependency on target 'SpeziSensorKit' in project 'SpeziSensorKit'
➜ Explicit dependency on target 'Spezi-product' in project 'Spezi'
➜ Explicit dependency on target 'SpeziFoundation-product' in project 'SpeziFoundation'
➜ Explicit dependency on target 'SpeziLocalStorage-product' in project 'SpeziStorage'
Target 'SpeziSensorKit' in project 'SpeziSensorKit'
➜ Explicit dependency on target 'Spezi-product' in project 'Spezi'
➜ Explicit dependency on target 'SpeziFoundation-product' in project 'SpeziFoundation'
➜ Explicit dependency on target 'SpeziLocalStorage-product' in project 'SpeziStorage'
Target 'SpeziLocalStorage-product' in project 'SpeziStorage'
➜ Explicit dependency on target 'SpeziLocalStorage' in project 'SpeziStorage'
➜ Explicit dependency on target 'SpeziKeychainStorage' in project 'SpeziStorage'
➜ Explicit dependency on target 'Spezi-product' in project 'Spezi'
➜ Explicit dependency on target 'RuntimeAssertions-product' in project 'RuntimeAssertions'
➜ Explicit dependency on target 'SpeziFoundation-product' in project 'SpeziFoundation'
Target 'SpeziLocalStorage' in project 'SpeziStorage'
➜ Explicit dependency on target 'SpeziKeychainStorage' in project 'SpeziStorage'
➜ Explicit dependency on target 'Spezi-product' in project 'Spezi'
➜ Explicit dependency on target 'RuntimeAssertions-product' in project 'RuntimeAssertions'
➜ Explicit dependency on target 'SpeziFoundation-product' in project 'SpeziFoundation'
Target 'SpeziKeychainStorage' in project 'SpeziStorage'
➜ Explicit dependency on target 'Spezi-product' in project 'Spezi'
➜ Explicit dependency on target 'RuntimeAssertions-product' in project 'RuntimeAssertions'
Target 'Spezi-product' in project 'Spezi'
➜ Explicit dependency on target 'Spezi' in project 'Spezi'
➜ Explicit dependency on target 'SpeziFoundation-product' in project 'SpeziFoundation'
➜ Explicit dependency on target 'RuntimeAssertions-product' in project 'RuntimeAssertions'
➜ Explicit dependency on target 'OrderedCollections-product' in project 'swift-collections'
Target 'Spezi' in project 'Spezi'
➜ Explicit dependency on target 'SpeziFoundation-product' in project 'SpeziFoundation'
➜ Explicit dependency on target 'RuntimeAssertions-product' in project 'RuntimeAssertions'
➜ Explicit dependency on target 'OrderedCollections-product' in project 'swift-collections'
Target 'OrderedCollections-product' in project 'swift-collections'
➜ Explicit dependency on target 'OrderedCollections' in project 'swift-collections'
➜ Explicit dependency on target 'InternalCollectionsUtilities' in project 'swift-collections'
Target 'OrderedCollections' in project 'swift-collections'
➜ Explicit dependency on target 'InternalCollectionsUtilities' in project 'swift-collections'
Target 'InternalCollectionsUtilities' in project 'swift-collections' (no dependencies)
Target 'SpeziFoundation-product' in project 'SpeziFoundation'
➜ Explicit dependency on target 'SpeziFoundation' in project 'SpeziFoundation'
➜ Explicit dependency on target 'SpeziFoundation_SpeziFoundation' in project 'SpeziFoundation'
➜ Explicit dependency on target 'SpeziFoundationObjC' in project 'SpeziFoundation'
➜ Explicit dependency on target 'libzstd-product' in project 'zstd'
➜ Explicit dependency on target 'Atomics-product' in project 'swift-atomics'
➜ Explicit dependency on target 'Algorithms-product' in project 'swift-algorithms'
➜ Explicit dependency on target 'RuntimeAssertions-product' in project 'RuntimeAssertions'
➜ Explicit dependency on target 'Logging-product' in project 'swift-log'
➜ Explicit dependency on target 'ThreadLocal-product' in project 'ThreadLocal'
Target 'SpeziFoundation' in project 'SpeziFoundation'
➜ Explicit dependency on target 'SpeziFoundation_SpeziFoundation' in project 'SpeziFoundation'
➜ Explicit dependency on target 'SpeziFoundationObjC' in project 'SpeziFoundation'
➜ Explicit dependency on target 'libzstd-product' in project 'zstd'
➜ Explicit dependency on target 'Atomics-product' in project 'swift-atomics'
➜ Explicit dependency on target 'Algorithms-product' in project 'swift-algorithms'
➜ Explicit dependency on target 'RuntimeAssertions-product' in project 'RuntimeAssertions'
➜ Explicit dependency on target 'Logging-product' in project 'swift-log'
➜ Explicit dependency on target 'ThreadLocal-product' in project 'ThreadLocal'
Target 'ThreadLocal-product' in project 'ThreadLocal'
➜ Explicit dependency on target 'ThreadLocal' in project 'ThreadLocal'
➜ Explicit dependency on target 'ThreadLocalMacros' in project 'ThreadLocal'
Target 'ThreadLocal' in project 'ThreadLocal'
➜ Explicit dependency on target 'ThreadLocalMacros' in project 'ThreadLocal'
Target 'ThreadLocalMacros' in project 'ThreadLocal' (no dependencies)
Target 'Logging-product' in project 'swift-log'
➜ Explicit dependency on target 'Logging' in project 'swift-log'
Target 'Logging' in project 'swift-log' (no dependencies)
Target 'RuntimeAssertions-product' in project 'RuntimeAssertions'
➜ Explicit dependency on target 'RuntimeAssertions' in project 'RuntimeAssertions'
Target 'RuntimeAssertions' in project 'RuntimeAssertions' (no dependencies)
Target 'Algorithms-product' in project 'swift-algorithms'
➜ Explicit dependency on target 'Algorithms' in project 'swift-algorithms'
➜ Explicit dependency on target 'RealModule-product' in project 'swift-numerics'
Target 'Algorithms' in project 'swift-algorithms'
➜ Explicit dependency on target 'RealModule-product' in project 'swift-numerics'
Target 'RealModule-product' in project 'swift-numerics'
➜ Explicit dependency on target 'RealModule' in project 'swift-numerics'
➜ Explicit dependency on target '_NumericsShims' in project 'swift-numerics'
Target 'RealModule' in project 'swift-numerics'
➜ Explicit dependency on target '_NumericsShims' in project 'swift-numerics'
Target '_NumericsShims' in project 'swift-numerics' (no dependencies)
Target 'Atomics-product' in project 'swift-atomics'
➜ Explicit dependency on target 'Atomics' in project 'swift-atomics'
➜ Explicit dependency on target '_AtomicsShims' in project 'swift-atomics'
Target 'Atomics' in project 'swift-atomics'
➜ Explicit dependency on target '_AtomicsShims' in project 'swift-atomics'
Target '_AtomicsShims' in project 'swift-atomics' (no dependencies)
Target 'libzstd-product' in project 'zstd'
➜ Explicit dependency on target 'libzstd' in project 'zstd'
Target 'libzstd' in project 'zstd' (no dependencies)
Target 'SpeziFoundationObjC' in project 'SpeziFoundation' (no dependencies)
Target 'SpeziFoundation_SpeziFoundation' in project 'SpeziFoundation' (no dependencies)
GatherProvisioningInputs
CreateBuildDescription
ClangStatCache /Applications/Xcode-27.0.0-Release.Candidate.app/Contents/Developer/Toolchains/XcodeDefault.xctoolchain/usr/bin/clang-stat-cache /Applications/Xcode-27.0.0-Release.Candidate.app/Contents/Developer/Platforms/WatchOS.platform/Developer/SDKs/WatchOS27.0.sdk /Users/admin/builder/spi-builder-workspace/.derivedData/SDKStatCaches.noindex/watchos27.0-24R360-e829b21a6f8c9b70876ba0858053c04477534ef55a1706bf4c1112bbb242f0a2.sdkstatcache
cd /Users/admin/builder/spi-builder-workspace/.swiftpm/xcode
/Applications/Xcode-27.0.0-Release.Candidate.app/Contents/Developer/Toolchains/XcodeDefault.xctoolchain/usr/bin/clang-stat-cache /Applications/Xcode-27.0.0-Release.Candidate.app/Contents/Developer/Platforms/WatchOS.platform/Developer/SDKs/WatchOS27.0.sdk -o /Users/admin/builder/spi-builder-workspace/.derivedData/SDKStatCaches.noindex/watchos27.0-24R360-e829b21a6f8c9b70876ba0858053c04477534ef55a1706bf4c1112bbb242f0a2.sdkstatcache
ClangStatCache /Applications/Xcode-27.0.0-Release.Candidate.app/Contents/Developer/Toolchains/XcodeDefault.xctoolchain/usr/bin/clang-stat-cache /Applications/Xcode-27.0.0-Release.Candidate.app/Contents/Developer/Platforms/MacOSX.platform/Developer/SDKs/MacOSX27.0.sdk /Users/admin/builder/spi-builder-workspace/.derivedData/SDKStatCaches.noindex/macosx27.0-26A425-e829b21a6f8c9b70876ba0858053c0446a22442a12e9d48fe1a705f55a1adfc4.sdkstatcache
cd /Users/admin/builder/spi-builder-workspace/.swiftpm/xcode
/Applications/Xcode-27.0.0-Release.Candidate.app/Contents/Developer/Toolchains/XcodeDefault.xctoolchain/usr/bin/clang-stat-cache /Applications/Xcode-27.0.0-Release.Candidate.app/Contents/Developer/Platforms/MacOSX.platform/Developer/SDKs/MacOSX27.0.sdk -o /Users/admin/builder/spi-builder-workspace/.derivedData/SDKStatCaches.noindex/macosx27.0-26A425-e829b21a6f8c9b70876ba0858053c0446a22442a12e9d48fe1a705f55a1adfc4.sdkstatcache
SwiftDriver SpeziSensorKit normal arm64 com.apple.xcode.tools.swift.compiler (in target 'SpeziSensorKit' from project 'SpeziSensorKit')
cd /Users/admin/builder/spi-builder-workspace/.swiftpm/xcode
builtin-SwiftDriver -- /Applications/Xcode-27.0.0-Release.Candidate.app/Contents/Developer/Toolchains/XcodeDefault.xctoolchain/usr/bin/swiftc -parse-as-library -module-name SpeziSensorKit -Onone @/Users/admin/builder/spi-builder-workspace/.derivedData/Build/Intermediates.noindex/SpeziSensorKit.build/Debug-watchos/SpeziSensorKit-t.build/Objects-normal/arm64/SpeziSensorKit.SwiftFileList -DSWIFT_PACKAGE -DDEBUG -DSWIFT_MODULE_RESOURCE_BUNDLE_UNAVAILABLE -Xcc -fmodule-map-file\=/Users/admin/builder/spi-builder-workspace/.dependencies/checkouts/zstd/lib/module.modulemap -Xcc -fmodule-map-file\=/Users/admin/builder/spi-builder-workspace/.dependencies/checkouts/swift-atomics/Sources/_AtomicsShims/include/module.modulemap -Xcc -fmodule-map-file\=/Users/admin/builder/spi-builder-workspace/.dependencies/checkouts/swift-numerics/Sources/_NumericsShims/include/module.modulemap -Xcc -fmodule-map-file\=/Users/admin/builder/spi-builder-workspace/.derivedData/Build/Intermediates.noindex/GeneratedModuleMaps-watchos/SpeziFoundationObjC.modulemap -DXcode -enable-upcoming-feature ExistentialAny -enable-upcoming-feature InternalImportsByDefault -plugin-path /Applications/Xcode-27.0.0-Release.Candidate.app/Contents/Developer/Toolchains/XcodeDefault.xctoolchain/usr/lib/swift/host/plugins/testing -enable-experimental-feature DebugDescriptionMacro -sdk /Applications/Xcode-27.0.0-Release.Candidate.app/Contents/Developer/Platforms/WatchOS.platform/Developer/SDKs/WatchOS27.0.sdk -target arm64-apple-watchos10.0 -g -module-cache-path /Users/admin/builder/spi-builder-workspace/.derivedData/ModuleCache.noindex -Xfrontend -serialize-debugging-options -profile-coverage-mapping -profile-generate -enable-testing -index-store-path /Users/admin/builder/spi-builder-workspace/.derivedData/Index.noindex/DataStore -Xcc -D_LIBCPP_HARDENING_MODE\=_LIBCPP_HARDENING_MODE_DEBUG -swift-version 6 -I /Users/admin/builder/spi-builder-workspace/.derivedData/Build/Products/Debug-watchos -Isystem /Applications/Xcode-27.0.0-Release.Candidate.app/Contents/Developer/Platforms/WatchOS.platform/Developer/usr/lib -F /Users/admin/builder/spi-builder-workspace/.derivedData/Build/Products/Debug-watchos/PackageFrameworks -F /Users/admin/builder/spi-builder-workspace/.derivedData/Build/Products/Debug-watchos -F /Applications/Xcode-27.0.0-Release.Candidate.app/Contents/Developer/Platforms/WatchOS.platform/Developer/Library/Frameworks -F /Applications/Xcode-27.0.0-Release.Candidate.app/Contents/Developer/Platforms/WatchOS.platform/Developer/SDKs/WatchOS27.0.sdk/Developer/Library/Frameworks -Xfrontend -load-plugin-executable -Xfrontend /Users/admin/builder/spi-builder-workspace/.derivedData/Build/Products/Debug/ThreadLocalMacros\#ThreadLocalMacros -c -j10 -enable-batch-mode -incremental -Xcc -ivfsstatcache -Xcc /Users/admin/builder/spi-builder-workspace/.derivedData/SDKStatCaches.noindex/watchos27.0-24R360-e829b21a6f8c9b70876ba0858053c04477534ef55a1706bf4c1112bbb242f0a2.sdkstatcache -output-file-map /Users/admin/builder/spi-builder-workspace/.derivedData/Build/Intermediates.noindex/SpeziSensorKit.build/Debug-watchos/SpeziSensorKit-t.build/Objects-normal/arm64/SpeziSensorKit-OutputFileMap.json -save-temps -no-color-diagnostics -explicit-module-build -module-cache-path /Users/admin/builder/spi-builder-workspace/.derivedData/Build/Intermediates.noindex/SwiftExplicitPrecompiledModules -clang-scanner-module-cache-path /Users/admin/builder/spi-builder-workspace/.derivedData/ModuleCache.noindex -sdk-module-cache-path /Users/admin/builder/spi-builder-workspace/.derivedData/SDKExplicitPrecompiledModules -emit-dependencies -emit-module -emit-module-path /Users/admin/builder/spi-builder-workspace/.derivedData/Build/Intermediates.noindex/SpeziSensorKit.build/Debug-watchos/SpeziSensorKit-t.build/Objects-normal/arm64/SpeziSensorKit.swiftmodule -serialize-diagnostics -dependency-scan-serialize-diagnostics-path /Users/admin/builder/spi-builder-workspace/.derivedData/Build/Intermediates.noindex/SpeziSensorKit.build/Debug-watchos/SpeziSensorKit-t.build/Objects-normal/arm64/SpeziSensorKit-dependency-scan.dia -validate-clang-modules-once -clang-build-session-file /Users/admin/builder/spi-builder-workspace/.derivedData/ModuleCache.noindex/Session.modulevalidation -Xcc -fmodules-prune-interval\=86400 -Xcc -fmodules-prune-after\=345600 -package-name spi_builder_workspace -emit-const-values -const-gather-protocols-list /Users/admin/builder/spi-builder-workspace/.derivedData/Build/Intermediates.noindex/SpeziSensorKit.build/Debug-watchos/SpeziSensorKit-t.build/Objects-normal/arm64/SpeziSensorKit_const_extract_protocols.json -Xcc -I/Users/admin/builder/spi-builder-workspace/.dependencies/checkouts/zstd/lib -Xcc -I/Users/admin/builder/spi-builder-workspace/.dependencies/checkouts/swift-atomics/Sources/_AtomicsShims/include -Xcc -I/Users/admin/builder/spi-builder-workspace/.dependencies/checkouts/swift-numerics/Sources/_NumericsShims/include -Xcc -I/Users/admin/builder/spi-builder-workspace/.dependencies/checkouts/SpeziFoundation/Sources/SpeziFoundationObjC/include -Xcc -I/Users/admin/builder/spi-builder-workspace/.derivedData/Build/Products/Debug-watchos/include -Xcc -I/Users/admin/builder/spi-builder-workspace/.derivedData/Build/Intermediates.noindex/SpeziSensorKit.build/Debug-watchos/SpeziSensorKit-t.build/DerivedSources-normal/arm64 -Xcc -I/Users/admin/builder/spi-builder-workspace/.derivedData/Build/Intermediates.noindex/SpeziSensorKit.build/Debug-watchos/SpeziSensorKit-t.build/DerivedSources/arm64 -Xcc -I/Users/admin/builder/spi-builder-workspace/.derivedData/Build/Intermediates.noindex/SpeziSensorKit.build/Debug-watchos/SpeziSensorKit-t.build/DerivedSources -Xcc -DSWIFT_PACKAGE -Xcc -DDEBUG\=1 -emit-objc-header -emit-objc-header-path /Users/admin/builder/spi-builder-workspace/.derivedData/Build/Intermediates.noindex/SpeziSensorKit.build/Debug-watchos/SpeziSensorKit-t.build/Objects-normal/arm64/SpeziSensorKit-Swift.h -working-directory /Users/admin/builder/spi-builder-workspace/.swiftpm/xcode -experimental-emit-module-separately -disable-cmo
error: Clang dependency scanning failure: (in target 'SpeziSensorKit' from project 'SpeziSensorKit')
error: Clang dependency scanning failure: (in target 'SpeziSensorKit' from project 'SpeziSensorKit')
/Users/admin/builder/spi-builder-workspace/Sources/SpeziSensorKit/Sample Types/AmbientLight.swift:10:15: error: Unable to resolve module dependency: 'SensorKit' (in target 'SpeziSensorKit' from project 'SpeziSensorKit')
note: A dependency of main module 'SpeziSensorKit'
/Users/admin/builder/spi-builder-workspace/Sources/SpeziSensorKit/Sample Types/DeviceUsage.swift:10:15: note: Also imported here
/Users/admin/builder/spi-builder-workspace/Sources/SpeziSensorKit/Sample Types/ECG.swift:10:15: note: Also imported here
/Users/admin/builder/spi-builder-workspace/Sources/SpeziSensorKit/Sample Types/OnWrist.swift:12:15: note: Also imported here
/Users/admin/builder/spi-builder-workspace/Sources/SpeziSensorKit/Sample Types/Other+Unsafe.swift:9:31: note: Also imported here
/Users/admin/builder/spi-builder-workspace/Sources/SpeziSensorKit/Sample Types/Other.swift:11:15: note: Also imported here
/Users/admin/builder/spi-builder-workspace/Sources/SpeziSensorKit/Sample Types/Visit.swift:11:15: note: Also imported here
/Users/admin/builder/spi-builder-workspace/Sources/SpeziSensorKit/Sensor Reader/AnchoredFetcher+NumSamplesFetching.swift:13:8: note: Also imported here
/Users/admin/builder/spi-builder-workspace/Sources/SpeziSensorKit/Sensor Reader/AnchoredFetcher+TimeIntervalFetching.swift:11:8: note: Also imported here
/Users/admin/builder/spi-builder-workspace/Sources/SpeziSensorKit/Sensor Reader/AnchoredFetcher.swift:11:8: note: Also imported here
/Users/admin/builder/spi-builder-workspace/Sources/SpeziSensorKit/Sensor Reader/FetchResult.swift:10:8: note: Also imported here
/Users/admin/builder/spi-builder-workspace/Sources/SpeziSensorKit/Sensor/AnySensor+Operations.swift:11:15: note: Also imported here
/Users/admin/builder/spi-builder-workspace/Sources/SpeziSensorKit/Sensor/AnySensor.swift:9:15: note: Also imported here
/Users/admin/builder/spi-builder-workspace/Sources/SpeziSensorKit/Sensor/Sensor+WellKnown.swift:10:15: note: Also imported here
/Users/admin/builder/spi-builder-workspace/Sources/SpeziSensorKit/Sensor/Sensor.swift:9:15: note: Also imported here
/Users/admin/builder/spi-builder-workspace/Sources/SpeziSensorKit/Sensor/SensorSample.swift:9:15: note: Also imported here
/Users/admin/builder/spi-builder-workspace/Sources/SpeziSensorKit/SensorKit.swift:10:64: note: Also imported here
/Users/admin/builder/spi-builder-workspace/Sources/SpeziSensorKit/Utils/SensorKitUtils.swift:9:15: note: Also imported here
/Users/admin/builder/spi-builder-workspace/Sources/SpeziSensorKit/Sample Types/AmbientLight.swift:10:15: note: A dependency of main module 'SpeziSensorKit'
public import SensorKit
^ (in target 'SpeziSensorKit' from project 'SpeziSensorKit')
/Users/admin/builder/spi-builder-workspace/Sources/SpeziSensorKit/Sample Types/DeviceUsage.swift:10:15: note: Also imported here
public import SensorKit
^ (in target 'SpeziSensorKit' from project 'SpeziSensorKit')
/Users/admin/builder/spi-builder-workspace/Sources/SpeziSensorKit/Sample Types/ECG.swift:10:15: note: Also imported here
public import SensorKit
^ (in target 'SpeziSensorKit' from project 'SpeziSensorKit')
/Users/admin/builder/spi-builder-workspace/Sources/SpeziSensorKit/Sample Types/OnWrist.swift:12:15: note: Also imported here
public import SensorKit
^ (in target 'SpeziSensorKit' from project 'SpeziSensorKit')
/Users/admin/builder/spi-builder-workspace/Sources/SpeziSensorKit/Sample Types/Other+Unsafe.swift:9:31: note: Also imported here
@preconcurrency public import SensorKit
^ (in target 'SpeziSensorKit' from project 'SpeziSensorKit')
/Users/admin/builder/spi-builder-workspace/Sources/SpeziSensorKit/Sample Types/Other.swift:11:15: note: Also imported here
public import SensorKit
^ (in target 'SpeziSensorKit' from project 'SpeziSensorKit')
/Users/admin/builder/spi-builder-workspace/Sources/SpeziSensorKit/Sample Types/Visit.swift:11:15: note: Also imported here
public import SensorKit
^ (in target 'SpeziSensorKit' from project 'SpeziSensorKit')
/Users/admin/builder/spi-builder-workspace/Sources/SpeziSensorKit/Sensor Reader/AnchoredFetcher+NumSamplesFetching.swift:13:8: note: Also imported here
import SensorKit
^ (in target 'SpeziSensorKit' from project 'SpeziSensorKit')
/Users/admin/builder/spi-builder-workspace/Sources/SpeziSensorKit/Sensor Reader/AnchoredFetcher+TimeIntervalFetching.swift:11:8: note: Also imported here
import SensorKit
^ (in target 'SpeziSensorKit' from project 'SpeziSensorKit')
/Users/admin/builder/spi-builder-workspace/Sources/SpeziSensorKit/Sensor Reader/AnchoredFetcher.swift:11:8: note: Also imported here
import SensorKit
^ (in target 'SpeziSensorKit' from project 'SpeziSensorKit')
/Users/admin/builder/spi-builder-workspace/Sources/SpeziSensorKit/Sensor Reader/FetchResult.swift:10:8: note: Also imported here
import SensorKit
^ (in target 'SpeziSensorKit' from project 'SpeziSensorKit')
/Users/admin/builder/spi-builder-workspace/Sources/SpeziSensorKit/Sensor/AnySensor+Operations.swift:11:15: note: Also imported here
public import SensorKit
^ (in target 'SpeziSensorKit' from project 'SpeziSensorKit')
/Users/admin/builder/spi-builder-workspace/Sources/SpeziSensorKit/Sensor/AnySensor.swift:9:15: note: Also imported here
public import SensorKit
^ (in target 'SpeziSensorKit' from project 'SpeziSensorKit')
/Users/admin/builder/spi-builder-workspace/Sources/SpeziSensorKit/Sensor/Sensor+WellKnown.swift:10:15: note: Also imported here
public import SensorKit
^ (in target 'SpeziSensorKit' from project 'SpeziSensorKit')
/Users/admin/builder/spi-builder-workspace/Sources/SpeziSensorKit/Sensor/Sensor.swift:9:15: note: Also imported here
public import SensorKit
^ (in target 'SpeziSensorKit' from project 'SpeziSensorKit')
/Users/admin/builder/spi-builder-workspace/Sources/SpeziSensorKit/Sensor/SensorSample.swift:9:15: note: Also imported here
public import SensorKit
^ (in target 'SpeziSensorKit' from project 'SpeziSensorKit')
/Users/admin/builder/spi-builder-workspace/Sources/SpeziSensorKit/SensorKit.swift:10:64: note: Also imported here
@_documentation(visibility: internal) @_exported public import SensorKit
^ (in target 'SpeziSensorKit' from project 'SpeziSensorKit')
/Users/admin/builder/spi-builder-workspace/Sources/SpeziSensorKit/Utils/SensorKitUtils.swift:9:15: note: Also imported here
public import SensorKit
^ (in target 'SpeziSensorKit' from project 'SpeziSensorKit')
SwiftDriver SpeziSensorKit normal arm64_32 com.apple.xcode.tools.swift.compiler (in target 'SpeziSensorKit' from project 'SpeziSensorKit')
cd /Users/admin/builder/spi-builder-workspace/.swiftpm/xcode
builtin-SwiftDriver -- /Applications/Xcode-27.0.0-Release.Candidate.app/Contents/Developer/Toolchains/XcodeDefault.xctoolchain/usr/bin/swiftc -parse-as-library -module-name SpeziSensorKit -Onone @/Users/admin/builder/spi-builder-workspace/.derivedData/Build/Intermediates.noindex/SpeziSensorKit.build/Debug-watchos/SpeziSensorKit-t.build/Objects-normal/arm64_32/SpeziSensorKit.SwiftFileList -DSWIFT_PACKAGE -DDEBUG -DSWIFT_MODULE_RESOURCE_BUNDLE_UNAVAILABLE -Xcc -fmodule-map-file\=/Users/admin/builder/spi-builder-workspace/.dependencies/checkouts/zstd/lib/module.modulemap -Xcc -fmodule-map-file\=/Users/admin/builder/spi-builder-workspace/.dependencies/checkouts/swift-atomics/Sources/_AtomicsShims/include/module.modulemap -Xcc -fmodule-map-file\=/Users/admin/builder/spi-builder-workspace/.dependencies/checkouts/swift-numerics/Sources/_NumericsShims/include/module.modulemap -Xcc -fmodule-map-file\=/Users/admin/builder/spi-builder-workspace/.derivedData/Build/Intermediates.noindex/GeneratedModuleMaps-watchos/SpeziFoundationObjC.modulemap -DXcode -enable-upcoming-feature ExistentialAny -enable-upcoming-feature InternalImportsByDefault -plugin-path /Applications/Xcode-27.0.0-Release.Candidate.app/Contents/Developer/Toolchains/XcodeDefault.xctoolchain/usr/lib/swift/host/plugins/testing -enable-experimental-feature DebugDescriptionMacro -sdk /Applications/Xcode-27.0.0-Release.Candidate.app/Contents/Developer/Platforms/WatchOS.platform/Developer/SDKs/WatchOS27.0.sdk -target arm64_32-apple-watchos10.0 -g -module-cache-path /Users/admin/builder/spi-builder-workspace/.derivedData/ModuleCache.noindex -Xfrontend -serialize-debugging-options -profile-coverage-mapping -profile-generate -enable-testing -index-store-path /Users/admin/builder/spi-builder-workspace/.derivedData/Index.noindex/DataStore -Xcc -D_LIBCPP_HARDENING_MODE\=_LIBCPP_HARDENING_MODE_DEBUG -swift-version 6 -I /Users/admin/builder/spi-builder-workspace/.derivedData/Build/Products/Debug-watchos -Isystem /Applications/Xcode-27.0.0-Release.Candidate.app/Contents/Developer/Platforms/WatchOS.platform/Developer/usr/lib -F /Users/admin/builder/spi-builder-workspace/.derivedData/Build/Products/Debug-watchos/PackageFrameworks -F /Users/admin/builder/spi-builder-workspace/.derivedData/Build/Products/Debug-watchos -F /Applications/Xcode-27.0.0-Release.Candidate.app/Contents/Developer/Platforms/WatchOS.platform/Developer/Library/Frameworks -F /Applications/Xcode-27.0.0-Release.Candidate.app/Contents/Developer/Platforms/WatchOS.platform/Developer/SDKs/WatchOS27.0.sdk/Developer/Library/Frameworks -Xfrontend -load-plugin-executable -Xfrontend /Users/admin/builder/spi-builder-workspace/.derivedData/Build/Products/Debug/ThreadLocalMacros\#ThreadLocalMacros -c -j10 -enable-batch-mode -incremental -Xcc -ivfsstatcache -Xcc /Users/admin/builder/spi-builder-workspace/.derivedData/SDKStatCaches.noindex/watchos27.0-24R360-e829b21a6f8c9b70876ba0858053c04477534ef55a1706bf4c1112bbb242f0a2.sdkstatcache -output-file-map /Users/admin/builder/spi-builder-workspace/.derivedData/Build/Intermediates.noindex/SpeziSensorKit.build/Debug-watchos/SpeziSensorKit-t.build/Objects-normal/arm64_32/SpeziSensorKit-OutputFileMap.json -save-temps -no-color-diagnostics -explicit-module-build -module-cache-path /Users/admin/builder/spi-builder-workspace/.derivedData/Build/Intermediates.noindex/SwiftExplicitPrecompiledModules -clang-scanner-module-cache-path /Users/admin/builder/spi-builder-workspace/.derivedData/ModuleCache.noindex -sdk-module-cache-path /Users/admin/builder/spi-builder-workspace/.derivedData/SDKExplicitPrecompiledModules -emit-dependencies -emit-module -emit-module-path /Users/admin/builder/spi-builder-workspace/.derivedData/Build/Intermediates.noindex/SpeziSensorKit.build/Debug-watchos/SpeziSensorKit-t.build/Objects-normal/arm64_32/SpeziSensorKit.swiftmodule -serialize-diagnostics -dependency-scan-serialize-diagnostics-path /Users/admin/builder/spi-builder-workspace/.derivedData/Build/Intermediates.noindex/SpeziSensorKit.build/Debug-watchos/SpeziSensorKit-t.build/Objects-normal/arm64_32/SpeziSensorKit-dependency-scan.dia -validate-clang-modules-once -clang-build-session-file /Users/admin/builder/spi-builder-workspace/.derivedData/ModuleCache.noindex/Session.modulevalidation -Xcc -fmodules-prune-interval\=86400 -Xcc -fmodules-prune-after\=345600 -package-name spi_builder_workspace -emit-const-values -const-gather-protocols-list /Users/admin/builder/spi-builder-workspace/.derivedData/Build/Intermediates.noindex/SpeziSensorKit.build/Debug-watchos/SpeziSensorKit-t.build/Objects-normal/arm64_32/SpeziSensorKit_const_extract_protocols.json -Xcc -I/Users/admin/builder/spi-builder-workspace/.dependencies/checkouts/zstd/lib -Xcc -I/Users/admin/builder/spi-builder-workspace/.dependencies/checkouts/swift-atomics/Sources/_AtomicsShims/include -Xcc -I/Users/admin/builder/spi-builder-workspace/.dependencies/checkouts/swift-numerics/Sources/_NumericsShims/include -Xcc -I/Users/admin/builder/spi-builder-workspace/.dependencies/checkouts/SpeziFoundation/Sources/SpeziFoundationObjC/include -Xcc -I/Users/admin/builder/spi-builder-workspace/.derivedData/Build/Products/Debug-watchos/include -Xcc -I/Users/admin/builder/spi-builder-workspace/.derivedData/Build/Intermediates.noindex/SpeziSensorKit.build/Debug-watchos/SpeziSensorKit-t.build/DerivedSources-normal/arm64_32 -Xcc -I/Users/admin/builder/spi-builder-workspace/.derivedData/Build/Intermediates.noindex/SpeziSensorKit.build/Debug-watchos/SpeziSensorKit-t.build/DerivedSources/arm64_32 -Xcc -I/Users/admin/builder/spi-builder-workspace/.derivedData/Build/Intermediates.noindex/SpeziSensorKit.build/Debug-watchos/SpeziSensorKit-t.build/DerivedSources -Xcc -DSWIFT_PACKAGE -Xcc -DDEBUG\=1 -emit-objc-header -emit-objc-header-path /Users/admin/builder/spi-builder-workspace/.derivedData/Build/Intermediates.noindex/SpeziSensorKit.build/Debug-watchos/SpeziSensorKit-t.build/Objects-normal/arm64_32/SpeziSensorKit-Swift.h -working-directory /Users/admin/builder/spi-builder-workspace/.swiftpm/xcode -experimental-emit-module-separately -disable-cmo
error: Clang dependency scanning failure: (in target 'SpeziSensorKit' from project 'SpeziSensorKit')
error: Clang dependency scanning failure: (in target 'SpeziSensorKit' from project 'SpeziSensorKit')
/Users/admin/builder/spi-builder-workspace/Sources/SpeziSensorKit/Sample Types/AmbientLight.swift:10:15: error: Unable to resolve module dependency: 'SensorKit' (in target 'SpeziSensorKit' from project 'SpeziSensorKit')
note: A dependency of main module 'SpeziSensorKit'
/Users/admin/builder/spi-builder-workspace/Sources/SpeziSensorKit/Sample Types/DeviceUsage.swift:10:15: note: Also imported here
/Users/admin/builder/spi-builder-workspace/Sources/SpeziSensorKit/Sample Types/ECG.swift:10:15: note: Also imported here
/Users/admin/builder/spi-builder-workspace/Sources/SpeziSensorKit/Sample Types/OnWrist.swift:12:15: note: Also imported here
/Users/admin/builder/spi-builder-workspace/Sources/SpeziSensorKit/Sample Types/Other+Unsafe.swift:9:31: note: Also imported here
/Users/admin/builder/spi-builder-workspace/Sources/SpeziSensorKit/Sample Types/Other.swift:11:15: note: Also imported here
/Users/admin/builder/spi-builder-workspace/Sources/SpeziSensorKit/Sample Types/Visit.swift:11:15: note: Also imported here
/Users/admin/builder/spi-builder-workspace/Sources/SpeziSensorKit/Sensor Reader/AnchoredFetcher+NumSamplesFetching.swift:13:8: note: Also imported here
/Users/admin/builder/spi-builder-workspace/Sources/SpeziSensorKit/Sensor Reader/AnchoredFetcher+TimeIntervalFetching.swift:11:8: note: Also imported here
/Users/admin/builder/spi-builder-workspace/Sources/SpeziSensorKit/Sensor Reader/AnchoredFetcher.swift:11:8: note: Also imported here
/Users/admin/builder/spi-builder-workspace/Sources/SpeziSensorKit/Sensor Reader/FetchResult.swift:10:8: note: Also imported here
/Users/admin/builder/spi-builder-workspace/Sources/SpeziSensorKit/Sensor/AnySensor+Operations.swift:11:15: note: Also imported here
/Users/admin/builder/spi-builder-workspace/Sources/SpeziSensorKit/Sensor/AnySensor.swift:9:15: note: Also imported here
/Users/admin/builder/spi-builder-workspace/Sources/SpeziSensorKit/Sensor/Sensor+WellKnown.swift:10:15: note: Also imported here
/Users/admin/builder/spi-builder-workspace/Sources/SpeziSensorKit/Sensor/Sensor.swift:9:15: note: Also imported here
/Users/admin/builder/spi-builder-workspace/Sources/SpeziSensorKit/Sensor/SensorSample.swift:9:15: note: Also imported here
/Users/admin/builder/spi-builder-workspace/Sources/SpeziSensorKit/SensorKit.swift:10:64: note: Also imported here
/Users/admin/builder/spi-builder-workspace/Sources/SpeziSensorKit/Utils/SensorKitUtils.swift:9:15: note: Also imported here
/Users/admin/builder/spi-builder-workspace/Sources/SpeziSensorKit/Sample Types/AmbientLight.swift:10:15: note: A dependency of main module 'SpeziSensorKit'
public import SensorKit
^ (in target 'SpeziSensorKit' from project 'SpeziSensorKit')
/Users/admin/builder/spi-builder-workspace/Sources/SpeziSensorKit/Sample Types/DeviceUsage.swift:10:15: note: Also imported here
public import SensorKit
^ (in target 'SpeziSensorKit' from project 'SpeziSensorKit')
/Users/admin/builder/spi-builder-workspace/Sources/SpeziSensorKit/Sample Types/ECG.swift:10:15: note: Also imported here
public import SensorKit
^ (in target 'SpeziSensorKit' from project 'SpeziSensorKit')
/Users/admin/builder/spi-builder-workspace/Sources/SpeziSensorKit/Sample Types/OnWrist.swift:12:15: note: Also imported here
public import SensorKit
^ (in target 'SpeziSensorKit' from project 'SpeziSensorKit')
/Users/admin/builder/spi-builder-workspace/Sources/SpeziSensorKit/Sample Types/Other+Unsafe.swift:9:31: note: Also imported here
@preconcurrency public import SensorKit
^ (in target 'SpeziSensorKit' from project 'SpeziSensorKit')
/Users/admin/builder/spi-builder-workspace/Sources/SpeziSensorKit/Sample Types/Other.swift:11:15: note: Also imported here
public import SensorKit
^ (in target 'SpeziSensorKit' from project 'SpeziSensorKit')
/Users/admin/builder/spi-builder-workspace/Sources/SpeziSensorKit/Sample Types/Visit.swift:11:15: note: Also imported here
public import SensorKit
^ (in target 'SpeziSensorKit' from project 'SpeziSensorKit')
/Users/admin/builder/spi-builder-workspace/Sources/SpeziSensorKit/Sensor Reader/AnchoredFetcher+NumSamplesFetching.swift:13:8: note: Also imported here
import SensorKit
^ (in target 'SpeziSensorKit' from project 'SpeziSensorKit')
/Users/admin/builder/spi-builder-workspace/Sources/SpeziSensorKit/Sensor Reader/AnchoredFetcher+TimeIntervalFetching.swift:11:8: note: Also imported here
import SensorKit
^ (in target 'SpeziSensorKit' from project 'SpeziSensorKit')
/Users/admin/builder/spi-builder-workspace/Sources/SpeziSensorKit/Sensor Reader/AnchoredFetcher.swift:11:8: note: Also imported here
import SensorKit
^ (in target 'SpeziSensorKit' from project 'SpeziSensorKit')
/Users/admin/builder/spi-builder-workspace/Sources/SpeziSensorKit/Sensor Reader/FetchResult.swift:10:8: note: Also imported here
import SensorKit
^ (in target 'SpeziSensorKit' from project 'SpeziSensorKit')
/Users/admin/builder/spi-builder-workspace/Sources/SpeziSensorKit/Sensor/AnySensor+Operations.swift:11:15: note: Also imported here
public import SensorKit
^ (in target 'SpeziSensorKit' from project 'SpeziSensorKit')
/Users/admin/builder/spi-builder-workspace/Sources/SpeziSensorKit/Sensor/AnySensor.swift:9:15: note: Also imported here
public import SensorKit
^ (in target 'SpeziSensorKit' from project 'SpeziSensorKit')
/Users/admin/builder/spi-builder-workspace/Sources/SpeziSensorKit/Sensor/Sensor+WellKnown.swift:10:15: note: Also imported here
public import SensorKit
^ (in target 'SpeziSensorKit' from project 'SpeziSensorKit')
/Users/admin/builder/spi-builder-workspace/Sources/SpeziSensorKit/Sensor/Sensor.swift:9:15: note: Also imported here
public import SensorKit
^ (in target 'SpeziSensorKit' from project 'SpeziSensorKit')
/Users/admin/builder/spi-builder-workspace/Sources/SpeziSensorKit/Sensor/SensorSample.swift:9:15: note: Also imported here
public import SensorKit
^ (in target 'SpeziSensorKit' from project 'SpeziSensorKit')
/Users/admin/builder/spi-builder-workspace/Sources/SpeziSensorKit/SensorKit.swift:10:64: note: Also imported here
@_documentation(visibility: internal) @_exported public import SensorKit
^ (in target 'SpeziSensorKit' from project 'SpeziSensorKit')
/Users/admin/builder/spi-builder-workspace/Sources/SpeziSensorKit/Utils/SensorKitUtils.swift:9:15: note: Also imported here
public import SensorKit
^ (in target 'SpeziSensorKit' from project 'SpeziSensorKit')
PruneExplicitPrecompiledModules /Users/admin/builder/spi-builder-workspace/.derivedData/Build/Intermediates.noindex/ExplicitPrecompiledModules
PruneExplicitPrecompiledModules /Users/admin/builder/spi-builder-workspace/.derivedData/Build/Intermediates.noindex/SwiftExplicitPrecompiledModules
PruneExplicitPrecompiledModules /Users/admin/builder/spi-builder-workspace/.derivedData/SDKExplicitPrecompiledModules
2026-09-24 13:30:30.300 xcodebuild[2101:10787] [MT] IDERunDestination: Supported platforms for the buildables in the current scheme is empty.
** BUILD FAILED **
The following build commands failed:
SwiftDriver SpeziSensorKit normal arm64 com.apple.xcode.tools.swift.compiler (in target 'SpeziSensorKit' from project 'SpeziSensorKit')
SwiftDriver SpeziSensorKit normal arm64_32 com.apple.xcode.tools.swift.compiler (in target 'SpeziSensorKit' from project 'SpeziSensorKit')
Building workspace SpeziSensorKit with scheme SpeziSensorKit
(3 failures)
BUILD FAILURE 6.4 watchOS