The Swift Package Index logo.Swift Package Index

Build Information

Failed to build GoogleCloudTimeseriesInsightsV1, reference 0.5.0 (590f7c), with Swift 6.2 for Android on 12 Oct 2026 00:10:09 UTC.

Build Command

bash -c docker run --pull=always --rm -v "checkouts-54344843-3":/host -w "$PWD" -e JAVA_HOME="/root/.sdkman/candidates/java/current" -e SPI_BUILD="1" -e SPI_PROCESSING="1" registry.gitlab.com/saguaro1/spi-images:android-6.2-latest swift build --swift-sdk aarch64-unknown-linux-android28 2>&1

Build Log

========================================
RunAll
========================================
Builder version: 5.1.1
Interrupt handler set up.
========================================
Checkout
========================================
Clone URL: https://github.com/googleapis/swift-google-cloud-timeseriesinsights-v1.git
Reference: 0.5.0
Initialized empty Git repository in /host/spi-builder-workspace/.git/
hint: Using 'master' as the name for the initial branch. This default branch name
hint: is subject to change. To configure the initial branch name to use in all
hint: of your new repositories, which will suppress this warning, call:
hint:
hint: 	git config --global init.defaultBranch <name>
hint:
hint: Names commonly chosen instead of 'master' are 'main', 'trunk' and
hint: 'development'. The just-created branch can be renamed via this command:
hint:
hint: 	git branch -m <name>
From https://github.com/googleapis/swift-google-cloud-timeseriesinsights-v1
 * tag               0.5.0      -> FETCH_HEAD
HEAD is now at 590f7c7 chore(timeserieinsights-v1): tombstone the library (#1332)
Cloned https://github.com/googleapis/swift-google-cloud-timeseriesinsights-v1.git
Revision (git rev-parse @):
590f7c7328516c52dd6e962bdb01806d5fea13df
SPI manifest file found: $PWD/.spi.yml
SUCCESS checkout https://github.com/googleapis/swift-google-cloud-timeseriesinsights-v1.git at 0.5.0
========================================
Build
========================================
Selected platform:         android
Swift version:             6.2
Building package at path:  $PWD
https://github.com/googleapis/swift-google-cloud-timeseriesinsights-v1.git
Running build ...
bash -c docker run --pull=always --rm -v "checkouts-54344843-3":/host -w "$PWD" -e JAVA_HOME="/root/.sdkman/candidates/java/current" -e SPI_BUILD="1" -e SPI_PROCESSING="1" registry.gitlab.com/saguaro1/spi-images:android-6.2-latest swift build --swift-sdk aarch64-unknown-linux-android28 2>&1
android-6.2-latest: Pulling from saguaro1/spi-images
Digest: sha256:a839c9ce201f1dacc8eb056626ec7ab0a1c6d53d7b77c83feda395f4507c51be
Status: Image is up to date for registry.gitlab.com/saguaro1/spi-images:android-6.2-latest
Fetching https://github.com/googleapis/swift-google-wkt
Fetching https://github.com/apple/swift-log
Fetching https://github.com/googleapis/swift-google-gax
[1/1023] Fetching swift-google-wkt
[718/2771] Fetching swift-google-wkt, swift-google-gax
[1042/11028] Fetching swift-google-wkt, swift-google-gax, swift-log
Fetched https://github.com/googleapis/swift-google-wkt from cache (0.47s)
[1440/10005] Fetching swift-google-gax, swift-log
Fetched https://github.com/googleapis/swift-google-gax from cache (0.56s)
[5202/8257] Fetching swift-log
Fetching https://github.com/googleapis/swift-google-rpc
Fetching https://github.com/googleapis/swift-google-auth
Fetched https://github.com/apple/swift-log from cache (0.72s)
[1/1023] Fetching swift-google-auth
Fetched https://github.com/googleapis/swift-google-auth from cache (0.44s)
[1/422] Fetching swift-google-rpc
Fetched https://github.com/googleapis/swift-google-rpc from cache (0.68s)
Computing version for https://github.com/googleapis/swift-google-wkt
Computed https://github.com/googleapis/swift-google-wkt at 0.5.0 (1.75s)
Fetching https://github.com/swift-extras/swift-extras-base64
[1/954] Fetching swift-extras-base64
Fetched https://github.com/swift-extras/swift-extras-base64 from cache (0.60s)
Computing version for https://github.com/googleapis/swift-google-rpc
Computed https://github.com/googleapis/swift-google-rpc at 0.5.0 (0.97s)
Computing version for https://github.com/googleapis/swift-google-gax
Computed https://github.com/googleapis/swift-google-gax at 0.5.0 (0.40s)
Fetching https://github.com/apple/swift-nio
Fetching https://github.com/swift-server/async-http-client.git
[1/16464] Fetching async-http-client
[16465/102838] Fetching async-http-client, swift-nio
Fetched https://github.com/swift-server/async-http-client.git from cache (6.72s)
Fetched https://github.com/apple/swift-nio from cache (6.77s)
Computing version for https://github.com/googleapis/swift-google-auth
Computed https://github.com/googleapis/swift-google-auth at 0.5.0 (7.08s)
Fetching https://github.com/apple/swift-system.git
Fetching https://github.com/vapor/jwt-kit.git
[1/7241] Fetching swift-system
[870/17495] Fetching swift-system, jwt-kit
Fetched https://github.com/apple/swift-system.git from cache (1.87s)
Fetched https://github.com/vapor/jwt-kit.git from cache (1.87s)
Computing version for https://github.com/swift-extras/swift-extras-base64
Computed https://github.com/swift-extras/swift-extras-base64 at 1.2.0 (2.20s)
Computing version for https://github.com/swift-server/async-http-client.git
Computed https://github.com/swift-server/async-http-client.git at 1.36.2 (0.39s)
Fetching https://github.com/apple/swift-nio-extras.git
Fetching https://github.com/apple/swift-atomics.git
Fetching https://github.com/apple/swift-service-context.git
Fetching https://github.com/apple/swift-nio-http2.git
Fetching https://github.com/apple/swift-nio-transport-services.git
[16/1501] Fetching swift-service-context
[2/4368] Fetching swift-service-context, swift-nio-transport-services
[3021/6257] Fetching swift-service-context, swift-nio-transport-services, swift-atomics
[3557/12960] Fetching swift-service-context, swift-nio-transport-services, swift-atomics, swift-nio-extras
Fetched https://github.com/apple/swift-nio-transport-services.git from cache (0.61s)
[9490/10093] Fetching swift-service-context, swift-atomics, swift-nio-extras
Fetching https://github.com/apple/swift-nio-ssl.git
[10094/22387] Fetching swift-service-context, swift-atomics, swift-nio-extras, swift-nio-http2
Fetched https://github.com/apple/swift-service-context.git from cache (0.76s)
Fetched https://github.com/apple/swift-atomics.git from cache (0.76s)
[8916/18997] Fetching swift-nio-extras, swift-nio-http2
Fetching https://github.com/apple/swift-algorithms.git
Fetching https://github.com/apple/swift-configuration.git
Fetched https://github.com/apple/swift-nio-extras.git from cache (0.87s)
[2705/12294] Fetching swift-nio-http2
[12295/29174] Fetching swift-nio-http2, swift-nio-ssl
[12971/35338] Fetching swift-nio-http2, swift-nio-ssl, swift-algorithms
[17731/39266] Fetching swift-nio-http2, swift-nio-ssl, swift-algorithms, swift-configuration
Fetched https://github.com/apple/swift-algorithms.git from cache (0.89s)
Fetched https://github.com/apple/swift-configuration.git from cache (0.90s)
[15670/29174] Fetching swift-nio-http2, swift-nio-ssl
Fetching https://github.com/apple/swift-distributed-tracing.git
Fetched https://github.com/apple/swift-nio-http2.git from cache (1.98s)
[9284/16880] Fetching swift-nio-ssl
[16881/23431] Fetching swift-nio-ssl, swift-distributed-tracing
Fetched https://github.com/apple/swift-distributed-tracing.git from cache (0.78s)
Fetched https://github.com/apple/swift-nio-ssl.git from cache (2.59s)
Computing version for https://github.com/apple/swift-service-context.git
Computed https://github.com/apple/swift-service-context.git at 1.3.0 (3.56s)
Computing version for https://github.com/apple/swift-algorithms.git
Computed https://github.com/apple/swift-algorithms.git at 1.2.1 (1.52s)
Fetching https://github.com/apple/swift-numerics.git
[1/6742] Fetching swift-numerics
Fetched https://github.com/apple/swift-numerics.git from cache (0.73s)
Computing version for https://github.com/apple/swift-log
Computed https://github.com/apple/swift-log at 1.16.1 (1.10s)
Computing version for https://github.com/apple/swift-distributed-tracing.git
Computed https://github.com/apple/swift-distributed-tracing.git at 1.5.0 (0.33s)
Computing version for https://github.com/apple/swift-atomics.git
Computed https://github.com/apple/swift-atomics.git at 1.3.1 (0.30s)
Computing version for https://github.com/apple/swift-numerics.git
Computed https://github.com/apple/swift-numerics.git at 1.1.1 (0.32s)
Computing version for https://github.com/apple/swift-nio
Computed https://github.com/apple/swift-nio at 2.104.0 (0.65s)
Fetching https://github.com/apple/swift-collections.git
[1/28703] Fetching swift-collections
Fetched https://github.com/apple/swift-collections.git from cache (1.76s)
Computing version for https://github.com/apple/swift-configuration.git
Computed https://github.com/apple/swift-configuration.git at 1.2.2 (3.18s)
Fetching https://github.com/swift-server/swift-service-lifecycle
[1/2867] Fetching swift-service-lifecycle
Fetched https://github.com/swift-server/swift-service-lifecycle from cache (0.59s)
Computing version for https://github.com/apple/swift-nio-transport-services.git
Computed https://github.com/apple/swift-nio-transport-services.git at 1.28.0 (0.98s)
Computing version for https://github.com/swift-server/swift-service-lifecycle
Computed https://github.com/swift-server/swift-service-lifecycle at 2.12.1 (0.38s)
Fetching https://github.com/apple/swift-async-algorithms.git
[1/6820] Fetching swift-async-algorithms
Fetched https://github.com/apple/swift-async-algorithms.git from cache (0.74s)
Computing version for https://github.com/apple/swift-async-algorithms.git
Computed https://github.com/apple/swift-async-algorithms.git at 1.1.7 (1.14s)
Computing version for https://github.com/apple/swift-collections.git
Computed https://github.com/apple/swift-collections.git at 1.7.2 (0.44s)
Computing version for https://github.com/apple/swift-nio-http2.git
Computed https://github.com/apple/swift-nio-http2.git at 1.46.0 (0.34s)
Computing version for https://github.com/vapor/jwt-kit.git
Computed https://github.com/vapor/jwt-kit.git at 5.7.1 (0.31s)
Fetching https://github.com/apple/swift-certificates.git
Fetching https://github.com/apple/swift-crypto.git
[1/18629] Fetching swift-crypto
[2/26242] Fetching swift-crypto, swift-certificates
Fetched https://github.com/apple/swift-certificates.git from cache (1.97s)
Fetched https://github.com/apple/swift-crypto.git from cache (2.00s)
Computing version for https://github.com/apple/swift-crypto.git
Computed https://github.com/apple/swift-crypto.git at 4.5.2 (3.12s)
Fetching https://github.com/apple/swift-asn1.git
[21/2009] Fetching swift-asn1
Fetched https://github.com/apple/swift-asn1.git from cache (0.47s)
Computing version for https://github.com/apple/swift-asn1.git
Computed https://github.com/apple/swift-asn1.git at 1.7.3 (0.82s)
Computing version for https://github.com/apple/swift-certificates.git
Computed https://github.com/apple/swift-certificates.git at 1.21.0 (0.48s)
Computing version for https://github.com/apple/swift-nio-ssl.git
Computed https://github.com/apple/swift-nio-ssl.git at 2.37.5 (0.43s)
Computing version for https://github.com/apple/swift-system.git
Computed https://github.com/apple/swift-system.git at 1.8.1 (0.40s)
Computing version for https://github.com/apple/swift-nio-extras.git
Computed https://github.com/apple/swift-nio-extras.git at 1.35.1 (0.50s)
Fetching https://github.com/apple/swift-http-types.git
Fetching https://github.com/apple/swift-http-structured-headers.git
[1/1253] Fetching swift-http-structured-headers
[1254/3192] Fetching swift-http-structured-headers, swift-http-types
Fetched https://github.com/apple/swift-http-structured-headers.git from cache (0.43s)
[427/1939] Fetching swift-http-types
Fetched https://github.com/apple/swift-http-types.git from cache (0.54s)
Computing version for https://github.com/apple/swift-http-structured-headers.git
Computed https://github.com/apple/swift-http-structured-headers.git at 1.7.0 (0.87s)
Computing version for https://github.com/apple/swift-http-types.git
Computed https://github.com/apple/swift-http-types.git at 1.8.0 (0.35s)
Creating working copy for https://github.com/googleapis/swift-google-wkt
Working copy of https://github.com/googleapis/swift-google-wkt resolved at 0.5.0
Creating working copy for https://github.com/apple/swift-certificates.git
Working copy of https://github.com/apple/swift-certificates.git resolved at 1.21.0
Creating working copy for https://github.com/swift-server/async-http-client.git
Working copy of https://github.com/swift-server/async-http-client.git resolved at 1.36.2
Creating working copy for https://github.com/apple/swift-nio-extras.git
Working copy of https://github.com/apple/swift-nio-extras.git resolved at 1.35.1
Creating working copy for https://github.com/apple/swift-configuration.git
Working copy of https://github.com/apple/swift-configuration.git resolved at 1.2.2
Creating working copy for https://github.com/googleapis/swift-google-auth
Working copy of https://github.com/googleapis/swift-google-auth resolved at 0.5.0
Creating working copy for https://github.com/apple/swift-crypto.git
Working copy of https://github.com/apple/swift-crypto.git resolved at 4.5.2
Creating working copy for https://github.com/apple/swift-atomics.git
Working copy of https://github.com/apple/swift-atomics.git resolved at 1.3.1
Creating working copy for https://github.com/apple/swift-async-algorithms.git
Working copy of https://github.com/apple/swift-async-algorithms.git resolved at 1.1.7
Creating working copy for https://github.com/apple/swift-http-types.git
Working copy of https://github.com/apple/swift-http-types.git resolved at 1.8.0
Creating working copy for https://github.com/swift-server/swift-service-lifecycle
Working copy of https://github.com/swift-server/swift-service-lifecycle resolved at 2.12.1
Creating working copy for https://github.com/apple/swift-nio-http2.git
Working copy of https://github.com/apple/swift-nio-http2.git resolved at 1.46.0
Creating working copy for https://github.com/apple/swift-service-context.git
Working copy of https://github.com/apple/swift-service-context.git resolved at 1.3.0
Creating working copy for https://github.com/apple/swift-nio
Working copy of https://github.com/apple/swift-nio resolved at 2.104.0
Creating working copy for https://github.com/apple/swift-http-structured-headers.git
Working copy of https://github.com/apple/swift-http-structured-headers.git resolved at 1.7.0
Creating working copy for https://github.com/apple/swift-log
Working copy of https://github.com/apple/swift-log resolved at 1.16.1
Creating working copy for https://github.com/vapor/jwt-kit.git
Working copy of https://github.com/vapor/jwt-kit.git resolved at 5.7.1
Creating working copy for https://github.com/swift-extras/swift-extras-base64
Working copy of https://github.com/swift-extras/swift-extras-base64 resolved at 1.2.0
Creating working copy for https://github.com/apple/swift-distributed-tracing.git
Working copy of https://github.com/apple/swift-distributed-tracing.git resolved at 1.5.0
Creating working copy for https://github.com/apple/swift-system.git
Working copy of https://github.com/apple/swift-system.git resolved at 1.8.1
Creating working copy for https://github.com/googleapis/swift-google-gax
Working copy of https://github.com/googleapis/swift-google-gax resolved at 0.5.0
Creating working copy for https://github.com/apple/swift-nio-transport-services.git
Working copy of https://github.com/apple/swift-nio-transport-services.git resolved at 1.28.0
Creating working copy for https://github.com/apple/swift-collections.git
Working copy of https://github.com/apple/swift-collections.git resolved at 1.7.2
Creating working copy for https://github.com/apple/swift-nio-ssl.git
Working copy of https://github.com/apple/swift-nio-ssl.git resolved at 2.37.5
Creating working copy for https://github.com/apple/swift-numerics.git
Working copy of https://github.com/apple/swift-numerics.git resolved at 1.1.1
Creating working copy for https://github.com/apple/swift-algorithms.git
Working copy of https://github.com/apple/swift-algorithms.git resolved at 1.2.1
Creating working copy for https://github.com/googleapis/swift-google-rpc
Working copy of https://github.com/googleapis/swift-google-rpc resolved at 0.5.0
Creating working copy for https://github.com/apple/swift-asn1.git
Working copy of https://github.com/apple/swift-asn1.git resolved at 1.7.3
Building for debugging...
[0/843] Write sources
[41/843] Compiling _NumericsShims _NumericsShims.c
[42/843] Compiling KeccakSponge.c
[43/843] Compiling SimpleFIPS202.c
[44/843] Compiling CXKCPShims shims.c
[45/843] Compiling _AtomicsShims.c
[46/843] Compiling KeccakHash.c
[47/843] Compiling CNIOWindows WSAStartup.c
[48/843] Compiling CNIOWindows shim.c
[49/843] Compiling CNIOPosix event_loop_id.c
[50/843] Compiling CNIOWASI CNIOWASI.c
[51/843] Compiling CNIOOpenBSD shim.c
[52/843] Write swift-version--11D90AFD9DD3AB2.txt
[53/843] Compiling CNIOLinux liburing_shims.c
[54/843] Compiling CSystem shims.c
[55/843] Compiling CNIOLLHTTP c_nio_http.c
[56/843] Compiling CNIOFreeBSD shim.c
[57/849] Compiling CNIOLLHTTP c_nio_api.c
[58/850] Compiling CNIOLinux shim.c
[59/908] Compiling CNIOLLHTTP c_nio_llhttp.c
[59/908] Compiling KeccakP-1600-opt64.c
[62/908] Emitting module _NIOBase64
[63/930] Compiling RealModule RealFunctions.swift
[64/931] Compiling _NIODataStructures Heap.swift
[65/931] Compiling RealModule ApproximateEquality.swift
[66/931] Compiling SwiftASN1 ASN1Boolean.swift
[67/931] Compiling SwiftASN1 ASN1Identifier.swift
[68/931] Compiling SwiftASN1 TimeUtilities.swift
[69/931] Compiling SwiftASN1 UTCTime.swift
[70/931] Compiling RealModule ElementaryFunctions.swift
[71/931] Compiling RealModule Float+Real.swift
[72/931] Compiling Logging MultiplexLogHandler.swift
[73/931] Compiling Logging StreamLogHandler.swift
[74/931] Compiling RealModule AlgebraicField.swift
[75/933] Compiling RealModule RelaxedArithmetic.swift
[76/933] Compiling _NIOBase64 Base64.swift
[77/934] Compiling RealModule Float80+Real.swift
[78/934] Emitting module RealModule
[79/934] Compiling RealModule Real.swift
[82/934] Compiling Logging LoggingSystem.swift
[83/935] Emitting module ServiceContextModule
[88/935] Compiling RealModule Float16+Real.swift
[89/936] Compiling _NIODataStructures PriorityQueue.swift
[90/936] Compiling ServiceContextModule ServiceContextKey.swift
[91/936] Emitting module _NIODataStructures
[92/936] Compiling _NIODataStructures _TinyArray.swift
[93/936] Compiling ServiceContextModule ServiceContext.swift
[98/938] Compiling Logging Logger+Attributes.swift
[101/938] Compiling Logging Logger+With.swift
[102/938] Compiling Logging Logger.swift
[102/966] Compiling CNIOExtrasZlib zutil.c
[104/969] Compiling _CertificateInternals _TinyArray.swift
[105/969] Emitting module _CertificateInternals
[107/972] Compiling InternalCollectionsUtilities Iterable+CopyContents.swift
[108/972] Compiling InternalCollectionsUtilities Iterable+Equality.swift
[109/972] Compiling InternalCollectionsUtilities LifetimeOverride.swift
[110/972] Compiling InternalCollectionsUtilities MutableRef.swift
[110/975] Compiling CNIOExtrasZlib trees.c
[111/981] Compiling CNIOExtrasZlib inftrees.c
[113/981] Compiling InternalCollectionsUtilities BorrowingIteratorProtocol+Equality.swift
[114/981] Compiling InternalCollectionsUtilities BorrowingIteratorProtocol+Extras.swift
[115/981] Compiling InternalCollectionsUtilities Debugging.swift
[116/981] Compiling InternalCollectionsUtilities Descriptions.swift
[117/981] Compiling InternalCollectionsUtilities UnsafeMutablePointer+Extras.swift
[118/981] Compiling InternalCollectionsUtilities UnsafeMutableRawBufferPointer+Extras.swift
[119/981] Compiling InternalCollectionsUtilities UnsafePointer+Extras.swift
[119/981] Compiling CNIOExtrasZlib inffast.c
[121/981] Compiling InternalCollectionsUtilities UnsafeRawBufferPointer+Extras.swift
[122/981] Compiling InternalCollectionsUtilities _SortedCollection.swift
[123/981] Compiling InternalCollectionsUtilities _UniqueCollection.swift
[124/981] Compiling Instrumentation NoOpInstrument.swift
[125/981] Emitting module SwiftASN1
[125/981] Compiling CNIOExtrasZlib deflate.c
[126/981] Compiling CNIOExtrasZlib inflate.c
[127/981] Compiling CNIOExtrasZlib crc32.c
[129/981] Compiling Instrumentation MultiplexInstrument.swift
[129/981] Compiling CNIODarwin shim.c
[131/981] Compiling ExtrasBase64 Base32+Span.swift
[131/981] Compiling CNIOExtrasZlib adler32.c
[132/981] Compiling fiat_p256_adx_sqr.S
[134/981] Compiling Instrumentation Instrument.swift
[134/981] Compiling fiat_p256_adx_mul.S
[135/981] Compiling fiat_curve25519_adx_square.S
[136/981] Compiling CNIOBoringSSLShims shims.c
[137/981] Compiling fiat_curve25519_adx_mul.S
[139/981] Compiling InternalCollectionsUtilities Strideable+LimitHelpers.swift
[140/981] Compiling InternalCollectionsUtilities String+Padding.swift
[141/981] Compiling InternalCollectionsUtilities FixedWidthInteger+roundUpToPowerOfTwo.swift
[142/981] Compiling InternalCollectionsUtilities Integer rank.swift
[143/981] Compiling InternalCollectionsUtilities UInt+first and last set bit.swift
[144/981] Compiling InternalCollectionsUtilities UInt+reversed.swift
[145/981] Emitting module InternalCollectionsUtilities
[146/981] Compiling InternalCollectionsUtilities _UnsafeBitSet+_Word.swift
[147/981] Compiling InternalCollectionsUtilities _UnsafeBitSet.swift
[148/981] Compiling InternalCollectionsUtilities UnsafeBufferPointer+Extras.swift
[149/981] Compiling InternalCollectionsUtilities UnsafeMutableBufferPointer+Extras.swift
[150/981] Compiling InternalCollectionsUtilities MutableSpan+Extras.swift
[151/981] Compiling InternalCollectionsUtilities OutputSpan+Extras.swift
[152/981] Compiling InternalCollectionsUtilities RandomAccessCollection+Offsets.swift
[153/981] Compiling InternalCollectionsUtilities Span+Extras.swift
[156/981] Compiling InternalCollectionsUtilities TemporaryAllocation.swift
[157/981] Compiling InternalCollectionsUtilities _UnsafeBitSet+Index.swift
[164/987] Emitting module SystemPackage
[169/987] Emitting module Logging
[170/987] Compiling Logging MetadataProvider.swift
[175/987] Compiling SystemPackage RawIORequest.swift
[197/987] Compiling SystemPackage RawBuffer.swift
[198/987] Compiling SystemPackage Syscalls.swift
[199/987] Compiling SystemPackage WindowsSyscallAdapters.swift
[200/987] Compiling SystemPackage MachPort.swift
[201/987] Compiling SystemPackage PlatformString.swift
[208/988] Compiling Instrumentation InstrumentationSystem.swift
[209/988] Compiling Instrumentation Locks.swift
[210/988] Emitting module Instrumentation
[213/994] Compiling tls_record.cc
[215/994] Compiling SpanPreview InputSpan.swift
[216/1002] Emitting module SpanPreview
[217/1002] Compiling SpanPreview MutableSpan+InputSpanHelpers.swift
[218/1002] Compiling SpanPreview OutputSpan+InputSpanHelpers.swift
[220/1003] Emitting module Tracing
[221/1004] Compiling Tracing TracerProtocol.swift
[222/1004] Compiling Tracing TracingTime.swift
[223/1004] Compiling Tracing WithTracer.swift
[224/1004] Compiling Tracing TracerProtocol+Legacy.swift
[224/1004] Compiling tls_method.cc
[226/1004] Compiling Tracing Tracer.swift
[227/1046] Compiling Tracing SpanProtocol.swift
[228/1046] Compiling Tracing NoOpTracer.swift
[229/1046] Compiling Tracing InstrumentationSystem+Tracing.swift
[231/1047] Compiling DequeModule RigidDeque+Equatable.swift
[232/1047] Compiling DequeModule RigidDeque+Hashable.swift
[233/1047] Compiling DequeModule RigidDeque+Initializers.swift
[234/1047] Compiling DequeModule RigidDeque+Insertions.swift
[235/1047] Compiling DequeModule RigidDeque+Iterable.swift
[236/1048] Compiling DequeModule UniqueDeque+Initializers.swift
[237/1048] Compiling DequeModule UniqueDeque+Insertions.swift
[238/1048] Compiling DequeModule UniqueDeque+Iterable.swift
[239/1048] Compiling DequeModule UniqueDeque+Prepend.swift
[240/1048] Compiling DequeModule UniqueDeque+Removals.swift
[241/1048] Compiling DequeModule UniqueDeque+Consumption.swift
[242/1048] Compiling DequeModule UniqueDeque+ContainerOperations.swift
[243/1048] Compiling DequeModule UniqueDeque+Deprecations.swift
[244/1048] Compiling DequeModule UniqueDeque+Descriptions.swift
[245/1048] Compiling DequeModule UniqueDeque+Equatable.swift
[246/1048] Compiling DequeModule UniqueDeque+Hashable.swift
[248/1053] Compiling DequeModule RigidDeque+Prepend.swift
[249/1053] Compiling DequeModule RigidDeque+Removals.swift
[250/1053] Compiling DequeModule RigidDeque+Replacements.swift
[251/1053] Compiling DequeModule RigidDeque+Testing.swift
[252/1053] Compiling DequeModule RigidDeque.swift
[253/1053] Compiling DequeModule UniqueDeque+Append.swift
[254/1053] Compiling DequeModule RigidDeque+Descriptions.swift
[260/1053] Compiling DequeModule _DequeBuffer.swift
[261/1053] Compiling DequeModule _DequeBufferHeader.swift
[262/1053] Compiling DequeModule RigidDeque+Append.swift
[263/1053] Compiling DequeModule RigidDeque+Consumption.swift
[264/1053] Compiling DequeModule RigidDeque+ContainerOperations.swift
[265/1053] Compiling DequeModule RigidDeque+Deprecations.swift
[265/1053] Compiling tls13_server.cc
[266/1053] Compiling tls13_enc.cc
[267/1053] Compiling tls13_both.cc
[268/1053] Compiling t1_enc.cc
[269/1053] Compiling tls13_client.cc
[271/1053] Compiling DequeModule Deque+Extras.swift
[272/1053] Compiling DequeModule Deque+Hashable.swift
[273/1053] Compiling DequeModule Deque+Testing.swift
[274/1053] Compiling DequeModule Deque._Storage.swift
[275/1053] Compiling DequeModule Deque._UnsafeHandle.swift
[276/1053] Compiling DequeModule Deque.swift
[277/1053] Compiling DequeModule Deque+Codable.swift
[278/1053] Compiling DequeModule Deque+Collection.swift
[279/1053] Compiling DequeModule Deque+CustomReflectable.swift
[280/1053] Compiling DequeModule Deque+Descriptions.swift
[281/1053] Compiling DequeModule Deque+Equatable.swift
[282/1053] Compiling DequeModule Deque+ExpressibleByArrayLiteral.swift
[282/1053] Compiling ssl_session.cc
[283/1053] Compiling ssl_x509.cc
[284/1053] Compiling ssl_stat.cc
[285/1053] Compiling ssl_versions.cc
[286/1053] Compiling ssl_privkey.cc
[287/1053] Compiling ssl_transcript.cc
[289/1053] Emitting module ExtrasBase64
[289/1053] Compiling ssl_lib.cc
[291/1053] Compiling DequeModule UniqueDeque+Replacements.swift
[292/1053] Compiling DequeModule UniqueDeque.swift
[293/1053] Compiling DequeModule _DequeSlot.swift
[294/1053] Compiling DequeModule _UnsafeDequeHandle.swift
[295/1053] Compiling DequeModule _UnsafeDequeSegments.swift
[295/1053] Compiling ssl_key_share.cc
[296/1053] Compiling ssl_file.cc
[298/1053] Emitting module DequeModule
[299/1097] Compiling ssl_cipher.cc
[300/1097] Compiling ssl_credential.cc
[301/1097] Compiling ssl_cert.cc
[302/1097] Compiling ssl_asn1.cc
[303/1097] Compiling ssl_buffer.cc
[305/1097] Compiling Configuration Deprecations.swift
[306/1097] Compiling Configuration ExpressibleByConfigInt.swift
[307/1097] Compiling Configuration ExpressibleByConfigString.swift
[308/1097] Compiling Configuration CLIKeyEncoder.swift
[309/1097] Compiling Configuration ConfigKeyEncoder.swift
[310/1097] Compiling Configuration DotSeparatorKeyDecoder.swift
[311/1102] Compiling ExtrasBase64 Base32.swift
[312/1102] Compiling ExtrasBase64 Base64.swift
[313/1102] Compiling ExtrasBase64 Base64+Span.swift
[314/1134] Compiling s3_lib.cc
[315/1134] Compiling ssl_aead_ctx.cc
[316/1134] Compiling s3_pkt.cc
[317/1134] Compiling handshake_server.cc
[318/1134] Compiling s3_both.cc
[319/1134] Compiling handshake_client.cc
[321/1134] Compiling GoogleWKT WKTFloatValue.swift
[322/1134] Compiling GoogleWKT WKTInt32Value.swift
[323/1134] Compiling GoogleWKT WKTInt64Value.swift
[324/1134] Compiling GoogleWKT WKTRecursive.swift
[325/1138] Compiling GoogleWKT UnknownFields.swift
[326/1138] Compiling GoogleWKT WKTAny.swift
[327/1138] Compiling GoogleWKT WKTAnyError.swift
[328/1138] Compiling GoogleWKT WKTBoolValue.swift
[329/1138] Compiling GoogleWKT WKTBytesValue.swift
[330/1138] Compiling GoogleWKT WKTStringValue.swift
[331/1138] Compiling GoogleWKT WKTTimestamp.swift
[332/1138] Compiling GoogleWKT WKTUInt32Value.swift
[333/1138] Compiling GoogleWKT WKTUInt64Value.swift
[334/1138] Compiling GoogleWKT WKTDoubleValue.swift
[335/1138] Compiling GoogleWKT WKTDuration.swift
[336/1138] Compiling GoogleWKT WKTEmpty.swift
[337/1138] Compiling GoogleWKT WKTFieldMask.swift
[338/1138] Compiling GoogleWKT WKTField.swift
[339/1138] Compiling GoogleWKT WKTMethod.swift
[340/1138] Compiling GoogleWKT WKTMixin.swift
[341/1138] Compiling GoogleWKT WKTOption.swift
[342/1138] Compiling GoogleWKT WKTValue.swift
[343/1138] Compiling GoogleWKT WKTApi.swift
[344/1138] Compiling GoogleWKT WKTEnum.swift
[345/1138] Compiling GoogleWKT WKTEnumValue.swift
[345/1138] Compiling encrypted_client_hello.cc
[346/1138] Compiling handoff.cc
[347/1138] Compiling handshake.cc
[355/1138] Compiling Configuration CombineLatestManyStorage.swift
[356/1138] Compiling Configuration AsyncSequences.swift
[357/1138] Compiling Configuration FoundationExtensions.swift
[358/1138] Compiling Configuration Span.swift
[359/1138] Compiling Configuration ConfigBytesFromStringDecoder.swift
[360/1138] Compiling GoogleWKT WKTSourceContext.swift
[361/1138] Compiling GoogleWKT WKTSyntax.swift
[362/1138] Compiling GoogleWKT WKTType.swift
[363/1138] Compiling GoogleWKT PackageVersion.swift
[368/1138] Compiling Configuration FileProvider.swift
[369/1138] Compiling Configuration FileProviderSnapshot.swift
[370/1138] Emitting module GoogleWKT
[371/1138] Compiling Configuration JSONSnapshot.swift
[372/1138] Compiling Configuration PropertyListSnapshot.swift
[373/1138] Compiling Configuration ReloadingFileProvider.swift
[374/1138] Compiling Configuration ReloadingFileProviderMetrics.swift
[375/1138] Compiling Configuration YAMLSnapshot.swift
[376/1138] Compiling Configuration InMemoryProvider.swift
[383/1138] Compiling GoogleWKT AnyPackable.swift
[384/1138] Compiling GoogleWKT DecodeToDefault.swift
[385/1138] Compiling GoogleWKT DiscoveryBase64.swift
[386/1138] Compiling GoogleWKT ProtoJSONDecoder.swift
[387/1138] Compiling GoogleWKT ProtoJSONEncoder.swift
[389/1154] Compiling GoogleRpc LocalizedMessage.swift
[390/1154] Compiling GoogleRpc PackageVersion.swift
[390/1156] Compiling dtls_method.cc
[391/1156] Compiling dtls_record.cc
[393/1156] Emitting module GoogleRpc
[393/1156] Compiling extensions.cc
[395/1156] Compiling GoogleRpc RequestInfo.swift
[396/1156] Compiling GoogleRpc ResourceInfo.swift
[396/1156] Compiling md5-x86_64-linux.S
[398/1156] Compiling GoogleRpc HttpRequest.swift
[399/1156] Compiling GoogleRpc HttpResponse.swift
[400/1156] Compiling GoogleRpc PreconditionFailure.swift
[401/1156] Compiling GoogleRpc QuotaFailure.swift
[402/1156] Compiling GoogleRpc Help.swift
[403/1156] Compiling GoogleRpc HttpHeader.swift
[403/1156] Compiling d1_srtp.cc
[404/1156] Compiling md5-x86_64-apple.S
[405/1156] Compiling md5-586-linux.S
[406/1156] Compiling md5-586-apple.S
[408/1156] Compiling GoogleRpc DebugInfo.swift
[409/1156] Compiling GoogleRpc ErrorInfo.swift
[410/1156] Compiling GoogleRpc BadRequest.swift
[411/1156] Compiling GoogleRpc Code.swift
[414/1156] Compiling GoogleRpc RetryInfo.swift
[415/1156] Compiling GoogleRpc Status.swift
[420/1156] Emitting module Configuration
[426/1157] Compiling chacha20_poly1305_x86_64-linux.S
[429/1158] Compiling chacha20_poly1305_x86_64-apple.S
[430/1158] Compiling chacha20_poly1305_armv8-win.S
[431/1158] Compiling d1_pkt.cc
[432/1158] Compiling chacha20_poly1305_armv8-apple.S
[433/1158] Compiling chacha20_poly1305_armv8-linux.S
[434/1158] Compiling chacha-x86_64-apple.S
[435/1158] Compiling chacha-x86_64-linux.S
[436/1158] Compiling chacha-x86-linux.S
[437/1158] Compiling chacha-armv8-win.S
[438/1158] Compiling chacha-x86-apple.S
[439/1158] Compiling chacha-armv8-apple.S
[440/1158] Compiling chacha-armv8-linux.S
[441/1158] Compiling chacha-armv4-linux.S
[442/1158] Compiling aes128gcmsiv-x86_64-linux.S
[443/1158] Compiling aes128gcmsiv-x86_64-apple.S
[444/1158] Compiling x86_64-mont5-linux.S
[445/1158] Compiling x86_64-mont5-apple.S
[446/1158] Compiling x86_64-mont-linux.S
[447/1158] Compiling x86_64-mont-apple.S
[448/1158] Compiling x86-mont-linux.S
[449/1158] Compiling x86-mont-apple.S
[450/1158] Compiling vpaes-x86_64-linux.S
[451/1158] Compiling vpaes-x86-linux.S
[452/1158] Compiling vpaes-x86_64-apple.S
[453/1158] Compiling vpaes-armv8-win.S
[454/1158] Compiling vpaes-x86-apple.S
[455/1158] Compiling vpaes-armv8-apple.S
[456/1158] Compiling vpaes-armv7-linux.S
[457/1158] Compiling vpaes-armv8-linux.S
[458/1158] Compiling sha512-x86_64-linux.S
[459/1158] Compiling sha512-x86_64-apple.S
[460/1158] Compiling sha512-armv8-win.S
[461/1158] Compiling sha512-armv8-linux.S
[462/1158] Compiling err_data.cc
[463/1158] Compiling sha512-armv8-apple.S
[464/1158] Compiling sha512-586-linux.S
[465/1158] Compiling sha512-armv4-linux.S
[466/1158] Compiling sha512-586-apple.S
[467/1158] Compiling sha256-armv8-win.S
[467/1158] Compiling sha256-x86_64-linux.S
[469/1158] Compiling sha256-armv8-linux.S
[470/1158] Compiling sha256-x86_64-apple.S
[471/1158] Compiling sha256-586-linux.S
[472/1158] Compiling sha256-armv8-apple.S
[473/1158] Compiling sha1-x86_64-linux.S
[474/1158] Compiling sha256-armv4-linux.S
[475/1158] Compiling sha1-x86_64-apple.S
[476/1158] Compiling sha256-586-apple.S
[477/1158] Compiling sha1-armv8-win.S
[478/1158] Compiling sha1-armv8-apple.S
[478/1158] Compiling sha1-armv4-large-linux.S
[480/1158] Compiling sha1-586-linux.S
[481/1158] Compiling sha1-armv8-linux.S
[482/1158] Compiling d1_lib.cc
[483/1158] Compiling rsaz-avx2-apple.S
[484/1158] Compiling sha1-586-apple.S
[485/1158] Compiling rsaz-avx2-linux.S
[486/1158] Compiling rdrand-x86_64-apple.S
[487/1158] Compiling rdrand-x86_64-linux.S
[488/1158] Compiling p256_beeu-x86_64-asm-linux.S
[489/1158] Compiling p256_beeu-x86_64-asm-apple.S
[490/1158] Compiling p256_beeu-armv8-asm-apple.S
[491/1158] Compiling p256_beeu-armv8-asm-linux.S
[491/1158] Compiling p256_beeu-armv8-asm-win.S
[493/1158] Compiling p256-x86_64-asm-linux.S
[494/1158] Compiling p256-x86_64-asm-apple.S
[495/1158] Compiling p256-armv8-asm-win.S
[496/1158] Compiling p256-armv8-asm-apple.S
[497/1158] Compiling ghashv8-armv8-win.S
[498/1158] Compiling ghashv8-armv8-apple.S
[498/1158] Compiling ghashv8-armv8-linux.S
[500/1158] Compiling p256-armv8-asm-linux.S
[501/1158] Compiling ghashv8-armv7-linux.S
[502/1158] Compiling ghash-x86_64-linux.S
[503/1158] Compiling ghash-x86-apple.S
[504/1158] Compiling bio_ssl.cc
[505/1158] Compiling ghash-ssse3-x86_64-linux.S
[505/1158] Compiling ghash-x86-linux.S
[507/1158] Compiling ghash-ssse3-x86_64-apple.S
[508/1158] Compiling ghash-x86_64-apple.S
[509/1158] Compiling ghash-ssse3-x86-linux.S
[510/1158] Compiling ghash-ssse3-x86-apple.S
[511/1158] Compiling ghash-neon-armv8-apple.S
[512/1158] Compiling ghash-neon-armv8-win.S
[513/1158] Compiling ghash-neon-armv8-linux.S
[514/1158] Compiling co-586-linux.S
[515/1158] Compiling ghash-armv4-linux.S
[516/1158] Compiling co-586-apple.S
[517/1158] Compiling bsaes-armv7-linux.S
[518/1158] Compiling bn-armv8-linux.S
[519/1158] Compiling bn-armv8-apple.S
[520/1158] Compiling bn-armv8-win.S
[521/1158] Compiling bn-586-linux.S
[522/1158] Compiling bn-586-apple.S
[523/1158] Compiling armv8-mont-win.S
[524/1158] Compiling armv8-mont-linux.S
[525/1158] Compiling armv8-mont-apple.S
[526/1158] Compiling aesv8-gcm-armv8-win.S
[527/1158] Compiling armv4-mont-linux.S
[528/1158] Compiling aesv8-gcm-armv8-linux.S
[529/1158] Compiling aesv8-gcm-armv8-apple.S
[530/1158] Compiling aesni-x86_64-apple.S
[531/1158] Compiling aesv8-armv8-linux.S
[532/1158] Compiling aesv8-armv8-win.S
[533/1158] Compiling aesni-x86_64-linux.S
[534/1158] Compiling aesv8-armv8-apple.S
[535/1158] Compiling aesv8-armv7-linux.S
[536/1158] Compiling aesni-x86-linux.S
[537/1158] Compiling aesni-gcm-x86_64-linux.S
[538/1158] Compiling aes-gcm-avx2-x86_64-linux.S
[539/1158] Compiling aesni-x86-apple.S
[540/1158] Compiling aes-gcm-avx2-x86_64-apple.S
[541/1158] Compiling aesni-gcm-x86_64-apple.S
[542/1158] Compiling aes-gcm-avx10-x86_64-apple.S
[543/1158] Compiling aes-gcm-avx10-x86_64-linux.S
[544/1158] Compiling d1_both.cc
[545/1158] Compiling x_sig.cc
[546/1158] Compiling x_x509.cc
[547/1158] Compiling x_val.cc
[548/1158] Compiling x_spki.cc
[549/1158] Compiling x_x509a.cc
[550/1158] Compiling x_pubkey.cc
[551/1158] Compiling x_req.cc
[552/1158] Compiling x_exten.cc
[553/1158] Compiling x509spki.cc
[554/1158] Compiling x_all.cc
[555/1158] Compiling x_name.cc
[556/1158] Compiling x_crl.cc
[557/1158] Compiling x_attrib.cc
[558/1158] Compiling x_algor.cc
[559/1158] Compiling x509cset.cc
[560/1158] Compiling x509rset.cc
[561/1158] Compiling x509_txt.cc
[562/1158] Compiling x509_v3.cc
[563/1158] Compiling x509_vpm.cc
[564/1158] Compiling x509name.cc
[565/1158] Compiling x509_vfy.cc
[566/1158] Compiling x509_trs.cc
[567/1158] Compiling x509_obj.cc
[568/1158] Compiling x509_lu.cc
[569/1158] Compiling x509_ext.cc
[570/1158] Compiling x509_set.cc
[571/1158] Compiling x509_d2.cc
[572/1158] Compiling x509_req.cc
[573/1158] Compiling x509_def.cc
[574/1158] Compiling x509_att.cc
[575/1158] Compiling v3_utl.cc
[576/1158] Compiling v3_pmaps.cc
[577/1158] Compiling x509_cmp.cc
[578/1158] Compiling v3_pcons.cc
[579/1158] Compiling v3_prn.cc
[580/1158] Compiling x509.cc
[581/1158] Compiling v3_ocsp.cc
[582/1158] Compiling v3_skey.cc
[583/1158] Compiling v3_purp.cc
[584/1158] Compiling v3_ncons.cc
[585/1158] Compiling v3_lib.cc
[586/1158] Compiling v3_int.cc
[587/1158] Compiling v3_genn.cc
[588/1158] Compiling v3_ia5.cc
[589/1158] Compiling v3_extku.cc
[590/1158] Compiling v3_info.cc
[591/1158] Compiling v3_cpols.cc
[592/1158] Compiling v3_enum.cc
[593/1158] Compiling v3_crld.cc
[594/1158] Compiling v3_bcons.cc
[595/1158] Compiling v3_akeya.cc
[596/1158] Compiling v3_conf.cc
[597/1158] Compiling v3_bitst.cc
[598/1158] Compiling v3_alt.cc
[599/1158] Compiling v3_akey.cc
[600/1158] Compiling t_crl.cc
[601/1158] Compiling t_x509a.cc
[602/1158] Compiling t_x509.cc
[603/1158] Compiling t_req.cc
[604/1158] Compiling i2d_pr.cc
[605/1158] Compiling rsa_pss.cc
[606/1158] Compiling by_dir.cc
[607/1158] Compiling policy.cc
[608/1158] Compiling name_print.cc
[609/1158] Compiling by_file.cc
[610/1158] Compiling asn1_gen.cc
[611/1158] Compiling algorithm.cc
[612/1158] Compiling a_sign.cc
[613/1158] Compiling a_digest.cc
[614/1158] Compiling a_verify.cc
[615/1158] Compiling trust_token.cc
[616/1158] Compiling thread_win.cc
[617/1158] Compiling voprf.cc
[618/1158] Compiling thread_pthread.cc
[619/1158] Compiling thread_none.cc
[620/1158] Compiling stack.cc
[621/1158] Compiling thread.cc
[622/1158] Compiling pmbtoken.cc
[623/1158] Compiling siphash.cc
[624/1158] Compiling sha1.cc
[625/1158] Compiling sha512.cc
[626/1158] Compiling sha256.cc
[627/1158] Compiling slhdsa.cc
[628/1158] Compiling rsa_print.cc
[629/1158] Compiling rsa_extra.cc
[630/1158] Compiling spake2plus.cc
[631/1158] Compiling rc4.cc
[632/1158] Compiling rsa_crypt.cc
[633/1158] Compiling refcount.cc
[634/1158] Compiling windows.cc
[635/1158] Compiling urandom.cc
[636/1158] Compiling trusty.cc
[637/1158] Compiling rand.cc
[638/1158] Compiling rsa_asn1.cc
[639/1158] Compiling passive.cc
[640/1158] Compiling poly1305_arm_asm.S
[641/1158] Compiling deterministic.cc
[642/1158] Compiling ios.cc
[643/1158] Compiling getentropy.cc
[644/1158] Compiling forkunsafe.cc
[645/1158] Compiling fork_detect.cc
[646/1158] Compiling poly1305_vec.cc
[647/1158] Compiling poly1305_arm.cc
[648/1158] Compiling poly1305.cc
[649/1158] Compiling pool.cc
[650/1158] Compiling pkcs7.cc
[651/1158] Compiling pem_xaux.cc
[652/1158] Compiling pem_x509.cc
[653/1158] Compiling pkcs8_x509.cc
[654/1158] Compiling pem_pkey.cc
[655/1158] Compiling pkcs8.cc
[656/1158] Compiling pem_pk8.cc
[657/1158] Compiling p5_pbev2.cc
[658/1158] Compiling pkcs7_x509.cc
[659/1158] Compiling pem_lib.cc
[660/1158] Compiling pem_all.cc
[661/1158] Compiling mlkem.cc
[662/1158] Compiling mldsa.cc
[663/1158] Compiling obj_xref.cc
[664/1158] Compiling pem_oth.cc
[665/1158] Compiling pem_info.cc
[666/1158] Compiling mem.cc
[667/1158] Compiling md5.cc
[668/1158] Compiling poly_rq_mul.S
[669/1158] Compiling obj.cc
[670/1158] Compiling fips_shared_support.cc
[671/1158] Compiling md4.cc
[672/1158] Compiling lhash.cc
[673/1158] Compiling ex_data.cc
[674/1158] Compiling sign.cc
[675/1158] Compiling scrypt.cc
[676/1158] Compiling kyber.cc
[677/1158] Compiling pbkdf.cc
[678/1158] Compiling print.cc
[679/1158] Compiling hrss.cc
[680/1158] Compiling hpke.cc
[681/1158] Compiling p_x25519.cc
[682/1158] Compiling p_rsa_asn1.cc
[683/1158] Compiling p_x25519_asn1.cc
[684/1158] Compiling p_hkdf.cc
[685/1158] Compiling p_ed25519.cc
[686/1158] Compiling p_rsa.cc
[687/1158] Compiling p_ed25519_asn1.cc
[688/1158] Compiling p_ec.cc
[689/1158] Compiling bcm.cc
[690/1158] Compiling p_ec_asn1.cc
[691/1158] Compiling p_dh_asn1.cc
[692/1158] Compiling err.cc
[693/1158] Compiling p_dh.cc
[694/1158] Compiling engine.cc
[695/1158] Compiling evp_ctx.cc
[696/1158] Compiling p_dsa_asn1.cc
[697/1158] Compiling hash_to_curve.cc
[698/1158] Compiling ecdh.cc
[699/1158] Compiling evp.cc
[700/1158] Compiling ecdsa_asn1.cc
[701/1158] Compiling ec_derive.cc
[702/1158] Compiling evp_asn1.cc
[703/1158] Compiling params.cc
[704/1158] Compiling dsa.cc
[705/1158] Compiling dsa_asn1.cc
[706/1158] Compiling digest_extra.cc
[707/1158] Compiling des.cc
[708/1158] Compiling x25519-asm-arm.S
[709/1158] Compiling dh_asn1.cc
[710/1158] Compiling curve25519_64_adx.cc
[711/1158] Compiling crypto.cc
[712/1158] Compiling cpu_arm_linux.cc
[713/1158] Compiling ec_asn1.cc
[714/1158] Compiling cpu_arm_freebsd.cc
[715/1158] Compiling cpu_intel.cc
[716/1158] Compiling cpu_aarch64_sysreg.cc
[717/1158] Compiling cpu_aarch64_linux.cc
[718/1158] Compiling spake25519.cc
[719/1158] Compiling curve25519.cc
[720/1158] Compiling cpu_aarch64_win.cc
[721/1158] Compiling cpu_aarch64_openbsd.cc
[722/1158] Compiling conf.cc
[723/1158] Compiling cpu_aarch64_apple.cc
[724/1158] Compiling e_tls.cc
[725/1158] Compiling cpu_aarch64_fuchsia.cc
[726/1158] Compiling e_rc4.cc
[727/1158] Compiling e_null.cc
[728/1158] Compiling tls_cbc.cc
[729/1158] Compiling get_cipher.cc
[730/1158] Compiling e_rc2.cc
[731/1158] Compiling derive_key.cc
[732/1158] Compiling chacha.cc
[733/1158] Compiling e_des.cc
[734/1158] Compiling e_chacha20poly1305.cc
[735/1158] Compiling e_aesgcmsiv.cc
[736/1158] Compiling ber.cc
[737/1158] Compiling e_aesctrhmac.cc
[738/1158] Compiling cbs.cc
[739/1158] Compiling bn_asn1.cc
[740/1158] Compiling unicode.cc
[741/1158] Compiling socket_helper.cc
[742/1158] Compiling buf.cc
[743/1158] Compiling pair.cc
[744/1158] Compiling cbb.cc
[745/1158] Compiling blake2.cc
[746/1158] Compiling asn1_compat.cc
[747/1158] Compiling file.cc
[748/1158] Compiling socket.cc
[749/1158] Compiling printf.cc
[750/1158] Compiling fd.cc
[751/1158] Compiling convert.cc
[752/1158] Compiling errno.cc
[753/1158] Compiling connect.cc
[754/1158] Compiling bio.cc
[755/1158] Compiling tasn_fre.cc
[756/1158] Compiling hexdump.cc
[757/1158] Compiling tasn_utl.cc
[758/1158] Compiling tasn_enc.cc
[759/1158] Compiling bio_mem.cc
[760/1158] Compiling base64.cc
[761/1158] Compiling tasn_typ.cc
[762/1158] Compiling posix_time.cc
[763/1158] Compiling f_string.cc
[764/1158] Compiling a_utctm.cc
[765/1158] Compiling f_int.cc
[766/1158] Compiling tasn_new.cc
[767/1158] Compiling tasn_dec.cc
[768/1158] Compiling asn_pack.cc
[769/1158] Compiling asn1_par.cc
[770/1158] Compiling a_time.cc
[771/1158] Compiling a_strnid.cc
[772/1158] Compiling a_strex.cc
[773/1158] Compiling a_type.cc
[774/1158] Compiling asn1_lib.cc
[775/1158] Compiling a_i2d_fp.cc
[776/1158] Compiling a_int.cc
[777/1158] Compiling a_octet.cc
[778/1158] Compiling a_bitstr.cc
[779/1158] Compiling a_gentm.cc
[780/1158] Compiling a_bool.cc
[781/1158] Compiling CGoogleGaxCRC32C CGoogleGaxCRC32C.c
[782/1158] Compiling fiat_p256_adx_sqr.S
[783/1158] Compiling fiat_p256_adx_mul.S
[784/1158] Compiling fiat_curve25519_adx_square.S
[785/1158] Compiling fiat_curve25519_adx_mul.S
[786/1158] Compiling a_d2i_fp.cc
[787/1158] Compiling md5-x86_64-linux.S
[788/1158] Compiling md5-586-linux.S
[789/1158] Compiling md5-586-apple.S
[790/1158] Compiling md5-x86_64-apple.S
[791/1158] Compiling chacha20_poly1305_x86_64-linux.S
[792/1158] Compiling chacha20_poly1305_x86_64-apple.S
[793/1158] Compiling a_object.cc
[794/1158] Compiling a_dup.cc
[795/1158] Compiling a_mbstr.cc
[796/1158] Compiling chacha20_poly1305_armv8-apple.S
[797/1158] Compiling chacha20_poly1305_armv8-win.S
[798/1158] Compiling chacha-x86_64-apple.S
[799/1158] Compiling chacha-x86-linux.S
[800/1158] Compiling chacha-x86_64-linux.S
[801/1158] Compiling chacha-armv8-win.S
[802/1158] Compiling chacha20_poly1305_armv8-linux.S
[803/1158] Compiling err_data.cc
[804/1158] Compiling chacha-armv8-apple.S
[805/1158] Compiling chacha-x86-apple.S
[806/1158] Compiling CCryptoBoringSSLShims shims.c
[807/1158] Compiling aes128gcmsiv-x86_64-apple.S
[808/1158] Compiling aes128gcmsiv-x86_64-linux.S
[809/1158] Compiling chacha-armv4-linux.S
[810/1158] Compiling chacha-armv8-linux.S
[811/1158] Compiling x86_64-mont5-linux.S
[812/1158] Compiling x86-mont-linux.S
[813/1158] Compiling x86_64-mont5-apple.S
[814/1158] Compiling x86_64-mont-apple.S
[815/1158] Compiling vpaes-x86-linux.S
[816/1158] Compiling vpaes-x86_64-apple.S
[817/1158] Compiling x86_64-mont-linux.S
[818/1158] Compiling vpaes-x86-apple.S
[819/1158] Compiling x86-mont-apple.S
[820/1158] Compiling vpaes-armv8-win.S
[821/1158] Compiling sha512-x86_64-linux.S
[822/1158] Compiling vpaes-x86_64-linux.S
[823/1158] Compiling vpaes-armv8-linux.S
[824/1158] Compiling sha512-armv8-win.S
[825/1158] Compiling vpaes-armv8-apple.S
[826/1158] Compiling sha512-x86_64-apple.S
[827/1158] Compiling sha512-armv8-apple.S
[828/1158] Compiling sha512-armv4-linux.S
[829/1158] Compiling sha512-586-linux.S
[830/1158] Compiling sha512-586-apple.S
[831/1158] Compiling sha512-armv8-linux.S
[832/1158] Compiling vpaes-armv7-linux.S
[833/1158] Compiling sha256-x86_64-apple.S
[834/1158] Compiling sha256-armv4-linux.S
[835/1158] Compiling sha256-x86_64-linux.S
[836/1158] Compiling sha256-586-linux.S
[837/1158] Compiling sha256-armv8-linux.S
[838/1158] Compiling sha256-586-apple.S
[839/1158] Compiling sha256-armv8-win.S
[839/1158] Compiling sha256-armv8-apple.S
[841/1158] Compiling sha1-x86_64-linux.S
[842/1158] Compiling sha1-x86_64-apple.S
[843/1158] Compiling sha1-armv8-win.S
[844/1158] Compiling sha1-armv8-linux.S
[845/1158] Compiling rsaz-avx2-linux.S
[846/1158] Compiling sha1-586-linux.S
[847/1158] Compiling sha1-armv4-large-linux.S
[848/1158] Compiling rsaz-avx2-apple.S
[849/1158] Compiling rdrand-x86_64-apple.S
[850/1158] Compiling sha1-armv8-apple.S
[851/1158] Compiling p256_beeu-x86_64-asm-linux.S
[852/1158] Compiling rdrand-x86_64-linux.S
[853/1158] Compiling sha1-586-apple.S
[854/1158] Compiling p256_beeu-armv8-asm-win.S
[855/1158] Compiling p256_beeu-armv8-asm-linux.S
[856/1158] Compiling p256-armv8-asm-win.S
[857/1158] Compiling p256-x86_64-asm-linux.S
[858/1158] Compiling p256_beeu-x86_64-asm-apple.S
[859/1158] Compiling p256-armv8-asm-apple.S
[860/1158] Compiling p256_beeu-armv8-asm-apple.S
[861/1158] Compiling ghashv8-armv8-win.S
[862/1158] Compiling p256-armv8-asm-linux.S
[863/1158] Compiling p256-x86_64-asm-apple.S
[864/1158] Compiling ghash-x86_64-apple.S
[865/1158] Compiling ghashv8-armv8-linux.S
[866/1158] Compiling ghash-x86_64-linux.S
[867/1158] Compiling ghashv8-armv8-apple.S
[868/1158] Compiling ghashv8-armv7-linux.S
[869/1158] Compiling ghash-x86-linux.S
[870/1158] Compiling ghash-x86-apple.S
[871/1158] Compiling ghash-ssse3-x86_64-apple.S
[872/1158] Compiling ghash-ssse3-x86-linux.S
[873/1158] Compiling ghash-neon-armv8-win.S
[874/1158] Compiling ghash-ssse3-x86-apple.S
[875/1158] Compiling ghash-ssse3-x86_64-linux.S
[876/1158] Compiling ghash-neon-armv8-linux.S
[877/1158] Compiling ghash-armv4-linux.S
[878/1158] Compiling ghash-neon-armv8-apple.S
[879/1158] Compiling co-586-apple.S
[880/1158] Compiling bn-armv8-win.S
[881/1158] Compiling co-586-linux.S
[882/1158] Compiling bsaes-armv7-linux.S
[883/1158] Compiling bn-586-linux.S
[883/1158] Compiling bn-armv8-apple.S
[885/1158] Compiling bn-armv8-linux.S
[885/1158] Compiling bn-586-apple.S
[887/1158] Compiling armv4-mont-linux.S
[888/1158] Compiling armv8-mont-win.S
[889/1158] Compiling aesv8-gcm-armv8-linux.S
[890/1158] Compiling aesv8-gcm-armv8-win.S
[891/1158] Compiling armv8-mont-linux.S
[892/1158] Compiling aesv8-armv8-win.S
[893/1158] Compiling armv8-mont-apple.S
[893/1158] Compiling aesv8-gcm-armv8-apple.S
[894/1158] Compiling aesv8-armv8-linux.S
[896/1158] Compiling aesni-x86_64-linux.S
[897/1158] Compiling aesv8-armv7-linux.S
[898/1158] Compiling aesni-x86-apple.S
[899/1158] Compiling aesv8-armv8-apple.S
[900/1158] Compiling aesni-x86_64-apple.S
[901/1158] Compiling aesni-gcm-x86_64-linux.S
[902/1158] Compiling aesni-x86-linux.S
[903/1158] Compiling aes-gcm-avx512-x86_64-linux.S
[904/1158] Compiling aes-gcm-avx512-x86_64-apple.S
[905/1158] Compiling aes-gcm-avx2-x86_64-apple.S
[906/1158] Compiling aesni-gcm-x86_64-apple.S
[907/1158] Compiling aes-gcm-avx2-x86_64-linux.S
[908/1158] Compiling xwing.cc
[909/1158] Compiling x_x509.cc
[910/1158] Compiling x_spki.cc
[911/1158] Compiling x_req.cc
[912/1158] Compiling x_pubkey.cc
[913/1158] Compiling x_exten.cc
[914/1158] Compiling x_sig.cc
[915/1158] Compiling x_name.cc
[916/1158] Compiling x_x509a.cc
[917/1158] Compiling c-nioatomics.c
[918/1158] Compiling x_all.cc
[919/1158] Compiling x_attrib.cc
[920/1158] Compiling x_crl.cc
[921/1158] Compiling x_algor.cc
[922/1158] Compiling x509cset.cc
[923/1158] Compiling x509spki.cc
[924/1158] Compiling x509name.cc
[925/1158] Compiling x509rset.cc
[926/1158] Compiling c-atomics.c
[927/1158] Compiling x509_vpm.cc
[928/1158] Compiling x509_trs.cc
[929/1158] Compiling x509_vfy.cc
[930/1165] Compiling x509_set.cc
[931/1165] Compiling x509_v3.cc
[932/1165] Compiling x509_txt.cc
[934/1165] Compiling NIOConcurrencyHelpers NIOLockedValueBox.swift
[935/1165] Compiling NIOConcurrencyHelpers NIOThreadPoolWorkAvailable.swift
[936/1165] Compiling NIOConcurrencyHelpers NIOLock.swift
[936/1165] Compiling x509_d2.cc
[938/1165] Compiling NIOConcurrencyHelpers NIOAtomic.swift
[938/1165] Compiling x509_obj.cc
[940/1165] Compiling NIOConcurrencyHelpers atomics.swift
[941/1165] Compiling NIOConcurrencyHelpers lock.swift
[941/1165] Compiling x509_req.cc
[943/1165] Emitting module NIOConcurrencyHelpers
[943/1166] Compiling x509_ext.cc
[945/1166] Compiling x509_def.cc
[946/1166] Compiling x509_cmp.cc
[947/1166] Compiling v3_purp.cc
[948/1166] Compiling x509_lu.cc
[949/1166] Compiling x509_att.cc
[950/1166] Compiling v3_pmaps.cc
[951/1166] Compiling x509.cc
[952/1166] Compiling v3_pcons.cc
[953/1166] Compiling v3_utl.cc
[954/1166] Compiling v3_ocsp.cc
[955/1166] Compiling v3_skey.cc
[956/1166] Compiling v3_prn.cc
[957/1166] Compiling v3_ncons.cc
[958/1166] Compiling v3_lib.cc
[959/1166] Compiling v3_info.cc
[960/1166] Compiling v3_int.cc
[961/1166] Compiling v3_ia5.cc
[962/1166] Compiling v3_genn.cc
[963/1166] Compiling v3_crld.cc
[964/1166] Compiling v3_extku.cc
[965/1166] Compiling v3_enum.cc
[966/1166] Compiling v3_bitst.cc
[967/1166] Compiling v3_cpols.cc
[968/1166] Compiling v3_conf.cc
[969/1166] Compiling v3_akeya.cc
[970/1166] Compiling v3_bcons.cc
[971/1166] Compiling rsa_pss.cc
[972/1166] Compiling v3_alt.cc
[973/1166] Compiling v3_akey.cc
[974/1166] Compiling t_x509a.cc
[975/1166] Compiling t_crl.cc
[976/1166] Compiling i2d_pr.cc
[977/1166] Compiling t_x509.cc
[978/1166] Compiling t_req.cc
[979/1166] Compiling policy.cc
[980/1166] Compiling name_print.cc
[981/1166] Compiling algorithm.cc
[982/1166] Compiling voprf.cc
[983/1166] Compiling by_file.cc
[984/1166] Compiling a_digest.cc
[985/1166] Compiling a_sign.cc
[986/1166] Compiling asn1_gen.cc
[987/1166] Compiling a_verify.cc
[988/1166] Compiling by_dir.cc
[989/1166] Compiling pmbtoken.cc
[990/1166] Compiling thread_win.cc
[991/1166] Compiling slhdsa.cc
[992/1166] Compiling trust_token.cc
[993/1166] Compiling thread.cc
[994/1166] Compiling thread_none.cc
[995/1166] Compiling thread_pthread.cc
[996/1166] Compiling stack.cc
[997/1166] Compiling sha512.cc
[998/1166] Compiling siphash.cc
[999/1166] Compiling spake2plus.cc
[1000/1166] Compiling sha1.cc
[1001/1166] Compiling rsa_extra.cc
[1002/1166] Compiling rsa_print.cc
[1003/1166] Compiling sha256.cc
[1004/1166] Compiling rsa_crypt.cc
[1005/1166] Compiling refcount.cc
[1006/1166] Compiling rsa_asn1.cc
[1007/1166] Compiling rc4.cc
[1008/1166] Compiling urandom.cc
[1009/1166] Compiling trusty.cc
[1010/1166] Compiling ios.cc
[1011/1166] Compiling windows.cc
[1012/1166] Compiling rand.cc
[1013/1166] Compiling poly1305_arm_asm.S
[1014/1166] Compiling fork_detect.cc
[1015/1166] Compiling getentropy.cc
[1016/1166] Compiling passive.cc
[1017/1166] Compiling poly1305_vec.cc
[1018/1166] Compiling forkunsafe.cc
[1019/1166] Compiling poly1305_arm.cc
[1020/1166] Compiling poly1305.cc
[1021/1166] Compiling deterministic.cc
[1022/1166] Compiling pool.cc
[1023/1166] Compiling pkcs8_x509.cc
[1024/1166] Compiling pkcs8.cc
[1025/1166] Compiling pkcs7.cc
[1026/1166] Compiling p5_pbev2.cc
[1027/1166] Compiling pem_xaux.cc
[1028/1166] Compiling pem_x509.cc
[1029/1166] Compiling pkcs7_x509.cc
[1030/1166] Compiling pem_pkey.cc
[1031/1166] Compiling obj_xref.cc
[1032/1166] Compiling obj.cc
[1033/1166] Compiling pem_pk8.cc
[1034/1166] Compiling pem_oth.cc
[1035/1166] Compiling mldsa.cc
[1036/1166] Compiling pem_lib.cc
[1037/1166] Compiling pem_info.cc
[1038/1166] Compiling mem.cc
[1039/1166] Compiling poly_rq_mul.S
[1040/1166] Compiling mlkem.cc
[1041/1166] Compiling md4.cc
[1042/1166] Compiling fips_shared_support.cc
[1043/1166] Compiling pem_all.cc
[1044/1166] Compiling md5.cc
[1045/1166] Compiling lhash.cc
[1046/1166] Compiling fuzzer_mode.cc
[1047/1166] Compiling kyber.cc
[1048/1166] Compiling hrss.cc
[1049/1166] Compiling ex_data.cc
[1050/1166] Compiling scrypt.cc
[1051/1166] Compiling hpke.cc
[1052/1166] Compiling pbkdf.cc
[1053/1166] Compiling sign.cc
[1054/1166] Compiling p_x25519_asn1.cc
[1055/1166] Compiling print.cc
[1056/1166] Compiling p_hkdf.cc
[1057/1166] Compiling p_rsa_asn1.cc
[1058/1166] Compiling p_rsa.cc
[1059/1166] Compiling p_ed25519_asn1.cc
[1060/1166] Compiling p_x25519.cc
[1061/1166] Compiling p_dsa_asn1.cc
[1062/1166] Compiling p_ed25519.cc
[1063/1166] Compiling p_dh_asn1.cc
[1064/1166] Compiling p_ec_asn1.cc
[1065/1166] Compiling p_ec.cc
[1066/1166] Compiling err.cc
[1067/1166] Compiling p_dh.cc
[1068/1166] Compiling ecdsa_asn1.cc
[1069/1166] Compiling ecdh.cc
[1070/1166] Compiling engine.cc
[1071/1166] Compiling ecdsa_p1363.cc
[1072/1166] Compiling evp_ctx.cc
[1073/1166] Compiling ec_derive.cc
[1074/1166] Compiling evp_asn1.cc
[1075/1166] Compiling evp.cc
[1076/1166] Compiling ec_asn1.cc
[1077/1166] Compiling des.cc
[1078/1166] Compiling digest_extra.cc
[1079/1166] Compiling hash_to_curve.cc
[1080/1166] Compiling dsa.cc
[1081/1166] Compiling spake25519.cc
[1082/1166] Compiling x25519-asm-arm.S
[1083/1166] Compiling curve25519_64_adx.cc
[1084/1166] Compiling crypto.cc
[1085/1166] Compiling dsa_asn1.cc
[1086/1166] Compiling params.cc
[1087/1166] Compiling cpu_arm_freebsd.cc
[1088/1166] Compiling dh_asn1.cc
[1089/1166] Compiling cpu_intel.cc
[1090/1166] Compiling curve25519.cc
[1091/1166] Compiling cpu_arm_linux.cc
[1092/1166] Compiling cpu_aarch64_win.cc
[1093/1166] Compiling cpu_aarch64_openbsd.cc
[1094/1166] Compiling cpu_aarch64_apple.cc
[1095/1166] Compiling conf.cc
[1096/1166] Compiling cpu_aarch64_sysreg.cc
[1097/1166] Compiling e_tls.cc
[1098/1166] Compiling get_cipher.cc
[1099/1166] Compiling cpu_aarch64_linux.cc
[1100/1166] Compiling cpu_aarch64_fuchsia.cc
[1101/1166] Compiling e_rc2.cc
[1102/1166] Compiling e_null.cc
[1103/1166] Compiling e_aesgcmsiv.cc
[1104/1166] Compiling e_des.cc
[1105/1166] Compiling tls_cbc.cc
[1106/1166] Compiling e_rc4.cc
[1107/1166] Compiling e_aeseax.cc
[1108/1166] Compiling cms.cc
[1109/1166] Compiling e_aesctrhmac.cc
[1110/1166] Compiling e_chacha20poly1305.cc
[1111/1166] Compiling derive_key.cc
[1112/1166] Compiling chacha.cc
[1113/1166] Compiling cbs.cc
[1114/1166] Compiling unicode.cc
[1115/1166] Compiling asn1_compat.cc
[1116/1166] Compiling buf.cc
[1117/1166] Compiling convert.cc
[1118/1166] Compiling sqrt.cc
[1119/1166] Compiling bn_asn1.cc
[1120/1166] Compiling blake2.cc
[1121/1166] Compiling exponentiation.cc
[1122/1166] Compiling div.cc
[1123/1166] Compiling cbb.cc
[1124/1166] Compiling ber.cc
[1125/1166] Compiling fd.cc
[1126/1166] Compiling file.cc
[1127/1166] Compiling pair.cc
[1128/1166] Compiling hexdump.cc
[1128/1166] Compiling printf.cc
[1130/1166] Compiling errno.cc
[1131/1166] Compiling tasn_utl.cc
[1132/1166] Compiling tasn_typ.cc
[1133/1166] Compiling tasn_enc.cc
[1134/1166] Compiling base64.cc
[1135/1166] Compiling bio_mem.cc
[1136/1166] Compiling tasn_dec.cc
[1137/1166] Compiling bio.cc
[1138/1166] Compiling tasn_fre.cc
[1139/1166] Compiling tasn_new.cc
[1140/1166] Compiling f_int.cc
[1141/1166] Compiling posix_time.cc
[1142/1166] Compiling asn1_par.cc
[1143/1166] Compiling f_string.cc
[1144/1166] Compiling asn_pack.cc
[1145/1166] Compiling a_octet.cc
[1146/1166] Compiling asn1_lib.cc
[1147/1166] Compiling a_type.cc
[1148/1166] Compiling a_utctm.cc
[1149/1166] Compiling a_object.cc
[1150/1166] Compiling a_time.cc
[1151/1166] Compiling bcm.cc
[1152/1166] Compiling a_strnid.cc
[1153/1166] Compiling a_i2d_fp.cc
[1154/1166] Compiling a_strex.cc
[1155/1166] Compiling a_dup.cc
[1156/1166] Compiling CAsyncHTTPClient CAsyncHTTPClient.c
[1156/1166] Write sources
[1159/1184] Compiling a_bitstr.cc
[1160/1209] Compiling aes.cc
[1162/1209] Compiling Algorithms Split.swift
[1163/1209] Compiling Algorithms Stride.swift
[1164/1211] Compiling Algorithms Suffix.swift
[1165/1211] Compiling Algorithms FlattenCollection.swift
[1166/1211] Compiling Atomics IntegerOperations.swift
[1167/1211] Compiling Atomics Unmanaged extensions.swift
[1167/1211] Compiling a_int.cc
[1168/1211] Compiling a_mbstr.cc
[1169/1211] Compiling a_gentm.cc
[1170/1211] Compiling a_d2i_fp.cc
[1172/1211] Compiling Algorithms Permutations.swift
[1173/1211] Compiling Algorithms Product.swift
[1174/1211] Compiling Algorithms EitherSequence.swift
[1175/1211] Compiling Algorithms FirstNonNil.swift
[1176/1211] Compiling Algorithms Partition.swift
[1177/1211] Compiling Algorithms Compacted.swift
[1178/1211] Compiling Algorithms Cycle.swift
[1178/1211] Compiling a_bool.cc
[1180/1219] Compiling Algorithms RandomSample.swift
[1181/1219] Compiling Algorithms Reductions.swift
[1182/1219] Compiling Algorithms Rotate.swift
[1183/1219] Compiling Algorithms Joined.swift
[1184/1219] Compiling Algorithms Keyed.swift
[1185/1219] Compiling Algorithms MinMax.swift
[1196/1222] Emitting module Algorithms
[1197/1222] Compiling Algorithms Trim.swift
[1198/1222] Compiling Algorithms Unique.swift
[1199/1222] Compiling Algorithms Windows.swift
[1200/1222] Compiling CryptoBoringWrapper RandomBytes.swift
[1204/1222] Compiling Algorithms Intersperse.swift
[1205/1222] Emitting module CryptoBoringWrapper
[1206/1222] Compiling CryptoBoringWrapper FiniteFieldArithmeticContext.swift
[1207/1222] Compiling Algorithms AdjacentPairs.swift
[1208/1222] Compiling Algorithms Chain.swift
[1209/1222] Compiling Algorithms Chunked.swift
[1210/1222] Compiling Algorithms Combinations.swift
[1211/1223] Compiling CryptoBoringWrapper BoringSSLAEAD.swift
[1212/1223] Compiling CryptoBoringWrapper CryptoKitErrors_boring.swift
[1213/1223] Compiling CryptoBoringWrapper EllipticCurve.swift
[1214/1223] Emitting module Atomics
[1223/1224] Compiling CryptoBoringWrapper EllipticCurvePoint.swift
[1224/1224] Compiling CryptoBoringWrapper ArbitraryPrecisionInteger.swift
[1226/1373] Compiling Crypto MLDSA_boring.swift
[1227/1373] Compiling Crypto MLDSA_wrapper.swift
[1228/1373] Compiling Crypto ECDSA.swift
[1229/1373] Compiling Crypto Ed25519.swift
[1230/1373] Compiling Crypto MLDSA.swift
[1231/1373] Compiling Crypto Insecure_HashFunctions.swift
[1232/1373] Compiling Crypto MLKEM_boring.swift
[1233/1373] Compiling Crypto MLKEM_wrapper.swift
[1234/1373] Compiling Crypto XWing_boring.swift
[1235/1381] Compiling Crypto HPKE-LabeledExtract.swift
[1236/1381] Compiling Crypto HPKE-Utils.swift
[1237/1381] Compiling Crypto DHKEM.swift
[1238/1381] Compiling Crypto HPKE-KEM-Curve25519.swift
[1239/1381] Compiling Crypto HPKE-NIST-EC-KEMs.swift
[1240/1381] Compiling Crypto HPKE-KEM.swift
[1241/1381] Compiling Crypto HPKE-Errors.swift
[1242/1381] Compiling Crypto HPKE.swift
[1243/1381] Compiling Crypto HPKE-Context.swift
[1244/1381] Compiling Crypto HPKE-KeySchedule.swift
[1245/1381] Compiling Crypto HPKE-Modes.swift
[1246/1381] Compiling Crypto Insecure.swift
[1247/1392] Compiling Crypto CryptoKitErrors.swift
[1248/1392] Compiling Crypto Digest_boring.swift
[1249/1392] Compiling Crypto Digest.swift
[1250/1392] Compiling Crypto Digests.swift
[1251/1392] Compiling Crypto HashFunctions.swift
[1252/1392] Compiling Crypto HashFunctions_SHA2.swift
[1253/1392] Compiling Crypto HashFunctions_SHA3.swift
[1254/1392] Compiling Crypto Digest_xkcp.swift
[1255/1392] Compiling Crypto HPKE-AEAD.swift
[1256/1392] Compiling Crypto HPKE-Ciphersuite.swift
[1257/1392] Compiling Crypto HPKE-KDF.swift
[1258/1392] Compiling Crypto HPKE-KexKeyDerivation.swift
[1262/1392] Compiling Crypto MACFunctions.swift
[1263/1392] Compiling Crypto MessageAuthenticationCode.swift
[1264/1392] Compiling Crypto AES.swift
[1265/1392] Compiling Crypto ECDSASignature_boring.swift
[1266/1392] Compiling Crypto ECDSA_boring.swift
[1267/1392] Compiling Crypto EdDSA_boring.swift
[1268/1392] Compiling Crypto ASN1Null.swift
[1269/1392] Compiling Crypto ASN1OctetString.swift
[1270/1392] Compiling Crypto ASN1Strings.swift
[1271/1392] Compiling Crypto ArraySliceBigint.swift
[1272/1392] Compiling Crypto GeneralizedTime.swift
[1273/1392] Compiling Crypto ObjectIdentifier.swift
[1274/1392] Compiling Crypto ECDSASignature.swift
[1275/1392] Compiling Crypto PEMDocument.swift
[1276/1392] Compiling Crypto PKCS8PrivateKey.swift
[1277/1392] Compiling Crypto SEC1PrivateKey.swift
[1278/1392] Compiling Crypto SubjectPublicKeyInfo.swift
[1279/1392] Compiling Crypto CryptoError_boring.swift
[1280/1392] Compiling Crypto AES-GCM.swift
[1281/1392] Compiling Crypto AES-GCM_boring.swift
[1282/1392] Compiling Crypto ChaChaPoly_boring.swift
[1283/1392] Compiling Crypto ChaChaPoly.swift
[1284/1392] Compiling Crypto Cipher.swift
[1285/1392] Compiling Crypto Nonces.swift
[1286/1392] Compiling Crypto ASN1.swift
[1287/1392] Compiling Crypto ASN1Any.swift
[1288/1392] Compiling Crypto ASN1BitString.swift
[1289/1392] Compiling Crypto ASN1Boolean.swift
[1290/1392] Compiling Crypto ASN1Identifier.swift
[1291/1392] Compiling Crypto ASN1Integer.swift
[1292/1392] Emitting module Crypto
[1304/1392] Compiling Crypto HKDF.swift
[1305/1392] Compiling Crypto AESWrap.swift
[1306/1392] Compiling Crypto AESWrap_boring.swift
[1307/1392] Compiling Crypto Ed25519_boring.swift
[1308/1392] Compiling Crypto NISTCurvesKeys_boring.swift
[1309/1392] Compiling Crypto X25519Keys_boring.swift
[1310/1392] Compiling Crypto Curve25519.swift
[1311/1392] Compiling Crypto Ed25519Keys.swift
[1312/1392] Compiling Crypto NISTCurvesKeys.swift
[1313/1392] Compiling Crypto X25519Keys.swift
[1314/1392] Compiling Crypto SymmetricKeys.swift
[1315/1392] Compiling Crypto HMAC.swift
[1316/1392] Compiling Crypto Signature.swift
[1317/1392] Compiling Crypto CryptoKitErrors_boring.swift
[1318/1392] Compiling Crypto Optional+withUnsafeBytes_boring.swift
[1319/1392] Compiling Crypto RNG_boring.swift
[1320/1392] Compiling Crypto SafeCompare_boring.swift
[1321/1392] Compiling Crypto Zeroization_boring.swift
[1322/1392] Compiling Crypto _CryptoModuleAnchor.swift
[1323/1392] Compiling Crypto PrettyBytes.swift
[1324/1392] Compiling Crypto SafeCompare.swift
[1325/1392] Compiling Crypto SecureBytes.swift
[1326/1392] Compiling Crypto Zeroization.swift
[1327/1392] Compiling NIOCore SingleStepByteToMessageDecoder.swift
[1328/1392] Compiling NIOCore SocketAddresses.swift
[1329/1392] Compiling NIOCore SocketOptionProvider.swift
[1330/1392] Compiling NIOCore SystemCallHelpers.swift
[1331/1392] Compiling NIOCore TimeAmount+Duration.swift
[1332/1392] Compiling NIOCore TypeAssistedChannelHandler.swift
[1333/1392] Compiling NIOCore UniversalBootstrapSupport.swift
[1334/1392] Compiling NIOCore Utilities.swift
[1348/1455] Compiling CryptoExtras Data+Extensions.swift
[1349/1455] Compiling CryptoExtras DigestType.swift
[1350/1455] Compiling CryptoExtras Error.swift
[1351/1455] Compiling CryptoExtras I2OSP.swift
[1352/1455] Compiling CryptoExtras IntegerEncoding.swift
[1353/1455] Compiling CryptoExtras PEMDocument.swift
[1354/1455] Compiling CryptoExtras PrettyBytes.swift
[1355/1455] Compiling CryptoExtras SubjectPublicKeyInfo.swift
[1356/1455] Compiling CryptoExtras ARCServer.swift
[1357/1455] Compiling CryptoExtras Scrypt_boring.swift
[1358/1455] Compiling CryptoExtras Scrypt.swift
[1359/1455] Compiling CryptoExtras OPRF.swift
[1360/1455] Compiling CryptoExtras OPRFClient.swift
[1361/1455] Compiling CryptoExtras OPRFServer.swift
[1362/1455] Compiling CryptoExtras VOPRF+API.swift
[1363/1455] Compiling CryptoExtras VOPRFClient.swift
[1364/1455] Compiling CryptoExtras VOPRFServer.swift
[1365/1455] Compiling CryptoExtras BoringSSLPassphraseCallbackManager.swift
[1375/1463] Compiling CryptoExtras ChaCha20CTR_boring.swift
[1376/1463] Compiling CryptoExtras ChaCha20CTR.swift
[1377/1463] Compiling CryptoExtras BoringSSLSHA512256Context.swift
[1378/1463] Compiling CryptoExtras BoringSSLSHA512256HashFunction.swift
[1379/1463] Compiling CryptoExtras SHA512256.swift
[1380/1463] Compiling CryptoExtras SHA512256Digest.swift
[1381/1463] Compiling CryptoExtras Curve25519+PEM.swift
[1382/1463] Compiling CryptoExtras ObjectIdentifier.swift
[1383/1463] Compiling CryptoExtras ThreadOps.swift
[1384/1463] Compiling CryptoExtras ThreadPosix.swift
[1385/1463] Compiling CryptoExtras ThreadSpecific.swift
[1386/1463] Compiling CryptoExtras ThreadWindows.swift
[1387/1463] Compiling CryptoExtras DLEQ.swift
[1388/1463] Compiling CryptoExtras Prover.swift
[1389/1463] Compiling CryptoExtras Verifier.swift
[1390/1463] Compiling CryptoExtras ZKPToolbox.swift
[1391/1463] Compiling CryptoExtras AES_CBC.swift
[1392/1463] Compiling CryptoExtras AES_CFB.swift
[1393/1463] Compiling CryptoExtras AES_CTR.swift
[1394/1463] Compiling CryptoExtras AES_GCM_SIV.swift
[1395/1463] Compiling CryptoExtras Block Function.swift
[1396/1463] Compiling CryptoExtras AES_CBC_boring.swift
[1397/1463] Compiling CryptoExtras AES_CFB_boring.swift
[1398/1463] Compiling CryptoExtras AES_CTR_boring.swift
[1399/1463] Compiling CryptoExtras AES_GCM_SIV_boring.swift
[1400/1463] Compiling CryptoExtras CMAC.swift
[1401/1463] Compiling CryptoExtras ARC+API.swift
[1402/1463] Compiling CryptoExtras ARC.swift
[1403/1463] Compiling CryptoExtras ARCCredential.swift
[1404/1463] Compiling CryptoExtras ARCEncoding.swift
[1405/1463] Compiling CryptoExtras ARCPrecredential.swift
[1406/1463] Compiling CryptoExtras ARCPresentation.swift
[1407/1463] Compiling CryptoExtras ARCRequest.swift
[1408/1463] Compiling CryptoExtras ARCResponse.swift
[1409/1463] Emitting module CryptoExtras
[1411/1463] Compiling CryptoExtras RSA+BlindSigning.swift
[1412/1463] Compiling CryptoExtras RSA.swift
[1413/1463] Compiling CryptoExtras RSA_boring.swift
[1414/1463] Compiling CryptoExtras Reexport.swift
[1415/1463] Compiling CryptoExtras Zeroization_boring.swift
[1416/1463] Compiling CryptoExtras BoringSSLHelpers.swift
[1417/1463] Compiling CryptoExtras CryptoKitErrors_boring.swift
[1418/1463] Compiling CryptoExtras PBKDF2.swift
[1427/1463] Compiling CryptoExtras PKCS8DERRepresentation.swift
[1428/1463] Compiling CryptoExtras PKCS8PrivateKey.swift
[1429/1463] Compiling CryptoExtras RFC8410AlgorithmIdentifier.swift
[1430/1463] Compiling CryptoExtras ECToolbox_boring.swift
[1431/1463] Compiling CryptoExtras ECToolbox.swift
[1432/1463] Compiling CryptoExtras HashToField.swift
[1433/1463] Compiling CryptoExtras KDF.swift
[1434/1463] Compiling CryptoExtras PBKDF2_boring.swift
[1435/1463] Compiling CryptoExtras PBKDF2_commoncrypto.swift
[1437/1466] Emitting module _CryptoExtras
[1438/1466] Compiling _CryptoExtras Exports.swift
[1467/1562] Emitting module NIOCore
[1469/1620] Emitting module NIOFoundationEssentialsCompat
[1470/1620] Compiling NIOFoundationEssentialsCompat Codable+ByteBuffer.swift
[1471/1620] Compiling NIOFoundationEssentialsCompat ByteBuffer-foundation.swift
[1473/1621] Emitting module NIOEmbedded
[1474/1621] Compiling NIOEmbedded AsyncTestingEventLoop.swift
[1475/1621] Compiling NIOEmbedded Embedded.swift
[1476/1621] Compiling NIOEmbedded AsyncTestingChannel.swift
[1478/1622] Compiling X509 OneOfPolicies.swift
[1479/1622] Compiling X509 PolicyBuilder.swift
[1480/1622] Compiling X509 BasicConstraintsPolicy.swift
[1481/1622] Compiling X509 DNSNames.swift
[1482/1622] Compiling X509 ExpiryPolicy.swift
[1483/1622] Compiling X509 IPConstraints.swift
[1484/1622] Compiling X509 NameConstraintsPolicy.swift
[1485/1622] Compiling X509 RFC5280Policy.swift
[1486/1622] Compiling X509 URIConstraints.swift
[1487/1622] Compiling X509 VersionPolicy.swift
[1488/1622] Compiling X509 ServerIdentityPolicy.swift
[1489/1622] Compiling X509 TrustRootLoading.swift
[1490/1622] Compiling X509 UnverifiedChain.swift
[1491/1635] Compiling NIOPosix BSDSocketAPICommon.swift
[1492/1635] Compiling NIOPosix BSDSocketAPIPosix.swift
[1493/1635] Compiling NIOPosix BSDSocketAPIWindows.swift
[1494/1635] Compiling NIOPosix BaseSocket.swift
[1495/1635] Compiling NIOPosix BaseSocketChannel+AccessibleTransport.swift
[1496/1635] Compiling NIOPosix BaseSocketChannel+SocketOptionProvider.swift
[1497/1635] Compiling NIOPosix BaseSocketChannel.swift
[1498/1635] Compiling NIOPosix BaseStreamSocketChannel.swift
[1499/1635] Compiling NIOPosix Bootstrap.swift
[1500/1635] Compiling NIOPosix ControlMessage.swift
[1501/1635] Compiling NIOPosix DatagramVectorReadManager.swift
[1502/1635] Compiling NIOPosix Errors+Any.swift
[1503/1635] Compiling NIOPosix FileDescriptor.swift
[1504/1635] Compiling NIOPosix GetaddrinfoResolver.swift
[1505/1635] Compiling X509 OCSPExtensionID.swift
[1506/1635] Compiling X509 OCSPNonce.swift
[1507/1635] Compiling X509 OCSPPolicy.swift
[1508/1635] Compiling X509 OCSPRequest.swift
[1509/1635] Compiling X509 OCSPResponse.swift
[1510/1635] Compiling X509 OCSPResponseBytes.swift
[1511/1635] Compiling X509 OCSPResponseData.swift
[1512/1635] Compiling X509 OCSPResponseStatus.swift
[1513/1635] Compiling X509 OCSPSignature.swift
[1514/1635] Compiling X509 OCSPSingleRequest.swift
[1515/1635] Compiling X509 OCSPSingleResponse.swift
[1516/1635] Compiling X509 OCSPTBSRequest.swift
[1517/1635] Compiling X509 OCSPVersion.swift
[1518/1635] Compiling NIOPosix PipeChannel.swift
[1519/1635] Compiling NIOPosix PipePair.swift
[1520/1635] Compiling NIOPosix Pool.swift
[1521/1635] Compiling NIOPosix PosixSingletons+ConcurrencyTakeOver.swift
[1522/1635] Compiling NIOPosix PosixSingletons.swift
[1523/1635] Compiling NIOPosix RawSocketBootstrap.swift
[1524/1635] Compiling NIOPosix Resolver.swift
[1525/1635] Compiling X509 PKCS8PrivateKey.swift
[1526/1635] Compiling X509 PromiseAndFuture.swift
[1527/1635] Compiling X509 RDNAttribute.swift
[1528/1635] Compiling X509 RandomNumberGenerator+bytes.swift
[1529/1635] Compiling X509 RelativeDistinguishedName.swift
[1530/1635] Compiling X509 SEC1PrivateKey.swift
[1531/1635] Compiling X509 SecKeyWrapper.swift
[1532/1635] Compiling X509 Signature.swift
[1533/1635] Compiling X509 SignatureAlgorithm.swift
[1534/1635] Compiling X509 AllOfPolicies.swift
[1535/1635] Compiling X509 AnyPolicy.swift
[1536/1635] Compiling X509 CertificateStore.swift
[1537/1635] Compiling X509 CustomCertificateStore.swift
[1539/1642] Compiling NIOPosix HappyEyeballs.swift
[1540/1642] Compiling NIOPosix IO.swift
[1541/1642] Compiling NIOPosix IntegerBitPacking.swift
[1542/1642] Compiling NIOPosix IntegerTypes.swift
[1543/1642] Compiling NIOPosix Linux.swift
[1544/1642] Compiling NIOPosix LinuxCPUSet.swift
[1545/1642] Compiling NIOPosix LinuxUring.swift
[1546/1642] Compiling NIOPosix Selectable.swift
[1547/1642] Compiling NIOPosix SelectableChannel.swift
[1548/1642] Compiling NIOPosix SelectableEventLoop.swift
[1549/1642] Compiling NIOPosix SelectorEpoll.swift
[1550/1642] Compiling NIOPosix SelectorGeneric.swift
[1551/1642] Compiling NIOPosix SelectorKqueue.swift
[1552/1642] Compiling NIOPosix SelectorWSAPoll.swift
[1553/1642] Compiling NIOPosix ServerSocket.swift
[1554/1642] Compiling NIOPosix Socket.swift
[1555/1642] Compiling NIOPosix SocketChannel.swift
[1556/1642] Compiling NIOPosix SocketProtocols.swift
[1557/1642] Compiling NIOPosix StructuredConcurrencyHelpers.swift
[1558/1642] Compiling NIOPosix System.swift
[1565/1642] Compiling NIOPosix SelectorUring.swift
[1566/1642] Compiling NIOPosix Thread.swift
[1567/1642] Compiling NIOPosix ThreadPosix.swift
[1568/1642] Compiling NIOPosix ThreadWindows.swift
[1569/1642] Compiling NIOPosix Utilities.swift
[1570/1642] Compiling NIOPosix VsockAddress.swift
[1571/1642] Compiling NIOPosix VsockChannelEvents.swift
[1572/1642] Compiling NIOPosix Windows.swift
[1587/1642] Compiling NIOPosix MultiThreadedEventLoopGroup.swift
[1588/1642] Compiling NIOPosix NIOPosixSendableMetatype.swift
[1589/1642] Compiling NIOPosix NIORandomizedDNSResolver.swift
[1590/1642] Compiling NIOPosix NIOThreadPool.swift
[1591/1642] Compiling NIOPosix NonBlockingFileIO.swift
[1592/1642] Compiling NIOPosix PendingDatagramWritesManager.swift
[1593/1642] Compiling NIOPosix PendingWritesManager.swift
[1607/1642] Emitting module NIOPosix
[1615/1642] Emitting module X509
[1631/1645] Compiling NIO Exports.swift
[1632/1645] Emitting module NIO
[1634/1646] Compiling X509 ValidatedCertificateChain.swift
[1635/1646] Compiling X509 VerificationDiagnostic.swift
[1636/1646] Compiling X509 Verifier.swift
[1637/1646] Compiling X509 VerifierPolicy.swift
[1638/1646] Compiling X509 AlgorithmIdentifier.swift
[1639/1646] Compiling X509 ECDSASignature.swift
[1640/1646] Compiling X509 RSAPKCS1PublicKey.swift
[1641/1646] Compiling X509 SubjectPublicKeyInfo.swift
[1642/1646] Compiling X509 TBSCertificate.swift
[1643/1646] Compiling X509 Time.swift
[1644/1646] Compiling X509 TimeCalculations.swift
[1645/1646] Compiling X509 Validity.swift
[1646/1646] Compiling X509 X509SendableMetatype.swift
[1648/1686] Emitting module NIOFoundationCompat
[1649/1686] Emitting module NIOSOCKS
[1650/1686] Compiling NIOTLS TLSEvents.swift
[1651/1687] Emitting module NIOTLS
[1652/1744] Compiling NIOFoundationCompat Exports.swift
[1653/1744] Compiling NIOFoundationCompat JSONSerialization+ByteBuffer.swift
[1654/1747] Compiling NIOFoundationCompat WaitSpinningRunLoop.swift
[1655/1755] Compiling NIOSOCKS ServerStateMachine.swift
[1657/1755] Compiling NIOTLS ApplicationProtocolNegotiationHandler.swift
[1658/1755] Compiling NIOSOCKS SelectedAuthenticationMethod.swift
[1659/1755] Compiling NIOSOCKS SOCKSResponse.swift
[1660/1755] Compiling NIOSOCKS ClientStateMachine.swift
[1661/1755] Compiling NIOTLS NIOTypedApplicationProtocolNegotiationHandler.swift
[1662/1755] Compiling NIOTLS ProtocolNegotiationHandlerStateMachine.swift
[1663/1755] Compiling NIOTLS SNIHandler.swift
[1665/1756] Compiling JWTKit ECDSA.swift
[1666/1756] Compiling JWTKit ECDSACurve.swift
[1667/1758] Compiling JWTKit ExpirationClaim.swift
[1668/1758] Compiling JWTKit GoogleHostedDomainClaim.swift
[1669/1758] Compiling JWTKit IDClaim.swift
[1670/1758] Compiling JWTKit IssuedAtClaim.swift
[1671/1758] Compiling JWTKit AudienceClaim.swift
[1672/1758] Compiling JWTKit BoolClaim.swift
[1673/1758] Compiling JWTKit IssuerClaim.swift
[1674/1758] Compiling JWTKit JWTClaim.swift
[1676/1789] Compiling NIOSSL NIOSSLClientHandler.swift
[1677/1789] Compiling NIOSSL NIOSSLHandler+Configuration.swift
[1678/1789] Compiling NIOSSL SSLCallbacks.swift
[1679/1789] Compiling NIOSSL SSLContext.swift
[1680/1789] Compiling NIOSSL FreeBSDCABundle.swift
[1681/1789] Compiling NIOSSL IdentityVerification.swift
[1682/1789] Compiling NIOSSL LinuxCABundle.swift
[1683/1789] Emitting module JWTKit
[1684/1798] Compiling NIOSSL AndroidCABundle.swift
[1685/1798] Compiling NIOSSL ByteBufferBIO.swift
[1686/1798] Compiling NIOSSL CustomPrivateKey.swift
[1692/1798] Compiling NIOSSL NIOSSLHandler.swift
[1693/1798] Compiling NIOSSL NIOSSLServerHandler.swift
[1694/1798] Compiling NIOSSL ObjectIdentifier.swift
[1695/1798] Compiling NIOSSL PosixPort.swift
[1698/1798] Compiling NIOSSL SSLErrors.swift
[1699/1798] Compiling NIOSSL SSLInit.swift
[1700/1798] Compiling NIOSSL SSLPKCS12Bundle.swift
[1701/1798] Compiling NIOSSL SubjectAlternativeName.swift
[1702/1798] Compiling NIOSSL NIOSSLSecureBytes.swift
[1703/1798] Compiling NIOSSL RNG.swift
[1704/1798] Compiling JWTKit JWTSerializer.swift
[1705/1798] Compiling JWTKit JWTSigner.swift
[1706/1798] Compiling JWTKit JWTKeyCollection+MLDSA.swift
[1707/1798] Compiling JWTKit MLDSA.swift
[1708/1798] Compiling JWTKit MLDSA65+MLDSAKey.swift
[1709/1798] Compiling JWTKit MLDSA87+MLDSAKey.swift
[1710/1798] Compiling JWTKit MLDSAError.swift
[1711/1798] Compiling JWTKit MLDSAKey.swift
[1712/1798] Compiling JWTKit MLDSASigner.swift
[1713/1798] Compiling JWTKit MLDSAType.swift
[1714/1798] Compiling JWTKit JWTKeyCollection+UnsecuredNone.swift
[1715/1798] Compiling JWTKit UnsecuredNoneSigner.swift
[1716/1798] Compiling JWTKit JWTKeyCollection+RSA.swift
[1717/1798] Compiling JWTKit RSA.swift
[1718/1798] Compiling JWTKit RSAError.swift
[1719/1798] Compiling JWTKit RSASigner.swift
[1720/1798] Compiling JWTKit Base64URL.swift
[1721/1798] Compiling JWTKit CryptoSigner.swift
[1724/1798] Compiling JWTKit JWTAlgorithm.swift
[1725/1798] Compiling JWTKit JWTError.swift
[1726/1798] Compiling JWTKit JWTHeader+CommonFields.swift
[1727/1798] Compiling JWTKit JWTHeader.swift
[1728/1798] Compiling JWTKit JWTHeaderField.swift
[1729/1798] Compiling JWTKit JWTKeyCollection.swift
[1730/1798] Compiling JWTKit JWTParser+MandatoryVerificationFields.swift
[1731/1798] Compiling JWTKit JWTParser.swift
[1732/1798] Compiling JWTKit JWTPayload.swift
[1737/1798] Compiling NIOSSL SafeCompare.swift
[1738/1798] Compiling NIOSSL SSLCertificate.swift
[1739/1798] Compiling NIOSSL SSLCertificateExtensions.swift
[1740/1798] Compiling NIOSSL SSLCertificateName.swift
[1741/1798] Compiling NIOSSL SSLConnection.swift
[1742/1798] Compiling NIOSSL SSLPrivateKey.swift
[1743/1798] Compiling NIOSSL SSLPublicKey.swift
[1744/1798] Compiling NIOSSL SecurityFrameworkCertificateVerification.swift
[1745/1798] Compiling NIOSSL String+unsafeUninitializedCapacity.swift
[1746/1798] Compiling JWTKit ECDSASigningAlgorithm.swift
[1747/1798] Compiling JWTKit JWTKeyCollection+ECDSA.swift
[1748/1798] Compiling JWTKit P256+CurveType.swift
[1749/1798] Compiling JWTKit P384+CurveType.swift
[1750/1798] Compiling JWTKit P521+CurveType.swift
[1751/1798] Compiling JWTKit EdDSA.swift
[1752/1798] Compiling JWTKit EdDSACurve.swift
[1753/1798] Compiling JWTKit EdDSAError.swift
[1754/1798] Compiling JWTKit EdDSASigner.swift
[1755/1798] Compiling JWTKit JWTKeyCollection+EdDSA.swift
[1756/1798] Compiling JWTKit CustomizedJSONCoders.swift
[1757/1798] Compiling JWTKit Utilities.swift
[1758/1798] Compiling JWTKit AppleIdentityToken.swift
[1759/1798] Compiling JWTKit FirebaseAuthIdentityToken.swift
[1760/1798] Compiling JWTKit GoogleIdentityToken.swift
[1761/1798] Compiling JWTKit MicrosoftIdentityToken.swift
[1762/1798] Compiling JWTKit EmptyPolicy.swift
[1763/1798] Compiling JWTKit ValidationTimePayload.swift
[1764/1798] Compiling JWTKit X5CVerifier.swift
[1766/1799] Emitting module NIOHTTP1
[1771/1817] Compiling NIOHTTPCompression HTTPResponseCompressor.swift
[1772/1817] Compiling NIOHPACK DynamicHeaderTable.swift
[1773/1817] Compiling NIOHPACK HPACKDecoder.swift
[1774/1817] Compiling NIOHPACK HPACKHeader.swift
[1775/1817] Compiling NIOHPACK HeaderTables.swift
[1776/1817] Compiling NIOHPACK HPACKEncoder.swift
[1777/1821] Compiling NIOHPACK IntegerCoding.swift
[1786/1822] Compiling NIOHTTPCompression HTTPRequestCompressor.swift
[1787/1822] Compiling NIOHPACK HPACKErrors.swift
[1791/1822] Compiling NIOHPACK StaticHeaderTable.swift
[1792/1822] Compiling NIOHPACK IndexedHeaderTable.swift
[1793/1822] Emitting module NIOSSL
[1794/1822] Emitting module NIOHTTPCompression
[1795/1822] Compiling NIOHPACK HuffmanCoding.swift
[1796/1822] Compiling NIOHTTPCompression HTTPDecompression.swift
[1797/1822] Compiling NIOHTTPCompression HTTPDecompressor.swift
[1798/1822] Compiling NIOHTTPCompression HTTPCompression.swift
[1804/1823] Emitting module NIOHPACK
[1807/1823] Compiling NIOHPACK HuffmanTables.swift
[1821/1887] Compiling NIOHTTP2 SendingHeadersState.swift
[1822/1887] Compiling NIOHTTP2 SendingPushPromiseState.swift
[1823/1887] Compiling NIOHTTP2 SendingRstStreamState.swift
[1824/1887] Compiling NIOHTTP2 SendingWindowUpdateState.swift
[1826/1888] Emitting module NIOHTTP2
[1827/1896] Compiling NIOHTTP2 ConnectionStateMachine.swift
[1828/1896] Compiling NIOHTTP2 ConnectionStreamsState.swift
[1829/1896] Compiling NIOHTTP2 MayReceiveFrames.swift
[1830/1896] Compiling NIOHTTP2 ReceivingDataState.swift
[1831/1896] Compiling NIOHTTP2 ReceivingGoAwayState.swift
[1832/1896] Compiling NIOHTTP2 ReceivingHeadersState.swift
[1833/1896] Compiling NIOHTTP2 ReceivingPushPromiseState.swift
[1834/1896] Compiling NIOHTTP2 ReceivingRstStreamState.swift
[1835/1896] Compiling NIOHTTP2 ReceivingWindowUpdateState.swift
[1836/1896] Compiling NIOHTTP2 MaySendFrames.swift
[1837/1896] Compiling NIOHTTP2 SendingDataState.swift
[1838/1896] Compiling NIOHTTP2 SendingGoawayState.swift
[1843/1896] Compiling NIOHTTP2 HTTP2SettingsState.swift
[1844/1896] Compiling NIOHTTP2 HasExtendedConnectSettings.swift
[1845/1896] Compiling NIOHTTP2 NIOHTTP2ServerConnectionManagementHandler.swift
[1846/1896] Compiling NIOHTTP2 StreamChannelFlowController.swift
[1847/1896] Compiling NIOHTTP2 StreamChannelList.swift
[1848/1896] Compiling NIOHTTP2 StreamMap.swift
[1849/1896] Compiling NIOHTTP2 StreamStateMachine.swift
[1850/1896] Compiling NIOHTTP2 Timer.swift
[1851/1896] Compiling NIOHTTP2 UnsafeTransfer.swift
[1852/1896] Compiling NIOHTTP2 WatermarkedFlowController.swift
[1853/1896] Compiling NIOHTTP2 HasFlowControlWindows.swift
[1854/1896] Compiling NIOHTTP2 HasLocalSettings.swift
[1855/1896] Compiling NIOHTTP2 HasRemoteSettings.swift
[1856/1896] Compiling NIOHTTP2 LocallyQuiescingState.swift
[1857/1896] Compiling NIOHTTP2 QuiescingState.swift
[1858/1896] Compiling NIOHTTP2 RemotelyQuiescingState.swift
[1859/1896] Compiling NIOHTTP2 SendAndReceiveGoawayState.swift
[1860/1896] Compiling NIOHTTP2 StateMachineResult.swift
[1861/1896] Compiling NIOHTTP2 ContentLengthVerifier.swift
[1862/1896] Compiling NIOHTTP2 HTTP2StreamMultiplexer.swift
[1863/1896] Compiling NIOHTTP2 HTTP2ToHTTP1Codec.swift
[1864/1896] Compiling NIOHTTP2 HTTP2UserEvents.swift
[1865/1896] Compiling NIOHTTP2 InboundEventBuffer.swift
[1866/1896] Compiling NIOHTTP2 InboundWindowManager.swift
[1867/1896] Compiling NIOHTTP2 MultiplexerAbstractChannel.swift
[1868/1896] Compiling NIOHTTP2 NIOHTTP2FrameDelegate.swift
[1869/1896] Compiling NIOHTTP2 NIOHTTP2ServerConnectionManagementHandler+StateMachine.swift
[1870/1896] Compiling NIOHTTP2 HTTP2FrameParser.swift
[1871/1896] Compiling NIOHTTP2 HTTP2PingData.swift
[1872/1896] Compiling NIOHTTP2 HTTP2PipelineHelpers.swift
[1873/1896] Compiling NIOHTTP2 HTTP2Settings.swift
[1874/1896] Compiling NIOHTTP2 HTTP2Stream.swift
[1875/1896] Compiling NIOHTTP2 HTTP2StreamChannel+OutboundStreamMultiplexer.swift
[1876/1896] Compiling NIOHTTP2 HTTP2StreamChannel.swift
[1877/1896] Compiling NIOHTTP2 HTTP2StreamDelegate.swift
[1878/1896] Compiling NIOHTTP2 HTTP2StreamID.swift
[1879/1896] Compiling NIOHTTP2 DOSHeuristics.swift
[1880/1896] Compiling NIOHTTP2 Error+Any.swift
[1881/1896] Compiling NIOHTTP2 ConcurrentStreamBuffer.swift
[1882/1896] Compiling NIOHTTP2 ControlFrameBuffer.swift
[1883/1896] Compiling NIOHTTP2 OutboundFlowControlBuffer.swift
[1884/1896] Compiling NIOHTTP2 OutboundFrameBuffer.swift
[1885/1896] Compiling NIOHTTP2 GlitchesMonitor.swift
[1886/1896] Compiling NIOHTTP2 HPACKHeaders+Validation.swift
[1887/1896] Compiling NIOHTTP2 HTTP2ChannelHandler+InboundStreamMultiplexer.swift
[1888/1896] Compiling NIOHTTP2 HTTP2ChannelHandler+InlineStreamMultiplexer.swift
[1889/1896] Compiling NIOHTTP2 HTTP2ChannelHandler.swift
[1890/1896] Compiling NIOHTTP2 HTTP2CommonInboundStreamMultiplexer.swift
[1891/1896] Compiling NIOHTTP2 HTTP2ConnectionStateChange.swift
[1892/1896] Compiling NIOHTTP2 HTTP2Error.swift
[1893/1896] Compiling NIOHTTP2 HTTP2ErrorCode.swift
[1894/1896] Compiling NIOHTTP2 HTTP2FlowControlWindow.swift
[1895/1896] Compiling NIOHTTP2 HTTP2Frame.swift
[1896/1896] Compiling NIOHTTP2 HTTP2FrameEncoder.swift
[1898/1961] Emitting module AsyncHTTPClient
[1899/1969] Compiling AsyncHTTPClient HTTP1ProxyConnectHandler.swift
[1900/1969] Compiling AsyncHTTPClient SOCKSEventsHandler.swift
[1901/1969] Compiling AsyncHTTPClient TLSEventsHandler.swift
[1902/1969] Compiling AsyncHTTPClient HTTP1ClientChannelHandler.swift
[1903/1969] Compiling AsyncHTTPClient HTTP1Connection.swift
[1904/1969] Compiling AsyncHTTPClient HTTP1ConnectionStateMachine.swift
[1905/1969] Compiling AsyncHTTPClient HTTP2ClientRequestHandler.swift
[1906/1969] Compiling AsyncHTTPClient HTTP2Connection.swift
[1907/1969] Compiling AsyncHTTPClient HTTP2IdleHandler.swift
[1908/1969] Compiling AsyncHTTPClient RequestValidation.swift
[1909/1969] Compiling AsyncHTTPClient SSLContextCache.swift
[1910/1969] Compiling AsyncHTTPClient Scheme.swift
[1911/1969] Compiling AsyncHTTPClient Singleton.swift
[1912/1969] Compiling AsyncHTTPClient StringConvertibleInstances.swift
[1913/1969] Compiling AsyncHTTPClient StructuredConcurrencyHelpers.swift
[1914/1969] Compiling AsyncHTTPClient TracingSupport.swift
[1915/1969] Compiling AsyncHTTPClient Utils.swift
[1916/1969] Compiling AsyncHTTPClient LRUCache.swift
[1917/1969] Compiling AsyncHTTPClient NIOLoopBound+Execute.swift
[1918/1969] Compiling AsyncHTTPClient NWErrorHandler.swift
[1919/1969] Compiling AsyncHTTPClient NWWaitingHandler.swift
[1920/1969] Compiling AsyncHTTPClient TLSConfiguration.swift
[1921/1969] Compiling AsyncHTTPClient RedirectState.swift
[1922/1969] Compiling AsyncHTTPClient RequestBag+StateMachine.swift
[1923/1969] Compiling AsyncHTTPClient RequestBag+Tracing.swift
[1924/1969] Compiling AsyncHTTPClient RequestBag.swift
[1925/1969] Compiling AsyncHTTPClient HTTPClientResponse.swift
[1926/1969] Compiling AsyncHTTPClient SingleIteratorPrecondition.swift
[1927/1969] Compiling AsyncHTTPClient Transaction+StateMachine.swift
[1928/1969] Compiling AsyncHTTPClient Transaction.swift
[1929/1969] Compiling AsyncHTTPClient Base64.swift
[1930/1969] Compiling AsyncHTTPClient BasicAuth.swift
[1931/1969] Compiling AsyncHTTPClient BestEffortHashableTLSConfiguration.swift
[1932/1969] Compiling AsyncHTTPClient Configuration+BrowserLike.swift
[1933/1969] Compiling AsyncHTTPClient ConnectionPool.swift
[1934/1969] Compiling AsyncHTTPClient RequestOptions.swift
[1935/1969] Compiling AsyncHTTPClient HTTPConnectionPool+Backoff.swift
[1936/1969] Compiling AsyncHTTPClient HTTPConnectionPool+HTTP1Connections.swift
[1937/1969] Compiling AsyncHTTPClient HTTPConnectionPool+HTTP1StateMachine.swift
[1938/1969] Compiling AsyncHTTPClient HTTPConnectionPool+HTTP2Connections.swift
[1939/1969] Compiling AsyncHTTPClient HTTPConnectionPool+HTTP2StateMachine.swift
[1940/1969] Compiling AsyncHTTPClient HTTPConnectionPool+RequestQueue.swift
[1941/1969] Compiling AsyncHTTPClient HTTPConnectionPool+StateMachine.swift
[1942/1969] Compiling AsyncHTTPClient ConnectionTarget.swift
[1943/1969] Compiling AsyncHTTPClient AnyAsyncSequence.swift
[1944/1969] Compiling AsyncHTTPClient AnyAsyncSequenceProucerDelete.swift
[1945/1969] Compiling AsyncHTTPClient AsyncLazySequence.swift
[1946/1969] Compiling AsyncHTTPClient HTTPClient+execute.swift
[1947/1969] Compiling AsyncHTTPClient HTTPClient+shutdown.swift
[1948/1969] Compiling AsyncHTTPClient HTTPClient+tracing.swift
[1949/1969] Compiling AsyncHTTPClient HTTPClientRequest+Prepared.swift
[1950/1969] Compiling AsyncHTTPClient HTTPClientRequest+auth.swift
[1951/1969] Compiling AsyncHTTPClient HTTPClientRequest.swift
[1952/1969] Compiling AsyncHTTPClient DeconstructedURL.swift
[1953/1969] Compiling AsyncHTTPClient FileDownloadDelegate.swift
[1954/1969] Compiling AsyncHTTPClient FoundationExtensions.swift
[1955/1969] Compiling AsyncHTTPClient HTTPClient+HTTPCookie.swift
[1956/1969] Compiling AsyncHTTPClient HTTPClient+Proxy.swift
[1957/1969] Compiling AsyncHTTPClient HTTPClient+StructuredConcurrency.swift
[1958/1969] Compiling AsyncHTTPClient HTTPClient.swift
[1959/1969] Compiling AsyncHTTPClient HTTPClientConfiguration+SwiftConfiguration.swift
[1960/1969] Compiling AsyncHTTPClient HTTPHandler.swift
[1961/1969] Compiling AsyncHTTPClient HTTPConnectionEvent.swift
[1962/1969] Compiling AsyncHTTPClient HTTPConnectionPool+Factory.swift
[1963/1969] Compiling AsyncHTTPClient HTTPConnectionPool+Manager.swift
[1964/1969] Compiling AsyncHTTPClient HTTPConnectionPool.swift
[1965/1969] Compiling AsyncHTTPClient HTTPExecutableRequest.swift
[1966/1969] Compiling AsyncHTTPClient HTTPRequestStateMachine+Demand.swift
[1967/1969] Compiling AsyncHTTPClient HTTPRequestStateMachine.swift
[1968/1969] Compiling AsyncHTTPClient RequestBodyLength.swift
[1969/1969] Compiling AsyncHTTPClient RequestFramingMetadata.swift
[1971/1993] Emitting module GoogleAuth
[1972/1993] Compiling GoogleAuth UserAccountData.swift
[1973/1993] Compiling GoogleAuth UserAccountTokenProvider.swift
[1974/1993] Compiling GoogleAuth UserCredentials.swift
[1975/1996] Compiling GoogleAuth ADC.swift
[1976/1996] Compiling GoogleAuth ADCPath.swift
[1977/1996] Compiling GoogleAuth ADCResolver.swift
[1978/1996] Compiling GoogleAuth AuthHeaders.swift
[1979/1996] Compiling GoogleAuth AnonymousCredentials.swift
[1980/1996] Compiling GoogleAuth ApiKeyCredentials.swift
[1981/1996] Compiling GoogleAuth ExternalAccountCredentials.swift
[1982/1996] Compiling GoogleAuth ServiceAccountCredentials.swift
[1983/1996] Compiling GoogleAuth ServiceAccountData.swift
[1984/1996] Compiling GoogleAuth ServiceAccountTokenProvider.swift
[1985/1996] Compiling GoogleAuth CredentialParserRegistry.swift
[1986/1996] Compiling GoogleAuth Credentials.swift
[1987/1996] Compiling GoogleAuth CredentialsError.swift
[1988/1996] Compiling GoogleAuth AuthHTTPClient.swift
[1989/1996] Compiling GoogleAuth AuthHTTPError.swift
[1990/1996] Compiling GoogleAuth RetryEngine.swift
[1991/1996] Compiling GoogleAuth SubjectTokenProvider.swift
[1992/1996] Compiling GoogleAuth MDSAccessTokenProvider.swift
[1993/1996] Compiling GoogleAuth MDSCredentials.swift
[1994/1996] Compiling GoogleAuth STSHandler.swift
[1995/1996] Compiling GoogleAuth TokenCache.swift
[1996/1996] Compiling GoogleAuth PackageVersion.swift
[1998/2055] Compiling GoogleGax LimitedAttemptCount+PollingErrorPolicy.swift
[1999/2055] Compiling GoogleGax LimitedAttemptCount+RetryPolicy.swift
[2000/2055] Compiling GoogleGax LimitedAttemptCount.swift
[2001/2055] Compiling GoogleGax LimitedElapsedTime+PollingErrorPolicy.swift
[2002/2055] Compiling GoogleGax LimitedElapsedTime+RetryPolicy.swift
[2003/2055] Compiling GoogleGax LimitedElapsedTime.swift
[2004/2055] Compiling GoogleGax LongRunningOperations.swift
[2005/2055] Compiling GoogleGax NeverRetry.swift
[2006/2063] Emitting module GoogleGax
[2007/2063] Compiling GoogleGax AIP194+PollingErrorPolicy.swift
[2008/2063] Compiling GoogleGax AIP194+RetryPolicy.swift
[2009/2063] Compiling GoogleGax AIP194.swift
[2010/2063] Compiling GoogleGax AdaptiveThrottler.swift
[2011/2063] Compiling GoogleGax AlwaysPoll.swift
[2012/2063] Compiling GoogleGax AlwaysRetry.swift
[2013/2063] Compiling GoogleGax ApiClientHeader.swift
[2014/2063] Compiling GoogleGax BackoffPolicy.swift
[2015/2063] Compiling GoogleGax BasePollingErrorPolicy.swift
[2016/2063] Compiling GoogleGax BaseRetryPolicy.swift
[2017/2063] Compiling GoogleGax BindingError.swift
[2018/2063] Compiling GoogleGax CRC32C.swift
[2019/2063] Compiling GoogleGax CircuitBreaker.swift
[2020/2063] Compiling GoogleGax ClientError.swift
[2021/2063] Compiling GoogleGax ClientOptions.swift
[2022/2063] Compiling GoogleGax ContinueOnIO+PollingErrorPolicy.swift
[2023/2063] Compiling GoogleGax ContinueOnIO+RetryPolicy.swift
[2024/2063] Compiling GoogleGax RequestOptions.swift
[2025/2063] Compiling GoogleGax RetryLoop.swift
[2026/2063] Compiling GoogleGax RetryPolicy.swift
[2027/2063] Compiling GoogleGax RetryResult.swift
[2028/2063] Compiling GoogleGax RetryState.swift
[2029/2063] Compiling GoogleGax RetryThrottler.swift
[2030/2063] Compiling GoogleGax RetryThrottlerError.swift
[2031/2063] Compiling GoogleGax RoutingMatcher.swift
[2032/2063] Compiling GoogleGax ContinueOnIO.swift
[2033/2063] Compiling GoogleGax CredentialsProtocol.swift
[2034/2063] Compiling GoogleGax ErrorWrapper.swift
[2035/2063] Compiling GoogleGax ExponentialBackoff+BackoffPolicy.swift
[2036/2063] Compiling GoogleGax ExponentialBackoff+PollingBackoffPolicy.swift
[2037/2063] Compiling GoogleGax ExponentialBackoff.swift
[2038/2063] Compiling GoogleGax HTTPClient.swift
[2039/2063] Compiling GoogleGax HTTPClientHolder.swift
[2040/2063] Compiling GoogleGax HTTPClientProtocol.swift
[2041/2063] Compiling GoogleGax HTTPClientRequest.swift
[2042/2063] Compiling GoogleGax HTTPClientResponse.swift
[2043/2063] Compiling GoogleGax HTTPHeaders.swift
[2044/2063] Compiling GoogleGax HTTPResponseBody.swift
[2045/2063] Compiling GoogleGax HeaderNames.swift
[2046/2063] Compiling GoogleGax Host.swift
[2047/2063] Compiling GoogleGax InProgressResult.swift
[2048/2063] Compiling GoogleGax Pagination.swift
/host/spi-builder-workspace/.build/checkouts/swift-google-gax/Sources/GoogleGax/Pagination.swift:44:22: error: cannot convert '@Sendable (String) async throws -> (response: ResponseType, items: [Item], nextToken: String)' to 'nonisolated(nonsending) @Sendable (String) async throws -> (response: ResponseType, items: [Item], nextToken: String)' because crossing of an isolation boundary requires parameter and result types to conform to 'Sendable' protocol
 42 |   ) where ResponseType: _PaginatedResponse<Item> {
 43 |     self.initialPageToken = initialPageToken ?? ""
 44 |     self.fetchPage = { token in
    |                      |- error: cannot convert '@Sendable (String) async throws -> (response: ResponseType, items: [Item], nextToken: String)' to 'nonisolated(nonsending) @Sendable (String) async throws -> (response: ResponseType, items: [Item], nextToken: String)' because crossing of an isolation boundary requires parameter and result types to conform to 'Sendable' protocol
    |                      `- note: type 'Item' does not conform to 'Sendable' protocol
 45 |       let response = try await listRpc(token)
 46 |       return (response, response._getPaginatedItems(), response._nextPageToken())
[2049/2063] Compiling GoogleGax PollingBackoffPolicy.swift
/host/spi-builder-workspace/.build/checkouts/swift-google-gax/Sources/GoogleGax/Pagination.swift:44:22: error: cannot convert '@Sendable (String) async throws -> (response: ResponseType, items: [Item], nextToken: String)' to 'nonisolated(nonsending) @Sendable (String) async throws -> (response: ResponseType, items: [Item], nextToken: String)' because crossing of an isolation boundary requires parameter and result types to conform to 'Sendable' protocol
 42 |   ) where ResponseType: _PaginatedResponse<Item> {
 43 |     self.initialPageToken = initialPageToken ?? ""
 44 |     self.fetchPage = { token in
    |                      |- error: cannot convert '@Sendable (String) async throws -> (response: ResponseType, items: [Item], nextToken: String)' to 'nonisolated(nonsending) @Sendable (String) async throws -> (response: ResponseType, items: [Item], nextToken: String)' because crossing of an isolation boundary requires parameter and result types to conform to 'Sendable' protocol
    |                      `- note: type 'Item' does not conform to 'Sendable' protocol
 45 |       let response = try await listRpc(token)
 46 |       return (response, response._getPaginatedItems(), response._nextPageToken())
[2050/2063] Compiling GoogleGax PollingErrorPolicy.swift
/host/spi-builder-workspace/.build/checkouts/swift-google-gax/Sources/GoogleGax/Pagination.swift:44:22: error: cannot convert '@Sendable (String) async throws -> (response: ResponseType, items: [Item], nextToken: String)' to 'nonisolated(nonsending) @Sendable (String) async throws -> (response: ResponseType, items: [Item], nextToken: String)' because crossing of an isolation boundary requires parameter and result types to conform to 'Sendable' protocol
 42 |   ) where ResponseType: _PaginatedResponse<Item> {
 43 |     self.initialPageToken = initialPageToken ?? ""
 44 |     self.fetchPage = { token in
    |                      |- error: cannot convert '@Sendable (String) async throws -> (response: ResponseType, items: [Item], nextToken: String)' to 'nonisolated(nonsending) @Sendable (String) async throws -> (response: ResponseType, items: [Item], nextToken: String)' because crossing of an isolation boundary requires parameter and result types to conform to 'Sendable' protocol
    |                      `- note: type 'Item' does not conform to 'Sendable' protocol
 45 |       let response = try await listRpc(token)
 46 |       return (response, response._getPaginatedItems(), response._nextPageToken())
[2051/2063] Compiling GoogleGax PollingResult.swift
/host/spi-builder-workspace/.build/checkouts/swift-google-gax/Sources/GoogleGax/Pagination.swift:44:22: error: cannot convert '@Sendable (String) async throws -> (response: ResponseType, items: [Item], nextToken: String)' to 'nonisolated(nonsending) @Sendable (String) async throws -> (response: ResponseType, items: [Item], nextToken: String)' because crossing of an isolation boundary requires parameter and result types to conform to 'Sendable' protocol
 42 |   ) where ResponseType: _PaginatedResponse<Item> {
 43 |     self.initialPageToken = initialPageToken ?? ""
 44 |     self.fetchPage = { token in
    |                      |- error: cannot convert '@Sendable (String) async throws -> (response: ResponseType, items: [Item], nextToken: String)' to 'nonisolated(nonsending) @Sendable (String) async throws -> (response: ResponseType, items: [Item], nextToken: String)' because crossing of an isolation boundary requires parameter and result types to conform to 'Sendable' protocol
    |                      `- note: type 'Item' does not conform to 'Sendable' protocol
 45 |       let response = try await listRpc(token)
 46 |       return (response, response._getPaginatedItems(), response._nextPageToken())
[2052/2063] Compiling GoogleGax PollingState.swift
/host/spi-builder-workspace/.build/checkouts/swift-google-gax/Sources/GoogleGax/Pagination.swift:44:22: error: cannot convert '@Sendable (String) async throws -> (response: ResponseType, items: [Item], nextToken: String)' to 'nonisolated(nonsending) @Sendable (String) async throws -> (response: ResponseType, items: [Item], nextToken: String)' because crossing of an isolation boundary requires parameter and result types to conform to 'Sendable' protocol
 42 |   ) where ResponseType: _PaginatedResponse<Item> {
 43 |     self.initialPageToken = initialPageToken ?? ""
 44 |     self.fetchPage = { token in
    |                      |- error: cannot convert '@Sendable (String) async throws -> (response: ResponseType, items: [Item], nextToken: String)' to 'nonisolated(nonsending) @Sendable (String) async throws -> (response: ResponseType, items: [Item], nextToken: String)' because crossing of an isolation boundary requires parameter and result types to conform to 'Sendable' protocol
    |                      `- note: type 'Item' does not conform to 'Sendable' protocol
 45 |       let response = try await listRpc(token)
 46 |       return (response, response._getPaginatedItems(), response._nextPageToken())
[2053/2063] Compiling GoogleGax ProtobufConversionError.swift
/host/spi-builder-workspace/.build/checkouts/swift-google-gax/Sources/GoogleGax/Pagination.swift:44:22: error: cannot convert '@Sendable (String) async throws -> (response: ResponseType, items: [Item], nextToken: String)' to 'nonisolated(nonsending) @Sendable (String) async throws -> (response: ResponseType, items: [Item], nextToken: String)' because crossing of an isolation boundary requires parameter and result types to conform to 'Sendable' protocol
 42 |   ) where ResponseType: _PaginatedResponse<Item> {
 43 |     self.initialPageToken = initialPageToken ?? ""
 44 |     self.fetchPage = { token in
    |                      |- error: cannot convert '@Sendable (String) async throws -> (response: ResponseType, items: [Item], nextToken: String)' to 'nonisolated(nonsending) @Sendable (String) async throws -> (response: ResponseType, items: [Item], nextToken: String)' because crossing of an isolation boundary requires parameter and result types to conform to 'Sendable' protocol
    |                      `- note: type 'Item' does not conform to 'Sendable' protocol
 45 |       let response = try await listRpc(token)
 46 |       return (response, response._getPaginatedItems(), response._nextPageToken())
[2054/2063] Compiling GoogleGax QueryParameter.swift
/host/spi-builder-workspace/.build/checkouts/swift-google-gax/Sources/GoogleGax/Pagination.swift:44:22: error: cannot convert '@Sendable (String) async throws -> (response: ResponseType, items: [Item], nextToken: String)' to 'nonisolated(nonsending) @Sendable (String) async throws -> (response: ResponseType, items: [Item], nextToken: String)' because crossing of an isolation boundary requires parameter and result types to conform to 'Sendable' protocol
 42 |   ) where ResponseType: _PaginatedResponse<Item> {
 43 |     self.initialPageToken = initialPageToken ?? ""
 44 |     self.fetchPage = { token in
    |                      |- error: cannot convert '@Sendable (String) async throws -> (response: ResponseType, items: [Item], nextToken: String)' to 'nonisolated(nonsending) @Sendable (String) async throws -> (response: ResponseType, items: [Item], nextToken: String)' because crossing of an isolation boundary requires parameter and result types to conform to 'Sendable' protocol
    |                      `- note: type 'Item' does not conform to 'Sendable' protocol
 45 |       let response = try await listRpc(token)
 46 |       return (response, response._getPaginatedItems(), response._nextPageToken())
[2055/2063] Compiling GoogleGax RequestError.swift
/host/spi-builder-workspace/.build/checkouts/swift-google-gax/Sources/GoogleGax/Pagination.swift:44:22: error: cannot convert '@Sendable (String) async throws -> (response: ResponseType, items: [Item], nextToken: String)' to 'nonisolated(nonsending) @Sendable (String) async throws -> (response: ResponseType, items: [Item], nextToken: String)' because crossing of an isolation boundary requires parameter and result types to conform to 'Sendable' protocol
 42 |   ) where ResponseType: _PaginatedResponse<Item> {
 43 |     self.initialPageToken = initialPageToken ?? ""
 44 |     self.fetchPage = { token in
    |                      |- error: cannot convert '@Sendable (String) async throws -> (response: ResponseType, items: [Item], nextToken: String)' to 'nonisolated(nonsending) @Sendable (String) async throws -> (response: ResponseType, items: [Item], nextToken: String)' because crossing of an isolation boundary requires parameter and result types to conform to 'Sendable' protocol
    |                      `- note: type 'Item' does not conform to 'Sendable' protocol
 45 |       let response = try await listRpc(token)
 46 |       return (response, response._getPaginatedItems(), response._nextPageToken())
[2056/2063] Compiling GoogleGax ServiceError.swift
[2057/2063] Compiling GoogleGax StatusDetail.swift
[2058/2063] Compiling GoogleGax StrictIdempotency.swift
[2059/2063] Compiling GoogleGax ThrottleResult.swift
[2060/2063] Compiling GoogleGax TooManyRequests+PollingErrorPolicy.swift
[2061/2063] Compiling GoogleGax TooManyRequests+RetryPolicy.swift
[2062/2063] Compiling GoogleGax TooManyRequests.swift
[2063/2063] Compiling GoogleGax PackageVersion.swift
BUILD FAILURE 6.2 android