The Swift Package Index logo.Swift Package Index

Build Information

Failed to build WWSignInWith3rd_Discord, reference 1.0.1 (88ade4), with Swift 6.4 for visionOS using Xcode 27.0 on 22 Sep 2026 03:43:37 UTC.

Build Command

env DEVELOPER_DIR=/Applications/Xcode-27.0.0-Release.Candidate.app xcrun xcodebuild -IDEClonedSourcePackagesDirPathOverride=$PWD/.dependencies -skipMacroValidation -skipPackagePluginValidation -derivedDataPath $PWD/.derivedData build -scheme WWSignInWith3rd_Discord -destination generic/platform=xrOS

Build Log

========================================
RunAll
========================================
Builder version: 5.1.0
Interrupt handler set up.
========================================
Checkout
========================================
Clone URL: https://github.com/William-Weng/WWSignInWith3rd_Discord.git
Reference: 1.0.1
Initialized empty Git repository in /Users/admin/builder/spi-builder-workspace/.git/
From https://github.com/William-Weng/WWSignInWith3rd_Discord
 * tag               1.0.1      -> FETCH_HEAD
HEAD is now at 88ade4d - update package
Cloned https://github.com/William-Weng/WWSignInWith3rd_Discord.git
Revision (git rev-parse @):
88ade4defe5d2fd69c630627e3987eb95a475121
SUCCESS checkout https://github.com/William-Weng/WWSignInWith3rd_Discord.git at 1.0.1
========================================
Build
========================================
Selected platform:         visionOS
Swift version:             6.4
Building package at path:  $PWD
https://github.com/William-Weng/WWSignInWith3rd_Discord.git
Command line invocation:
    /Applications/Xcode-27.0.0-Release.Candidate.app/Contents/Developer/usr/bin/xcodebuild -IDEClonedSourcePackagesDirPathOverride=/Users/admin/builder/spi-builder-workspace/.dependencies -resolvePackageDependencies
Resolve Package Graph
Fetching from https://github.com/William-Weng/WWSignInWith3rd_Apple
Fetching from https://github.com/William-Weng/WWNetworking
Creating working copy of package ‘WWSignInWith3rd_Apple’
Checking out 1.1.4 of package ‘WWSignInWith3rd_Apple’
Creating working copy of package ‘WWNetworking’
Checking out 1.7.6 of package ‘WWNetworking’
Resolve Package Graph
Resolved source packages:
  WWSignInWith3rd_Apple: https://github.com/William-Weng/WWSignInWith3rd_Apple @ 1.1.4
  WWSignInWith3rd_Discord: /Users/admin/builder/spi-builder-workspace
  WWNetworking: https://github.com/William-Weng/WWNetworking @ 1.7.6
resolved source packages: WWSignInWith3rd_Apple, WWSignInWith3rd_Discord, WWNetworking
2026-09-21 23:42:42.995 xcodebuild[528:3027] [MT] IDERunDestination: Supported platforms for the buildables in the current scheme is empty.
{
  "dependencies" : [
    {
      "identity" : "wwsigninwith3rd_apple",
      "requirement" : {
        "range" : [
          {
            "lower_bound" : "1.1.4",
            "upper_bound" : "1.2.0"
          }
        ]
      },
      "type" : "sourceControl",
      "url" : "https://github.com/William-Weng/WWSignInWith3rd_Apple"
    },
    {
      "identity" : "wwnetworking",
      "requirement" : {
        "range" : [
          {
            "lower_bound" : "1.7.6",
            "upper_bound" : "1.8.0"
          }
        ]
      },
      "type" : "sourceControl",
      "url" : "https://github.com/William-Weng/WWNetworking"
    }
  ],
  "manifest_display_name" : "WWSignInWith3rd_Discord",
  "name" : "WWSignInWith3rd_Discord",
  "path" : "/Users/admin/builder/spi-builder-workspace",
  "platforms" : [
    {
      "name" : "ios",
      "version" : "15.0"
    }
  ],
  "products" : [
    {
      "name" : "WWSignInWith3rd_Discord",
      "targets" : [
        "WWSignInWith3rd_Discord"
      ],
      "type" : {
        "library" : [
          "automatic"
        ]
      }
    }
  ],
  "swift_languages_versions" : [
    "5"
  ],
  "targets" : [
    {
      "c99name" : "WWSignInWith3rd_Discord",
      "module_type" : "SwiftTarget",
      "name" : "WWSignInWith3rd_Discord",
      "path" : "Sources/WWSignInWith3rd_Discord",
      "product_dependencies" : [
        "WWSignInWith3rd_Apple",
        "WWNetworking"
      ],
      "product_memberships" : [
        "WWSignInWith3rd_Discord"
      ],
      "resources" : [
        {
          "path" : "/Users/admin/builder/spi-builder-workspace/Sources/WWSignInWith3rd_Discord/Material/Media.xcassets",
          "rule" : {
            "process" : {
            }
          }
        },
        {
          "path" : "/Users/admin/builder/spi-builder-workspace/Sources/WWSignInWith3rd_Discord/Privacy",
          "rule" : {
            "copy" : {
            }
          }
        }
      ],
      "sources" : [
        "Utility/Constant.swift",
        "WWSignInWith3rd_Discord.swift"
      ],
      "type" : "library"
    }
  ],
  "tools_version" : "5.7"
}
{
  "workspace" : {
    "name" : "WWSignInWith3rd_Discord",
    "schemes" : [
      "WWSignInWith3rd_Discord"
    ]
  }
}
2026-09-21 23:43:19.252 xcodebuild[730:4489] [MT] IDERunDestination: Supported platforms for the buildables in the current scheme is empty.
Running build ...
env DEVELOPER_DIR=/Applications/Xcode-27.0.0-Release.Candidate.app xcrun xcodebuild -IDEClonedSourcePackagesDirPathOverride=$PWD/.dependencies -skipMacroValidation -skipPackagePluginValidation -derivedDataPath $PWD/.derivedData build -scheme WWSignInWith3rd_Discord -destination generic/platform=xrOS
Command line invocation:
    /Applications/Xcode-27.0.0-Release.Candidate.app/Contents/Developer/usr/bin/xcodebuild -IDEClonedSourcePackagesDirPathOverride=/Users/admin/builder/spi-builder-workspace/.dependencies -skipMacroValidation -skipPackagePluginValidation -derivedDataPath /Users/admin/builder/spi-builder-workspace/.derivedData build -scheme WWSignInWith3rd_Discord -destination generic/platform=xrOS
Resolve Package Graph
Resolve Package Graph
Resolved source packages:
  WWSignInWith3rd_Discord: /Users/admin/builder/spi-builder-workspace
  WWNetworking: https://github.com/William-Weng/WWNetworking @ 1.7.6
  WWSignInWith3rd_Apple: https://github.com/William-Weng/WWSignInWith3rd_Apple @ 1.1.4
ComputePackagePrebuildTargetDependencyGraph
Prepare packages
CreateBuildRequest
SendProjectDescription
CreateBuildOperation
ComputeTargetDependencyGraph
note: Building targets in dependency order
note: Target dependency graph (9 targets)
    Target 'WWSignInWith3rd_Discord-product' in project 'WWSignInWith3rd_Discord'
        ➜ Explicit dependency on target 'WWSignInWith3rd_Discord' in project 'WWSignInWith3rd_Discord'
        ➜ Explicit dependency on target 'WWSignInWith3rd_Discord_WWSignInWith3rd_Discord' in project 'WWSignInWith3rd_Discord'
        ➜ Explicit dependency on target 'WWSignInWith3rd_Apple-product' in project 'WWSignInWith3rd_Apple'
        ➜ Explicit dependency on target 'WWNetworking-product' in project 'WWNetworking'
    Target 'WWSignInWith3rd_Discord' in project 'WWSignInWith3rd_Discord'
        ➜ Explicit dependency on target 'WWSignInWith3rd_Discord_WWSignInWith3rd_Discord' in project 'WWSignInWith3rd_Discord'
        ➜ Explicit dependency on target 'WWSignInWith3rd_Apple-product' in project 'WWSignInWith3rd_Apple'
        ➜ Explicit dependency on target 'WWNetworking-product' in project 'WWNetworking'
    Target 'WWNetworking-product' in project 'WWNetworking'
        ➜ Explicit dependency on target 'WWNetworking' in project 'WWNetworking'
        ➜ Explicit dependency on target 'WWNetworking_WWNetworking' in project 'WWNetworking'
    Target 'WWNetworking' in project 'WWNetworking'
        ➜ Explicit dependency on target 'WWNetworking_WWNetworking' in project 'WWNetworking'
    Target 'WWNetworking_WWNetworking' in project 'WWNetworking' (no dependencies)
    Target 'WWSignInWith3rd_Apple-product' in project 'WWSignInWith3rd_Apple'
        ➜ Explicit dependency on target 'WWSignInWith3rd_Apple' in project 'WWSignInWith3rd_Apple'
        ➜ Explicit dependency on target 'WWSignInWith3rd_Apple_WWSignInWith3rd_Apple' in project 'WWSignInWith3rd_Apple'
    Target 'WWSignInWith3rd_Apple' in project 'WWSignInWith3rd_Apple'
        ➜ Explicit dependency on target 'WWSignInWith3rd_Apple_WWSignInWith3rd_Apple' in project 'WWSignInWith3rd_Apple'
    Target 'WWSignInWith3rd_Apple_WWSignInWith3rd_Apple' in project 'WWSignInWith3rd_Apple' (no dependencies)
    Target 'WWSignInWith3rd_Discord_WWSignInWith3rd_Discord' in project 'WWSignInWith3rd_Discord' (no dependencies)
GatherProvisioningInputs
CreateBuildDescription
ExecuteExternalTool /Applications/Xcode-27.0.0-Release.Candidate.app/Contents/Developer/usr/bin/actool --version --output-format xml1
ExecuteExternalTool /Applications/Xcode-27.0.0-Release.Candidate.app/Contents/Developer/Toolchains/XcodeDefault.xctoolchain/usr/bin/swiftc --version
ExecuteExternalTool /Applications/Xcode-27.0.0-Release.Candidate.app/Contents/Developer/Toolchains/XcodeDefault.xctoolchain/usr/bin/clang -v -E -dM -isysroot /Applications/Xcode-27.0.0-Release.Candidate.app/Contents/Developer/Platforms/XROS.platform/Developer/SDKs/XROS27.0.sdk -x c -c /dev/null
ExecuteExternalTool /Applications/Xcode-27.0.0-Release.Candidate.app/Contents/Developer/Toolchains/XcodeDefault.xctoolchain/usr/bin/ld -version_details
Build description signature: 74b32fa6c1f3cea3be3c5d1564353b3c
Build description path: /Users/admin/builder/spi-builder-workspace/.derivedData/Build/Intermediates.noindex/XCBuildData/74b32fa6c1f3cea3be3c5d1564353b3c.xcbuilddata
CreateBuildDirectory /Users/admin/builder/spi-builder-workspace/.derivedData/SDKExplicitPrecompiledModules
    cd /Users/admin/builder/spi-builder-workspace/.swiftpm/xcode
    builtin-create-build-directory /Users/admin/builder/spi-builder-workspace/.derivedData/SDKExplicitPrecompiledModules
CreateBuildDirectory /Users/admin/builder/spi-builder-workspace/.derivedData/ModuleCache.noindex
    cd /Users/admin/builder/spi-builder-workspace/.swiftpm/xcode
    builtin-create-build-directory /Users/admin/builder/spi-builder-workspace/.derivedData/ModuleCache.noindex
CreateBuildDirectory /Users/admin/builder/spi-builder-workspace/.derivedData/CompilationCache.noindex
    cd /Users/admin/builder/spi-builder-workspace/.swiftpm/xcode
    builtin-create-build-directory /Users/admin/builder/spi-builder-workspace/.derivedData/CompilationCache.noindex
ClangStatCache /Applications/Xcode-27.0.0-Release.Candidate.app/Contents/Developer/Toolchains/XcodeDefault.xctoolchain/usr/bin/clang-stat-cache /Applications/Xcode-27.0.0-Release.Candidate.app/Contents/Developer/Platforms/XROS.platform/Developer/SDKs/XROS27.0.sdk /Users/admin/builder/spi-builder-workspace/.derivedData/SDKStatCaches.noindex/xros27.0-24M361-e829b21a6f8c9b70876ba0858053c044735bd543db762f57723cac368afd1ce4.sdkstatcache
    cd /Users/admin/builder/spi-builder-workspace/.swiftpm/xcode
    /Applications/Xcode-27.0.0-Release.Candidate.app/Contents/Developer/Toolchains/XcodeDefault.xctoolchain/usr/bin/clang-stat-cache /Applications/Xcode-27.0.0-Release.Candidate.app/Contents/Developer/Platforms/XROS.platform/Developer/SDKs/XROS27.0.sdk -o /Users/admin/builder/spi-builder-workspace/.derivedData/SDKStatCaches.noindex/xros27.0-24M361-e829b21a6f8c9b70876ba0858053c044735bd543db762f57723cac368afd1ce4.sdkstatcache
CreateBuildDirectory /Users/admin/builder/spi-builder-workspace/.derivedData/Build/Products
    cd /Users/admin/builder/spi-builder-workspace/.swiftpm/xcode
    builtin-create-build-directory /Users/admin/builder/spi-builder-workspace/.derivedData/Build/Products
CreateBuildDirectory /Users/admin/builder/spi-builder-workspace/.derivedData/Build/Intermediates.noindex
    cd /Users/admin/builder/spi-builder-workspace/.swiftpm/xcode
    builtin-create-build-directory /Users/admin/builder/spi-builder-workspace/.derivedData/Build/Intermediates.noindex
CreateBuildDirectory /Users/admin/builder/spi-builder-workspace/.derivedData/Build/Intermediates.noindex/SwiftExplicitPrecompiledModules
    cd /Users/admin/builder/spi-builder-workspace/.swiftpm/xcode
    builtin-create-build-directory /Users/admin/builder/spi-builder-workspace/.derivedData/Build/Intermediates.noindex/SwiftExplicitPrecompiledModules
CreateBuildDirectory /Users/admin/builder/spi-builder-workspace/.derivedData/Build/Products/Debug-xros
    cd /Users/admin/builder/spi-builder-workspace/.swiftpm/xcode
    builtin-create-build-directory /Users/admin/builder/spi-builder-workspace/.derivedData/Build/Products/Debug-xros
CreateBuildDirectory /Users/admin/builder/spi-builder-workspace/.derivedData/Build/Intermediates.noindex/ExplicitPrecompiledModules
    cd /Users/admin/builder/spi-builder-workspace/.swiftpm/xcode
    builtin-create-build-directory /Users/admin/builder/spi-builder-workspace/.derivedData/Build/Intermediates.noindex/ExplicitPrecompiledModules
CreateBuildDirectory /Users/admin/builder/spi-builder-workspace/.derivedData/Build/Intermediates.noindex/PrecompiledHeaders
    cd /Users/admin/builder/spi-builder-workspace/.swiftpm/xcode
    builtin-create-build-directory /Users/admin/builder/spi-builder-workspace/.derivedData/Build/Intermediates.noindex/PrecompiledHeaders
CreateBuildDirectory /Users/admin/builder/spi-builder-workspace/.derivedData/Build/Intermediates.noindex/EagerLinkingTBDs/Debug-xros
    cd /Users/admin/builder/spi-builder-workspace/.swiftpm/xcode
    builtin-create-build-directory /Users/admin/builder/spi-builder-workspace/.derivedData/Build/Intermediates.noindex/EagerLinkingTBDs/Debug-xros
CreateBuildDirectory /Users/admin/builder/spi-builder-workspace/.derivedData/Build/Products/Debug-xros/PackageFrameworks
    cd /Users/admin/builder/spi-builder-workspace/.swiftpm/xcode
    builtin-create-build-directory /Users/admin/builder/spi-builder-workspace/.derivedData/Build/Products/Debug-xros/PackageFrameworks
MkDir /Users/admin/builder/spi-builder-workspace/.derivedData/Build/Products/Debug-xros/WWSignInWith3rd_Discord_WWSignInWith3rd_Discord.bundle (in target 'WWSignInWith3rd_Discord_WWSignInWith3rd_Discord' from project 'WWSignInWith3rd_Discord')
    cd /Users/admin/builder/spi-builder-workspace
    /bin/mkdir -p /Users/admin/builder/spi-builder-workspace/.derivedData/Build/Products/Debug-xros/WWSignInWith3rd_Discord_WWSignInWith3rd_Discord.bundle
WriteAuxiliaryFile /Users/admin/builder/spi-builder-workspace/.derivedData/Build/Intermediates.noindex/WWSignInWith3rd_Discord.build/Debug-xros/WWSignInWith3rd_Discord_WWSignInWith3rd_Discord-b.build/WWSignInWith3rd_Discord_WWSignInWith3rd_Discord.DependencyMetadataFileList (in target 'WWSignInWith3rd_Discord_WWSignInWith3rd_Discord' from project 'WWSignInWith3rd_Discord')
    cd /Users/admin/builder/spi-builder-workspace
    write-file /Users/admin/builder/spi-builder-workspace/.derivedData/Build/Intermediates.noindex/WWSignInWith3rd_Discord.build/Debug-xros/WWSignInWith3rd_Discord_WWSignInWith3rd_Discord-b.build/WWSignInWith3rd_Discord_WWSignInWith3rd_Discord.DependencyMetadataFileList
WriteAuxiliaryFile /Users/admin/builder/spi-builder-workspace/.derivedData/Build/Intermediates.noindex/WWSignInWith3rd_Discord.build/Debug-xros/WWSignInWith3rd_Discord_WWSignInWith3rd_Discord-b.build/empty-WWSignInWith3rd_Discord_WWSignInWith3rd_Discord.plist (in target 'WWSignInWith3rd_Discord_WWSignInWith3rd_Discord' from project 'WWSignInWith3rd_Discord')
    cd /Users/admin/builder/spi-builder-workspace
    write-file /Users/admin/builder/spi-builder-workspace/.derivedData/Build/Intermediates.noindex/WWSignInWith3rd_Discord.build/Debug-xros/WWSignInWith3rd_Discord_WWSignInWith3rd_Discord-b.build/empty-WWSignInWith3rd_Discord_WWSignInWith3rd_Discord.plist
WriteAuxiliaryFile /Users/admin/builder/spi-builder-workspace/.derivedData/Build/Intermediates.noindex/WWSignInWith3rd_Discord.build/Debug-xros/WWSignInWith3rd_Discord_WWSignInWith3rd_Discord-b.build/WWSignInWith3rd_Discord_WWSignInWith3rd_Discord.DependencyStaticMetadataFileList (in target 'WWSignInWith3rd_Discord_WWSignInWith3rd_Discord' from project 'WWSignInWith3rd_Discord')
    cd /Users/admin/builder/spi-builder-workspace
    write-file /Users/admin/builder/spi-builder-workspace/.derivedData/Build/Intermediates.noindex/WWSignInWith3rd_Discord.build/Debug-xros/WWSignInWith3rd_Discord_WWSignInWith3rd_Discord-b.build/WWSignInWith3rd_Discord_WWSignInWith3rd_Discord.DependencyStaticMetadataFileList
WriteAuxiliaryFile /Users/admin/builder/spi-builder-workspace/.derivedData/Build/Intermediates.noindex/WWSignInWith3rd_Discord.build/Debug-xros/WWSignInWith3rd_Discord-t.build/WWSignInWith3rd_Discord.modulemap (in target 'WWSignInWith3rd_Discord' from project 'WWSignInWith3rd_Discord')
    cd /Users/admin/builder/spi-builder-workspace
    write-file /Users/admin/builder/spi-builder-workspace/.derivedData/Build/Intermediates.noindex/WWSignInWith3rd_Discord.build/Debug-xros/WWSignInWith3rd_Discord-t.build/WWSignInWith3rd_Discord.modulemap
WriteAuxiliaryFile /Users/admin/builder/spi-builder-workspace/.derivedData/Build/Intermediates.noindex/WWSignInWith3rd_Discord.build/Debug-xros/WWSignInWith3rd_Discord-t.build/WWSignInWith3rd_Discord.DependencyMetadataFileList (in target 'WWSignInWith3rd_Discord' from project 'WWSignInWith3rd_Discord')
    cd /Users/admin/builder/spi-builder-workspace
    write-file /Users/admin/builder/spi-builder-workspace/.derivedData/Build/Intermediates.noindex/WWSignInWith3rd_Discord.build/Debug-xros/WWSignInWith3rd_Discord-t.build/WWSignInWith3rd_Discord.DependencyMetadataFileList
WriteAuxiliaryFile /Users/admin/builder/spi-builder-workspace/.derivedData/Build/Intermediates.noindex/WWSignInWith3rd_Discord.build/Debug-xros/WWSignInWith3rd_Discord-t.build/WWSignInWith3rd_Discord.DependencyStaticMetadataFileList (in target 'WWSignInWith3rd_Discord' from project 'WWSignInWith3rd_Discord')
    cd /Users/admin/builder/spi-builder-workspace
    write-file /Users/admin/builder/spi-builder-workspace/.derivedData/Build/Intermediates.noindex/WWSignInWith3rd_Discord.build/Debug-xros/WWSignInWith3rd_Discord-t.build/WWSignInWith3rd_Discord.DependencyStaticMetadataFileList
WriteAuxiliaryFile /Users/admin/builder/spi-builder-workspace/.derivedData/Build/Intermediates.noindex/WWSignInWith3rd_Discord.build/Debug-xros/WWSignInWith3rd_Discord-t.build/Objects-normal/arm64/WWSignInWith3rd_Discord_const_extract_protocols.json (in target 'WWSignInWith3rd_Discord' from project 'WWSignInWith3rd_Discord')
    cd /Users/admin/builder/spi-builder-workspace
    write-file /Users/admin/builder/spi-builder-workspace/.derivedData/Build/Intermediates.noindex/WWSignInWith3rd_Discord.build/Debug-xros/WWSignInWith3rd_Discord-t.build/Objects-normal/arm64/WWSignInWith3rd_Discord_const_extract_protocols.json
WriteAuxiliaryFile /Users/admin/builder/spi-builder-workspace/.derivedData/Build/Intermediates.noindex/WWSignInWith3rd_Discord.build/Debug-xros/WWSignInWith3rd_Discord-t.build/Objects-normal/arm64/WWSignInWith3rd_Discord.SwiftConstValuesFileList (in target 'WWSignInWith3rd_Discord' from project 'WWSignInWith3rd_Discord')
    cd /Users/admin/builder/spi-builder-workspace
    write-file /Users/admin/builder/spi-builder-workspace/.derivedData/Build/Intermediates.noindex/WWSignInWith3rd_Discord.build/Debug-xros/WWSignInWith3rd_Discord-t.build/Objects-normal/arm64/WWSignInWith3rd_Discord.SwiftConstValuesFileList
WriteAuxiliaryFile /Users/admin/builder/spi-builder-workspace/.derivedData/Build/Intermediates.noindex/WWSignInWith3rd_Discord.build/Debug-xros/WWSignInWith3rd_Discord-t.build/Objects-normal/arm64/WWSignInWith3rd_Discord.SwiftFileList (in target 'WWSignInWith3rd_Discord' from project 'WWSignInWith3rd_Discord')
    cd /Users/admin/builder/spi-builder-workspace
    write-file /Users/admin/builder/spi-builder-workspace/.derivedData/Build/Intermediates.noindex/WWSignInWith3rd_Discord.build/Debug-xros/WWSignInWith3rd_Discord-t.build/Objects-normal/arm64/WWSignInWith3rd_Discord.SwiftFileList
WriteAuxiliaryFile /Users/admin/builder/spi-builder-workspace/.derivedData/Build/Intermediates.noindex/WWSignInWith3rd_Discord.build/Debug-xros/WWSignInWith3rd_Discord-t.build/Objects-normal/arm64/WWSignInWith3rd_Discord.LinkFileList (in target 'WWSignInWith3rd_Discord' from project 'WWSignInWith3rd_Discord')
    cd /Users/admin/builder/spi-builder-workspace
    write-file /Users/admin/builder/spi-builder-workspace/.derivedData/Build/Intermediates.noindex/WWSignInWith3rd_Discord.build/Debug-xros/WWSignInWith3rd_Discord-t.build/Objects-normal/arm64/WWSignInWith3rd_Discord.LinkFileList
WriteAuxiliaryFile /Users/admin/builder/spi-builder-workspace/.derivedData/Build/Intermediates.noindex/WWSignInWith3rd_Discord.build/Debug-xros/WWSignInWith3rd_Discord-t.build/Objects-normal/arm64/WWSignInWith3rd_Discord-OutputFileMap.json (in target 'WWSignInWith3rd_Discord' from project 'WWSignInWith3rd_Discord')
    cd /Users/admin/builder/spi-builder-workspace
    write-file /Users/admin/builder/spi-builder-workspace/.derivedData/Build/Intermediates.noindex/WWSignInWith3rd_Discord.build/Debug-xros/WWSignInWith3rd_Discord-t.build/Objects-normal/arm64/WWSignInWith3rd_Discord-OutputFileMap.json
WriteAuxiliaryFile /Users/admin/builder/spi-builder-workspace/.derivedData/Build/Intermediates.noindex/WWSignInWith3rd_Discord.build/Debug-xros/WWSignInWith3rd_Discord-t.build/DerivedSources/resource_bundle_accessor.swift (in target 'WWSignInWith3rd_Discord' from project 'WWSignInWith3rd_Discord')
    cd /Users/admin/builder/spi-builder-workspace
    write-file /Users/admin/builder/spi-builder-workspace/.derivedData/Build/Intermediates.noindex/WWSignInWith3rd_Discord.build/Debug-xros/WWSignInWith3rd_Discord-t.build/DerivedSources/resource_bundle_accessor.swift
WriteAuxiliaryFile /Users/admin/builder/spi-builder-workspace/.derivedData/Build/Intermediates.noindex/WWSignInWith3rd_Apple.build/Debug-xros/WWSignInWith3rd_Apple_WWSignInWith3rd_Apple-b.build/empty-WWSignInWith3rd_Apple_WWSignInWith3rd_Apple.plist (in target 'WWSignInWith3rd_Apple_WWSignInWith3rd_Apple' from project 'WWSignInWith3rd_Apple')
    cd /Users/admin/builder/spi-builder-workspace/.dependencies/checkouts/WWSignInWith3rd_Apple
    write-file /Users/admin/builder/spi-builder-workspace/.derivedData/Build/Intermediates.noindex/WWSignInWith3rd_Apple.build/Debug-xros/WWSignInWith3rd_Apple_WWSignInWith3rd_Apple-b.build/empty-WWSignInWith3rd_Apple_WWSignInWith3rd_Apple.plist
WriteAuxiliaryFile /Users/admin/builder/spi-builder-workspace/.derivedData/Build/Intermediates.noindex/WWSignInWith3rd_Apple.build/Debug-xros/WWSignInWith3rd_Apple_WWSignInWith3rd_Apple-b.build/WWSignInWith3rd_Apple_WWSignInWith3rd_Apple.DependencyStaticMetadataFileList (in target 'WWSignInWith3rd_Apple_WWSignInWith3rd_Apple' from project 'WWSignInWith3rd_Apple')
    cd /Users/admin/builder/spi-builder-workspace/.dependencies/checkouts/WWSignInWith3rd_Apple
    write-file /Users/admin/builder/spi-builder-workspace/.derivedData/Build/Intermediates.noindex/WWSignInWith3rd_Apple.build/Debug-xros/WWSignInWith3rd_Apple_WWSignInWith3rd_Apple-b.build/WWSignInWith3rd_Apple_WWSignInWith3rd_Apple.DependencyStaticMetadataFileList
Copy /Users/admin/builder/spi-builder-workspace/.derivedData/Build/Intermediates.noindex/GeneratedModuleMaps-xros/WWSignInWith3rd_Discord.modulemap /Users/admin/builder/spi-builder-workspace/.derivedData/Build/Intermediates.noindex/WWSignInWith3rd_Discord.build/Debug-xros/WWSignInWith3rd_Discord-t.build/WWSignInWith3rd_Discord.modulemap (in target 'WWSignInWith3rd_Discord' from project 'WWSignInWith3rd_Discord')
    cd /Users/admin/builder/spi-builder-workspace
    builtin-copy -exclude .DS_Store -exclude CVS -exclude .svn -exclude .git -exclude .hg -resolve-src-symlinks /Users/admin/builder/spi-builder-workspace/.derivedData/Build/Intermediates.noindex/WWSignInWith3rd_Discord.build/Debug-xros/WWSignInWith3rd_Discord-t.build/WWSignInWith3rd_Discord.modulemap /Users/admin/builder/spi-builder-workspace/.derivedData/Build/Intermediates.noindex/GeneratedModuleMaps-xros
WriteAuxiliaryFile /Users/admin/builder/spi-builder-workspace/.derivedData/Build/Intermediates.noindex/WWSignInWith3rd_Apple.build/Debug-xros/WWSignInWith3rd_Apple_WWSignInWith3rd_Apple-b.build/WWSignInWith3rd_Apple_WWSignInWith3rd_Apple.DependencyMetadataFileList (in target 'WWSignInWith3rd_Apple_WWSignInWith3rd_Apple' from project 'WWSignInWith3rd_Apple')
    cd /Users/admin/builder/spi-builder-workspace/.dependencies/checkouts/WWSignInWith3rd_Apple
    write-file /Users/admin/builder/spi-builder-workspace/.derivedData/Build/Intermediates.noindex/WWSignInWith3rd_Apple.build/Debug-xros/WWSignInWith3rd_Apple_WWSignInWith3rd_Apple-b.build/WWSignInWith3rd_Apple_WWSignInWith3rd_Apple.DependencyMetadataFileList
WriteAuxiliaryFile /Users/admin/builder/spi-builder-workspace/.derivedData/Build/Intermediates.noindex/WWSignInWith3rd_Apple.build/Debug-xros/WWSignInWith3rd_Apple-t.build/WWSignInWith3rd_Apple.modulemap (in target 'WWSignInWith3rd_Apple' from project 'WWSignInWith3rd_Apple')
    cd /Users/admin/builder/spi-builder-workspace/.dependencies/checkouts/WWSignInWith3rd_Apple
    write-file /Users/admin/builder/spi-builder-workspace/.derivedData/Build/Intermediates.noindex/WWSignInWith3rd_Apple.build/Debug-xros/WWSignInWith3rd_Apple-t.build/WWSignInWith3rd_Apple.modulemap
WriteAuxiliaryFile /Users/admin/builder/spi-builder-workspace/.derivedData/Build/Intermediates.noindex/WWSignInWith3rd_Apple.build/Debug-xros/WWSignInWith3rd_Apple-t.build/WWSignInWith3rd_Apple.DependencyStaticMetadataFileList (in target 'WWSignInWith3rd_Apple' from project 'WWSignInWith3rd_Apple')
    cd /Users/admin/builder/spi-builder-workspace/.dependencies/checkouts/WWSignInWith3rd_Apple
    write-file /Users/admin/builder/spi-builder-workspace/.derivedData/Build/Intermediates.noindex/WWSignInWith3rd_Apple.build/Debug-xros/WWSignInWith3rd_Apple-t.build/WWSignInWith3rd_Apple.DependencyStaticMetadataFileList
WriteAuxiliaryFile /Users/admin/builder/spi-builder-workspace/.derivedData/Build/Intermediates.noindex/WWSignInWith3rd_Apple.build/Debug-xros/WWSignInWith3rd_Apple-t.build/WWSignInWith3rd_Apple.DependencyMetadataFileList (in target 'WWSignInWith3rd_Apple' from project 'WWSignInWith3rd_Apple')
    cd /Users/admin/builder/spi-builder-workspace/.dependencies/checkouts/WWSignInWith3rd_Apple
    write-file /Users/admin/builder/spi-builder-workspace/.derivedData/Build/Intermediates.noindex/WWSignInWith3rd_Apple.build/Debug-xros/WWSignInWith3rd_Apple-t.build/WWSignInWith3rd_Apple.DependencyMetadataFileList
WriteAuxiliaryFile /Users/admin/builder/spi-builder-workspace/.derivedData/Build/Intermediates.noindex/WWSignInWith3rd_Apple.build/Debug-xros/WWSignInWith3rd_Apple-t.build/Objects-normal/arm64/WWSignInWith3rd_Apple.SwiftFileList (in target 'WWSignInWith3rd_Apple' from project 'WWSignInWith3rd_Apple')
    cd /Users/admin/builder/spi-builder-workspace/.dependencies/checkouts/WWSignInWith3rd_Apple
    write-file /Users/admin/builder/spi-builder-workspace/.derivedData/Build/Intermediates.noindex/WWSignInWith3rd_Apple.build/Debug-xros/WWSignInWith3rd_Apple-t.build/Objects-normal/arm64/WWSignInWith3rd_Apple.SwiftFileList
WriteAuxiliaryFile /Users/admin/builder/spi-builder-workspace/.derivedData/Build/Intermediates.noindex/WWSignInWith3rd_Apple.build/Debug-xros/WWSignInWith3rd_Apple-t.build/Objects-normal/arm64/WWSignInWith3rd_Apple_const_extract_protocols.json (in target 'WWSignInWith3rd_Apple' from project 'WWSignInWith3rd_Apple')
    cd /Users/admin/builder/spi-builder-workspace/.dependencies/checkouts/WWSignInWith3rd_Apple
    write-file /Users/admin/builder/spi-builder-workspace/.derivedData/Build/Intermediates.noindex/WWSignInWith3rd_Apple.build/Debug-xros/WWSignInWith3rd_Apple-t.build/Objects-normal/arm64/WWSignInWith3rd_Apple_const_extract_protocols.json
WriteAuxiliaryFile /Users/admin/builder/spi-builder-workspace/.derivedData/Build/Intermediates.noindex/WWSignInWith3rd_Apple.build/Debug-xros/WWSignInWith3rd_Apple-t.build/Objects-normal/arm64/WWSignInWith3rd_Apple-OutputFileMap.json (in target 'WWSignInWith3rd_Apple' from project 'WWSignInWith3rd_Apple')
    cd /Users/admin/builder/spi-builder-workspace/.dependencies/checkouts/WWSignInWith3rd_Apple
    write-file /Users/admin/builder/spi-builder-workspace/.derivedData/Build/Intermediates.noindex/WWSignInWith3rd_Apple.build/Debug-xros/WWSignInWith3rd_Apple-t.build/Objects-normal/arm64/WWSignInWith3rd_Apple-OutputFileMap.json
WriteAuxiliaryFile /Users/admin/builder/spi-builder-workspace/.derivedData/Build/Intermediates.noindex/WWSignInWith3rd_Apple.build/Debug-xros/WWSignInWith3rd_Apple-t.build/Objects-normal/arm64/WWSignInWith3rd_Apple.SwiftConstValuesFileList (in target 'WWSignInWith3rd_Apple' from project 'WWSignInWith3rd_Apple')
    cd /Users/admin/builder/spi-builder-workspace/.dependencies/checkouts/WWSignInWith3rd_Apple
    write-file /Users/admin/builder/spi-builder-workspace/.derivedData/Build/Intermediates.noindex/WWSignInWith3rd_Apple.build/Debug-xros/WWSignInWith3rd_Apple-t.build/Objects-normal/arm64/WWSignInWith3rd_Apple.SwiftConstValuesFileList
WriteAuxiliaryFile /Users/admin/builder/spi-builder-workspace/.derivedData/Build/Intermediates.noindex/WWSignInWith3rd_Apple.build/Debug-xros/WWSignInWith3rd_Apple-t.build/Objects-normal/arm64/WWSignInWith3rd_Apple.LinkFileList (in target 'WWSignInWith3rd_Apple' from project 'WWSignInWith3rd_Apple')
    cd /Users/admin/builder/spi-builder-workspace/.dependencies/checkouts/WWSignInWith3rd_Apple
    write-file /Users/admin/builder/spi-builder-workspace/.derivedData/Build/Intermediates.noindex/WWSignInWith3rd_Apple.build/Debug-xros/WWSignInWith3rd_Apple-t.build/Objects-normal/arm64/WWSignInWith3rd_Apple.LinkFileList
WriteAuxiliaryFile /Users/admin/builder/spi-builder-workspace/.derivedData/Build/Intermediates.noindex/WWSignInWith3rd_Apple.build/Debug-xros/WWSignInWith3rd_Apple-t.build/DerivedSources/resource_bundle_accessor.swift (in target 'WWSignInWith3rd_Apple' from project 'WWSignInWith3rd_Apple')
    cd /Users/admin/builder/spi-builder-workspace/.dependencies/checkouts/WWSignInWith3rd_Apple
    write-file /Users/admin/builder/spi-builder-workspace/.derivedData/Build/Intermediates.noindex/WWSignInWith3rd_Apple.build/Debug-xros/WWSignInWith3rd_Apple-t.build/DerivedSources/resource_bundle_accessor.swift
WriteAuxiliaryFile /Users/admin/builder/spi-builder-workspace/.derivedData/Build/Intermediates.noindex/WWNetworking.build/Debug-xros/WWNetworking_WWNetworking-b.build/empty-WWNetworking_WWNetworking.plist (in target 'WWNetworking_WWNetworking' from project 'WWNetworking')
    cd /Users/admin/builder/spi-builder-workspace/.dependencies/checkouts/WWNetworking
    write-file /Users/admin/builder/spi-builder-workspace/.derivedData/Build/Intermediates.noindex/WWNetworking.build/Debug-xros/WWNetworking_WWNetworking-b.build/empty-WWNetworking_WWNetworking.plist
WriteAuxiliaryFile /Users/admin/builder/spi-builder-workspace/.derivedData/Build/Intermediates.noindex/WWNetworking.build/Debug-xros/WWNetworking_WWNetworking-b.build/WWNetworking_WWNetworking.DependencyStaticMetadataFileList (in target 'WWNetworking_WWNetworking' from project 'WWNetworking')
    cd /Users/admin/builder/spi-builder-workspace/.dependencies/checkouts/WWNetworking
    write-file /Users/admin/builder/spi-builder-workspace/.derivedData/Build/Intermediates.noindex/WWNetworking.build/Debug-xros/WWNetworking_WWNetworking-b.build/WWNetworking_WWNetworking.DependencyStaticMetadataFileList
Copy /Users/admin/builder/spi-builder-workspace/.derivedData/Build/Intermediates.noindex/GeneratedModuleMaps-xros/WWSignInWith3rd_Apple.modulemap /Users/admin/builder/spi-builder-workspace/.derivedData/Build/Intermediates.noindex/WWSignInWith3rd_Apple.build/Debug-xros/WWSignInWith3rd_Apple-t.build/WWSignInWith3rd_Apple.modulemap (in target 'WWSignInWith3rd_Apple' from project 'WWSignInWith3rd_Apple')
    cd /Users/admin/builder/spi-builder-workspace/.dependencies/checkouts/WWSignInWith3rd_Apple
    builtin-copy -exclude .DS_Store -exclude CVS -exclude .svn -exclude .git -exclude .hg -resolve-src-symlinks /Users/admin/builder/spi-builder-workspace/.derivedData/Build/Intermediates.noindex/WWSignInWith3rd_Apple.build/Debug-xros/WWSignInWith3rd_Apple-t.build/WWSignInWith3rd_Apple.modulemap /Users/admin/builder/spi-builder-workspace/.derivedData/Build/Intermediates.noindex/GeneratedModuleMaps-xros
WriteAuxiliaryFile /Users/admin/builder/spi-builder-workspace/.derivedData/Build/Intermediates.noindex/WWNetworking.build/Debug-xros/WWNetworking_WWNetworking-b.build/WWNetworking_WWNetworking.DependencyMetadataFileList (in target 'WWNetworking_WWNetworking' from project 'WWNetworking')
    cd /Users/admin/builder/spi-builder-workspace/.dependencies/checkouts/WWNetworking
    write-file /Users/admin/builder/spi-builder-workspace/.derivedData/Build/Intermediates.noindex/WWNetworking.build/Debug-xros/WWNetworking_WWNetworking-b.build/WWNetworking_WWNetworking.DependencyMetadataFileList
MkDir /Users/admin/builder/spi-builder-workspace/.derivedData/Build/Products/Debug-xros/WWSignInWith3rd_Apple_WWSignInWith3rd_Apple.bundle (in target 'WWSignInWith3rd_Apple_WWSignInWith3rd_Apple' from project 'WWSignInWith3rd_Apple')
    cd /Users/admin/builder/spi-builder-workspace/.dependencies/checkouts/WWSignInWith3rd_Apple
    /bin/mkdir -p /Users/admin/builder/spi-builder-workspace/.derivedData/Build/Products/Debug-xros/WWSignInWith3rd_Apple_WWSignInWith3rd_Apple.bundle
MkDir /Users/admin/builder/spi-builder-workspace/.derivedData/Build/Products/Debug-xros/WWNetworking_WWNetworking.bundle (in target 'WWNetworking_WWNetworking' from project 'WWNetworking')
    cd /Users/admin/builder/spi-builder-workspace/.dependencies/checkouts/WWNetworking
    /bin/mkdir -p /Users/admin/builder/spi-builder-workspace/.derivedData/Build/Products/Debug-xros/WWNetworking_WWNetworking.bundle
WriteAuxiliaryFile /Users/admin/builder/spi-builder-workspace/.derivedData/Build/Intermediates.noindex/WWNetworking.build/Debug-xros/WWNetworking-t.build/WWNetworking.DependencyStaticMetadataFileList (in target 'WWNetworking' from project 'WWNetworking')
    cd /Users/admin/builder/spi-builder-workspace/.dependencies/checkouts/WWNetworking
    write-file /Users/admin/builder/spi-builder-workspace/.derivedData/Build/Intermediates.noindex/WWNetworking.build/Debug-xros/WWNetworking-t.build/WWNetworking.DependencyStaticMetadataFileList
WriteAuxiliaryFile /Users/admin/builder/spi-builder-workspace/.derivedData/Build/Intermediates.noindex/WWNetworking.build/Debug-xros/WWNetworking-t.build/WWNetworking.modulemap (in target 'WWNetworking' from project 'WWNetworking')
    cd /Users/admin/builder/spi-builder-workspace/.dependencies/checkouts/WWNetworking
    write-file /Users/admin/builder/spi-builder-workspace/.derivedData/Build/Intermediates.noindex/WWNetworking.build/Debug-xros/WWNetworking-t.build/WWNetworking.modulemap
WriteAuxiliaryFile /Users/admin/builder/spi-builder-workspace/.derivedData/Build/Intermediates.noindex/WWNetworking.build/Debug-xros/WWNetworking-t.build/WWNetworking.DependencyMetadataFileList (in target 'WWNetworking' from project 'WWNetworking')
    cd /Users/admin/builder/spi-builder-workspace/.dependencies/checkouts/WWNetworking
    write-file /Users/admin/builder/spi-builder-workspace/.derivedData/Build/Intermediates.noindex/WWNetworking.build/Debug-xros/WWNetworking-t.build/WWNetworking.DependencyMetadataFileList
WriteAuxiliaryFile /Users/admin/builder/spi-builder-workspace/.derivedData/Build/Intermediates.noindex/WWNetworking.build/Debug-xros/WWNetworking-t.build/Objects-normal/arm64/WWNetworking_const_extract_protocols.json (in target 'WWNetworking' from project 'WWNetworking')
    cd /Users/admin/builder/spi-builder-workspace/.dependencies/checkouts/WWNetworking
    write-file /Users/admin/builder/spi-builder-workspace/.derivedData/Build/Intermediates.noindex/WWNetworking.build/Debug-xros/WWNetworking-t.build/Objects-normal/arm64/WWNetworking_const_extract_protocols.json
WriteAuxiliaryFile /Users/admin/builder/spi-builder-workspace/.derivedData/Build/Intermediates.noindex/WWNetworking.build/Debug-xros/WWNetworking-t.build/Objects-normal/arm64/WWNetworking.SwiftFileList (in target 'WWNetworking' from project 'WWNetworking')
    cd /Users/admin/builder/spi-builder-workspace/.dependencies/checkouts/WWNetworking
    write-file /Users/admin/builder/spi-builder-workspace/.derivedData/Build/Intermediates.noindex/WWNetworking.build/Debug-xros/WWNetworking-t.build/Objects-normal/arm64/WWNetworking.SwiftFileList
WriteAuxiliaryFile /Users/admin/builder/spi-builder-workspace/.derivedData/Build/Intermediates.noindex/WWNetworking.build/Debug-xros/WWNetworking-t.build/Objects-normal/arm64/WWNetworking.SwiftConstValuesFileList (in target 'WWNetworking' from project 'WWNetworking')
    cd /Users/admin/builder/spi-builder-workspace/.dependencies/checkouts/WWNetworking
    write-file /Users/admin/builder/spi-builder-workspace/.derivedData/Build/Intermediates.noindex/WWNetworking.build/Debug-xros/WWNetworking-t.build/Objects-normal/arm64/WWNetworking.SwiftConstValuesFileList
WriteAuxiliaryFile /Users/admin/builder/spi-builder-workspace/.derivedData/Build/Intermediates.noindex/WWNetworking.build/Debug-xros/WWNetworking-t.build/Objects-normal/arm64/WWNetworking.LinkFileList (in target 'WWNetworking' from project 'WWNetworking')
    cd /Users/admin/builder/spi-builder-workspace/.dependencies/checkouts/WWNetworking
    write-file /Users/admin/builder/spi-builder-workspace/.derivedData/Build/Intermediates.noindex/WWNetworking.build/Debug-xros/WWNetworking-t.build/Objects-normal/arm64/WWNetworking.LinkFileList
WriteAuxiliaryFile /Users/admin/builder/spi-builder-workspace/.derivedData/Build/Intermediates.noindex/WWNetworking.build/Debug-xros/WWNetworking-t.build/Objects-normal/arm64/WWNetworking-OutputFileMap.json (in target 'WWNetworking' from project 'WWNetworking')
    cd /Users/admin/builder/spi-builder-workspace/.dependencies/checkouts/WWNetworking
    write-file /Users/admin/builder/spi-builder-workspace/.derivedData/Build/Intermediates.noindex/WWNetworking.build/Debug-xros/WWNetworking-t.build/Objects-normal/arm64/WWNetworking-OutputFileMap.json
WriteAuxiliaryFile /Users/admin/builder/spi-builder-workspace/.derivedData/Build/Intermediates.noindex/WWNetworking.build/Debug-xros/WWNetworking-t.build/DerivedSources/resource_bundle_accessor.swift (in target 'WWNetworking' from project 'WWNetworking')
    cd /Users/admin/builder/spi-builder-workspace/.dependencies/checkouts/WWNetworking
    write-file /Users/admin/builder/spi-builder-workspace/.derivedData/Build/Intermediates.noindex/WWNetworking.build/Debug-xros/WWNetworking-t.build/DerivedSources/resource_bundle_accessor.swift
Copy /Users/admin/builder/spi-builder-workspace/.derivedData/Build/Intermediates.noindex/GeneratedModuleMaps-xros/WWNetworking.modulemap /Users/admin/builder/spi-builder-workspace/.derivedData/Build/Intermediates.noindex/WWNetworking.build/Debug-xros/WWNetworking-t.build/WWNetworking.modulemap (in target 'WWNetworking' from project 'WWNetworking')
    cd /Users/admin/builder/spi-builder-workspace/.dependencies/checkouts/WWNetworking
    builtin-copy -exclude .DS_Store -exclude CVS -exclude .svn -exclude .git -exclude .hg -resolve-src-symlinks /Users/admin/builder/spi-builder-workspace/.derivedData/Build/Intermediates.noindex/WWNetworking.build/Debug-xros/WWNetworking-t.build/WWNetworking.modulemap /Users/admin/builder/spi-builder-workspace/.derivedData/Build/Intermediates.noindex/GeneratedModuleMaps-xros
MkDir /Users/admin/builder/spi-builder-workspace/.derivedData/Build/Intermediates.noindex/WWSignInWith3rd_Discord.build/Debug-xros/WWSignInWith3rd_Discord_WWSignInWith3rd_Discord-b.build/assetcatalog_output/thinned (in target 'WWSignInWith3rd_Discord_WWSignInWith3rd_Discord' from project 'WWSignInWith3rd_Discord')
    cd /Users/admin/builder/spi-builder-workspace
    /bin/mkdir -p /Users/admin/builder/spi-builder-workspace/.derivedData/Build/Intermediates.noindex/WWSignInWith3rd_Discord.build/Debug-xros/WWSignInWith3rd_Discord_WWSignInWith3rd_Discord-b.build/assetcatalog_output/thinned
MkDir /Users/admin/builder/spi-builder-workspace/.derivedData/Build/Intermediates.noindex/WWSignInWith3rd_Discord.build/Debug-xros/WWSignInWith3rd_Discord_WWSignInWith3rd_Discord-b.build/assetcatalog_output/unthinned (in target 'WWSignInWith3rd_Discord_WWSignInWith3rd_Discord' from project 'WWSignInWith3rd_Discord')
    cd /Users/admin/builder/spi-builder-workspace
    /bin/mkdir -p /Users/admin/builder/spi-builder-workspace/.derivedData/Build/Intermediates.noindex/WWSignInWith3rd_Discord.build/Debug-xros/WWSignInWith3rd_Discord_WWSignInWith3rd_Discord-b.build/assetcatalog_output/unthinned
CpResource /Users/admin/builder/spi-builder-workspace/.derivedData/Build/Products/Debug-xros/WWSignInWith3rd_Discord_WWSignInWith3rd_Discord.bundle/Privacy /Users/admin/builder/spi-builder-workspace/Sources/WWSignInWith3rd_Discord/Privacy (in target 'WWSignInWith3rd_Discord_WWSignInWith3rd_Discord' from project 'WWSignInWith3rd_Discord')
    cd /Users/admin/builder/spi-builder-workspace
    builtin-copy -exclude .DS_Store -exclude CVS -exclude .svn -exclude .git -exclude .hg -resolve-src-symlinks /Users/admin/builder/spi-builder-workspace/Sources/WWSignInWith3rd_Discord/Privacy /Users/admin/builder/spi-builder-workspace/.derivedData/Build/Products/Debug-xros/WWSignInWith3rd_Discord_WWSignInWith3rd_Discord.bundle
ProcessInfoPlistFile /Users/admin/builder/spi-builder-workspace/.derivedData/Build/Products/Debug-xros/WWSignInWith3rd_Apple_WWSignInWith3rd_Apple.bundle/Info.plist /Users/admin/builder/spi-builder-workspace/.derivedData/Build/Intermediates.noindex/WWSignInWith3rd_Apple.build/Debug-xros/WWSignInWith3rd_Apple_WWSignInWith3rd_Apple-b.build/empty-WWSignInWith3rd_Apple_WWSignInWith3rd_Apple.plist (in target 'WWSignInWith3rd_Apple_WWSignInWith3rd_Apple' from project 'WWSignInWith3rd_Apple')
    cd /Users/admin/builder/spi-builder-workspace/.dependencies/checkouts/WWSignInWith3rd_Apple
    builtin-infoPlistUtility /Users/admin/builder/spi-builder-workspace/.derivedData/Build/Intermediates.noindex/WWSignInWith3rd_Apple.build/Debug-xros/WWSignInWith3rd_Apple_WWSignInWith3rd_Apple-b.build/empty-WWSignInWith3rd_Apple_WWSignInWith3rd_Apple.plist -producttype com.apple.product-type.bundle -expandbuildsettings -format binary -platform xros -o /Users/admin/builder/spi-builder-workspace/.derivedData/Build/Products/Debug-xros/WWSignInWith3rd_Apple_WWSignInWith3rd_Apple.bundle/Info.plist
CpResource /Users/admin/builder/spi-builder-workspace/.derivedData/Build/Products/Debug-xros/WWSignInWith3rd_Apple_WWSignInWith3rd_Apple.bundle/Privacy /Users/admin/builder/spi-builder-workspace/.dependencies/checkouts/WWSignInWith3rd_Apple/Sources/WWSignInWith3rd_Apple/Privacy (in target 'WWSignInWith3rd_Apple_WWSignInWith3rd_Apple' from project 'WWSignInWith3rd_Apple')
    cd /Users/admin/builder/spi-builder-workspace/.dependencies/checkouts/WWSignInWith3rd_Apple
    builtin-copy -exclude .DS_Store -exclude CVS -exclude .svn -exclude .git -exclude .hg -resolve-src-symlinks /Users/admin/builder/spi-builder-workspace/.dependencies/checkouts/WWSignInWith3rd_Apple/Sources/WWSignInWith3rd_Apple/Privacy /Users/admin/builder/spi-builder-workspace/.derivedData/Build/Products/Debug-xros/WWSignInWith3rd_Apple_WWSignInWith3rd_Apple.bundle
CompileAssetCatalogVariant thinned /Users/admin/builder/spi-builder-workspace/.derivedData/Build/Products/Debug-xros/WWSignInWith3rd_Discord_WWSignInWith3rd_Discord.bundle /Users/admin/builder/spi-builder-workspace/Sources/WWSignInWith3rd_Discord/Material/Media.xcassets (in target 'WWSignInWith3rd_Discord_WWSignInWith3rd_Discord' from project 'WWSignInWith3rd_Discord')
    cd /Users/admin/builder/spi-builder-workspace
    /Applications/Xcode-27.0.0-Release.Candidate.app/Contents/Developer/usr/bin/actool /Users/admin/builder/spi-builder-workspace/Sources/WWSignInWith3rd_Discord/Material/Media.xcassets --compile /Users/admin/builder/spi-builder-workspace/.derivedData/Build/Intermediates.noindex/WWSignInWith3rd_Discord.build/Debug-xros/WWSignInWith3rd_Discord_WWSignInWith3rd_Discord-b.build/assetcatalog_output/thinned --output-format human-readable-text --notices --warnings --export-dependency-info /Users/admin/builder/spi-builder-workspace/.derivedData/Build/Intermediates.noindex/WWSignInWith3rd_Discord.build/Debug-xros/WWSignInWith3rd_Discord_WWSignInWith3rd_Discord-b.build/assetcatalog_dependencies_thinned --output-partial-info-plist /Users/admin/builder/spi-builder-workspace/.derivedData/Build/Intermediates.noindex/WWSignInWith3rd_Discord.build/Debug-xros/WWSignInWith3rd_Discord_WWSignInWith3rd_Discord-b.build/assetcatalog_generated_info.plist_thinned --compress-pngs --enable-on-demand-resources NO --development-region en --target-device vision --minimum-deployment-target 1.0 --platform xros
/* com.apple.actool.compilation-results */
/Users/admin/builder/spi-builder-workspace/.derivedData/Build/Intermediates.noindex/WWSignInWith3rd_Discord.build/Debug-xros/WWSignInWith3rd_Discord_WWSignInWith3rd_Discord-b.build/assetcatalog_generated_info.plist_thinned
/Users/admin/builder/spi-builder-workspace/.derivedData/Build/Intermediates.noindex/WWSignInWith3rd_Discord.build/Debug-xros/WWSignInWith3rd_Discord_WWSignInWith3rd_Discord-b.build/assetcatalog_output/thinned/Assets.car
ProcessInfoPlistFile /Users/admin/builder/spi-builder-workspace/.derivedData/Build/Products/Debug-xros/WWNetworking_WWNetworking.bundle/Info.plist /Users/admin/builder/spi-builder-workspace/.derivedData/Build/Intermediates.noindex/WWNetworking.build/Debug-xros/WWNetworking_WWNetworking-b.build/empty-WWNetworking_WWNetworking.plist (in target 'WWNetworking_WWNetworking' from project 'WWNetworking')
    cd /Users/admin/builder/spi-builder-workspace/.dependencies/checkouts/WWNetworking
    builtin-infoPlistUtility /Users/admin/builder/spi-builder-workspace/.derivedData/Build/Intermediates.noindex/WWNetworking.build/Debug-xros/WWNetworking_WWNetworking-b.build/empty-WWNetworking_WWNetworking.plist -producttype com.apple.product-type.bundle -expandbuildsettings -format binary -platform xros -o /Users/admin/builder/spi-builder-workspace/.derivedData/Build/Products/Debug-xros/WWNetworking_WWNetworking.bundle/Info.plist
CpResource /Users/admin/builder/spi-builder-workspace/.derivedData/Build/Products/Debug-xros/WWNetworking_WWNetworking.bundle/Privacy /Users/admin/builder/spi-builder-workspace/.dependencies/checkouts/WWNetworking/Sources/WWNetworking/Privacy (in target 'WWNetworking_WWNetworking' from project 'WWNetworking')
    cd /Users/admin/builder/spi-builder-workspace/.dependencies/checkouts/WWNetworking
    builtin-copy -exclude .DS_Store -exclude CVS -exclude .svn -exclude .git -exclude .hg -resolve-src-symlinks /Users/admin/builder/spi-builder-workspace/.dependencies/checkouts/WWNetworking/Sources/WWNetworking/Privacy /Users/admin/builder/spi-builder-workspace/.derivedData/Build/Products/Debug-xros/WWNetworking_WWNetworking.bundle
RegisterExecutionPolicyException /Users/admin/builder/spi-builder-workspace/.derivedData/Build/Products/Debug-xros/WWSignInWith3rd_Apple_WWSignInWith3rd_Apple.bundle (in target 'WWSignInWith3rd_Apple_WWSignInWith3rd_Apple' from project 'WWSignInWith3rd_Apple')
    cd /Users/admin/builder/spi-builder-workspace/.dependencies/checkouts/WWSignInWith3rd_Apple
    builtin-RegisterExecutionPolicyException /Users/admin/builder/spi-builder-workspace/.derivedData/Build/Products/Debug-xros/WWSignInWith3rd_Apple_WWSignInWith3rd_Apple.bundle
RegisterExecutionPolicyException /Users/admin/builder/spi-builder-workspace/.derivedData/Build/Products/Debug-xros/WWNetworking_WWNetworking.bundle (in target 'WWNetworking_WWNetworking' from project 'WWNetworking')
    cd /Users/admin/builder/spi-builder-workspace/.dependencies/checkouts/WWNetworking
    builtin-RegisterExecutionPolicyException /Users/admin/builder/spi-builder-workspace/.derivedData/Build/Products/Debug-xros/WWNetworking_WWNetworking.bundle
Touch /Users/admin/builder/spi-builder-workspace/.derivedData/Build/Products/Debug-xros/WWSignInWith3rd_Apple_WWSignInWith3rd_Apple.bundle (in target 'WWSignInWith3rd_Apple_WWSignInWith3rd_Apple' from project 'WWSignInWith3rd_Apple')
    cd /Users/admin/builder/spi-builder-workspace/.dependencies/checkouts/WWSignInWith3rd_Apple
    /usr/bin/touch -c /Users/admin/builder/spi-builder-workspace/.derivedData/Build/Products/Debug-xros/WWSignInWith3rd_Apple_WWSignInWith3rd_Apple.bundle
Touch /Users/admin/builder/spi-builder-workspace/.derivedData/Build/Products/Debug-xros/WWNetworking_WWNetworking.bundle (in target 'WWNetworking_WWNetworking' from project 'WWNetworking')
    cd /Users/admin/builder/spi-builder-workspace/.dependencies/checkouts/WWNetworking
    /usr/bin/touch -c /Users/admin/builder/spi-builder-workspace/.derivedData/Build/Products/Debug-xros/WWNetworking_WWNetworking.bundle
LinkAssetCatalog /Users/admin/builder/spi-builder-workspace/Sources/WWSignInWith3rd_Discord/Material/Media.xcassets (in target 'WWSignInWith3rd_Discord_WWSignInWith3rd_Discord' from project 'WWSignInWith3rd_Discord')
    cd /Users/admin/builder/spi-builder-workspace
    builtin-linkAssetCatalog --thinned /Users/admin/builder/spi-builder-workspace/.derivedData/Build/Intermediates.noindex/WWSignInWith3rd_Discord.build/Debug-xros/WWSignInWith3rd_Discord_WWSignInWith3rd_Discord-b.build/assetcatalog_output/thinned --thinned-dependencies /Users/admin/builder/spi-builder-workspace/.derivedData/Build/Intermediates.noindex/WWSignInWith3rd_Discord.build/Debug-xros/WWSignInWith3rd_Discord_WWSignInWith3rd_Discord-b.build/assetcatalog_dependencies_thinned --thinned-info-plist-content /Users/admin/builder/spi-builder-workspace/.derivedData/Build/Intermediates.noindex/WWSignInWith3rd_Discord.build/Debug-xros/WWSignInWith3rd_Discord_WWSignInWith3rd_Discord-b.build/assetcatalog_generated_info.plist_thinned --unthinned /Users/admin/builder/spi-builder-workspace/.derivedData/Build/Intermediates.noindex/WWSignInWith3rd_Discord.build/Debug-xros/WWSignInWith3rd_Discord_WWSignInWith3rd_Discord-b.build/assetcatalog_output/unthinned --unthinned-dependencies /Users/admin/builder/spi-builder-workspace/.derivedData/Build/Intermediates.noindex/WWSignInWith3rd_Discord.build/Debug-xros/WWSignInWith3rd_Discord_WWSignInWith3rd_Discord-b.build/assetcatalog_dependencies_unthinned --unthinned-info-plist-content /Users/admin/builder/spi-builder-workspace/.derivedData/Build/Intermediates.noindex/WWSignInWith3rd_Discord.build/Debug-xros/WWSignInWith3rd_Discord_WWSignInWith3rd_Discord-b.build/assetcatalog_generated_info.plist_unthinned --output /Users/admin/builder/spi-builder-workspace/.derivedData/Build/Products/Debug-xros/WWSignInWith3rd_Discord_WWSignInWith3rd_Discord.bundle --plist-output /Users/admin/builder/spi-builder-workspace/.derivedData/Build/Intermediates.noindex/WWSignInWith3rd_Discord.build/Debug-xros/WWSignInWith3rd_Discord_WWSignInWith3rd_Discord-b.build/assetcatalog_generated_info.plist
note: Emplaced /Users/admin/builder/spi-builder-workspace/.derivedData/Build/Products/Debug-xros/WWSignInWith3rd_Discord_WWSignInWith3rd_Discord.bundle/Assets.car (in target 'WWSignInWith3rd_Discord_WWSignInWith3rd_Discord' from project 'WWSignInWith3rd_Discord')
ProcessInfoPlistFile /Users/admin/builder/spi-builder-workspace/.derivedData/Build/Products/Debug-xros/WWSignInWith3rd_Discord_WWSignInWith3rd_Discord.bundle/Info.plist /Users/admin/builder/spi-builder-workspace/.derivedData/Build/Intermediates.noindex/WWSignInWith3rd_Discord.build/Debug-xros/WWSignInWith3rd_Discord_WWSignInWith3rd_Discord-b.build/empty-WWSignInWith3rd_Discord_WWSignInWith3rd_Discord.plist (in target 'WWSignInWith3rd_Discord_WWSignInWith3rd_Discord' from project 'WWSignInWith3rd_Discord')
    cd /Users/admin/builder/spi-builder-workspace
    builtin-infoPlistUtility /Users/admin/builder/spi-builder-workspace/.derivedData/Build/Intermediates.noindex/WWSignInWith3rd_Discord.build/Debug-xros/WWSignInWith3rd_Discord_WWSignInWith3rd_Discord-b.build/empty-WWSignInWith3rd_Discord_WWSignInWith3rd_Discord.plist -producttype com.apple.product-type.bundle -expandbuildsettings -format binary -platform xros -additionalcontentfile /Users/admin/builder/spi-builder-workspace/.derivedData/Build/Intermediates.noindex/WWSignInWith3rd_Discord.build/Debug-xros/WWSignInWith3rd_Discord_WWSignInWith3rd_Discord-b.build/assetcatalog_generated_info.plist -o /Users/admin/builder/spi-builder-workspace/.derivedData/Build/Products/Debug-xros/WWSignInWith3rd_Discord_WWSignInWith3rd_Discord.bundle/Info.plist
RegisterExecutionPolicyException /Users/admin/builder/spi-builder-workspace/.derivedData/Build/Products/Debug-xros/WWSignInWith3rd_Discord_WWSignInWith3rd_Discord.bundle (in target 'WWSignInWith3rd_Discord_WWSignInWith3rd_Discord' from project 'WWSignInWith3rd_Discord')
    cd /Users/admin/builder/spi-builder-workspace
    builtin-RegisterExecutionPolicyException /Users/admin/builder/spi-builder-workspace/.derivedData/Build/Products/Debug-xros/WWSignInWith3rd_Discord_WWSignInWith3rd_Discord.bundle
Touch /Users/admin/builder/spi-builder-workspace/.derivedData/Build/Products/Debug-xros/WWSignInWith3rd_Discord_WWSignInWith3rd_Discord.bundle (in target 'WWSignInWith3rd_Discord_WWSignInWith3rd_Discord' from project 'WWSignInWith3rd_Discord')
    cd /Users/admin/builder/spi-builder-workspace
    /usr/bin/touch -c /Users/admin/builder/spi-builder-workspace/.derivedData/Build/Products/Debug-xros/WWSignInWith3rd_Discord_WWSignInWith3rd_Discord.bundle
SwiftDriver WWSignInWith3rd_Apple normal arm64 com.apple.xcode.tools.swift.compiler (in target 'WWSignInWith3rd_Apple' from project 'WWSignInWith3rd_Apple')
    cd /Users/admin/builder/spi-builder-workspace/.swiftpm/xcode
    builtin-SwiftDriver -- /Applications/Xcode-27.0.0-Release.Candidate.app/Contents/Developer/Toolchains/XcodeDefault.xctoolchain/usr/bin/swiftc -parse-as-library -module-name WWSignInWith3rd_Apple -Onone @/Users/admin/builder/spi-builder-workspace/.derivedData/Build/Intermediates.noindex/WWSignInWith3rd_Apple.build/Debug-xros/WWSignInWith3rd_Apple-t.build/Objects-normal/arm64/WWSignInWith3rd_Apple.SwiftFileList -DSWIFT_PACKAGE -DDEBUG -DSWIFT_MODULE_RESOURCE_BUNDLE_AVAILABLE -DXcode -plugin-path /Applications/Xcode-27.0.0-Release.Candidate.app/Contents/Developer/Toolchains/XcodeDefault.xctoolchain/usr/lib/swift/host/plugins/testing -enable-experimental-feature DebugDescriptionMacro -sdk /Applications/Xcode-27.0.0-Release.Candidate.app/Contents/Developer/Platforms/XROS.platform/Developer/SDKs/XROS27.0.sdk -target arm64-apple-xros1.0 -g -module-cache-path /Users/admin/builder/spi-builder-workspace/.derivedData/ModuleCache.noindex -Xfrontend -serialize-debugging-options -enable-testing -suppress-warnings -index-store-path /Users/admin/builder/spi-builder-workspace/.derivedData/Index.noindex/DataStore -Xcc -D_LIBCPP_HARDENING_MODE\=_LIBCPP_HARDENING_MODE_DEBUG -swift-version 5 -I /Users/admin/builder/spi-builder-workspace/.derivedData/Build/Products/Debug-xros -Isystem /Applications/Xcode-27.0.0-Release.Candidate.app/Contents/Developer/Platforms/XROS.platform/Developer/usr/lib -F /Users/admin/builder/spi-builder-workspace/.derivedData/Build/Products/Debug-xros -F /Applications/Xcode-27.0.0-Release.Candidate.app/Contents/Developer/Platforms/XROS.platform/Developer/Library/Frameworks -F /Applications/Xcode-27.0.0-Release.Candidate.app/Contents/Developer/Platforms/XROS.platform/Developer/SDKs/XROS27.0.sdk/Developer/Library/Frameworks -c -j10 -enable-batch-mode -incremental -Xcc -ivfsstatcache -Xcc /Users/admin/builder/spi-builder-workspace/.derivedData/SDKStatCaches.noindex/xros27.0-24M361-e829b21a6f8c9b70876ba0858053c044735bd543db762f57723cac368afd1ce4.sdkstatcache -output-file-map /Users/admin/builder/spi-builder-workspace/.derivedData/Build/Intermediates.noindex/WWSignInWith3rd_Apple.build/Debug-xros/WWSignInWith3rd_Apple-t.build/Objects-normal/arm64/WWSignInWith3rd_Apple-OutputFileMap.json -save-temps -no-color-diagnostics -explicit-module-build -module-cache-path /Users/admin/builder/spi-builder-workspace/.derivedData/Build/Intermediates.noindex/SwiftExplicitPrecompiledModules -clang-scanner-module-cache-path /Users/admin/builder/spi-builder-workspace/.derivedData/ModuleCache.noindex -sdk-module-cache-path /Users/admin/builder/spi-builder-workspace/.derivedData/SDKExplicitPrecompiledModules -emit-dependencies -emit-module -emit-module-path /Users/admin/builder/spi-builder-workspace/.derivedData/Build/Intermediates.noindex/WWSignInWith3rd_Apple.build/Debug-xros/WWSignInWith3rd_Apple-t.build/Objects-normal/arm64/WWSignInWith3rd_Apple.swiftmodule -serialize-diagnostics -dependency-scan-serialize-diagnostics-path /Users/admin/builder/spi-builder-workspace/.derivedData/Build/Intermediates.noindex/WWSignInWith3rd_Apple.build/Debug-xros/WWSignInWith3rd_Apple-t.build/Objects-normal/arm64/WWSignInWith3rd_Apple-dependency-scan.dia -validate-clang-modules-once -clang-build-session-file /Users/admin/builder/spi-builder-workspace/.derivedData/ModuleCache.noindex/Session.modulevalidation -Xcc -fmodules-prune-interval\=86400 -Xcc -fmodules-prune-after\=345600 -emit-const-values -const-gather-protocols-list /Users/admin/builder/spi-builder-workspace/.derivedData/Build/Intermediates.noindex/WWSignInWith3rd_Apple.build/Debug-xros/WWSignInWith3rd_Apple-t.build/Objects-normal/arm64/WWSignInWith3rd_Apple_const_extract_protocols.json -Xcc -I/Users/admin/builder/spi-builder-workspace/.derivedData/Build/Products/Debug-xros/include -Xcc -I/Users/admin/builder/spi-builder-workspace/.derivedData/Build/Intermediates.noindex/WWSignInWith3rd_Apple.build/Debug-xros/WWSignInWith3rd_Apple-t.build/DerivedSources-normal/arm64 -Xcc -I/Users/admin/builder/spi-builder-workspace/.derivedData/Build/Intermediates.noindex/WWSignInWith3rd_Apple.build/Debug-xros/WWSignInWith3rd_Apple-t.build/DerivedSources/arm64 -Xcc -I/Users/admin/builder/spi-builder-workspace/.derivedData/Build/Intermediates.noindex/WWSignInWith3rd_Apple.build/Debug-xros/WWSignInWith3rd_Apple-t.build/DerivedSources -Xcc -DSWIFT_PACKAGE -Xcc -DDEBUG\=1 -emit-objc-header -emit-objc-header-path /Users/admin/builder/spi-builder-workspace/.derivedData/Build/Intermediates.noindex/WWSignInWith3rd_Apple.build/Debug-xros/WWSignInWith3rd_Apple-t.build/Objects-normal/arm64/WWSignInWith3rd_Apple-Swift.h -working-directory /Users/admin/builder/spi-builder-workspace/.swiftpm/xcode -experimental-emit-module-separately -disable-cmo
SwiftDriver WWNetworking normal arm64 com.apple.xcode.tools.swift.compiler (in target 'WWNetworking' from project 'WWNetworking')
    cd /Users/admin/builder/spi-builder-workspace/.swiftpm/xcode
    builtin-SwiftDriver -- /Applications/Xcode-27.0.0-Release.Candidate.app/Contents/Developer/Toolchains/XcodeDefault.xctoolchain/usr/bin/swiftc -parse-as-library -module-name WWNetworking -Onone @/Users/admin/builder/spi-builder-workspace/.derivedData/Build/Intermediates.noindex/WWNetworking.build/Debug-xros/WWNetworking-t.build/Objects-normal/arm64/WWNetworking.SwiftFileList -DSWIFT_PACKAGE -DDEBUG -DSWIFT_MODULE_RESOURCE_BUNDLE_AVAILABLE -DXcode -plugin-path /Applications/Xcode-27.0.0-Release.Candidate.app/Contents/Developer/Toolchains/XcodeDefault.xctoolchain/usr/lib/swift/host/plugins/testing -enable-experimental-feature DebugDescriptionMacro -sdk /Applications/Xcode-27.0.0-Release.Candidate.app/Contents/Developer/Platforms/XROS.platform/Developer/SDKs/XROS27.0.sdk -target arm64-apple-xros1.0 -g -module-cache-path /Users/admin/builder/spi-builder-workspace/.derivedData/ModuleCache.noindex -Xfrontend -serialize-debugging-options -enable-testing -suppress-warnings -index-store-path /Users/admin/builder/spi-builder-workspace/.derivedData/Index.noindex/DataStore -Xcc -D_LIBCPP_HARDENING_MODE\=_LIBCPP_HARDENING_MODE_DEBUG -swift-version 5 -I /Users/admin/builder/spi-builder-workspace/.derivedData/Build/Products/Debug-xros -Isystem /Applications/Xcode-27.0.0-Release.Candidate.app/Contents/Developer/Platforms/XROS.platform/Developer/usr/lib -F /Users/admin/builder/spi-builder-workspace/.derivedData/Build/Products/Debug-xros -F /Applications/Xcode-27.0.0-Release.Candidate.app/Contents/Developer/Platforms/XROS.platform/Developer/Library/Frameworks -F /Applications/Xcode-27.0.0-Release.Candidate.app/Contents/Developer/Platforms/XROS.platform/Developer/SDKs/XROS27.0.sdk/Developer/Library/Frameworks -c -j10 -enable-batch-mode -incremental -Xcc -ivfsstatcache -Xcc /Users/admin/builder/spi-builder-workspace/.derivedData/SDKStatCaches.noindex/xros27.0-24M361-e829b21a6f8c9b70876ba0858053c044735bd543db762f57723cac368afd1ce4.sdkstatcache -output-file-map /Users/admin/builder/spi-builder-workspace/.derivedData/Build/Intermediates.noindex/WWNetworking.build/Debug-xros/WWNetworking-t.build/Objects-normal/arm64/WWNetworking-OutputFileMap.json -save-temps -no-color-diagnostics -explicit-module-build -module-cache-path /Users/admin/builder/spi-builder-workspace/.derivedData/Build/Intermediates.noindex/SwiftExplicitPrecompiledModules -clang-scanner-module-cache-path /Users/admin/builder/spi-builder-workspace/.derivedData/ModuleCache.noindex -sdk-module-cache-path /Users/admin/builder/spi-builder-workspace/.derivedData/SDKExplicitPrecompiledModules -emit-dependencies -emit-module -emit-module-path /Users/admin/builder/spi-builder-workspace/.derivedData/Build/Intermediates.noindex/WWNetworking.build/Debug-xros/WWNetworking-t.build/Objects-normal/arm64/WWNetworking.swiftmodule -serialize-diagnostics -dependency-scan-serialize-diagnostics-path /Users/admin/builder/spi-builder-workspace/.derivedData/Build/Intermediates.noindex/WWNetworking.build/Debug-xros/WWNetworking-t.build/Objects-normal/arm64/WWNetworking-dependency-scan.dia -validate-clang-modules-once -clang-build-session-file /Users/admin/builder/spi-builder-workspace/.derivedData/ModuleCache.noindex/Session.modulevalidation -Xcc -fmodules-prune-interval\=86400 -Xcc -fmodules-prune-after\=345600 -emit-const-values -const-gather-protocols-list /Users/admin/builder/spi-builder-workspace/.derivedData/Build/Intermediates.noindex/WWNetworking.build/Debug-xros/WWNetworking-t.build/Objects-normal/arm64/WWNetworking_const_extract_protocols.json -Xcc -I/Users/admin/builder/spi-builder-workspace/.derivedData/Build/Products/Debug-xros/include -Xcc -I/Users/admin/builder/spi-builder-workspace/.derivedData/Build/Intermediates.noindex/WWNetworking.build/Debug-xros/WWNetworking-t.build/DerivedSources-normal/arm64 -Xcc -I/Users/admin/builder/spi-builder-workspace/.derivedData/Build/Intermediates.noindex/WWNetworking.build/Debug-xros/WWNetworking-t.build/DerivedSources/arm64 -Xcc -I/Users/admin/builder/spi-builder-workspace/.derivedData/Build/Intermediates.noindex/WWNetworking.build/Debug-xros/WWNetworking-t.build/DerivedSources -Xcc -DSWIFT_PACKAGE -Xcc -DDEBUG\=1 -emit-objc-header -emit-objc-header-path /Users/admin/builder/spi-builder-workspace/.derivedData/Build/Intermediates.noindex/WWNetworking.build/Debug-xros/WWNetworking-t.build/Objects-normal/arm64/WWNetworking-Swift.h -working-directory /Users/admin/builder/spi-builder-workspace/.swiftpm/xcode -experimental-emit-module-separately -disable-cmo
SwiftExplicitDependencyGeneratePcm arm64 /Users/admin/builder/spi-builder-workspace/.derivedData/SDKExplicitPrecompiledModules/_Builtin_stdbool-5BU2ADS7JXQMYENKQHW9X8XOU.pcm
SwiftExplicitDependencyGeneratePcm arm64 /Users/admin/builder/spi-builder-workspace/.derivedData/SDKExplicitPrecompiledModules/ptrauth-1WBA714DZSVUL5JQDJ08CLKZ.pcm
SwiftExplicitDependencyGeneratePcm arm64 /Users/admin/builder/spi-builder-workspace/.derivedData/SDKExplicitPrecompiledModules/_Builtin_stdarg-CDA349K2K4US766844K8E0PVA.pcm
SwiftExplicitDependencyGeneratePcm arm64 /Users/admin/builder/spi-builder-workspace/.derivedData/SDKExplicitPrecompiledModules/_Builtin_float-6WKHNW5S40U2QGHXXGETUDIRA.pcm
SwiftExplicitDependencyGeneratePcm arm64 /Users/admin/builder/spi-builder-workspace/.derivedData/SDKExplicitPrecompiledModules/ptrcheck-BXA97MNLI4BB0HF5I8MJE403D.pcm
SwiftExplicitDependencyGeneratePcm arm64 /Users/admin/builder/spi-builder-workspace/.derivedData/SDKExplicitPrecompiledModules/_AvailabilityInternal-1Q8IQP6M38UWSGZ95UCEY2M44.pcm
SwiftExplicitDependencyGeneratePcm arm64 /Users/admin/builder/spi-builder-workspace/.derivedData/SDKExplicitPrecompiledModules/_Builtin_stddef-5NQ9Z1GV07GBSRQGAQCGXGVRI.pcm
SwiftExplicitDependencyGeneratePcm arm64 /Users/admin/builder/spi-builder-workspace/.derivedData/SDKExplicitPrecompiledModules/_SwiftConcurrencyShims-C8XHKSHX96D5YYALNM4W70Z0O.pcm
SwiftExplicitDependencyGeneratePcm arm64 /Users/admin/builder/spi-builder-workspace/.derivedData/SDKExplicitPrecompiledModules/DeveloperToolsSupport-46GOQP8J1QTHLYQSJW81T8UZ3.pcm
SwiftExplicitDependencyGeneratePcm arm64 /Users/admin/builder/spi-builder-workspace/.derivedData/SDKExplicitPrecompiledModules/SwiftShims-CI4H5RO9IYFFWQ2COB512Q2S9.pcm
SwiftExplicitDependencyGeneratePcm arm64 /Users/admin/builder/spi-builder-workspace/.derivedData/SDKExplicitPrecompiledModules/_DarwinFoundation1-5RGRVV2TZ6WC4WZW5IXF8NQ04.pcm
SwiftExplicitDependencyGeneratePcm arm64 /Users/admin/builder/spi-builder-workspace/.derivedData/SDKExplicitPrecompiledModules/_DarwinFoundation2-ENTECK156YEWITZRRBTOCE4KR.pcm
SwiftExplicitDependencyGeneratePcm arm64 /Users/admin/builder/spi-builder-workspace/.derivedData/SDKExplicitPrecompiledModules/_Builtin_limits-425JDMN5HPM3D0UEI8LEHP6NM.pcm
SwiftExplicitDependencyGeneratePcm arm64 /Users/admin/builder/spi-builder-workspace/.derivedData/SDKExplicitPrecompiledModules/sys_types-AYM0BHR77VKMWZCO2T0XGV2HF.pcm
SwiftExplicitDependencyGeneratePcm arm64 /Users/admin/builder/spi-builder-workspace/.derivedData/SDKExplicitPrecompiledModules/_Builtin_stdint-8OR6T47OOYJA90ZBO3N1USDE.pcm
SwiftExplicitDependencyGeneratePcm arm64 /Users/admin/builder/spi-builder-workspace/.derivedData/SDKExplicitPrecompiledModules/_Builtin_tgmath-BPYSMHWI520EQRL2HW519ZY7Z.pcm
SwiftExplicitDependencyGeneratePcm arm64 /Users/admin/builder/spi-builder-workspace/.derivedData/SDKExplicitPrecompiledModules/string_h-2GT67HHHHK5CF1V1S31LH0PU2.pcm
SwiftExplicitDependencyGeneratePcm arm64 /Users/admin/builder/spi-builder-workspace/.derivedData/SDKExplicitPrecompiledModules/_DarwinFoundation3-9ZHN6JKBS40BBA81RQMV8H0IC.pcm
SwiftExplicitDependencyGeneratePcm arm64 /Users/admin/builder/spi-builder-workspace/.derivedData/SDKExplicitPrecompiledModules/_Builtin_intrinsics-BC5IJI3YI34RQ61ZNVDRDZ6RN.pcm
SwiftExplicitDependencyGeneratePcm arm64 /Users/admin/builder/spi-builder-workspace/.derivedData/SDKExplicitPrecompiledModules/_Builtin_stdatomic-1VUZPM79PNCAHXVBERD53WRSF.pcm
SwiftExplicitDependencyGeneratePcm arm64 /Users/admin/builder/spi-builder-workspace/.derivedData/SDKExplicitPrecompiledModules/_Builtin_inttypes-11B64KJD36B3YOHBR1BBXBJY8.pcm
SwiftExplicitDependencyGeneratePcm arm64 /Users/admin/builder/spi-builder-workspace/.derivedData/SDKExplicitPrecompiledModules/Darwin-60P5LVNQO3ESRRM5DCJ05PFNK.pcm
SwiftExplicitDependencyGeneratePcm arm64 /Users/admin/builder/spi-builder-workspace/.derivedData/SDKExplicitPrecompiledModules/simd-9XXAB17Y6E4BBPQADD61NZ23.pcm
SwiftExplicitDependencyGeneratePcm arm64 /Users/admin/builder/spi-builder-workspace/.derivedData/SDKExplicitPrecompiledModules/MachO-3XTHY7HWV6RF3KXKYQVHUBUXK.pcm
SwiftExplicitDependencyGeneratePcm arm64 /Users/admin/builder/spi-builder-workspace/.derivedData/SDKExplicitPrecompiledModules/ObjectiveC-26TIBFYCEJZVP216ZZAU1X8KN.pcm
SwiftExplicitDependencyGeneratePcm arm64 /Users/admin/builder/spi-builder-workspace/.derivedData/SDKExplicitPrecompiledModules/os_object-692CJ8BG6RE5H04487EJJOVXW.pcm
SwiftExplicitDependencyGeneratePcm arm64 /Users/admin/builder/spi-builder-workspace/.derivedData/SDKExplicitPrecompiledModules/os_workgroup-4U1VXMWIZD80E7PRUQF2G7P9X.pcm
SwiftExplicitDependencyGeneratePcm arm64 /Users/admin/builder/spi-builder-workspace/.derivedData/SDKExplicitPrecompiledModules/Dispatch-CLT3466HKC22GCKAWSCNG0H7T.pcm
SwiftExplicitDependencyGeneratePcm arm64 /Users/admin/builder/spi-builder-workspace/.derivedData/SDKExplicitPrecompiledModules/Spatial-5E0I2846LO3ZE24CSVR2O57TI.pcm
SwiftExplicitDependencyGeneratePcm arm64 /Users/admin/builder/spi-builder-workspace/.derivedData/SDKExplicitPrecompiledModules/CoreFoundation-AVLTZVCXBU2TO75JCN4AGU8XJ.pcm
SwiftExplicitDependencyGeneratePcm arm64 /Users/admin/builder/spi-builder-workspace/.derivedData/SDKExplicitPrecompiledModules/dnssd-CCUV1M8EULNEQJUXO7L0PJAL4.pcm
SwiftExplicitDependencyGeneratePcm arm64 /Users/admin/builder/spi-builder-workspace/.derivedData/SDKExplicitPrecompiledModules/XPC-EP5EU7FNGP4VOA3EDM18P1KHO.pcm
SwiftExplicitDependencyGeneratePcm arm64 /Users/admin/builder/spi-builder-workspace/.derivedData/SDKExplicitPrecompiledModules/os-1004XEJ3IXOOAU0KL58SM3D0K.pcm
SwiftExplicitDependencyGeneratePcm arm64 /Users/admin/builder/spi-builder-workspace/.derivedData/SDKExplicitPrecompiledModules/CoreGraphics-BFUJ177R223UT2ZI327ZTZY91.pcm
SwiftExplicitDependencyGeneratePcm arm64 /Users/admin/builder/spi-builder-workspace/.derivedData/SDKExplicitPrecompiledModules/CFNetwork-5MI70N1VLDQSWTX4COWLMSIRO.pcm
SwiftExplicitDependencyGeneratePcm arm64 /Users/admin/builder/spi-builder-workspace/.derivedData/SDKExplicitPrecompiledModules/Security-8TH2M8WJIQMET4SADWX0N8372.pcm
SwiftExplicitDependencyGeneratePcm arm64 /Users/admin/builder/spi-builder-workspace/.derivedData/SDKExplicitPrecompiledModules/Foundation-8GON1KVEKRN3NOQI8RETBRWJP.pcm
SwiftExplicitDependencyGeneratePcm arm64 /Users/admin/builder/spi-builder-workspace/.derivedData/SDKExplicitPrecompiledModules/ImageIO-5CC6COR9KJYI1UBL7CSHLU2OG.pcm
SwiftExplicitDependencyGeneratePcm arm64 /Users/admin/builder/spi-builder-workspace/.derivedData/SDKExplicitPrecompiledModules/CoreText-6F9TY5TEPCCZ1K2KYM4GMEGHD.pcm
SwiftExplicitDependencyGeneratePcm arm64 /Users/admin/builder/spi-builder-workspace/.derivedData/SDKExplicitPrecompiledModules/Network-EQPZZF3W6BWG89K0PY9NZO3T0.pcm
SwiftExplicitDependencyGeneratePcm arm64 /Users/admin/builder/spi-builder-workspace/.derivedData/SDKExplicitPrecompiledModules/Accessibility-1DR4J4YDVDGAYQTZ0FKZ1PU09.pcm
SwiftExplicitDependencyGeneratePcm arm64 /Users/admin/builder/spi-builder-workspace/.derivedData/SDKExplicitPrecompiledModules/LocalAuthentication-9MSPUJ85OBXBTOD7NJCT1GZ0O.pcm
SwiftExplicitDependencyGeneratePcm arm64 /Users/admin/builder/spi-builder-workspace/.derivedData/SDKExplicitPrecompiledModules/_LocationEssentials-8GQGFVARUE99D8VJX3TINY0VP.pcm
SwiftExplicitDependencyGeneratePcm arm64 /Users/admin/builder/spi-builder-workspace/.derivedData/SDKExplicitPrecompiledModules/IOSurface-5FE9U89GVFF9A7X7AGO2R8ENI.pcm
SwiftExplicitDependencyGeneratePcm arm64 /Users/admin/builder/spi-builder-workspace/.derivedData/SDKExplicitPrecompiledModules/DataDetection-BANTQ3WXXGKZJYC0LLB3MD9K0.pcm
SwiftExplicitDependencyGeneratePcm arm64 /Users/admin/builder/spi-builder-workspace/.derivedData/SDKExplicitPrecompiledModules/FileProvider-C9I28SI56F2SEVH1BCWTKGODO.pcm
SwiftExplicitDependencyGeneratePcm arm64 /Users/admin/builder/spi-builder-workspace/.derivedData/SDKExplicitPrecompiledModules/Symbols-8G2XC01RPQ5HYIZE6JNUT864I.pcm
SwiftExplicitDependencyGeneratePcm arm64 /Users/admin/builder/spi-builder-workspace/.derivedData/SDKExplicitPrecompiledModules/CoreTransferable-8TBYAKHCX6UC8QQSS7BD8GQK5.pcm
SwiftExplicitDependencyGeneratePcm arm64 /Users/admin/builder/spi-builder-workspace/.derivedData/SDKExplicitPrecompiledModules/UserNotifications-8IIV1V1FPNAPA4LY1Y23LOM2N.pcm
SwiftExplicitDependencyGeneratePcm arm64 /Users/admin/builder/spi-builder-workspace/.derivedData/SDKExplicitPrecompiledModules/UIUtilities-AOVGLUWEAN6CG2UZFNESGSP6C.pcm
SwiftExplicitDependencyGeneratePcm arm64 /Users/admin/builder/spi-builder-workspace/.derivedData/SDKExplicitPrecompiledModules/UniformTypeIdentifiers-E5KMWDZEKS4QW9RO1KBRDEXV6.pcm
SwiftExplicitDependencyGeneratePcm arm64 /Users/admin/builder/spi-builder-workspace/.derivedData/SDKExplicitPrecompiledModules/OSLog-BNGT87TS0GMBFF7TY70HHB69.pcm
SwiftExplicitDependencyGeneratePcm arm64 /Users/admin/builder/spi-builder-workspace/.derivedData/SDKExplicitPrecompiledModules/CoreLocation-1SN37095DAPVJ068LLP9TBDQX.pcm
SwiftExplicitDependencyGeneratePcm arm64 /Users/admin/builder/spi-builder-workspace/.derivedData/SDKExplicitPrecompiledModules/Metal-EKNUM9P3PRIBHZK1ZBD6BA2T7.pcm
SwiftExplicitDependencyGeneratePcm arm64 /Users/admin/builder/spi-builder-workspace/.derivedData/SDKExplicitPrecompiledModules/OpenGLES-56BKSYXNVAP91BYZRWAKQZKGI.pcm
SwiftExplicitDependencyGeneratePcm arm64 /Users/admin/builder/spi-builder-workspace/.derivedData/SDKExplicitPrecompiledModules/CoreMotion-10LV922UPGE28QX2SOIO7ALIZ.pcm
SwiftExplicitDependencyGeneratePcm arm64 /Users/admin/builder/spi-builder-workspace/.derivedData/SDKExplicitPrecompiledModules/CoreVideo-E12HJSJSLO0YKWYBES11UKJ02.pcm
SwiftExplicitDependencyGeneratePcm arm64 /Users/admin/builder/spi-builder-workspace/.derivedData/SDKExplicitPrecompiledModules/CoreImage-8WF1P230U10QM666EQMNV7OF1.pcm
SwiftExplicitDependencyGeneratePcm arm64 /Users/admin/builder/spi-builder-workspace/.derivedData/SDKExplicitPrecompiledModules/QuartzCore-12T8WVKUNCL1N7VXH87MM4YOB.pcm
SwiftExplicitDependencyGeneratePcm arm64 /Users/admin/builder/spi-builder-workspace/.derivedData/SDKExplicitPrecompiledModules/SwiftUICore-6OBBMA39VFD4CB6SG2PE41FAP.pcm
SwiftExplicitDependencyGeneratePcm arm64 /Users/admin/builder/spi-builder-workspace/.derivedData/SDKExplicitPrecompiledModules/UIKit-2D2PMAAE45TMO6S28UCGCO5BR.pcm
SwiftEmitModule normal arm64 Emitting\ module\ for\ WWNetworking (in target 'WWNetworking' from project 'WWNetworking')
SwiftCompile normal arm64 (in target 'WWNetworking' from project 'WWNetworking')
    cd /Users/admin/builder/spi-builder-workspace/.swiftpm/xcode

SwiftExplicitDependencyGeneratePcm arm64 /Users/admin/builder/spi-builder-workspace/.derivedData/SDKExplicitPrecompiledModules/AuthenticationServices-8OEQAGFFOF58L72VU169UHKOO.pcm
SwiftExplicitDependencyGeneratePcm arm64 /Users/admin/builder/spi-builder-workspace/.derivedData/SDKExplicitPrecompiledModules/WebKit-BIQTA3F8AT12VFQGOTXW8E4NN.pcm
SwiftCompile normal arm64 Compiling\ Networking.swift /Users/admin/builder/spi-builder-workspace/.dependencies/checkouts/WWNetworking/Sources/WWNetworking/Networking.swift (in target 'WWNetworking' from project 'WWNetworking')
SwiftCompile normal arm64 /Users/admin/builder/spi-builder-workspace/.dependencies/checkouts/WWNetworking/Sources/WWNetworking/Networking.swift (in target 'WWNetworking' from project 'WWNetworking')
    cd /Users/admin/builder/spi-builder-workspace/.swiftpm/xcode
    builtin-SwiftPerFileCompile Networking.swift
SwiftCompile normal arm64 Compiling\ Extension.swift /Users/admin/builder/spi-builder-workspace/.dependencies/checkouts/WWNetworking/Sources/WWNetworking/Extension.swift (in target 'WWNetworking' from project 'WWNetworking')
SwiftCompile normal arm64 /Users/admin/builder/spi-builder-workspace/.dependencies/checkouts/WWNetworking/Sources/WWNetworking/Extension.swift (in target 'WWNetworking' from project 'WWNetworking')
    cd /Users/admin/builder/spi-builder-workspace/.swiftpm/xcode
    builtin-SwiftPerFileCompile Extension.swift
SwiftCompile normal arm64 Compiling\ Constant.swift /Users/admin/builder/spi-builder-workspace/.dependencies/checkouts/WWNetworking/Sources/WWNetworking/Constant.swift (in target 'WWNetworking' from project 'WWNetworking')
SwiftCompile normal arm64 /Users/admin/builder/spi-builder-workspace/.dependencies/checkouts/WWNetworking/Sources/WWNetworking/Constant.swift (in target 'WWNetworking' from project 'WWNetworking')
    cd /Users/admin/builder/spi-builder-workspace/.swiftpm/xcode
    builtin-SwiftPerFileCompile Constant.swift
SwiftCompile normal arm64 Compiling\ resource_bundle_accessor.swift /Users/admin/builder/spi-builder-workspace/.derivedData/Build/Intermediates.noindex/WWNetworking.build/Debug-xros/WWNetworking-t.build/DerivedSources/resource_bundle_accessor.swift (in target 'WWNetworking' from project 'WWNetworking')
SwiftCompile normal arm64 /Users/admin/builder/spi-builder-workspace/.derivedData/Build/Intermediates.noindex/WWNetworking.build/Debug-xros/WWNetworking-t.build/DerivedSources/resource_bundle_accessor.swift (in target 'WWNetworking' from project 'WWNetworking')
    cd /Users/admin/builder/spi-builder-workspace/.swiftpm/xcode
    builtin-SwiftPerFileCompile resource_bundle_accessor.swift
SwiftCompile normal arm64 Compiling\ WWSignInWith3rd_Apple.swift /Users/admin/builder/spi-builder-workspace/.dependencies/checkouts/WWSignInWith3rd_Apple/Sources/WWSignInWith3rd_Apple/WWSignInWith3rd_Apple.swift (in target 'WWSignInWith3rd_Apple' from project 'WWSignInWith3rd_Apple')
SwiftCompile normal arm64 /Users/admin/builder/spi-builder-workspace/.dependencies/checkouts/WWSignInWith3rd_Apple/Sources/WWSignInWith3rd_Apple/WWSignInWith3rd_Apple.swift (in target 'WWSignInWith3rd_Apple' from project 'WWSignInWith3rd_Apple')
    cd /Users/admin/builder/spi-builder-workspace/.swiftpm/xcode
    builtin-SwiftPerFileCompile WWSignInWith3rd_Apple.swift
SwiftEmitModule normal arm64 Emitting\ module\ for\ WWSignInWith3rd_Apple (in target 'WWSignInWith3rd_Apple' from project 'WWSignInWith3rd_Apple')
SwiftCompile normal arm64 (in target 'WWSignInWith3rd_Apple' from project 'WWSignInWith3rd_Apple')
    cd /Users/admin/builder/spi-builder-workspace/.swiftpm/xcode

SwiftCompile normal arm64 Compiling\ Extension.swift /Users/admin/builder/spi-builder-workspace/.dependencies/checkouts/WWSignInWith3rd_Apple/Sources/WWSignInWith3rd_Apple/Utility/Extension.swift (in target 'WWSignInWith3rd_Apple' from project 'WWSignInWith3rd_Apple')
/Users/admin/builder/spi-builder-workspace/.dependencies/checkouts/WWSignInWith3rd_Apple/Sources/WWSignInWith3rd_Apple/Utility/Extension.swift:74:59: error: 'keyWindow' is unavailable in visionOS
 72 |
 73 |         keyWindow = UIApplication.shared.connectedScenes.filter({$0.activationState == .foregroundActive}).compactMap({$0 as? UIWindowScene}).first?.windows.filter({$0.isKeyWindow}).first
 74 |         if (!hasScene) { keyWindow = UIApplication.shared.keyWindow }
    |                                                           `- error: 'keyWindow' is unavailable in visionOS
 75 |
 76 |         return keyWindow
/Applications/Xcode-27.0.0-Release.Candidate.app/Contents/Developer/Platforms/XROS.platform/Developer/SDKs/XROS27.0.sdk/System/Library/Frameworks/UIKit.framework/Headers/UIApplication.h:108:51: note: 'keyWindow' has been explicitly marked unavailable here
106 | - (void)sendEvent:(UIEvent *)event;
107 |
108 | @property(nullable, nonatomic,readonly) UIWindow *keyWindow API_DEPRECATED("Should not be used for applications that support multiple scenes as it returns a key window across all connected scenes", ios(2.0, 13.0)) API_UNAVAILABLE(visionos, watchos);
    |                                                   `- note: 'keyWindow' has been explicitly marked unavailable here
109 | @property(nonatomic,readonly) NSArray<__kindof UIWindow *>  *windows API_DEPRECATED("Use UIWindowScene.windows on a relevant window scene instead", ios(2.0, 15.0), visionos(1.0, 1.0)) API_UNAVAILABLE(watchos);
110 |
Failed frontend command:
/Applications/Xcode-27.0.0-Release.Candidate.app/Contents/Developer/Toolchains/XcodeDefault.xctoolchain/usr/bin/swift-frontend -frontend -c /Users/admin/builder/spi-builder-workspace/.derivedData/Build/Intermediates.noindex/WWSignInWith3rd_Apple.build/Debug-xros/WWSignInWith3rd_Apple-t.build/DerivedSources/resource_bundle_accessor.swift /Users/admin/builder/spi-builder-workspace/.dependencies/checkouts/WWSignInWith3rd_Apple/Sources/WWSignInWith3rd_Apple/Utility/Constant.swift /Users/admin/builder/spi-builder-workspace/.dependencies/checkouts/WWSignInWith3rd_Apple/Sources/WWSignInWith3rd_Apple/Utility/Extension+Apple.swift -primary-file /Users/admin/builder/spi-builder-workspace/.dependencies/checkouts/WWSignInWith3rd_Apple/Sources/WWSignInWith3rd_Apple/Utility/Extension.swift /Users/admin/builder/spi-builder-workspace/.dependencies/checkouts/WWSignInWith3rd_Apple/Sources/WWSignInWith3rd_Apple/WWSignInWith3rd.swift /Users/admin/builder/spi-builder-workspace/.dependencies/checkouts/WWSignInWith3rd_Apple/Sources/WWSignInWith3rd_Apple/WWSignInWith3rd_Apple.swift -emit-dependencies-path /Users/admin/builder/spi-builder-workspace/.derivedData/Build/Intermediates.noindex/WWSignInWith3rd_Apple.build/Debug-xros/WWSignInWith3rd_Apple-t.build/Objects-normal/arm64/Extension.d -emit-const-values-path /Users/admin/builder/spi-builder-workspace/.derivedData/Build/Intermediates.noindex/WWSignInWith3rd_Apple.build/Debug-xros/WWSignInWith3rd_Apple-t.build/Objects-normal/arm64/Extension.swiftconstvalues -emit-reference-dependencies-path /Users/admin/builder/spi-builder-workspace/.derivedData/Build/Intermediates.noindex/WWSignInWith3rd_Apple.build/Debug-xros/WWSignInWith3rd_Apple-t.build/Objects-normal/arm64/Extension.swiftdeps -serialize-diagnostics-path /Users/admin/builder/spi-builder-workspace/.derivedData/Build/Intermediates.noindex/WWSignInWith3rd_Apple.build/Debug-xros/WWSignInWith3rd_Apple-t.build/Objects-normal/arm64/Extension.dia -target arm64-apple-xros1.0 -disable-cross-import-overlay-search -swift-module-cross-import AuthenticationServices /Applications/Xcode-27.0.0-Release.Candidate.app/Contents/Developer/Platforms/XROS.platform/Developer/SDKs/XROS.sdk/System/Library/Frameworks/AuthenticationServices.framework/Modules/AuthenticationServices.swiftcrossimport/SwiftUI.swiftoverlay -swift-module-cross-import AuthenticationServices /Applications/Xcode-27.0.0-Release.Candidate.app/Contents/Developer/Platforms/XROS.platform/Developer/SDKs/XROS27.0.sdk/System/Library/Frameworks/AuthenticationServices.framework/Modules/AuthenticationServices.swiftcrossimport/SwiftUI.swiftoverlay -swift-module-cross-import WebKit /Applications/Xcode-27.0.0-Release.Candidate.app/Contents/Developer/Platforms/XROS.platform/Developer/SDKs/XROS.sdk/System/Library/Frameworks/WebKit.framework/Modules/WebKit.swiftcrossimport/SwiftUI.swiftoverlay -swift-module-cross-import WebKit /Applications/Xcode-27.0.0-Release.Candidate.app/Contents/Developer/Platforms/XROS.platform/Developer/SDKs/XROS27.0.sdk/System/Library/Frameworks/WebKit.framework/Modules/WebKit.swiftcrossimport/SwiftUI.swiftoverlay -load-resolved-plugin /Applications/Xcode-27.0.0-Release.Candidate.app/Contents/Developer/Platforms/XROS.platform/Developer/usr/lib/swift/host/plugins/libFoundationMacros.dylib\#/Applications/Xcode-27.0.0-Release.Candidate.app/Contents/Developer/Platforms/XROS.platform/Developer/usr/bin/swift-plugin-server\#FoundationMacros -load-resolved-plugin /Applications/Xcode-27.0.0-Release.Candidate.app/Contents/Developer/Platforms/XROS.platform/Developer/usr/lib/swift/host/plugins/libObservationMacros.dylib\#/Applications/Xcode-27.0.0-Release.Candidate.app/Contents/Developer/Platforms/XROS.platform/Developer/usr/bin/swift-plugin-server\#ObservationMacros -load-resolved-plugin /Applications/Xcode-27.0.0-Release.Candidate.app/Contents/Developer/Platforms/XROS.platform/Developer/usr/lib/swift/host/plugins/libPreviewsMacros.dylib\#/Applications/Xcode-27.0.0-Release.Candidate.app/Contents/Developer/Platforms/XROS.platform/Developer/usr/bin/swift-plugin-server\#PreviewsMacros -load-resolved-plugin /Applications/Xcode-27.0.0-Release.Candidate.app/Contents/Developer/Platforms/XROS.platform/Developer/usr/lib/swift/host/plugins/libSwiftMacros.dylib\#/Applications/Xcode-27.0.0-Release.Candidate.app/Contents/Developer/Platforms/XROS.platform/Developer/usr/bin/swift-plugin-server\#SwiftMacros -load-resolved-plugin /Applications/Xcode-27.0.0-Release.Candidate.app/Contents/Developer/Platforms/XROS.platform/Developer/usr/lib/swift/host/plugins/libSwiftUIMacros.dylib\#/Applications/Xcode-27.0.0-Release.Candidate.app/Contents/Developer/Platforms/XROS.platform/Developer/usr/bin/swift-plugin-server\#SwiftUIMacros -disable-implicit-swift-modules -Xcc -fno-implicit-modules -Xcc -fno-implicit-module-maps -explicit-swift-module-map-file /Users/admin/builder/spi-builder-workspace/.derivedData/Build/Intermediates.noindex/WWSignInWith3rd_Apple.build/Debug-xros/WWSignInWith3rd_Apple-t.build/Objects-normal/arm64/WWSignInWith3rd_Apple-dependencies-1.json -Xllvm -aarch64-use-tbi -enable-objc-interop -stack-check -sdk /Applications/Xcode-27.0.0-Release.Candidate.app/Contents/Developer/Platforms/XROS.platform/Developer/SDKs/XROS27.0.sdk -I /Users/admin/builder/spi-builder-workspace/.derivedData/Build/Products/Debug-xros -Isystem /Applications/Xcode-27.0.0-Release.Candidate.app/Contents/Developer/Platforms/XROS.platform/Developer/usr/lib -F /Users/admin/builder/spi-builder-workspace/.derivedData/Build/Products/Debug-xros -F /Applications/Xcode-27.0.0-Release.Candidate.app/Contents/Developer/Platforms/XROS.platform/Developer/Library/Frameworks -F /Applications/Xcode-27.0.0-Release.Candidate.app/Contents/Developer/Platforms/XROS.platform/Developer/SDKs/XROS27.0.sdk/Developer/Library/Frameworks -module-cache-path /Users/admin/builder/spi-builder-workspace/.derivedData/Build/Intermediates.noindex/SwiftExplicitPrecompiledModules -no-color-diagnostics -Xcc -fno-color-diagnostics -enable-testing -g -debug-info-format\=dwarf -dwarf-version\=4 -suppress-warnings -swift-version 5 -Onone -D SWIFT_PACKAGE -D DEBUG -D SWIFT_MODULE_RESOURCE_BUNDLE_AVAILABLE -D Xcode -serialize-debugging-options -enable-experimental-feature DebugDescriptionMacro -empty-abi-descriptor -validate-clang-modules-once -clang-build-session-file /Users/admin/builder/spi-builder-workspace/.derivedData/ModuleCache.noindex/Session.modulevalidation -Xcc -working-directory -Xcc /Users/admin/builder/spi-builder-workspace/.swiftpm/xcode -enable-anonymous-context-mangled-names -file-compilation-dir /Users/admin/builder/spi-builder-workspace/.swiftpm/xcode -Xcc -D_LIBCPP_HARDENING_MODE\=_LIBCPP_HARDENING_MODE_DEBUG -Xcc -ivfsstatcache -Xcc /Users/admin/builder/spi-builder-workspace/.derivedData/SDKStatCaches.noindex/xros27.0-24M361-e829b21a6f8c9b70876ba0858053c044735bd543db762f57723cac368afd1ce4.sdkstatcache -Xcc -fmodules-prune-interval\=86400 -Xcc -fmodules-prune-after\=345600 -Xcc -I/Users/admin/builder/spi-builder-workspace/.derivedData/Build/Products/Debug-xros/include -Xcc -I/Users/admin/builder/spi-builder-workspace/.derivedData/Build/Intermediates.noindex/WWSignInWith3rd_Apple.build/Debug-xros/WWSignInWith3rd_Apple-t.build/DerivedSources-normal/arm64 -Xcc -I/Users/admin/builder/spi-builder-workspace/.derivedData/Build/Intermediates.noindex/WWSignInWith3rd_Apple.build/Debug-xros/WWSignInWith3rd_Apple-t.build/DerivedSources/arm64 -Xcc -I/Users/admin/builder/spi-builder-workspace/.derivedData/Build/Intermediates.noindex/WWSignInWith3rd_Apple.build/Debug-xros/WWSignInWith3rd_Apple-t.build/DerivedSources -Xcc -DSWIFT_PACKAGE -Xcc -DDEBUG\=1 -no-auto-bridging-header-chaining -module-name WWSignInWith3rd_Apple -const-gather-protocols-file /Users/admin/builder/spi-builder-workspace/.derivedData/Build/Intermediates.noindex/WWSignInWith3rd_Apple.build/Debug-xros/WWSignInWith3rd_Apple-t.build/Objects-normal/arm64/WWSignInWith3rd_Apple_const_extract_protocols.json -disable-clang-spi -clang-target arm64-apple-xros27.0 -target-sdk-version 27.0 -target-sdk-name xros27.0 -in-process-plugin-server-path /Applications/Xcode-27.0.0-Release.Candidate.app/Contents/Developer/Toolchains/XcodeDefault.xctoolchain/usr/lib/swift/host/libSwiftInProcPluginServer.dylib -parse-as-library -o /Users/admin/builder/spi-builder-workspace/.derivedData/Build/Intermediates.noindex/WWSignInWith3rd_Apple.build/Debug-xros/WWSignInWith3rd_Apple-t.build/Objects-normal/arm64/Extension.o -debug-module-path /Users/admin/builder/spi-builder-workspace/.derivedData/Build/Intermediates.noindex/WWSignInWith3rd_Apple.build/Debug-xros/WWSignInWith3rd_Apple-t.build/Objects-normal/arm64/WWSignInWith3rd_Apple.swiftmodule -index-unit-output-path /WWSignInWith3rd_Apple.build/Debug-xros/WWSignInWith3rd_Apple-t.build/Objects-normal/arm64/Extension.o -index-store-path /Users/admin/builder/spi-builder-workspace/.derivedData/Index.noindex/DataStore -index-system-modules
SwiftCompile normal arm64 /Users/admin/builder/spi-builder-workspace/.dependencies/checkouts/WWSignInWith3rd_Apple/Sources/WWSignInWith3rd_Apple/Utility/Extension.swift (in target 'WWSignInWith3rd_Apple' from project 'WWSignInWith3rd_Apple')
    cd /Users/admin/builder/spi-builder-workspace/.swiftpm/xcode
    builtin-SwiftPerFileCompile Extension.swift
SwiftCompile normal arm64 Compiling\ resource_bundle_accessor.swift /Users/admin/builder/spi-builder-workspace/.derivedData/Build/Intermediates.noindex/WWSignInWith3rd_Apple.build/Debug-xros/WWSignInWith3rd_Apple-t.build/DerivedSources/resource_bundle_accessor.swift (in target 'WWSignInWith3rd_Apple' from project 'WWSignInWith3rd_Apple')
SwiftCompile normal arm64 /Users/admin/builder/spi-builder-workspace/.derivedData/Build/Intermediates.noindex/WWSignInWith3rd_Apple.build/Debug-xros/WWSignInWith3rd_Apple-t.build/DerivedSources/resource_bundle_accessor.swift (in target 'WWSignInWith3rd_Apple' from project 'WWSignInWith3rd_Apple')
    cd /Users/admin/builder/spi-builder-workspace/.swiftpm/xcode
    builtin-SwiftPerFileCompile resource_bundle_accessor.swift
SwiftCompile normal arm64 Compiling\ Extension+Apple.swift /Users/admin/builder/spi-builder-workspace/.dependencies/checkouts/WWSignInWith3rd_Apple/Sources/WWSignInWith3rd_Apple/Utility/Extension+Apple.swift (in target 'WWSignInWith3rd_Apple' from project 'WWSignInWith3rd_Apple')
SwiftCompile normal arm64 /Users/admin/builder/spi-builder-workspace/.dependencies/checkouts/WWSignInWith3rd_Apple/Sources/WWSignInWith3rd_Apple/Utility/Extension+Apple.swift (in target 'WWSignInWith3rd_Apple' from project 'WWSignInWith3rd_Apple')
    cd /Users/admin/builder/spi-builder-workspace/.swiftpm/xcode
    builtin-SwiftPerFileCompile Extension+Apple.swift
SwiftCompile normal arm64 Compiling\ WWSignInWith3rd.swift /Users/admin/builder/spi-builder-workspace/.dependencies/checkouts/WWSignInWith3rd_Apple/Sources/WWSignInWith3rd_Apple/WWSignInWith3rd.swift (in target 'WWSignInWith3rd_Apple' from project 'WWSignInWith3rd_Apple')
SwiftCompile normal arm64 /Users/admin/builder/spi-builder-workspace/.dependencies/checkouts/WWSignInWith3rd_Apple/Sources/WWSignInWith3rd_Apple/WWSignInWith3rd.swift (in target 'WWSignInWith3rd_Apple' from project 'WWSignInWith3rd_Apple')
    cd /Users/admin/builder/spi-builder-workspace/.swiftpm/xcode
    builtin-SwiftPerFileCompile WWSignInWith3rd.swift
SwiftDriverJobDiscovery normal arm64 Emitting module for WWNetworking (in target 'WWNetworking' from project 'WWNetworking')
SwiftDriver\ Compilation\ Requirements WWNetworking normal arm64 com.apple.xcode.tools.swift.compiler (in target 'WWNetworking' from project 'WWNetworking')
    cd /Users/admin/builder/spi-builder-workspace/.swiftpm/xcode
    builtin-Swift-Compilation-Requirements -- /Applications/Xcode-27.0.0-Release.Candidate.app/Contents/Developer/Toolchains/XcodeDefault.xctoolchain/usr/bin/swiftc -parse-as-library -module-name WWNetworking -Onone @/Users/admin/builder/spi-builder-workspace/.derivedData/Build/Intermediates.noindex/WWNetworking.build/Debug-xros/WWNetworking-t.build/Objects-normal/arm64/WWNetworking.SwiftFileList -DSWIFT_PACKAGE -DDEBUG -DSWIFT_MODULE_RESOURCE_BUNDLE_AVAILABLE -DXcode -plugin-path /Applications/Xcode-27.0.0-Release.Candidate.app/Contents/Developer/Toolchains/XcodeDefault.xctoolchain/usr/lib/swift/host/plugins/testing -enable-experimental-feature DebugDescriptionMacro -sdk /Applications/Xcode-27.0.0-Release.Candidate.app/Contents/Developer/Platforms/XROS.platform/Developer/SDKs/XROS27.0.sdk -target arm64-apple-xros1.0 -g -module-cache-path /Users/admin/builder/spi-builder-workspace/.derivedData/ModuleCache.noindex -Xfrontend -serialize-debugging-options -enable-testing -suppress-warnings -index-store-path /Users/admin/builder/spi-builder-workspace/.derivedData/Index.noindex/DataStore -Xcc -D_LIBCPP_HARDENING_MODE\=_LIBCPP_HARDENING_MODE_DEBUG -swift-version 5 -I /Users/admin/builder/spi-builder-workspace/.derivedData/Build/Products/Debug-xros -Isystem /Applications/Xcode-27.0.0-Release.Candidate.app/Contents/Developer/Platforms/XROS.platform/Developer/usr/lib -F /Users/admin/builder/spi-builder-workspace/.derivedData/Build/Products/Debug-xros -F /Applications/Xcode-27.0.0-Release.Candidate.app/Contents/Developer/Platforms/XROS.platform/Developer/Library/Frameworks -F /Applications/Xcode-27.0.0-Release.Candidate.app/Contents/Developer/Platforms/XROS.platform/Developer/SDKs/XROS27.0.sdk/Developer/Library/Frameworks -c -j10 -enable-batch-mode -incremental -Xcc -ivfsstatcache -Xcc /Users/admin/builder/spi-builder-workspace/.derivedData/SDKStatCaches.noindex/xros27.0-24M361-e829b21a6f8c9b70876ba0858053c044735bd543db762f57723cac368afd1ce4.sdkstatcache -output-file-map /Users/admin/builder/spi-builder-workspace/.derivedData/Build/Intermediates.noindex/WWNetworking.build/Debug-xros/WWNetworking-t.build/Objects-normal/arm64/WWNetworking-OutputFileMap.json -save-temps -no-color-diagnostics -explicit-module-build -module-cache-path /Users/admin/builder/spi-builder-workspace/.derivedData/Build/Intermediates.noindex/SwiftExplicitPrecompiledModules -clang-scanner-module-cache-path /Users/admin/builder/spi-builder-workspace/.derivedData/ModuleCache.noindex -sdk-module-cache-path /Users/admin/builder/spi-builder-workspace/.derivedData/SDKExplicitPrecompiledModules -emit-dependencies -emit-module -emit-module-path /Users/admin/builder/spi-builder-workspace/.derivedData/Build/Intermediates.noindex/WWNetworking.build/Debug-xros/WWNetworking-t.build/Objects-normal/arm64/WWNetworking.swiftmodule -serialize-diagnostics -dependency-scan-serialize-diagnostics-path /Users/admin/builder/spi-builder-workspace/.derivedData/Build/Intermediates.noindex/WWNetworking.build/Debug-xros/WWNetworking-t.build/Objects-normal/arm64/WWNetworking-dependency-scan.dia -validate-clang-modules-once -clang-build-session-file /Users/admin/builder/spi-builder-workspace/.derivedData/ModuleCache.noindex/Session.modulevalidation -Xcc -fmodules-prune-interval\=86400 -Xcc -fmodules-prune-after\=345600 -emit-const-values -const-gather-protocols-list /Users/admin/builder/spi-builder-workspace/.derivedData/Build/Intermediates.noindex/WWNetworking.build/Debug-xros/WWNetworking-t.build/Objects-normal/arm64/WWNetworking_const_extract_protocols.json -Xcc -I/Users/admin/builder/spi-builder-workspace/.derivedData/Build/Products/Debug-xros/include -Xcc -I/Users/admin/builder/spi-builder-workspace/.derivedData/Build/Intermediates.noindex/WWNetworking.build/Debug-xros/WWNetworking-t.build/DerivedSources-normal/arm64 -Xcc -I/Users/admin/builder/spi-builder-workspace/.derivedData/Build/Intermediates.noindex/WWNetworking.build/Debug-xros/WWNetworking-t.build/DerivedSources/arm64 -Xcc -I/Users/admin/builder/spi-builder-workspace/.derivedData/Build/Intermediates.noindex/WWNetworking.build/Debug-xros/WWNetworking-t.build/DerivedSources -Xcc -DSWIFT_PACKAGE -Xcc -DDEBUG\=1 -emit-objc-header -emit-objc-header-path /Users/admin/builder/spi-builder-workspace/.derivedData/Build/Intermediates.noindex/WWNetworking.build/Debug-xros/WWNetworking-t.build/Objects-normal/arm64/WWNetworking-Swift.h -working-directory /Users/admin/builder/spi-builder-workspace/.swiftpm/xcode -experimental-emit-module-separately -disable-cmo
SwiftDriverJobDiscovery normal arm64 Emitting module for WWSignInWith3rd_Apple (in target 'WWSignInWith3rd_Apple' from project 'WWSignInWith3rd_Apple')
SwiftDriver\ Compilation\ Requirements WWSignInWith3rd_Apple normal arm64 com.apple.xcode.tools.swift.compiler (in target 'WWSignInWith3rd_Apple' from project 'WWSignInWith3rd_Apple')
    cd /Users/admin/builder/spi-builder-workspace/.swiftpm/xcode
    builtin-Swift-Compilation-Requirements -- /Applications/Xcode-27.0.0-Release.Candidate.app/Contents/Developer/Toolchains/XcodeDefault.xctoolchain/usr/bin/swiftc -parse-as-library -module-name WWSignInWith3rd_Apple -Onone @/Users/admin/builder/spi-builder-workspace/.derivedData/Build/Intermediates.noindex/WWSignInWith3rd_Apple.build/Debug-xros/WWSignInWith3rd_Apple-t.build/Objects-normal/arm64/WWSignInWith3rd_Apple.SwiftFileList -DSWIFT_PACKAGE -DDEBUG -DSWIFT_MODULE_RESOURCE_BUNDLE_AVAILABLE -DXcode -plugin-path /Applications/Xcode-27.0.0-Release.Candidate.app/Contents/Developer/Toolchains/XcodeDefault.xctoolchain/usr/lib/swift/host/plugins/testing -enable-experimental-feature DebugDescriptionMacro -sdk /Applications/Xcode-27.0.0-Release.Candidate.app/Contents/Developer/Platforms/XROS.platform/Developer/SDKs/XROS27.0.sdk -target arm64-apple-xros1.0 -g -module-cache-path /Users/admin/builder/spi-builder-workspace/.derivedData/ModuleCache.noindex -Xfrontend -serialize-debugging-options -enable-testing -suppress-warnings -index-store-path /Users/admin/builder/spi-builder-workspace/.derivedData/Index.noindex/DataStore -Xcc -D_LIBCPP_HARDENING_MODE\=_LIBCPP_HARDENING_MODE_DEBUG -swift-version 5 -I /Users/admin/builder/spi-builder-workspace/.derivedData/Build/Products/Debug-xros -Isystem /Applications/Xcode-27.0.0-Release.Candidate.app/Contents/Developer/Platforms/XROS.platform/Developer/usr/lib -F /Users/admin/builder/spi-builder-workspace/.derivedData/Build/Products/Debug-xros -F /Applications/Xcode-27.0.0-Release.Candidate.app/Contents/Developer/Platforms/XROS.platform/Developer/Library/Frameworks -F /Applications/Xcode-27.0.0-Release.Candidate.app/Contents/Developer/Platforms/XROS.platform/Developer/SDKs/XROS27.0.sdk/Developer/Library/Frameworks -c -j10 -enable-batch-mode -incremental -Xcc -ivfsstatcache -Xcc /Users/admin/builder/spi-builder-workspace/.derivedData/SDKStatCaches.noindex/xros27.0-24M361-e829b21a6f8c9b70876ba0858053c044735bd543db762f57723cac368afd1ce4.sdkstatcache -output-file-map /Users/admin/builder/spi-builder-workspace/.derivedData/Build/Intermediates.noindex/WWSignInWith3rd_Apple.build/Debug-xros/WWSignInWith3rd_Apple-t.build/Objects-normal/arm64/WWSignInWith3rd_Apple-OutputFileMap.json -save-temps -no-color-diagnostics -explicit-module-build -module-cache-path /Users/admin/builder/spi-builder-workspace/.derivedData/Build/Intermediates.noindex/SwiftExplicitPrecompiledModules -clang-scanner-module-cache-path /Users/admin/builder/spi-builder-workspace/.derivedData/ModuleCache.noindex -sdk-module-cache-path /Users/admin/builder/spi-builder-workspace/.derivedData/SDKExplicitPrecompiledModules -emit-dependencies -emit-module -emit-module-path /Users/admin/builder/spi-builder-workspace/.derivedData/Build/Intermediates.noindex/WWSignInWith3rd_Apple.build/Debug-xros/WWSignInWith3rd_Apple-t.build/Objects-normal/arm64/WWSignInWith3rd_Apple.swiftmodule -serialize-diagnostics -dependency-scan-serialize-diagnostics-path /Users/admin/builder/spi-builder-workspace/.derivedData/Build/Intermediates.noindex/WWSignInWith3rd_Apple.build/Debug-xros/WWSignInWith3rd_Apple-t.build/Objects-normal/arm64/WWSignInWith3rd_Apple-dependency-scan.dia -validate-clang-modules-once -clang-build-session-file /Users/admin/builder/spi-builder-workspace/.derivedData/ModuleCache.noindex/Session.modulevalidation -Xcc -fmodules-prune-interval\=86400 -Xcc -fmodules-prune-after\=345600 -emit-const-values -const-gather-protocols-list /Users/admin/builder/spi-builder-workspace/.derivedData/Build/Intermediates.noindex/WWSignInWith3rd_Apple.build/Debug-xros/WWSignInWith3rd_Apple-t.build/Objects-normal/arm64/WWSignInWith3rd_Apple_const_extract_protocols.json -Xcc -I/Users/admin/builder/spi-builder-workspace/.derivedData/Build/Products/Debug-xros/include -Xcc -I/Users/admin/builder/spi-builder-workspace/.derivedData/Build/Intermediates.noindex/WWSignInWith3rd_Apple.build/Debug-xros/WWSignInWith3rd_Apple-t.build/DerivedSources-normal/arm64 -Xcc -I/Users/admin/builder/spi-builder-workspace/.derivedData/Build/Intermediates.noindex/WWSignInWith3rd_Apple.build/Debug-xros/WWSignInWith3rd_Apple-t.build/DerivedSources/arm64 -Xcc -I/Users/admin/builder/spi-builder-workspace/.derivedData/Build/Intermediates.noindex/WWSignInWith3rd_Apple.build/Debug-xros/WWSignInWith3rd_Apple-t.build/DerivedSources -Xcc -DSWIFT_PACKAGE -Xcc -DDEBUG\=1 -emit-objc-header -emit-objc-header-path /Users/admin/builder/spi-builder-workspace/.derivedData/Build/Intermediates.noindex/WWSignInWith3rd_Apple.build/Debug-xros/WWSignInWith3rd_Apple-t.build/Objects-normal/arm64/WWSignInWith3rd_Apple-Swift.h -working-directory /Users/admin/builder/spi-builder-workspace/.swiftpm/xcode -experimental-emit-module-separately -disable-cmo
SwiftMergeGeneratedHeaders /Users/admin/builder/spi-builder-workspace/.derivedData/Build/Intermediates.noindex/GeneratedModuleMaps-xros/WWNetworking-Swift.h /Users/admin/builder/spi-builder-workspace/.derivedData/Build/Intermediates.noindex/WWNetworking.build/Debug-xros/WWNetworking-t.build/Objects-normal/arm64/WWNetworking-Swift.h (in target 'WWNetworking' from project 'WWNetworking')
    cd /Users/admin/builder/spi-builder-workspace/.dependencies/checkouts/WWNetworking
    builtin-swiftHeaderTool -arch arm64 /Users/admin/builder/spi-builder-workspace/.derivedData/Build/Intermediates.noindex/WWNetworking.build/Debug-xros/WWNetworking-t.build/Objects-normal/arm64/WWNetworking-Swift.h -o /Users/admin/builder/spi-builder-workspace/.derivedData/Build/Intermediates.noindex/GeneratedModuleMaps-xros/WWNetworking-Swift.h
SwiftMergeGeneratedHeaders /Users/admin/builder/spi-builder-workspace/.derivedData/Build/Intermediates.noindex/GeneratedModuleMaps-xros/WWSignInWith3rd_Apple-Swift.h /Users/admin/builder/spi-builder-workspace/.derivedData/Build/Intermediates.noindex/WWSignInWith3rd_Apple.build/Debug-xros/WWSignInWith3rd_Apple-t.build/Objects-normal/arm64/WWSignInWith3rd_Apple-Swift.h (in target 'WWSignInWith3rd_Apple' from project 'WWSignInWith3rd_Apple')
    cd /Users/admin/builder/spi-builder-workspace/.dependencies/checkouts/WWSignInWith3rd_Apple
    builtin-swiftHeaderTool -arch arm64 /Users/admin/builder/spi-builder-workspace/.derivedData/Build/Intermediates.noindex/WWSignInWith3rd_Apple.build/Debug-xros/WWSignInWith3rd_Apple-t.build/Objects-normal/arm64/WWSignInWith3rd_Apple-Swift.h -o /Users/admin/builder/spi-builder-workspace/.derivedData/Build/Intermediates.noindex/GeneratedModuleMaps-xros/WWSignInWith3rd_Apple-Swift.h
Copy /Users/admin/builder/spi-builder-workspace/.derivedData/Build/Products/Debug-xros/WWSignInWith3rd_Apple.swiftmodule/arm64-apple-xros.swiftmodule /Users/admin/builder/spi-builder-workspace/.derivedData/Build/Intermediates.noindex/WWSignInWith3rd_Apple.build/Debug-xros/WWSignInWith3rd_Apple-t.build/Objects-normal/arm64/WWSignInWith3rd_Apple.swiftmodule (in target 'WWSignInWith3rd_Apple' from project 'WWSignInWith3rd_Apple')
    cd /Users/admin/builder/spi-builder-workspace/.dependencies/checkouts/WWSignInWith3rd_Apple
    builtin-copy -exclude .DS_Store -exclude CVS -exclude .svn -exclude .git -exclude .hg -resolve-src-symlinks -rename /Users/admin/builder/spi-builder-workspace/.derivedData/Build/Intermediates.noindex/WWSignInWith3rd_Apple.build/Debug-xros/WWSignInWith3rd_Apple-t.build/Objects-normal/arm64/WWSignInWith3rd_Apple.swiftmodule /Users/admin/builder/spi-builder-workspace/.derivedData/Build/Products/Debug-xros/WWSignInWith3rd_Apple.swiftmodule/arm64-apple-xros.swiftmodule
Copy /Users/admin/builder/spi-builder-workspace/.derivedData/Build/Products/Debug-xros/WWSignInWith3rd_Apple.swiftmodule/arm64-apple-xros.swiftdoc /Users/admin/builder/spi-builder-workspace/.derivedData/Build/Intermediates.noindex/WWSignInWith3rd_Apple.build/Debug-xros/WWSignInWith3rd_Apple-t.build/Objects-normal/arm64/WWSignInWith3rd_Apple.swiftdoc (in target 'WWSignInWith3rd_Apple' from project 'WWSignInWith3rd_Apple')
    cd /Users/admin/builder/spi-builder-workspace/.dependencies/checkouts/WWSignInWith3rd_Apple
    builtin-copy -exclude .DS_Store -exclude CVS -exclude .svn -exclude .git -exclude .hg -resolve-src-symlinks -rename /Users/admin/builder/spi-builder-workspace/.derivedData/Build/Intermediates.noindex/WWSignInWith3rd_Apple.build/Debug-xros/WWSignInWith3rd_Apple-t.build/Objects-normal/arm64/WWSignInWith3rd_Apple.swiftdoc /Users/admin/builder/spi-builder-workspace/.derivedData/Build/Products/Debug-xros/WWSignInWith3rd_Apple.swiftmodule/arm64-apple-xros.swiftdoc
Copy /Users/admin/builder/spi-builder-workspace/.derivedData/Build/Products/Debug-xros/WWSignInWith3rd_Apple.swiftmodule/arm64-apple-xros.abi.json /Users/admin/builder/spi-builder-workspace/.derivedData/Build/Intermediates.noindex/WWSignInWith3rd_Apple.build/Debug-xros/WWSignInWith3rd_Apple-t.build/Objects-normal/arm64/WWSignInWith3rd_Apple.abi.json (in target 'WWSignInWith3rd_Apple' from project 'WWSignInWith3rd_Apple')
    cd /Users/admin/builder/spi-builder-workspace/.dependencies/checkouts/WWSignInWith3rd_Apple
    builtin-copy -exclude .DS_Store -exclude CVS -exclude .svn -exclude .git -exclude .hg -resolve-src-symlinks -rename /Users/admin/builder/spi-builder-workspace/.derivedData/Build/Intermediates.noindex/WWSignInWith3rd_Apple.build/Debug-xros/WWSignInWith3rd_Apple-t.build/Objects-normal/arm64/WWSignInWith3rd_Apple.abi.json /Users/admin/builder/spi-builder-workspace/.derivedData/Build/Products/Debug-xros/WWSignInWith3rd_Apple.swiftmodule/arm64-apple-xros.abi.json
Copy /Users/admin/builder/spi-builder-workspace/.derivedData/Build/Products/Debug-xros/WWSignInWith3rd_Apple.swiftmodule/Project/arm64-apple-xros.swiftsourceinfo /Users/admin/builder/spi-builder-workspace/.derivedData/Build/Intermediates.noindex/WWSignInWith3rd_Apple.build/Debug-xros/WWSignInWith3rd_Apple-t.build/Objects-normal/arm64/WWSignInWith3rd_Apple.swiftsourceinfo (in target 'WWSignInWith3rd_Apple' from project 'WWSignInWith3rd_Apple')
    cd /Users/admin/builder/spi-builder-workspace/.dependencies/checkouts/WWSignInWith3rd_Apple
    builtin-copy -exclude .DS_Store -exclude CVS -exclude .svn -exclude .git -exclude .hg -resolve-src-symlinks -rename /Users/admin/builder/spi-builder-workspace/.derivedData/Build/Intermediates.noindex/WWSignInWith3rd_Apple.build/Debug-xros/WWSignInWith3rd_Apple-t.build/Objects-normal/arm64/WWSignInWith3rd_Apple.swiftsourceinfo /Users/admin/builder/spi-builder-workspace/.derivedData/Build/Products/Debug-xros/WWSignInWith3rd_Apple.swiftmodule/Project/arm64-apple-xros.swiftsourceinfo
Copy /Users/admin/builder/spi-builder-workspace/.derivedData/Build/Products/Debug-xros/WWNetworking.swiftmodule/arm64-apple-xros.swiftmodule /Users/admin/builder/spi-builder-workspace/.derivedData/Build/Intermediates.noindex/WWNetworking.build/Debug-xros/WWNetworking-t.build/Objects-normal/arm64/WWNetworking.swiftmodule (in target 'WWNetworking' from project 'WWNetworking')
    cd /Users/admin/builder/spi-builder-workspace/.dependencies/checkouts/WWNetworking
    builtin-copy -exclude .DS_Store -exclude CVS -exclude .svn -exclude .git -exclude .hg -resolve-src-symlinks -rename /Users/admin/builder/spi-builder-workspace/.derivedData/Build/Intermediates.noindex/WWNetworking.build/Debug-xros/WWNetworking-t.build/Objects-normal/arm64/WWNetworking.swiftmodule /Users/admin/builder/spi-builder-workspace/.derivedData/Build/Products/Debug-xros/WWNetworking.swiftmodule/arm64-apple-xros.swiftmodule
Copy /Users/admin/builder/spi-builder-workspace/.derivedData/Build/Products/Debug-xros/WWNetworking.swiftmodule/arm64-apple-xros.swiftdoc /Users/admin/builder/spi-builder-workspace/.derivedData/Build/Intermediates.noindex/WWNetworking.build/Debug-xros/WWNetworking-t.build/Objects-normal/arm64/WWNetworking.swiftdoc (in target 'WWNetworking' from project 'WWNetworking')
    cd /Users/admin/builder/spi-builder-workspace/.dependencies/checkouts/WWNetworking
    builtin-copy -exclude .DS_Store -exclude CVS -exclude .svn -exclude .git -exclude .hg -resolve-src-symlinks -rename /Users/admin/builder/spi-builder-workspace/.derivedData/Build/Intermediates.noindex/WWNetworking.build/Debug-xros/WWNetworking-t.build/Objects-normal/arm64/WWNetworking.swiftdoc /Users/admin/builder/spi-builder-workspace/.derivedData/Build/Products/Debug-xros/WWNetworking.swiftmodule/arm64-apple-xros.swiftdoc
Copy /Users/admin/builder/spi-builder-workspace/.derivedData/Build/Products/Debug-xros/WWNetworking.swiftmodule/arm64-apple-xros.abi.json /Users/admin/builder/spi-builder-workspace/.derivedData/Build/Intermediates.noindex/WWNetworking.build/Debug-xros/WWNetworking-t.build/Objects-normal/arm64/WWNetworking.abi.json (in target 'WWNetworking' from project 'WWNetworking')
    cd /Users/admin/builder/spi-builder-workspace/.dependencies/checkouts/WWNetworking
    builtin-copy -exclude .DS_Store -exclude CVS -exclude .svn -exclude .git -exclude .hg -resolve-src-symlinks -rename /Users/admin/builder/spi-builder-workspace/.derivedData/Build/Intermediates.noindex/WWNetworking.build/Debug-xros/WWNetworking-t.build/Objects-normal/arm64/WWNetworking.abi.json /Users/admin/builder/spi-builder-workspace/.derivedData/Build/Products/Debug-xros/WWNetworking.swiftmodule/arm64-apple-xros.abi.json
Copy /Users/admin/builder/spi-builder-workspace/.derivedData/Build/Products/Debug-xros/WWNetworking.swiftmodule/Project/arm64-apple-xros.swiftsourceinfo /Users/admin/builder/spi-builder-workspace/.derivedData/Build/Intermediates.noindex/WWNetworking.build/Debug-xros/WWNetworking-t.build/Objects-normal/arm64/WWNetworking.swiftsourceinfo (in target 'WWNetworking' from project 'WWNetworking')
    cd /Users/admin/builder/spi-builder-workspace/.dependencies/checkouts/WWNetworking
    builtin-copy -exclude .DS_Store -exclude CVS -exclude .svn -exclude .git -exclude .hg -resolve-src-symlinks -rename /Users/admin/builder/spi-builder-workspace/.derivedData/Build/Intermediates.noindex/WWNetworking.build/Debug-xros/WWNetworking-t.build/Objects-normal/arm64/WWNetworking.swiftsourceinfo /Users/admin/builder/spi-builder-workspace/.derivedData/Build/Products/Debug-xros/WWNetworking.swiftmodule/Project/arm64-apple-xros.swiftsourceinfo
SwiftCompile normal arm64 Compiling\ Constant.swift /Users/admin/builder/spi-builder-workspace/.dependencies/checkouts/WWSignInWith3rd_Apple/Sources/WWSignInWith3rd_Apple/Utility/Constant.swift (in target 'WWSignInWith3rd_Apple' from project 'WWSignInWith3rd_Apple')
SwiftCompile normal arm64 /Users/admin/builder/spi-builder-workspace/.dependencies/checkouts/WWSignInWith3rd_Apple/Sources/WWSignInWith3rd_Apple/Utility/Constant.swift (in target 'WWSignInWith3rd_Apple' from project 'WWSignInWith3rd_Apple')
    cd /Users/admin/builder/spi-builder-workspace/.swiftpm/xcode
    builtin-SwiftPerFileCompile Constant.swift
SwiftDriverJobDiscovery normal arm64 Compiling WWSignInWith3rd.swift (in target 'WWSignInWith3rd_Apple' from project 'WWSignInWith3rd_Apple')
GenerateAssetSymbols /Users/admin/builder/spi-builder-workspace/Sources/WWSignInWith3rd_Discord/Material/Media.xcassets (in target 'WWSignInWith3rd_Discord' from project 'WWSignInWith3rd_Discord')
    cd /Users/admin/builder/spi-builder-workspace
    /Applications/Xcode-27.0.0-Release.Candidate.app/Contents/Developer/usr/bin/actool /Users/admin/builder/spi-builder-workspace/Sources/WWSignInWith3rd_Discord/Material/Media.xcassets --compile /Users/admin/builder/spi-builder-workspace/.derivedData/Build/Products/Debug-xros --output-format human-readable-text --notices --warnings --export-dependency-info /Users/admin/builder/spi-builder-workspace/.derivedData/Build/Intermediates.noindex/WWSignInWith3rd_Discord.build/Debug-xros/WWSignInWith3rd_Discord-t.build/assetcatalog_dependencies --output-partial-info-plist /Users/admin/builder/spi-builder-workspace/.derivedData/Build/Intermediates.noindex/WWSignInWith3rd_Discord.build/Debug-xros/WWSignInWith3rd_Discord-t.build/assetcatalog_generated_info.plist --compress-pngs --enable-on-demand-resources NO --development-region en --target-device vision --minimum-deployment-target 1.0 --platform xros --bundle-identifier spi-builder-workspace.WWSignInWith3rd-Discord --generate-swift-asset-symbol-extensions NO --generate-swift-asset-symbols /Users/admin/builder/spi-builder-workspace/.derivedData/Build/Intermediates.noindex/WWSignInWith3rd_Discord.build/Debug-xros/WWSignInWith3rd_Discord-t.build/DerivedSources/GeneratedAssetSymbols.swift --generate-objc-asset-symbols /Users/admin/builder/spi-builder-workspace/.derivedData/Build/Intermediates.noindex/WWSignInWith3rd_Discord.build/Debug-xros/WWSignInWith3rd_Discord-t.build/DerivedSources/GeneratedAssetSymbols.h --generate-asset-symbol-index /Users/admin/builder/spi-builder-workspace/.derivedData/Build/Intermediates.noindex/WWSignInWith3rd_Discord.build/Debug-xros/WWSignInWith3rd_Discord-t.build/DerivedSources/GeneratedAssetSymbols-Index.plist
/* com.apple.actool.compilation-results */
/Users/admin/builder/spi-builder-workspace/.derivedData/Build/Intermediates.noindex/WWSignInWith3rd_Discord.build/Debug-xros/WWSignInWith3rd_Discord-t.build/DerivedSources/GeneratedAssetSymbols-Index.plist
/Users/admin/builder/spi-builder-workspace/.derivedData/Build/Intermediates.noindex/WWSignInWith3rd_Discord.build/Debug-xros/WWSignInWith3rd_Discord-t.build/DerivedSources/GeneratedAssetSymbols.h
/Users/admin/builder/spi-builder-workspace/.derivedData/Build/Intermediates.noindex/WWSignInWith3rd_Discord.build/Debug-xros/WWSignInWith3rd_Discord-t.build/DerivedSources/GeneratedAssetSymbols.swift
SwiftDriverJobDiscovery normal arm64 Compiling resource_bundle_accessor.swift (in target 'WWSignInWith3rd_Apple' from project 'WWSignInWith3rd_Apple')
SwiftDriverJobDiscovery normal arm64 Compiling resource_bundle_accessor.swift (in target 'WWNetworking' from project 'WWNetworking')
SwiftDriver WWSignInWith3rd_Discord normal arm64 com.apple.xcode.tools.swift.compiler (in target 'WWSignInWith3rd_Discord' from project 'WWSignInWith3rd_Discord')
    cd /Users/admin/builder/spi-builder-workspace/.swiftpm/xcode
    builtin-SwiftDriver -- /Applications/Xcode-27.0.0-Release.Candidate.app/Contents/Developer/Toolchains/XcodeDefault.xctoolchain/usr/bin/swiftc -parse-as-library -module-name WWSignInWith3rd_Discord -Onone @/Users/admin/builder/spi-builder-workspace/.derivedData/Build/Intermediates.noindex/WWSignInWith3rd_Discord.build/Debug-xros/WWSignInWith3rd_Discord-t.build/Objects-normal/arm64/WWSignInWith3rd_Discord.SwiftFileList -DSWIFT_PACKAGE -DDEBUG -DSWIFT_MODULE_RESOURCE_BUNDLE_AVAILABLE -DXcode -plugin-path /Applications/Xcode-27.0.0-Release.Candidate.app/Contents/Developer/Toolchains/XcodeDefault.xctoolchain/usr/lib/swift/host/plugins/testing -enable-experimental-feature DebugDescriptionMacro -sdk /Applications/Xcode-27.0.0-Release.Candidate.app/Contents/Developer/Platforms/XROS.platform/Developer/SDKs/XROS27.0.sdk -target arm64-apple-xros1.0 -g -module-cache-path /Users/admin/builder/spi-builder-workspace/.derivedData/ModuleCache.noindex -Xfrontend -serialize-debugging-options -enable-testing -index-store-path /Users/admin/builder/spi-builder-workspace/.derivedData/Index.noindex/DataStore -Xcc -D_LIBCPP_HARDENING_MODE\=_LIBCPP_HARDENING_MODE_DEBUG -swift-version 5 -I /Users/admin/builder/spi-builder-workspace/.derivedData/Build/Products/Debug-xros -Isystem /Applications/Xcode-27.0.0-Release.Candidate.app/Contents/Developer/Platforms/XROS.platform/Developer/usr/lib -F /Users/admin/builder/spi-builder-workspace/.derivedData/Build/Products/Debug-xros/PackageFrameworks -F /Users/admin/builder/spi-builder-workspace/.derivedData/Build/Products/Debug-xros -F /Applications/Xcode-27.0.0-Release.Candidate.app/Contents/Developer/Platforms/XROS.platform/Developer/Library/Frameworks -F /Applications/Xcode-27.0.0-Release.Candidate.app/Contents/Developer/Platforms/XROS.platform/Developer/SDKs/XROS27.0.sdk/Developer/Library/Frameworks -c -j10 -enable-batch-mode -incremental -Xcc -ivfsstatcache -Xcc /Users/admin/builder/spi-builder-workspace/.derivedData/SDKStatCaches.noindex/xros27.0-24M361-e829b21a6f8c9b70876ba0858053c044735bd543db762f57723cac368afd1ce4.sdkstatcache -output-file-map /Users/admin/builder/spi-builder-workspace/.derivedData/Build/Intermediates.noindex/WWSignInWith3rd_Discord.build/Debug-xros/WWSignInWith3rd_Discord-t.build/Objects-normal/arm64/WWSignInWith3rd_Discord-OutputFileMap.json -save-temps -no-color-diagnostics -explicit-module-build -module-cache-path /Users/admin/builder/spi-builder-workspace/.derivedData/Build/Intermediates.noindex/SwiftExplicitPrecompiledModules -clang-scanner-module-cache-path /Users/admin/builder/spi-builder-workspace/.derivedData/ModuleCache.noindex -sdk-module-cache-path /Users/admin/builder/spi-builder-workspace/.derivedData/SDKExplicitPrecompiledModules -emit-dependencies -emit-module -emit-module-path /Users/admin/builder/spi-builder-workspace/.derivedData/Build/Intermediates.noindex/WWSignInWith3rd_Discord.build/Debug-xros/WWSignInWith3rd_Discord-t.build/Objects-normal/arm64/WWSignInWith3rd_Discord.swiftmodule -serialize-diagnostics -dependency-scan-serialize-diagnostics-path /Users/admin/builder/spi-builder-workspace/.derivedData/Build/Intermediates.noindex/WWSignInWith3rd_Discord.build/Debug-xros/WWSignInWith3rd_Discord-t.build/Objects-normal/arm64/WWSignInWith3rd_Discord-dependency-scan.dia -validate-clang-modules-once -clang-build-session-file /Users/admin/builder/spi-builder-workspace/.derivedData/ModuleCache.noindex/Session.modulevalidation -Xcc -fmodules-prune-interval\=86400 -Xcc -fmodules-prune-after\=345600 -emit-const-values -const-gather-protocols-list /Users/admin/builder/spi-builder-workspace/.derivedData/Build/Intermediates.noindex/WWSignInWith3rd_Discord.build/Debug-xros/WWSignInWith3rd_Discord-t.build/Objects-normal/arm64/WWSignInWith3rd_Discord_const_extract_protocols.json -Xcc -I/Users/admin/builder/spi-builder-workspace/.derivedData/Build/Products/Debug-xros/include -Xcc -I/Users/admin/builder/spi-builder-workspace/.derivedData/Build/Intermediates.noindex/WWSignInWith3rd_Discord.build/Debug-xros/WWSignInWith3rd_Discord-t.build/DerivedSources-normal/arm64 -Xcc -I/Users/admin/builder/spi-builder-workspace/.derivedData/Build/Intermediates.noindex/WWSignInWith3rd_Discord.build/Debug-xros/WWSignInWith3rd_Discord-t.build/DerivedSources/arm64 -Xcc -I/Users/admin/builder/spi-builder-workspace/.derivedData/Build/Intermediates.noindex/WWSignInWith3rd_Discord.build/Debug-xros/WWSignInWith3rd_Discord-t.build/DerivedSources -Xcc -DSWIFT_PACKAGE -Xcc -DDEBUG\=1 -emit-objc-header -emit-objc-header-path /Users/admin/builder/spi-builder-workspace/.derivedData/Build/Intermediates.noindex/WWSignInWith3rd_Discord.build/Debug-xros/WWSignInWith3rd_Discord-t.build/Objects-normal/arm64/WWSignInWith3rd_Discord-Swift.h -working-directory /Users/admin/builder/spi-builder-workspace/.swiftpm/xcode -experimental-emit-module-separately -disable-cmo
SwiftDriverJobDiscovery normal arm64 Compiling Constant.swift (in target 'WWSignInWith3rd_Apple' from project 'WWSignInWith3rd_Apple')
SwiftDriverJobDiscovery normal arm64 Compiling Networking.swift (in target 'WWNetworking' from project 'WWNetworking')
SwiftCompile normal arm64 Compiling\ WWSignInWith3rd_Discord.swift /Users/admin/builder/spi-builder-workspace/Sources/WWSignInWith3rd_Discord/WWSignInWith3rd_Discord.swift (in target 'WWSignInWith3rd_Discord' from project 'WWSignInWith3rd_Discord')
SwiftCompile normal arm64 /Users/admin/builder/spi-builder-workspace/Sources/WWSignInWith3rd_Discord/WWSignInWith3rd_Discord.swift (in target 'WWSignInWith3rd_Discord' from project 'WWSignInWith3rd_Discord')
    cd /Users/admin/builder/spi-builder-workspace/.swiftpm/xcode
    builtin-SwiftPerFileCompile WWSignInWith3rd_Discord.swift
/Users/admin/builder/spi-builder-workspace/Sources/WWSignInWith3rd_Discord/WWSignInWith3rd_Discord.swift:189:13: warning: initialization of immutable value 'urlString' was never used; consider replacing with assignment to '_' or removing it [#NoUsage]
187 |         }
188 |
189 |         let urlString = DiscordURL.accessToken
    |             `- warning: initialization of immutable value 'urlString' was never used; consider replacing with assignment to '_' or removing it [#NoUsage]
190 |         let grantType = "authorization_code"
191 |         let items = ["client_id": clientId, "client_secret": clientSecret, "code": code, "grant_type": grantType, "redirect_uri": redirectUri]
/Users/admin/builder/spi-builder-workspace/Sources/WWSignInWith3rd_Discord/WWSignInWith3rd_Discord.swift:218:34: warning: enum case 'success' has one associated value that is a tuple of 2 elements
216 |                     switch accessTokenResult {
217 |                     case .failure(let error): self.completionBlock?(.failure(error))
218 |                     case .success(let type, let token):
    |                                  `- warning: enum case 'success' has one associated value that is a tuple of 2 elements
219 |
220 |                         let headers = ["\(WWNetworking.HTTPHeaderField.authorization)": "\(type) \(token)"]
<unknown>:0: note: 'success' declared here
/Users/admin/builder/spi-builder-workspace/Sources/WWSignInWith3rd_Discord/WWSignInWith3rd_Discord.swift:222:45: warning: result of call to 'request(httpMethod:urlString:timeout:contentType:paramaters:headers:httpBodyType:result:)' is unused [#NoUsage]
220 |                         let headers = ["\(WWNetworking.HTTPHeaderField.authorization)": "\(type) \(token)"]
221 |
222 |                         WWNetworking.shared.request(httpMethod: .GET, urlString: self.DiscordURL.user, contentType: .formUrlEncoded, headers: headers) { _result in
    |                                             `- warning: result of call to 'request(httpMethod:urlString:timeout:contentType:paramaters:headers:httpBodyType:result:)' is unused [#NoUsage]
223 |
224 |                             switch _result {
SwiftEmitModule normal arm64 Emitting\ module\ for\ WWSignInWith3rd_Discord (in target 'WWSignInWith3rd_Discord' from project 'WWSignInWith3rd_Discord')
SwiftCompile normal arm64 (in target 'WWSignInWith3rd_Discord' from project 'WWSignInWith3rd_Discord')
    cd /Users/admin/builder/spi-builder-workspace/.swiftpm/xcode

SwiftCompile normal arm64 Compiling\ GeneratedAssetSymbols.swift /Users/admin/builder/spi-builder-workspace/.derivedData/Build/Intermediates.noindex/WWSignInWith3rd_Discord.build/Debug-xros/WWSignInWith3rd_Discord-t.build/DerivedSources/GeneratedAssetSymbols.swift (in target 'WWSignInWith3rd_Discord' from project 'WWSignInWith3rd_Discord')
SwiftCompile normal arm64 /Users/admin/builder/spi-builder-workspace/.derivedData/Build/Intermediates.noindex/WWSignInWith3rd_Discord.build/Debug-xros/WWSignInWith3rd_Discord-t.build/DerivedSources/GeneratedAssetSymbols.swift (in target 'WWSignInWith3rd_Discord' from project 'WWSignInWith3rd_Discord')
    cd /Users/admin/builder/spi-builder-workspace/.swiftpm/xcode
    builtin-SwiftPerFileCompile GeneratedAssetSymbols.swift
SwiftCompile normal arm64 Compiling\ resource_bundle_accessor.swift /Users/admin/builder/spi-builder-workspace/.derivedData/Build/Intermediates.noindex/WWSignInWith3rd_Discord.build/Debug-xros/WWSignInWith3rd_Discord-t.build/DerivedSources/resource_bundle_accessor.swift (in target 'WWSignInWith3rd_Discord' from project 'WWSignInWith3rd_Discord')
SwiftCompile normal arm64 /Users/admin/builder/spi-builder-workspace/.derivedData/Build/Intermediates.noindex/WWSignInWith3rd_Discord.build/Debug-xros/WWSignInWith3rd_Discord-t.build/DerivedSources/resource_bundle_accessor.swift (in target 'WWSignInWith3rd_Discord' from project 'WWSignInWith3rd_Discord')
    cd /Users/admin/builder/spi-builder-workspace/.swiftpm/xcode
    builtin-SwiftPerFileCompile resource_bundle_accessor.swift
SwiftCompile normal arm64 Compiling\ Constant.swift /Users/admin/builder/spi-builder-workspace/Sources/WWSignInWith3rd_Discord/Utility/Constant.swift (in target 'WWSignInWith3rd_Discord' from project 'WWSignInWith3rd_Discord')
SwiftCompile normal arm64 /Users/admin/builder/spi-builder-workspace/Sources/WWSignInWith3rd_Discord/Utility/Constant.swift (in target 'WWSignInWith3rd_Discord' from project 'WWSignInWith3rd_Discord')
    cd /Users/admin/builder/spi-builder-workspace/.swiftpm/xcode
    builtin-SwiftPerFileCompile Constant.swift
SwiftDriverJobDiscovery normal arm64 Compiling GeneratedAssetSymbols.swift (in target 'WWSignInWith3rd_Discord' from project 'WWSignInWith3rd_Discord')
SwiftDriverJobDiscovery normal arm64 Compiling resource_bundle_accessor.swift (in target 'WWSignInWith3rd_Discord' from project 'WWSignInWith3rd_Discord')
SwiftDriverJobDiscovery normal arm64 Emitting module for WWSignInWith3rd_Discord (in target 'WWSignInWith3rd_Discord' from project 'WWSignInWith3rd_Discord')
SwiftDriver\ Compilation\ Requirements WWSignInWith3rd_Discord normal arm64 com.apple.xcode.tools.swift.compiler (in target 'WWSignInWith3rd_Discord' from project 'WWSignInWith3rd_Discord')
    cd /Users/admin/builder/spi-builder-workspace/.swiftpm/xcode
    builtin-Swift-Compilation-Requirements -- /Applications/Xcode-27.0.0-Release.Candidate.app/Contents/Developer/Toolchains/XcodeDefault.xctoolchain/usr/bin/swiftc -parse-as-library -module-name WWSignInWith3rd_Discord -Onone @/Users/admin/builder/spi-builder-workspace/.derivedData/Build/Intermediates.noindex/WWSignInWith3rd_Discord.build/Debug-xros/WWSignInWith3rd_Discord-t.build/Objects-normal/arm64/WWSignInWith3rd_Discord.SwiftFileList -DSWIFT_PACKAGE -DDEBUG -DSWIFT_MODULE_RESOURCE_BUNDLE_AVAILABLE -DXcode -plugin-path /Applications/Xcode-27.0.0-Release.Candidate.app/Contents/Developer/Toolchains/XcodeDefault.xctoolchain/usr/lib/swift/host/plugins/testing -enable-experimental-feature DebugDescriptionMacro -sdk /Applications/Xcode-27.0.0-Release.Candidate.app/Contents/Developer/Platforms/XROS.platform/Developer/SDKs/XROS27.0.sdk -target arm64-apple-xros1.0 -g -module-cache-path /Users/admin/builder/spi-builder-workspace/.derivedData/ModuleCache.noindex -Xfrontend -serialize-debugging-options -enable-testing -index-store-path /Users/admin/builder/spi-builder-workspace/.derivedData/Index.noindex/DataStore -Xcc -D_LIBCPP_HARDENING_MODE\=_LIBCPP_HARDENING_MODE_DEBUG -swift-version 5 -I /Users/admin/builder/spi-builder-workspace/.derivedData/Build/Products/Debug-xros -Isystem /Applications/Xcode-27.0.0-Release.Candidate.app/Contents/Developer/Platforms/XROS.platform/Developer/usr/lib -F /Users/admin/builder/spi-builder-workspace/.derivedData/Build/Products/Debug-xros/PackageFrameworks -F /Users/admin/builder/spi-builder-workspace/.derivedData/Build/Products/Debug-xros -F /Applications/Xcode-27.0.0-Release.Candidate.app/Contents/Developer/Platforms/XROS.platform/Developer/Library/Frameworks -F /Applications/Xcode-27.0.0-Release.Candidate.app/Contents/Developer/Platforms/XROS.platform/Developer/SDKs/XROS27.0.sdk/Developer/Library/Frameworks -c -j10 -enable-batch-mode -incremental -Xcc -ivfsstatcache -Xcc /Users/admin/builder/spi-builder-workspace/.derivedData/SDKStatCaches.noindex/xros27.0-24M361-e829b21a6f8c9b70876ba0858053c044735bd543db762f57723cac368afd1ce4.sdkstatcache -output-file-map /Users/admin/builder/spi-builder-workspace/.derivedData/Build/Intermediates.noindex/WWSignInWith3rd_Discord.build/Debug-xros/WWSignInWith3rd_Discord-t.build/Objects-normal/arm64/WWSignInWith3rd_Discord-OutputFileMap.json -save-temps -no-color-diagnostics -explicit-module-build -module-cache-path /Users/admin/builder/spi-builder-workspace/.derivedData/Build/Intermediates.noindex/SwiftExplicitPrecompiledModules -clang-scanner-module-cache-path /Users/admin/builder/spi-builder-workspace/.derivedData/ModuleCache.noindex -sdk-module-cache-path /Users/admin/builder/spi-builder-workspace/.derivedData/SDKExplicitPrecompiledModules -emit-dependencies -emit-module -emit-module-path /Users/admin/builder/spi-builder-workspace/.derivedData/Build/Intermediates.noindex/WWSignInWith3rd_Discord.build/Debug-xros/WWSignInWith3rd_Discord-t.build/Objects-normal/arm64/WWSignInWith3rd_Discord.swiftmodule -serialize-diagnostics -dependency-scan-serialize-diagnostics-path /Users/admin/builder/spi-builder-workspace/.derivedData/Build/Intermediates.noindex/WWSignInWith3rd_Discord.build/Debug-xros/WWSignInWith3rd_Discord-t.build/Objects-normal/arm64/WWSignInWith3rd_Discord-dependency-scan.dia -validate-clang-modules-once -clang-build-session-file /Users/admin/builder/spi-builder-workspace/.derivedData/ModuleCache.noindex/Session.modulevalidation -Xcc -fmodules-prune-interval\=86400 -Xcc -fmodules-prune-after\=345600 -emit-const-values -const-gather-protocols-list /Users/admin/builder/spi-builder-workspace/.derivedData/Build/Intermediates.noindex/WWSignInWith3rd_Discord.build/Debug-xros/WWSignInWith3rd_Discord-t.build/Objects-normal/arm64/WWSignInWith3rd_Discord_const_extract_protocols.json -Xcc -I/Users/admin/builder/spi-builder-workspace/.derivedData/Build/Products/Debug-xros/include -Xcc -I/Users/admin/builder/spi-builder-workspace/.derivedData/Build/Intermediates.noindex/WWSignInWith3rd_Discord.build/Debug-xros/WWSignInWith3rd_Discord-t.build/DerivedSources-normal/arm64 -Xcc -I/Users/admin/builder/spi-builder-workspace/.derivedData/Build/Intermediates.noindex/WWSignInWith3rd_Discord.build/Debug-xros/WWSignInWith3rd_Discord-t.build/DerivedSources/arm64 -Xcc -I/Users/admin/builder/spi-builder-workspace/.derivedData/Build/Intermediates.noindex/WWSignInWith3rd_Discord.build/Debug-xros/WWSignInWith3rd_Discord-t.build/DerivedSources -Xcc -DSWIFT_PACKAGE -Xcc -DDEBUG\=1 -emit-objc-header -emit-objc-header-path /Users/admin/builder/spi-builder-workspace/.derivedData/Build/Intermediates.noindex/WWSignInWith3rd_Discord.build/Debug-xros/WWSignInWith3rd_Discord-t.build/Objects-normal/arm64/WWSignInWith3rd_Discord-Swift.h -working-directory /Users/admin/builder/spi-builder-workspace/.swiftpm/xcode -experimental-emit-module-separately -disable-cmo
SwiftMergeGeneratedHeaders /Users/admin/builder/spi-builder-workspace/.derivedData/Build/Intermediates.noindex/GeneratedModuleMaps-xros/WWSignInWith3rd_Discord-Swift.h /Users/admin/builder/spi-builder-workspace/.derivedData/Build/Intermediates.noindex/WWSignInWith3rd_Discord.build/Debug-xros/WWSignInWith3rd_Discord-t.build/Objects-normal/arm64/WWSignInWith3rd_Discord-Swift.h (in target 'WWSignInWith3rd_Discord' from project 'WWSignInWith3rd_Discord')
    cd /Users/admin/builder/spi-builder-workspace
    builtin-swiftHeaderTool -arch arm64 /Users/admin/builder/spi-builder-workspace/.derivedData/Build/Intermediates.noindex/WWSignInWith3rd_Discord.build/Debug-xros/WWSignInWith3rd_Discord-t.build/Objects-normal/arm64/WWSignInWith3rd_Discord-Swift.h -o /Users/admin/builder/spi-builder-workspace/.derivedData/Build/Intermediates.noindex/GeneratedModuleMaps-xros/WWSignInWith3rd_Discord-Swift.h
Copy /Users/admin/builder/spi-builder-workspace/.derivedData/Build/Products/Debug-xros/WWSignInWith3rd_Discord.swiftmodule/arm64-apple-xros.swiftdoc /Users/admin/builder/spi-builder-workspace/.derivedData/Build/Intermediates.noindex/WWSignInWith3rd_Discord.build/Debug-xros/WWSignInWith3rd_Discord-t.build/Objects-normal/arm64/WWSignInWith3rd_Discord.swiftdoc (in target 'WWSignInWith3rd_Discord' from project 'WWSignInWith3rd_Discord')
    cd /Users/admin/builder/spi-builder-workspace
    builtin-copy -exclude .DS_Store -exclude CVS -exclude .svn -exclude .git -exclude .hg -resolve-src-symlinks -rename /Users/admin/builder/spi-builder-workspace/.derivedData/Build/Intermediates.noindex/WWSignInWith3rd_Discord.build/Debug-xros/WWSignInWith3rd_Discord-t.build/Objects-normal/arm64/WWSignInWith3rd_Discord.swiftdoc /Users/admin/builder/spi-builder-workspace/.derivedData/Build/Products/Debug-xros/WWSignInWith3rd_Discord.swiftmodule/arm64-apple-xros.swiftdoc
Copy /Users/admin/builder/spi-builder-workspace/.derivedData/Build/Products/Debug-xros/WWSignInWith3rd_Discord.swiftmodule/arm64-apple-xros.swiftmodule /Users/admin/builder/spi-builder-workspace/.derivedData/Build/Intermediates.noindex/WWSignInWith3rd_Discord.build/Debug-xros/WWSignInWith3rd_Discord-t.build/Objects-normal/arm64/WWSignInWith3rd_Discord.swiftmodule (in target 'WWSignInWith3rd_Discord' from project 'WWSignInWith3rd_Discord')
    cd /Users/admin/builder/spi-builder-workspace
    builtin-copy -exclude .DS_Store -exclude CVS -exclude .svn -exclude .git -exclude .hg -resolve-src-symlinks -rename /Users/admin/builder/spi-builder-workspace/.derivedData/Build/Intermediates.noindex/WWSignInWith3rd_Discord.build/Debug-xros/WWSignInWith3rd_Discord-t.build/Objects-normal/arm64/WWSignInWith3rd_Discord.swiftmodule /Users/admin/builder/spi-builder-workspace/.derivedData/Build/Products/Debug-xros/WWSignInWith3rd_Discord.swiftmodule/arm64-apple-xros.swiftmodule
Copy /Users/admin/builder/spi-builder-workspace/.derivedData/Build/Products/Debug-xros/WWSignInWith3rd_Discord.swiftmodule/arm64-apple-xros.abi.json /Users/admin/builder/spi-builder-workspace/.derivedData/Build/Intermediates.noindex/WWSignInWith3rd_Discord.build/Debug-xros/WWSignInWith3rd_Discord-t.build/Objects-normal/arm64/WWSignInWith3rd_Discord.abi.json (in target 'WWSignInWith3rd_Discord' from project 'WWSignInWith3rd_Discord')
    cd /Users/admin/builder/spi-builder-workspace
    builtin-copy -exclude .DS_Store -exclude CVS -exclude .svn -exclude .git -exclude .hg -resolve-src-symlinks -rename /Users/admin/builder/spi-builder-workspace/.derivedData/Build/Intermediates.noindex/WWSignInWith3rd_Discord.build/Debug-xros/WWSignInWith3rd_Discord-t.build/Objects-normal/arm64/WWSignInWith3rd_Discord.abi.json /Users/admin/builder/spi-builder-workspace/.derivedData/Build/Products/Debug-xros/WWSignInWith3rd_Discord.swiftmodule/arm64-apple-xros.abi.json
Copy /Users/admin/builder/spi-builder-workspace/.derivedData/Build/Products/Debug-xros/WWSignInWith3rd_Discord.swiftmodule/Project/arm64-apple-xros.swiftsourceinfo /Users/admin/builder/spi-builder-workspace/.derivedData/Build/Intermediates.noindex/WWSignInWith3rd_Discord.build/Debug-xros/WWSignInWith3rd_Discord-t.build/Objects-normal/arm64/WWSignInWith3rd_Discord.swiftsourceinfo (in target 'WWSignInWith3rd_Discord' from project 'WWSignInWith3rd_Discord')
    cd /Users/admin/builder/spi-builder-workspace
    builtin-copy -exclude .DS_Store -exclude CVS -exclude .svn -exclude .git -exclude .hg -resolve-src-symlinks -rename /Users/admin/builder/spi-builder-workspace/.derivedData/Build/Intermediates.noindex/WWSignInWith3rd_Discord.build/Debug-xros/WWSignInWith3rd_Discord-t.build/Objects-normal/arm64/WWSignInWith3rd_Discord.swiftsourceinfo /Users/admin/builder/spi-builder-workspace/.derivedData/Build/Products/Debug-xros/WWSignInWith3rd_Discord.swiftmodule/Project/arm64-apple-xros.swiftsourceinfo
SwiftDriverJobDiscovery normal arm64 Compiling Extension.swift (in target 'WWNetworking' from project 'WWNetworking')
SwiftDriverJobDiscovery normal arm64 Compiling Extension+Apple.swift (in target 'WWSignInWith3rd_Apple' from project 'WWSignInWith3rd_Apple')
PruneExplicitPrecompiledModules /Users/admin/builder/spi-builder-workspace/.derivedData/Build/Intermediates.noindex/SwiftExplicitPrecompiledModules
PruneExplicitPrecompiledModules /Users/admin/builder/spi-builder-workspace/.derivedData/Build/Intermediates.noindex/ExplicitPrecompiledModules
PruneExplicitPrecompiledModules /Users/admin/builder/spi-builder-workspace/.derivedData/SDKExplicitPrecompiledModules
2026-09-21 23:43:21.429 xcodebuild[731:4538] [MT] IDERunDestination: Supported platforms for the buildables in the current scheme is empty.
** BUILD FAILED **
The following build commands failed:
	SwiftCompile normal arm64 Compiling\ Extension.swift /Users/admin/builder/spi-builder-workspace/.dependencies/checkouts/WWSignInWith3rd_Apple/Sources/WWSignInWith3rd_Apple/Utility/Extension.swift (in target 'WWSignInWith3rd_Apple' from project 'WWSignInWith3rd_Apple')
	SwiftCompile normal arm64 /Users/admin/builder/spi-builder-workspace/.dependencies/checkouts/WWSignInWith3rd_Apple/Sources/WWSignInWith3rd_Apple/Utility/Extension.swift (in target 'WWSignInWith3rd_Apple' from project 'WWSignInWith3rd_Apple')
	Building workspace WWSignInWith3rd_Discord with scheme WWSignInWith3rd_Discord
(3 failures)
Command line invocation:
    /Applications/Xcode-27.0.0-Release.Candidate.app/Contents/Developer/usr/bin/xcodebuild -IDEClonedSourcePackagesDirPathOverride=/Users/admin/builder/spi-builder-workspace/.dependencies -resolvePackageDependencies
Resolve Package Graph
Resolved source packages:
  WWSignInWith3rd_Apple: https://github.com/William-Weng/WWSignInWith3rd_Apple @ 1.1.4
  WWSignInWith3rd_Discord: /Users/admin/builder/spi-builder-workspace
  WWNetworking: https://github.com/William-Weng/WWNetworking @ 1.7.6
resolved source packages: WWSignInWith3rd_Apple, WWSignInWith3rd_Discord, WWNetworking
2026-09-21 23:43:33.283 xcodebuild[875:5266] [MT] IDERunDestination: Supported platforms for the buildables in the current scheme is empty.
{
  "dependencies" : [
    {
      "identity" : "wwsigninwith3rd_apple",
      "requirement" : {
        "range" : [
          {
            "lower_bound" : "1.1.4",
            "upper_bound" : "1.2.0"
          }
        ]
      },
      "type" : "sourceControl",
      "url" : "https://github.com/William-Weng/WWSignInWith3rd_Apple"
    },
    {
      "identity" : "wwnetworking",
      "requirement" : {
        "range" : [
          {
            "lower_bound" : "1.7.6",
            "upper_bound" : "1.8.0"
          }
        ]
      },
      "type" : "sourceControl",
      "url" : "https://github.com/William-Weng/WWNetworking"
    }
  ],
  "manifest_display_name" : "WWSignInWith3rd_Discord",
  "name" : "WWSignInWith3rd_Discord",
  "path" : "/Users/admin/builder/spi-builder-workspace",
  "platforms" : [
    {
      "name" : "ios",
      "version" : "15.0"
    }
  ],
  "products" : [
    {
      "name" : "WWSignInWith3rd_Discord",
      "targets" : [
        "WWSignInWith3rd_Discord"
      ],
      "type" : {
        "library" : [
          "automatic"
        ]
      }
    }
  ],
  "swift_languages_versions" : [
    "5"
  ],
  "targets" : [
    {
      "c99name" : "WWSignInWith3rd_Discord",
      "module_type" : "SwiftTarget",
      "name" : "WWSignInWith3rd_Discord",
      "path" : "Sources/WWSignInWith3rd_Discord",
      "product_dependencies" : [
        "WWSignInWith3rd_Apple",
        "WWNetworking"
      ],
      "product_memberships" : [
        "WWSignInWith3rd_Discord"
      ],
      "resources" : [
        {
          "path" : "/Users/admin/builder/spi-builder-workspace/Sources/WWSignInWith3rd_Discord/Material/Media.xcassets",
          "rule" : {
            "process" : {
            }
          }
        },
        {
          "path" : "/Users/admin/builder/spi-builder-workspace/Sources/WWSignInWith3rd_Discord/Privacy",
          "rule" : {
            "copy" : {
            }
          }
        }
      ],
      "sources" : [
        "Utility/Constant.swift",
        "WWSignInWith3rd_Discord.swift"
      ],
      "type" : "library"
    }
  ],
  "tools_version" : "5.7"
}
{
  "workspace" : {
    "name" : "WWSignInWith3rd_Discord",
    "schemes" : [
      "WWSignInWith3rd_Discord"
    ]
  }
}
2026-09-21 23:43:34.554 xcodebuild[883:5332] [MT] IDERunDestination: Supported platforms for the buildables in the current scheme is empty.
Running build ...
env DEVELOPER_DIR=/Applications/Xcode-27.0.0-Release.Candidate.app xcrun xcodebuild -IDEClonedSourcePackagesDirPathOverride=$PWD/.dependencies -skipMacroValidation -skipPackagePluginValidation -derivedDataPath $PWD/.derivedData build -scheme WWSignInWith3rd_Discord -destination generic/platform=xrOS
Command line invocation:
    /Applications/Xcode-27.0.0-Release.Candidate.app/Contents/Developer/usr/bin/xcodebuild -IDEClonedSourcePackagesDirPathOverride=/Users/admin/builder/spi-builder-workspace/.dependencies -skipMacroValidation -skipPackagePluginValidation -derivedDataPath /Users/admin/builder/spi-builder-workspace/.derivedData build -scheme WWSignInWith3rd_Discord -destination generic/platform=xrOS
Resolve Package Graph
Resolved source packages:
  WWNetworking: https://github.com/William-Weng/WWNetworking @ 1.7.6
  WWSignInWith3rd_Apple: https://github.com/William-Weng/WWSignInWith3rd_Apple @ 1.1.4
  WWSignInWith3rd_Discord: /Users/admin/builder/spi-builder-workspace
ComputePackagePrebuildTargetDependencyGraph
Prepare packages
CreateBuildRequest
SendProjectDescription
CreateBuildOperation
ComputeTargetDependencyGraph
note: Building targets in dependency order
note: Target dependency graph (9 targets)
    Target 'WWSignInWith3rd_Discord-product' in project 'WWSignInWith3rd_Discord'
        ➜ Explicit dependency on target 'WWSignInWith3rd_Discord' in project 'WWSignInWith3rd_Discord'
        ➜ Explicit dependency on target 'WWSignInWith3rd_Discord_WWSignInWith3rd_Discord' in project 'WWSignInWith3rd_Discord'
        ➜ Explicit dependency on target 'WWSignInWith3rd_Apple-product' in project 'WWSignInWith3rd_Apple'
        ➜ Explicit dependency on target 'WWNetworking-product' in project 'WWNetworking'
    Target 'WWSignInWith3rd_Discord' in project 'WWSignInWith3rd_Discord'
        ➜ Explicit dependency on target 'WWSignInWith3rd_Discord_WWSignInWith3rd_Discord' in project 'WWSignInWith3rd_Discord'
        ➜ Explicit dependency on target 'WWSignInWith3rd_Apple-product' in project 'WWSignInWith3rd_Apple'
        ➜ Explicit dependency on target 'WWNetworking-product' in project 'WWNetworking'
    Target 'WWNetworking-product' in project 'WWNetworking'
        ➜ Explicit dependency on target 'WWNetworking' in project 'WWNetworking'
        ➜ Explicit dependency on target 'WWNetworking_WWNetworking' in project 'WWNetworking'
    Target 'WWNetworking' in project 'WWNetworking'
        ➜ Explicit dependency on target 'WWNetworking_WWNetworking' in project 'WWNetworking'
    Target 'WWNetworking_WWNetworking' in project 'WWNetworking' (no dependencies)
    Target 'WWSignInWith3rd_Apple-product' in project 'WWSignInWith3rd_Apple'
        ➜ Explicit dependency on target 'WWSignInWith3rd_Apple' in project 'WWSignInWith3rd_Apple'
        ➜ Explicit dependency on target 'WWSignInWith3rd_Apple_WWSignInWith3rd_Apple' in project 'WWSignInWith3rd_Apple'
    Target 'WWSignInWith3rd_Apple' in project 'WWSignInWith3rd_Apple'
        ➜ Explicit dependency on target 'WWSignInWith3rd_Apple_WWSignInWith3rd_Apple' in project 'WWSignInWith3rd_Apple'
    Target 'WWSignInWith3rd_Apple_WWSignInWith3rd_Apple' in project 'WWSignInWith3rd_Apple' (no dependencies)
    Target 'WWSignInWith3rd_Discord_WWSignInWith3rd_Discord' in project 'WWSignInWith3rd_Discord' (no dependencies)
GatherProvisioningInputs
CreateBuildDescription
ClangStatCache /Applications/Xcode-27.0.0-Release.Candidate.app/Contents/Developer/Toolchains/XcodeDefault.xctoolchain/usr/bin/clang-stat-cache /Applications/Xcode-27.0.0-Release.Candidate.app/Contents/Developer/Platforms/XROS.platform/Developer/SDKs/XROS27.0.sdk /Users/admin/builder/spi-builder-workspace/.derivedData/SDKStatCaches.noindex/xros27.0-24M361-e829b21a6f8c9b70876ba0858053c044735bd543db762f57723cac368afd1ce4.sdkstatcache
    cd /Users/admin/builder/spi-builder-workspace/.swiftpm/xcode
    /Applications/Xcode-27.0.0-Release.Candidate.app/Contents/Developer/Toolchains/XcodeDefault.xctoolchain/usr/bin/clang-stat-cache /Applications/Xcode-27.0.0-Release.Candidate.app/Contents/Developer/Platforms/XROS.platform/Developer/SDKs/XROS27.0.sdk -o /Users/admin/builder/spi-builder-workspace/.derivedData/SDKStatCaches.noindex/xros27.0-24M361-e829b21a6f8c9b70876ba0858053c044735bd543db762f57723cac368afd1ce4.sdkstatcache
SwiftDriver WWNetworking normal arm64 com.apple.xcode.tools.swift.compiler (in target 'WWNetworking' from project 'WWNetworking')
    cd /Users/admin/builder/spi-builder-workspace/.swiftpm/xcode
    builtin-SwiftDriver -- /Applications/Xcode-27.0.0-Release.Candidate.app/Contents/Developer/Toolchains/XcodeDefault.xctoolchain/usr/bin/swiftc -parse-as-library -module-name WWNetworking -Onone @/Users/admin/builder/spi-builder-workspace/.derivedData/Build/Intermediates.noindex/WWNetworking.build/Debug-xros/WWNetworking-t.build/Objects-normal/arm64/WWNetworking.SwiftFileList -DSWIFT_PACKAGE -DDEBUG -DSWIFT_MODULE_RESOURCE_BUNDLE_AVAILABLE -DXcode -plugin-path /Applications/Xcode-27.0.0-Release.Candidate.app/Contents/Developer/Toolchains/XcodeDefault.xctoolchain/usr/lib/swift/host/plugins/testing -enable-experimental-feature DebugDescriptionMacro -sdk /Applications/Xcode-27.0.0-Release.Candidate.app/Contents/Developer/Platforms/XROS.platform/Developer/SDKs/XROS27.0.sdk -target arm64-apple-xros1.0 -g -module-cache-path /Users/admin/builder/spi-builder-workspace/.derivedData/ModuleCache.noindex -Xfrontend -serialize-debugging-options -enable-testing -suppress-warnings -index-store-path /Users/admin/builder/spi-builder-workspace/.derivedData/Index.noindex/DataStore -Xcc -D_LIBCPP_HARDENING_MODE\=_LIBCPP_HARDENING_MODE_DEBUG -swift-version 5 -I /Users/admin/builder/spi-builder-workspace/.derivedData/Build/Products/Debug-xros -Isystem /Applications/Xcode-27.0.0-Release.Candidate.app/Contents/Developer/Platforms/XROS.platform/Developer/usr/lib -F /Users/admin/builder/spi-builder-workspace/.derivedData/Build/Products/Debug-xros -F /Applications/Xcode-27.0.0-Release.Candidate.app/Contents/Developer/Platforms/XROS.platform/Developer/Library/Frameworks -F /Applications/Xcode-27.0.0-Release.Candidate.app/Contents/Developer/Platforms/XROS.platform/Developer/SDKs/XROS27.0.sdk/Developer/Library/Frameworks -c -j10 -enable-batch-mode -incremental -Xcc -ivfsstatcache -Xcc /Users/admin/builder/spi-builder-workspace/.derivedData/SDKStatCaches.noindex/xros27.0-24M361-e829b21a6f8c9b70876ba0858053c044735bd543db762f57723cac368afd1ce4.sdkstatcache -output-file-map /Users/admin/builder/spi-builder-workspace/.derivedData/Build/Intermediates.noindex/WWNetworking.build/Debug-xros/WWNetworking-t.build/Objects-normal/arm64/WWNetworking-OutputFileMap.json -save-temps -no-color-diagnostics -explicit-module-build -module-cache-path /Users/admin/builder/spi-builder-workspace/.derivedData/Build/Intermediates.noindex/SwiftExplicitPrecompiledModules -clang-scanner-module-cache-path /Users/admin/builder/spi-builder-workspace/.derivedData/ModuleCache.noindex -sdk-module-cache-path /Users/admin/builder/spi-builder-workspace/.derivedData/SDKExplicitPrecompiledModules -emit-dependencies -emit-module -emit-module-path /Users/admin/builder/spi-builder-workspace/.derivedData/Build/Intermediates.noindex/WWNetworking.build/Debug-xros/WWNetworking-t.build/Objects-normal/arm64/WWNetworking.swiftmodule -serialize-diagnostics -dependency-scan-serialize-diagnostics-path /Users/admin/builder/spi-builder-workspace/.derivedData/Build/Intermediates.noindex/WWNetworking.build/Debug-xros/WWNetworking-t.build/Objects-normal/arm64/WWNetworking-dependency-scan.dia -validate-clang-modules-once -clang-build-session-file /Users/admin/builder/spi-builder-workspace/.derivedData/ModuleCache.noindex/Session.modulevalidation -Xcc -fmodules-prune-interval\=86400 -Xcc -fmodules-prune-after\=345600 -emit-const-values -const-gather-protocols-list /Users/admin/builder/spi-builder-workspace/.derivedData/Build/Intermediates.noindex/WWNetworking.build/Debug-xros/WWNetworking-t.build/Objects-normal/arm64/WWNetworking_const_extract_protocols.json -Xcc -I/Users/admin/builder/spi-builder-workspace/.derivedData/Build/Products/Debug-xros/include -Xcc -I/Users/admin/builder/spi-builder-workspace/.derivedData/Build/Intermediates.noindex/WWNetworking.build/Debug-xros/WWNetworking-t.build/DerivedSources-normal/arm64 -Xcc -I/Users/admin/builder/spi-builder-workspace/.derivedData/Build/Intermediates.noindex/WWNetworking.build/Debug-xros/WWNetworking-t.build/DerivedSources/arm64 -Xcc -I/Users/admin/builder/spi-builder-workspace/.derivedData/Build/Intermediates.noindex/WWNetworking.build/Debug-xros/WWNetworking-t.build/DerivedSources -Xcc -DSWIFT_PACKAGE -Xcc -DDEBUG\=1 -emit-objc-header -emit-objc-header-path /Users/admin/builder/spi-builder-workspace/.derivedData/Build/Intermediates.noindex/WWNetworking.build/Debug-xros/WWNetworking-t.build/Objects-normal/arm64/WWNetworking-Swift.h -working-directory /Users/admin/builder/spi-builder-workspace/.swiftpm/xcode -experimental-emit-module-separately -disable-cmo
SwiftDriver WWSignInWith3rd_Discord normal arm64 com.apple.xcode.tools.swift.compiler (in target 'WWSignInWith3rd_Discord' from project 'WWSignInWith3rd_Discord')
    cd /Users/admin/builder/spi-builder-workspace/.swiftpm/xcode
    builtin-SwiftDriver -- /Applications/Xcode-27.0.0-Release.Candidate.app/Contents/Developer/Toolchains/XcodeDefault.xctoolchain/usr/bin/swiftc -parse-as-library -module-name WWSignInWith3rd_Discord -Onone @/Users/admin/builder/spi-builder-workspace/.derivedData/Build/Intermediates.noindex/WWSignInWith3rd_Discord.build/Debug-xros/WWSignInWith3rd_Discord-t.build/Objects-normal/arm64/WWSignInWith3rd_Discord.SwiftFileList -DSWIFT_PACKAGE -DDEBUG -DSWIFT_MODULE_RESOURCE_BUNDLE_AVAILABLE -DXcode -plugin-path /Applications/Xcode-27.0.0-Release.Candidate.app/Contents/Developer/Toolchains/XcodeDefault.xctoolchain/usr/lib/swift/host/plugins/testing -enable-experimental-feature DebugDescriptionMacro -sdk /Applications/Xcode-27.0.0-Release.Candidate.app/Contents/Developer/Platforms/XROS.platform/Developer/SDKs/XROS27.0.sdk -target arm64-apple-xros1.0 -g -module-cache-path /Users/admin/builder/spi-builder-workspace/.derivedData/ModuleCache.noindex -Xfrontend -serialize-debugging-options -enable-testing -index-store-path /Users/admin/builder/spi-builder-workspace/.derivedData/Index.noindex/DataStore -Xcc -D_LIBCPP_HARDENING_MODE\=_LIBCPP_HARDENING_MODE_DEBUG -swift-version 5 -I /Users/admin/builder/spi-builder-workspace/.derivedData/Build/Products/Debug-xros -Isystem /Applications/Xcode-27.0.0-Release.Candidate.app/Contents/Developer/Platforms/XROS.platform/Developer/usr/lib -F /Users/admin/builder/spi-builder-workspace/.derivedData/Build/Products/Debug-xros/PackageFrameworks -F /Users/admin/builder/spi-builder-workspace/.derivedData/Build/Products/Debug-xros -F /Applications/Xcode-27.0.0-Release.Candidate.app/Contents/Developer/Platforms/XROS.platform/Developer/Library/Frameworks -F /Applications/Xcode-27.0.0-Release.Candidate.app/Contents/Developer/Platforms/XROS.platform/Developer/SDKs/XROS27.0.sdk/Developer/Library/Frameworks -c -j10 -enable-batch-mode -incremental -Xcc -ivfsstatcache -Xcc /Users/admin/builder/spi-builder-workspace/.derivedData/SDKStatCaches.noindex/xros27.0-24M361-e829b21a6f8c9b70876ba0858053c044735bd543db762f57723cac368afd1ce4.sdkstatcache -output-file-map /Users/admin/builder/spi-builder-workspace/.derivedData/Build/Intermediates.noindex/WWSignInWith3rd_Discord.build/Debug-xros/WWSignInWith3rd_Discord-t.build/Objects-normal/arm64/WWSignInWith3rd_Discord-OutputFileMap.json -save-temps -no-color-diagnostics -explicit-module-build -module-cache-path /Users/admin/builder/spi-builder-workspace/.derivedData/Build/Intermediates.noindex/SwiftExplicitPrecompiledModules -clang-scanner-module-cache-path /Users/admin/builder/spi-builder-workspace/.derivedData/ModuleCache.noindex -sdk-module-cache-path /Users/admin/builder/spi-builder-workspace/.derivedData/SDKExplicitPrecompiledModules -emit-dependencies -emit-module -emit-module-path /Users/admin/builder/spi-builder-workspace/.derivedData/Build/Intermediates.noindex/WWSignInWith3rd_Discord.build/Debug-xros/WWSignInWith3rd_Discord-t.build/Objects-normal/arm64/WWSignInWith3rd_Discord.swiftmodule -serialize-diagnostics -dependency-scan-serialize-diagnostics-path /Users/admin/builder/spi-builder-workspace/.derivedData/Build/Intermediates.noindex/WWSignInWith3rd_Discord.build/Debug-xros/WWSignInWith3rd_Discord-t.build/Objects-normal/arm64/WWSignInWith3rd_Discord-dependency-scan.dia -validate-clang-modules-once -clang-build-session-file /Users/admin/builder/spi-builder-workspace/.derivedData/ModuleCache.noindex/Session.modulevalidation -Xcc -fmodules-prune-interval\=86400 -Xcc -fmodules-prune-after\=345600 -emit-const-values -const-gather-protocols-list /Users/admin/builder/spi-builder-workspace/.derivedData/Build/Intermediates.noindex/WWSignInWith3rd_Discord.build/Debug-xros/WWSignInWith3rd_Discord-t.build/Objects-normal/arm64/WWSignInWith3rd_Discord_const_extract_protocols.json -Xcc -I/Users/admin/builder/spi-builder-workspace/.derivedData/Build/Products/Debug-xros/include -Xcc -I/Users/admin/builder/spi-builder-workspace/.derivedData/Build/Intermediates.noindex/WWSignInWith3rd_Discord.build/Debug-xros/WWSignInWith3rd_Discord-t.build/DerivedSources-normal/arm64 -Xcc -I/Users/admin/builder/spi-builder-workspace/.derivedData/Build/Intermediates.noindex/WWSignInWith3rd_Discord.build/Debug-xros/WWSignInWith3rd_Discord-t.build/DerivedSources/arm64 -Xcc -I/Users/admin/builder/spi-builder-workspace/.derivedData/Build/Intermediates.noindex/WWSignInWith3rd_Discord.build/Debug-xros/WWSignInWith3rd_Discord-t.build/DerivedSources -Xcc -DSWIFT_PACKAGE -Xcc -DDEBUG\=1 -emit-objc-header -emit-objc-header-path /Users/admin/builder/spi-builder-workspace/.derivedData/Build/Intermediates.noindex/WWSignInWith3rd_Discord.build/Debug-xros/WWSignInWith3rd_Discord-t.build/Objects-normal/arm64/WWSignInWith3rd_Discord-Swift.h -working-directory /Users/admin/builder/spi-builder-workspace/.swiftpm/xcode -experimental-emit-module-separately -disable-cmo
SwiftDriver WWSignInWith3rd_Apple normal arm64 com.apple.xcode.tools.swift.compiler (in target 'WWSignInWith3rd_Apple' from project 'WWSignInWith3rd_Apple')
    cd /Users/admin/builder/spi-builder-workspace/.swiftpm/xcode
    builtin-SwiftDriver -- /Applications/Xcode-27.0.0-Release.Candidate.app/Contents/Developer/Toolchains/XcodeDefault.xctoolchain/usr/bin/swiftc -parse-as-library -module-name WWSignInWith3rd_Apple -Onone @/Users/admin/builder/spi-builder-workspace/.derivedData/Build/Intermediates.noindex/WWSignInWith3rd_Apple.build/Debug-xros/WWSignInWith3rd_Apple-t.build/Objects-normal/arm64/WWSignInWith3rd_Apple.SwiftFileList -DSWIFT_PACKAGE -DDEBUG -DSWIFT_MODULE_RESOURCE_BUNDLE_AVAILABLE -DXcode -plugin-path /Applications/Xcode-27.0.0-Release.Candidate.app/Contents/Developer/Toolchains/XcodeDefault.xctoolchain/usr/lib/swift/host/plugins/testing -enable-experimental-feature DebugDescriptionMacro -sdk /Applications/Xcode-27.0.0-Release.Candidate.app/Contents/Developer/Platforms/XROS.platform/Developer/SDKs/XROS27.0.sdk -target arm64-apple-xros1.0 -g -module-cache-path /Users/admin/builder/spi-builder-workspace/.derivedData/ModuleCache.noindex -Xfrontend -serialize-debugging-options -enable-testing -suppress-warnings -index-store-path /Users/admin/builder/spi-builder-workspace/.derivedData/Index.noindex/DataStore -Xcc -D_LIBCPP_HARDENING_MODE\=_LIBCPP_HARDENING_MODE_DEBUG -swift-version 5 -I /Users/admin/builder/spi-builder-workspace/.derivedData/Build/Products/Debug-xros -Isystem /Applications/Xcode-27.0.0-Release.Candidate.app/Contents/Developer/Platforms/XROS.platform/Developer/usr/lib -F /Users/admin/builder/spi-builder-workspace/.derivedData/Build/Products/Debug-xros -F /Applications/Xcode-27.0.0-Release.Candidate.app/Contents/Developer/Platforms/XROS.platform/Developer/Library/Frameworks -F /Applications/Xcode-27.0.0-Release.Candidate.app/Contents/Developer/Platforms/XROS.platform/Developer/SDKs/XROS27.0.sdk/Developer/Library/Frameworks -c -j10 -enable-batch-mode -incremental -Xcc -ivfsstatcache -Xcc /Users/admin/builder/spi-builder-workspace/.derivedData/SDKStatCaches.noindex/xros27.0-24M361-e829b21a6f8c9b70876ba0858053c044735bd543db762f57723cac368afd1ce4.sdkstatcache -output-file-map /Users/admin/builder/spi-builder-workspace/.derivedData/Build/Intermediates.noindex/WWSignInWith3rd_Apple.build/Debug-xros/WWSignInWith3rd_Apple-t.build/Objects-normal/arm64/WWSignInWith3rd_Apple-OutputFileMap.json -save-temps -no-color-diagnostics -explicit-module-build -module-cache-path /Users/admin/builder/spi-builder-workspace/.derivedData/Build/Intermediates.noindex/SwiftExplicitPrecompiledModules -clang-scanner-module-cache-path /Users/admin/builder/spi-builder-workspace/.derivedData/ModuleCache.noindex -sdk-module-cache-path /Users/admin/builder/spi-builder-workspace/.derivedData/SDKExplicitPrecompiledModules -emit-dependencies -emit-module -emit-module-path /Users/admin/builder/spi-builder-workspace/.derivedData/Build/Intermediates.noindex/WWSignInWith3rd_Apple.build/Debug-xros/WWSignInWith3rd_Apple-t.build/Objects-normal/arm64/WWSignInWith3rd_Apple.swiftmodule -serialize-diagnostics -dependency-scan-serialize-diagnostics-path /Users/admin/builder/spi-builder-workspace/.derivedData/Build/Intermediates.noindex/WWSignInWith3rd_Apple.build/Debug-xros/WWSignInWith3rd_Apple-t.build/Objects-normal/arm64/WWSignInWith3rd_Apple-dependency-scan.dia -validate-clang-modules-once -clang-build-session-file /Users/admin/builder/spi-builder-workspace/.derivedData/ModuleCache.noindex/Session.modulevalidation -Xcc -fmodules-prune-interval\=86400 -Xcc -fmodules-prune-after\=345600 -emit-const-values -const-gather-protocols-list /Users/admin/builder/spi-builder-workspace/.derivedData/Build/Intermediates.noindex/WWSignInWith3rd_Apple.build/Debug-xros/WWSignInWith3rd_Apple-t.build/Objects-normal/arm64/WWSignInWith3rd_Apple_const_extract_protocols.json -Xcc -I/Users/admin/builder/spi-builder-workspace/.derivedData/Build/Products/Debug-xros/include -Xcc -I/Users/admin/builder/spi-builder-workspace/.derivedData/Build/Intermediates.noindex/WWSignInWith3rd_Apple.build/Debug-xros/WWSignInWith3rd_Apple-t.build/DerivedSources-normal/arm64 -Xcc -I/Users/admin/builder/spi-builder-workspace/.derivedData/Build/Intermediates.noindex/WWSignInWith3rd_Apple.build/Debug-xros/WWSignInWith3rd_Apple-t.build/DerivedSources/arm64 -Xcc -I/Users/admin/builder/spi-builder-workspace/.derivedData/Build/Intermediates.noindex/WWSignInWith3rd_Apple.build/Debug-xros/WWSignInWith3rd_Apple-t.build/DerivedSources -Xcc -DSWIFT_PACKAGE -Xcc -DDEBUG\=1 -emit-objc-header -emit-objc-header-path /Users/admin/builder/spi-builder-workspace/.derivedData/Build/Intermediates.noindex/WWSignInWith3rd_Apple.build/Debug-xros/WWSignInWith3rd_Apple-t.build/Objects-normal/arm64/WWSignInWith3rd_Apple-Swift.h -working-directory /Users/admin/builder/spi-builder-workspace/.swiftpm/xcode -experimental-emit-module-separately -disable-cmo
SwiftEmitModule normal arm64 Emitting\ module\ for\ WWNetworking (in target 'WWNetworking' from project 'WWNetworking')
SwiftCompile normal arm64 (in target 'WWNetworking' from project 'WWNetworking')
    cd /Users/admin/builder/spi-builder-workspace/.swiftpm/xcode

SwiftCompile normal arm64 Compiling\ Constant.swift /Users/admin/builder/spi-builder-workspace/.dependencies/checkouts/WWNetworking/Sources/WWNetworking/Constant.swift (in target 'WWNetworking' from project 'WWNetworking')
SwiftCompile normal arm64 /Users/admin/builder/spi-builder-workspace/.dependencies/checkouts/WWNetworking/Sources/WWNetworking/Constant.swift (in target 'WWNetworking' from project 'WWNetworking')
    cd /Users/admin/builder/spi-builder-workspace/.swiftpm/xcode
    builtin-SwiftPerFileCompile Constant.swift
SwiftEmitModule normal arm64 Emitting\ module\ for\ WWSignInWith3rd_Discord (in target 'WWSignInWith3rd_Discord' from project 'WWSignInWith3rd_Discord')
SwiftCompile normal arm64 (in target 'WWSignInWith3rd_Discord' from project 'WWSignInWith3rd_Discord')
    cd /Users/admin/builder/spi-builder-workspace/.swiftpm/xcode

SwiftCompile normal arm64 Compiling\ Constant.swift /Users/admin/builder/spi-builder-workspace/Sources/WWSignInWith3rd_Discord/Utility/Constant.swift (in target 'WWSignInWith3rd_Discord' from project 'WWSignInWith3rd_Discord')
SwiftCompile normal arm64 /Users/admin/builder/spi-builder-workspace/Sources/WWSignInWith3rd_Discord/Utility/Constant.swift (in target 'WWSignInWith3rd_Discord' from project 'WWSignInWith3rd_Discord')
    cd /Users/admin/builder/spi-builder-workspace/.swiftpm/xcode
    builtin-SwiftPerFileCompile Constant.swift
SwiftCompile normal arm64 Compiling\ WWSignInWith3rd_Discord.swift /Users/admin/builder/spi-builder-workspace/Sources/WWSignInWith3rd_Discord/WWSignInWith3rd_Discord.swift (in target 'WWSignInWith3rd_Discord' from project 'WWSignInWith3rd_Discord')
SwiftCompile normal arm64 /Users/admin/builder/spi-builder-workspace/Sources/WWSignInWith3rd_Discord/WWSignInWith3rd_Discord.swift (in target 'WWSignInWith3rd_Discord' from project 'WWSignInWith3rd_Discord')
    cd /Users/admin/builder/spi-builder-workspace/.swiftpm/xcode
    builtin-SwiftPerFileCompile WWSignInWith3rd_Discord.swift
/Users/admin/builder/spi-builder-workspace/Sources/WWSignInWith3rd_Discord/WWSignInWith3rd_Discord.swift:189:13: warning: initialization of immutable value 'urlString' was never used; consider replacing with assignment to '_' or removing it [#NoUsage]
187 |         }
188 |
189 |         let urlString = DiscordURL.accessToken
    |             `- warning: initialization of immutable value 'urlString' was never used; consider replacing with assignment to '_' or removing it [#NoUsage]
190 |         let grantType = "authorization_code"
191 |         let items = ["client_id": clientId, "client_secret": clientSecret, "code": code, "grant_type": grantType, "redirect_uri": redirectUri]
/Users/admin/builder/spi-builder-workspace/Sources/WWSignInWith3rd_Discord/WWSignInWith3rd_Discord.swift:218:34: warning: enum case 'success' has one associated value that is a tuple of 2 elements
216 |                     switch accessTokenResult {
217 |                     case .failure(let error): self.completionBlock?(.failure(error))
218 |                     case .success(let type, let token):
    |                                  `- warning: enum case 'success' has one associated value that is a tuple of 2 elements
219 |
220 |                         let headers = ["\(WWNetworking.HTTPHeaderField.authorization)": "\(type) \(token)"]
<unknown>:0: note: 'success' declared here
/Users/admin/builder/spi-builder-workspace/Sources/WWSignInWith3rd_Discord/WWSignInWith3rd_Discord.swift:222:45: warning: result of call to 'request(httpMethod:urlString:timeout:contentType:paramaters:headers:httpBodyType:result:)' is unused [#NoUsage]
220 |                         let headers = ["\(WWNetworking.HTTPHeaderField.authorization)": "\(type) \(token)"]
221 |
222 |                         WWNetworking.shared.request(httpMethod: .GET, urlString: self.DiscordURL.user, contentType: .formUrlEncoded, headers: headers) { _result in
    |                                             `- warning: result of call to 'request(httpMethod:urlString:timeout:contentType:paramaters:headers:httpBodyType:result:)' is unused [#NoUsage]
223 |
224 |                             switch _result {
SwiftEmitModule normal arm64 Emitting\ module\ for\ WWSignInWith3rd_Apple (in target 'WWSignInWith3rd_Apple' from project 'WWSignInWith3rd_Apple')
SwiftCompile normal arm64 (in target 'WWSignInWith3rd_Apple' from project 'WWSignInWith3rd_Apple')
    cd /Users/admin/builder/spi-builder-workspace/.swiftpm/xcode

SwiftCompile normal arm64 Compiling\ WWSignInWith3rd_Apple.swift /Users/admin/builder/spi-builder-workspace/.dependencies/checkouts/WWSignInWith3rd_Apple/Sources/WWSignInWith3rd_Apple/WWSignInWith3rd_Apple.swift (in target 'WWSignInWith3rd_Apple' from project 'WWSignInWith3rd_Apple')
SwiftCompile normal arm64 /Users/admin/builder/spi-builder-workspace/.dependencies/checkouts/WWSignInWith3rd_Apple/Sources/WWSignInWith3rd_Apple/WWSignInWith3rd_Apple.swift (in target 'WWSignInWith3rd_Apple' from project 'WWSignInWith3rd_Apple')
    cd /Users/admin/builder/spi-builder-workspace/.swiftpm/xcode
    builtin-SwiftPerFileCompile WWSignInWith3rd_Apple.swift
SwiftCompile normal arm64 Compiling\ Extension.swift /Users/admin/builder/spi-builder-workspace/.dependencies/checkouts/WWSignInWith3rd_Apple/Sources/WWSignInWith3rd_Apple/Utility/Extension.swift (in target 'WWSignInWith3rd_Apple' from project 'WWSignInWith3rd_Apple')
/Users/admin/builder/spi-builder-workspace/.dependencies/checkouts/WWSignInWith3rd_Apple/Sources/WWSignInWith3rd_Apple/Utility/Extension.swift:74:59: error: 'keyWindow' is unavailable in visionOS
 72 |
 73 |         keyWindow = UIApplication.shared.connectedScenes.filter({$0.activationState == .foregroundActive}).compactMap({$0 as? UIWindowScene}).first?.windows.filter({$0.isKeyWindow}).first
 74 |         if (!hasScene) { keyWindow = UIApplication.shared.keyWindow }
    |                                                           `- error: 'keyWindow' is unavailable in visionOS
 75 |
 76 |         return keyWindow
/Applications/Xcode-27.0.0-Release.Candidate.app/Contents/Developer/Platforms/XROS.platform/Developer/SDKs/XROS27.0.sdk/System/Library/Frameworks/UIKit.framework/Headers/UIApplication.h:108:51: note: 'keyWindow' has been explicitly marked unavailable here
106 | - (void)sendEvent:(UIEvent *)event;
107 |
108 | @property(nullable, nonatomic,readonly) UIWindow *keyWindow API_DEPRECATED("Should not be used for applications that support multiple scenes as it returns a key window across all connected scenes", ios(2.0, 13.0)) API_UNAVAILABLE(visionos, watchos);
    |                                                   `- note: 'keyWindow' has been explicitly marked unavailable here
109 | @property(nonatomic,readonly) NSArray<__kindof UIWindow *>  *windows API_DEPRECATED("Use UIWindowScene.windows on a relevant window scene instead", ios(2.0, 15.0), visionos(1.0, 1.0)) API_UNAVAILABLE(watchos);
110 |
Failed frontend command:
/Applications/Xcode-27.0.0-Release.Candidate.app/Contents/Developer/Toolchains/XcodeDefault.xctoolchain/usr/bin/swift-frontend -frontend -c /Users/admin/builder/spi-builder-workspace/.derivedData/Build/Intermediates.noindex/WWSignInWith3rd_Apple.build/Debug-xros/WWSignInWith3rd_Apple-t.build/DerivedSources/resource_bundle_accessor.swift /Users/admin/builder/spi-builder-workspace/.dependencies/checkouts/WWSignInWith3rd_Apple/Sources/WWSignInWith3rd_Apple/Utility/Constant.swift /Users/admin/builder/spi-builder-workspace/.dependencies/checkouts/WWSignInWith3rd_Apple/Sources/WWSignInWith3rd_Apple/Utility/Extension+Apple.swift -primary-file /Users/admin/builder/spi-builder-workspace/.dependencies/checkouts/WWSignInWith3rd_Apple/Sources/WWSignInWith3rd_Apple/Utility/Extension.swift /Users/admin/builder/spi-builder-workspace/.dependencies/checkouts/WWSignInWith3rd_Apple/Sources/WWSignInWith3rd_Apple/WWSignInWith3rd.swift /Users/admin/builder/spi-builder-workspace/.dependencies/checkouts/WWSignInWith3rd_Apple/Sources/WWSignInWith3rd_Apple/WWSignInWith3rd_Apple.swift -emit-dependencies-path /Users/admin/builder/spi-builder-workspace/.derivedData/Build/Intermediates.noindex/WWSignInWith3rd_Apple.build/Debug-xros/WWSignInWith3rd_Apple-t.build/Objects-normal/arm64/Extension.d -emit-const-values-path /Users/admin/builder/spi-builder-workspace/.derivedData/Build/Intermediates.noindex/WWSignInWith3rd_Apple.build/Debug-xros/WWSignInWith3rd_Apple-t.build/Objects-normal/arm64/Extension.swiftconstvalues -emit-reference-dependencies-path /Users/admin/builder/spi-builder-workspace/.derivedData/Build/Intermediates.noindex/WWSignInWith3rd_Apple.build/Debug-xros/WWSignInWith3rd_Apple-t.build/Objects-normal/arm64/Extension.swiftdeps -serialize-diagnostics-path /Users/admin/builder/spi-builder-workspace/.derivedData/Build/Intermediates.noindex/WWSignInWith3rd_Apple.build/Debug-xros/WWSignInWith3rd_Apple-t.build/Objects-normal/arm64/Extension.dia -target arm64-apple-xros1.0 -disable-cross-import-overlay-search -swift-module-cross-import AuthenticationServices /Applications/Xcode-27.0.0-Release.Candidate.app/Contents/Developer/Platforms/XROS.platform/Developer/SDKs/XROS.sdk/System/Library/Frameworks/AuthenticationServices.framework/Modules/AuthenticationServices.swiftcrossimport/SwiftUI.swiftoverlay -swift-module-cross-import AuthenticationServices /Applications/Xcode-27.0.0-Release.Candidate.app/Contents/Developer/Platforms/XROS.platform/Developer/SDKs/XROS27.0.sdk/System/Library/Frameworks/AuthenticationServices.framework/Modules/AuthenticationServices.swiftcrossimport/SwiftUI.swiftoverlay -swift-module-cross-import WebKit /Applications/Xcode-27.0.0-Release.Candidate.app/Contents/Developer/Platforms/XROS.platform/Developer/SDKs/XROS.sdk/System/Library/Frameworks/WebKit.framework/Modules/WebKit.swiftcrossimport/SwiftUI.swiftoverlay -swift-module-cross-import WebKit /Applications/Xcode-27.0.0-Release.Candidate.app/Contents/Developer/Platforms/XROS.platform/Developer/SDKs/XROS27.0.sdk/System/Library/Frameworks/WebKit.framework/Modules/WebKit.swiftcrossimport/SwiftUI.swiftoverlay -load-resolved-plugin /Applications/Xcode-27.0.0-Release.Candidate.app/Contents/Developer/Platforms/XROS.platform/Developer/usr/lib/swift/host/plugins/libFoundationMacros.dylib\#/Applications/Xcode-27.0.0-Release.Candidate.app/Contents/Developer/Platforms/XROS.platform/Developer/usr/bin/swift-plugin-server\#FoundationMacros -load-resolved-plugin /Applications/Xcode-27.0.0-Release.Candidate.app/Contents/Developer/Platforms/XROS.platform/Developer/usr/lib/swift/host/plugins/libObservationMacros.dylib\#/Applications/Xcode-27.0.0-Release.Candidate.app/Contents/Developer/Platforms/XROS.platform/Developer/usr/bin/swift-plugin-server\#ObservationMacros -load-resolved-plugin /Applications/Xcode-27.0.0-Release.Candidate.app/Contents/Developer/Platforms/XROS.platform/Developer/usr/lib/swift/host/plugins/libPreviewsMacros.dylib\#/Applications/Xcode-27.0.0-Release.Candidate.app/Contents/Developer/Platforms/XROS.platform/Developer/usr/bin/swift-plugin-server\#PreviewsMacros -load-resolved-plugin /Applications/Xcode-27.0.0-Release.Candidate.app/Contents/Developer/Platforms/XROS.platform/Developer/usr/lib/swift/host/plugins/libSwiftMacros.dylib\#/Applications/Xcode-27.0.0-Release.Candidate.app/Contents/Developer/Platforms/XROS.platform/Developer/usr/bin/swift-plugin-server\#SwiftMacros -load-resolved-plugin /Applications/Xcode-27.0.0-Release.Candidate.app/Contents/Developer/Platforms/XROS.platform/Developer/usr/lib/swift/host/plugins/libSwiftUIMacros.dylib\#/Applications/Xcode-27.0.0-Release.Candidate.app/Contents/Developer/Platforms/XROS.platform/Developer/usr/bin/swift-plugin-server\#SwiftUIMacros -disable-implicit-swift-modules -Xcc -fno-implicit-modules -Xcc -fno-implicit-module-maps -explicit-swift-module-map-file /Users/admin/builder/spi-builder-workspace/.derivedData/Build/Intermediates.noindex/WWSignInWith3rd_Apple.build/Debug-xros/WWSignInWith3rd_Apple-t.build/Objects-normal/arm64/WWSignInWith3rd_Apple-dependencies-1.json -Xllvm -aarch64-use-tbi -enable-objc-interop -stack-check -sdk /Applications/Xcode-27.0.0-Release.Candidate.app/Contents/Developer/Platforms/XROS.platform/Developer/SDKs/XROS27.0.sdk -I /Users/admin/builder/spi-builder-workspace/.derivedData/Build/Products/Debug-xros -Isystem /Applications/Xcode-27.0.0-Release.Candidate.app/Contents/Developer/Platforms/XROS.platform/Developer/usr/lib -F /Users/admin/builder/spi-builder-workspace/.derivedData/Build/Products/Debug-xros -F /Applications/Xcode-27.0.0-Release.Candidate.app/Contents/Developer/Platforms/XROS.platform/Developer/Library/Frameworks -F /Applications/Xcode-27.0.0-Release.Candidate.app/Contents/Developer/Platforms/XROS.platform/Developer/SDKs/XROS27.0.sdk/Developer/Library/Frameworks -module-cache-path /Users/admin/builder/spi-builder-workspace/.derivedData/Build/Intermediates.noindex/SwiftExplicitPrecompiledModules -no-color-diagnostics -Xcc -fno-color-diagnostics -enable-testing -g -debug-info-format\=dwarf -dwarf-version\=4 -suppress-warnings -swift-version 5 -Onone -D SWIFT_PACKAGE -D DEBUG -D SWIFT_MODULE_RESOURCE_BUNDLE_AVAILABLE -D Xcode -serialize-debugging-options -enable-experimental-feature DebugDescriptionMacro -empty-abi-descriptor -validate-clang-modules-once -clang-build-session-file /Users/admin/builder/spi-builder-workspace/.derivedData/ModuleCache.noindex/Session.modulevalidation -Xcc -working-directory -Xcc /Users/admin/builder/spi-builder-workspace/.swiftpm/xcode -enable-anonymous-context-mangled-names -file-compilation-dir /Users/admin/builder/spi-builder-workspace/.swiftpm/xcode -Xcc -D_LIBCPP_HARDENING_MODE\=_LIBCPP_HARDENING_MODE_DEBUG -Xcc -ivfsstatcache -Xcc /Users/admin/builder/spi-builder-workspace/.derivedData/SDKStatCaches.noindex/xros27.0-24M361-e829b21a6f8c9b70876ba0858053c044735bd543db762f57723cac368afd1ce4.sdkstatcache -Xcc -fmodules-prune-interval\=86400 -Xcc -fmodules-prune-after\=345600 -Xcc -I/Users/admin/builder/spi-builder-workspace/.derivedData/Build/Products/Debug-xros/include -Xcc -I/Users/admin/builder/spi-builder-workspace/.derivedData/Build/Intermediates.noindex/WWSignInWith3rd_Apple.build/Debug-xros/WWSignInWith3rd_Apple-t.build/DerivedSources-normal/arm64 -Xcc -I/Users/admin/builder/spi-builder-workspace/.derivedData/Build/Intermediates.noindex/WWSignInWith3rd_Apple.build/Debug-xros/WWSignInWith3rd_Apple-t.build/DerivedSources/arm64 -Xcc -I/Users/admin/builder/spi-builder-workspace/.derivedData/Build/Intermediates.noindex/WWSignInWith3rd_Apple.build/Debug-xros/WWSignInWith3rd_Apple-t.build/DerivedSources -Xcc -DSWIFT_PACKAGE -Xcc -DDEBUG\=1 -no-auto-bridging-header-chaining -module-name WWSignInWith3rd_Apple -const-gather-protocols-file /Users/admin/builder/spi-builder-workspace/.derivedData/Build/Intermediates.noindex/WWSignInWith3rd_Apple.build/Debug-xros/WWSignInWith3rd_Apple-t.build/Objects-normal/arm64/WWSignInWith3rd_Apple_const_extract_protocols.json -disable-clang-spi -clang-target arm64-apple-xros27.0 -target-sdk-version 27.0 -target-sdk-name xros27.0 -in-process-plugin-server-path /Applications/Xcode-27.0.0-Release.Candidate.app/Contents/Developer/Toolchains/XcodeDefault.xctoolchain/usr/lib/swift/host/libSwiftInProcPluginServer.dylib -parse-as-library -o /Users/admin/builder/spi-builder-workspace/.derivedData/Build/Intermediates.noindex/WWSignInWith3rd_Apple.build/Debug-xros/WWSignInWith3rd_Apple-t.build/Objects-normal/arm64/Extension.o -debug-module-path /Users/admin/builder/spi-builder-workspace/.derivedData/Build/Intermediates.noindex/WWSignInWith3rd_Apple.build/Debug-xros/WWSignInWith3rd_Apple-t.build/Objects-normal/arm64/WWSignInWith3rd_Apple.swiftmodule -index-unit-output-path /WWSignInWith3rd_Apple.build/Debug-xros/WWSignInWith3rd_Apple-t.build/Objects-normal/arm64/Extension.o -index-store-path /Users/admin/builder/spi-builder-workspace/.derivedData/Index.noindex/DataStore -index-system-modules
SwiftCompile normal arm64 /Users/admin/builder/spi-builder-workspace/.dependencies/checkouts/WWSignInWith3rd_Apple/Sources/WWSignInWith3rd_Apple/Utility/Extension.swift (in target 'WWSignInWith3rd_Apple' from project 'WWSignInWith3rd_Apple')
    cd /Users/admin/builder/spi-builder-workspace/.swiftpm/xcode
    builtin-SwiftPerFileCompile Extension.swift
SwiftDriverJobDiscovery normal arm64 Compiling Constant.swift (in target 'WWSignInWith3rd_Discord' from project 'WWSignInWith3rd_Discord')
SwiftDriverJobDiscovery normal arm64 Compiling Constant.swift (in target 'WWNetworking' from project 'WWNetworking')
SwiftCompile normal arm64 Compiling\ Networking.swift /Users/admin/builder/spi-builder-workspace/.dependencies/checkouts/WWNetworking/Sources/WWNetworking/Networking.swift (in target 'WWNetworking' from project 'WWNetworking')
SwiftCompile normal arm64 /Users/admin/builder/spi-builder-workspace/.dependencies/checkouts/WWNetworking/Sources/WWNetworking/Networking.swift (in target 'WWNetworking' from project 'WWNetworking')
    cd /Users/admin/builder/spi-builder-workspace/.swiftpm/xcode
    builtin-SwiftPerFileCompile Networking.swift
SwiftCompile normal arm64 Compiling\ Extension.swift /Users/admin/builder/spi-builder-workspace/.dependencies/checkouts/WWNetworking/Sources/WWNetworking/Extension.swift (in target 'WWNetworking' from project 'WWNetworking')
SwiftCompile normal arm64 /Users/admin/builder/spi-builder-workspace/.dependencies/checkouts/WWNetworking/Sources/WWNetworking/Extension.swift (in target 'WWNetworking' from project 'WWNetworking')
    cd /Users/admin/builder/spi-builder-workspace/.swiftpm/xcode
    builtin-SwiftPerFileCompile Extension.swift
SwiftDriverJobDiscovery normal arm64 Compiling WWSignInWith3rd_Apple.swift (in target 'WWSignInWith3rd_Apple' from project 'WWSignInWith3rd_Apple')
SwiftCompile normal arm64 Compiling\ Constant.swift /Users/admin/builder/spi-builder-workspace/.dependencies/checkouts/WWSignInWith3rd_Apple/Sources/WWSignInWith3rd_Apple/Utility/Constant.swift (in target 'WWSignInWith3rd_Apple' from project 'WWSignInWith3rd_Apple')
SwiftCompile normal arm64 /Users/admin/builder/spi-builder-workspace/.dependencies/checkouts/WWSignInWith3rd_Apple/Sources/WWSignInWith3rd_Apple/Utility/Constant.swift (in target 'WWSignInWith3rd_Apple' from project 'WWSignInWith3rd_Apple')
    cd /Users/admin/builder/spi-builder-workspace/.swiftpm/xcode
    builtin-SwiftPerFileCompile Constant.swift
SwiftCompile normal arm64 Compiling\ WWSignInWith3rd.swift /Users/admin/builder/spi-builder-workspace/.dependencies/checkouts/WWSignInWith3rd_Apple/Sources/WWSignInWith3rd_Apple/WWSignInWith3rd.swift (in target 'WWSignInWith3rd_Apple' from project 'WWSignInWith3rd_Apple')
SwiftCompile normal arm64 /Users/admin/builder/spi-builder-workspace/.dependencies/checkouts/WWSignInWith3rd_Apple/Sources/WWSignInWith3rd_Apple/WWSignInWith3rd.swift (in target 'WWSignInWith3rd_Apple' from project 'WWSignInWith3rd_Apple')
    cd /Users/admin/builder/spi-builder-workspace/.swiftpm/xcode
    builtin-SwiftPerFileCompile WWSignInWith3rd.swift
PruneExplicitPrecompiledModules /Users/admin/builder/spi-builder-workspace/.derivedData/Build/Intermediates.noindex/SwiftExplicitPrecompiledModules
PruneExplicitPrecompiledModules /Users/admin/builder/spi-builder-workspace/.derivedData/SDKExplicitPrecompiledModules
PruneExplicitPrecompiledModules /Users/admin/builder/spi-builder-workspace/.derivedData/Build/Intermediates.noindex/ExplicitPrecompiledModules
2026-09-21 23:43:35.597 xcodebuild[884:5355] [MT] IDERunDestination: Supported platforms for the buildables in the current scheme is empty.
** BUILD FAILED **
The following build commands failed:
	SwiftCompile normal arm64 Compiling\ Extension.swift /Users/admin/builder/spi-builder-workspace/.dependencies/checkouts/WWSignInWith3rd_Apple/Sources/WWSignInWith3rd_Apple/Utility/Extension.swift (in target 'WWSignInWith3rd_Apple' from project 'WWSignInWith3rd_Apple')
	SwiftCompile normal arm64 /Users/admin/builder/spi-builder-workspace/.dependencies/checkouts/WWSignInWith3rd_Apple/Sources/WWSignInWith3rd_Apple/Utility/Extension.swift (in target 'WWSignInWith3rd_Apple' from project 'WWSignInWith3rd_Apple')
	Building workspace WWSignInWith3rd_Discord with scheme WWSignInWith3rd_Discord
(3 failures)
BUILD FAILURE 6.4 visionOS