Build Information
Failed to build NextcloudContainerManager, reference 2.0.2 (0b2eb6), with Swift 6.4 for watchOS using Xcode 27.0 on 26 Sep 2026 02:16:29 UTC.
Build Command
env DEVELOPER_DIR=/Applications/Xcode-27.0.0-Release.Candidate.app xcrun xcodebuild -IDEClonedSourcePackagesDirPathOverride=$PWD/.dependencies -skipMacroValidation -skipPackagePluginValidation -derivedDataPath $PWD/.derivedData build -scheme NextcloudContainerManager-Package -destination generic/platform=watchOSBuild Log
========================================
RunAll
========================================
Builder version: 5.1.0
Interrupt handler set up.
========================================
Checkout
========================================
Clone URL: https://github.com/i2h3/nextcloud-container-manager.git
Reference: 2.0.2
Initialized empty Git repository in /Users/admin/builder/spi-builder-workspace/.git/
From https://github.com/i2h3/nextcloud-container-manager
* tag 2.0.2 -> FETCH_HEAD
HEAD is now at 0b2eb6a Fixed deployed container to be reachable only through local loopback address and not for other devices in the same network.
Cloned https://github.com/i2h3/nextcloud-container-manager.git
Revision (git rev-parse @):
0b2eb6ab01e11357e816b1868a379318edd65ab8
SUCCESS checkout https://github.com/i2h3/nextcloud-container-manager.git at 2.0.2
========================================
Build
========================================
Selected platform: watchOS
Swift version: 6.4
Building package at path: $PWD
https://github.com/i2h3/nextcloud-container-manager.git
Command line invocation:
/Applications/Xcode-27.0.0-Release.Candidate.app/Contents/Developer/usr/bin/xcodebuild -IDEClonedSourcePackagesDirPathOverride=/Users/admin/builder/spi-builder-workspace/.dependencies -resolvePackageDependencies
Resolve Package Graph
Fetching from https://github.com/nicklockwood/SwiftFormat
Creating working copy of package ‘SwiftFormat’
Checking out 0.63.0 of package ‘SwiftFormat’
Resolve Package Graph
Resolved source packages:
SwiftFormat: https://github.com/nicklockwood/SwiftFormat @ 0.63.0
NextcloudContainerManager: /Users/admin/builder/spi-builder-workspace
resolved source packages: SwiftFormat, NextcloudContainerManager
2026-09-25 22:15:41.968 xcodebuild[563:3064] [MT] IDERunDestination: Supported platforms for the buildables in the current scheme is empty.
{
"dependencies" : [
{
"identity" : "swiftformat",
"requirement" : {
"range" : [
{
"lower_bound" : "0.55.0",
"upper_bound" : "1.0.0"
}
]
},
"type" : "sourceControl",
"url" : "https://github.com/nicklockwood/SwiftFormat"
}
],
"manifest_display_name" : "NextcloudContainerManager",
"name" : "NextcloudContainerManager",
"path" : "/Users/admin/builder/spi-builder-workspace",
"platforms" : [
{
"name" : "macos",
"version" : "12.0"
}
],
"products" : [
{
"name" : "NextcloudContainerManager",
"targets" : [
"NextcloudContainerManager"
],
"type" : {
"library" : [
"automatic"
]
}
},
{
"name" : "Runner",
"targets" : [
"Runner"
],
"type" : {
"executable" : null
}
}
],
"targets" : [
{
"c99name" : "Runner",
"module_type" : "SwiftTarget",
"name" : "Runner",
"path" : "Sources/Runner",
"product_memberships" : [
"Runner"
],
"sources" : [
"main.swift"
],
"target_dependencies" : [
"NextcloudContainerManager"
],
"type" : "executable"
},
{
"c99name" : "NextcloudContainerManager",
"module_type" : "SwiftTarget",
"name" : "NextcloudContainerManager",
"path" : "Sources/NextcloudContainerManager",
"product_memberships" : [
"NextcloudContainerManager",
"Runner"
],
"sources" : [
"DockerClient/CancellableSocket.swift",
"DockerClient/DockerEngineClient.swift",
"DockerClient/EngineResponse.swift",
"DockerClient/containerName.swift",
"DockerClient/demultiplexDockerStream.swift",
"DockerClient/ensureContainerNameIsFree.swift",
"DockerClient/ensurePortIsFree.swift",
"DockerClient/findFreePort.swift",
"DockerClient/firstFileInTarArchive.swift",
"DockerClient/validateContainerName.swift",
"Manager/NextcloudContainerManager+AppManagement.swift",
"Manager/NextcloudContainerManager+CommandExecution.swift",
"Manager/NextcloudContainerManager+HighPerformanceBackend.swift",
"Manager/NextcloudContainerManager+Logs.swift",
"Manager/NextcloudContainerManager+Provisioning.swift",
"Manager/NextcloudContainerManager+Suspension.swift",
"Manager/NextcloudContainerManager+UserManagement.swift",
"Manager/NextcloudContainerManager.swift",
"PublicTypes/CommandResult.swift",
"PublicTypes/NextcloudConfiguration.swift",
"PublicTypes/NextcloudContainer.swift",
"PublicTypes/NextcloudContainerManagerError.swift",
"Requests/CreateContainerRequest.swift",
"Requests/CreateExecRequest.swift",
"Requests/CreateNetworkRequest.swift",
"Requests/StartExecRequest.swift",
"Responses/ContainerInspectResponse.swift",
"Responses/CreateContainerResponse.swift",
"Responses/CreateExecResponse.swift",
"Responses/DockerVersionResponse.swift",
"Responses/ExecInspectResponse.swift",
"Responses/ImagePullMessage.swift",
"Responses/NextcloudStatus.swift"
],
"type" : "library"
}
],
"tools_version" : "6.3"
}
{
"workspace" : {
"name" : "NextcloudContainerManager",
"schemes" : [
"NextcloudContainerManager",
"NextcloudContainerManager-Package",
"Runner"
]
}
}
2026-09-25 22:16:14.483 xcodebuild[727:4515] [MT] IDERunDestination: Supported platforms for the buildables in the current scheme is empty.
Running build ...
env DEVELOPER_DIR=/Applications/Xcode-27.0.0-Release.Candidate.app xcrun xcodebuild -IDEClonedSourcePackagesDirPathOverride=$PWD/.dependencies -skipMacroValidation -skipPackagePluginValidation -derivedDataPath $PWD/.derivedData build -scheme NextcloudContainerManager-Package -destination generic/platform=watchOS
Command line invocation:
/Applications/Xcode-27.0.0-Release.Candidate.app/Contents/Developer/usr/bin/xcodebuild -IDEClonedSourcePackagesDirPathOverride=/Users/admin/builder/spi-builder-workspace/.dependencies -skipMacroValidation -skipPackagePluginValidation -derivedDataPath /Users/admin/builder/spi-builder-workspace/.derivedData build -scheme NextcloudContainerManager-Package -destination generic/platform=watchOS
Resolve Package Graph
Resolve Package Graph
Resolved source packages:
SwiftFormat: https://github.com/nicklockwood/SwiftFormat @ 0.63.0
NextcloudContainerManager: /Users/admin/builder/spi-builder-workspace
ComputePackagePrebuildTargetDependencyGraph
Prepare packages
CreateBuildRequest
SendProjectDescription
CreateBuildOperation
ComputeTargetDependencyGraph
note: Building targets in dependency order
note: Target dependency graph (3 targets)
Target 'Runner-product' in project 'NextcloudContainerManager'
➜ Explicit dependency on target 'NextcloudContainerManager' in project 'NextcloudContainerManager'
Target 'NextcloudContainerManager-product' in project 'NextcloudContainerManager'
➜ Explicit dependency on target 'NextcloudContainerManager' in project 'NextcloudContainerManager'
Target 'NextcloudContainerManager' in project 'NextcloudContainerManager' (no dependencies)
GatherProvisioningInputs
CreateBuildDescription
ExecuteExternalTool /Applications/Xcode-27.0.0-Release.Candidate.app/Contents/Developer/Toolchains/XcodeDefault.xctoolchain/usr/bin/clang -v -E -dM -isysroot /Applications/Xcode-27.0.0-Release.Candidate.app/Contents/Developer/Platforms/WatchOS.platform/Developer/SDKs/WatchOS27.0.sdk -x c -c /dev/null
ExecuteExternalTool /Applications/Xcode-27.0.0-Release.Candidate.app/Contents/Developer/Toolchains/XcodeDefault.xctoolchain/usr/bin/swiftc --version
ExecuteExternalTool /Applications/Xcode-27.0.0-Release.Candidate.app/Contents/Developer/Toolchains/XcodeDefault.xctoolchain/usr/bin/ld -version_details
ReadFileContents /Applications/Xcode-27.0.0-Release.Candidate.app/Contents/Developer/Toolchains/XcodeDefault.xctoolchain/usr/share/docc/features.json
Build description signature: b71da6ab3f44c48a365ffffd601d864b
Build description path: /Users/admin/builder/spi-builder-workspace/.derivedData/Build/Intermediates.noindex/XCBuildData/b71da6ab3f44c48a365ffffd601d864b.xcbuilddata
CreateBuildDirectory /Users/admin/builder/spi-builder-workspace/.derivedData/ModuleCache.noindex
cd /Users/admin/builder/spi-builder-workspace/.swiftpm/xcode
builtin-create-build-directory /Users/admin/builder/spi-builder-workspace/.derivedData/ModuleCache.noindex
CreateBuildDirectory /Users/admin/builder/spi-builder-workspace/.derivedData/SDKExplicitPrecompiledModules
cd /Users/admin/builder/spi-builder-workspace/.swiftpm/xcode
builtin-create-build-directory /Users/admin/builder/spi-builder-workspace/.derivedData/SDKExplicitPrecompiledModules
CreateBuildDirectory /Users/admin/builder/spi-builder-workspace/.derivedData/CompilationCache.noindex
cd /Users/admin/builder/spi-builder-workspace/.swiftpm/xcode
builtin-create-build-directory /Users/admin/builder/spi-builder-workspace/.derivedData/CompilationCache.noindex
ClangStatCache /Applications/Xcode-27.0.0-Release.Candidate.app/Contents/Developer/Toolchains/XcodeDefault.xctoolchain/usr/bin/clang-stat-cache /Applications/Xcode-27.0.0-Release.Candidate.app/Contents/Developer/Platforms/WatchOS.platform/Developer/SDKs/WatchOS27.0.sdk /Users/admin/builder/spi-builder-workspace/.derivedData/SDKStatCaches.noindex/watchos27.0-24R360-e829b21a6f8c9b70876ba0858053c04477534ef55a1706bf4c1112bbb242f0a2.sdkstatcache
cd /Users/admin/builder/spi-builder-workspace/.swiftpm/xcode
/Applications/Xcode-27.0.0-Release.Candidate.app/Contents/Developer/Toolchains/XcodeDefault.xctoolchain/usr/bin/clang-stat-cache /Applications/Xcode-27.0.0-Release.Candidate.app/Contents/Developer/Platforms/WatchOS.platform/Developer/SDKs/WatchOS27.0.sdk -o /Users/admin/builder/spi-builder-workspace/.derivedData/SDKStatCaches.noindex/watchos27.0-24R360-e829b21a6f8c9b70876ba0858053c04477534ef55a1706bf4c1112bbb242f0a2.sdkstatcache
CreateBuildDirectory /Users/admin/builder/spi-builder-workspace/.derivedData/Build/Products
cd /Users/admin/builder/spi-builder-workspace/.swiftpm/xcode
builtin-create-build-directory /Users/admin/builder/spi-builder-workspace/.derivedData/Build/Products
CreateBuildDirectory /Users/admin/builder/spi-builder-workspace/.derivedData/Build/Intermediates.noindex
cd /Users/admin/builder/spi-builder-workspace/.swiftpm/xcode
builtin-create-build-directory /Users/admin/builder/spi-builder-workspace/.derivedData/Build/Intermediates.noindex
CreateBuildDirectory /Users/admin/builder/spi-builder-workspace/.derivedData/Build/Intermediates.noindex/SwiftExplicitPrecompiledModules
cd /Users/admin/builder/spi-builder-workspace/.swiftpm/xcode
builtin-create-build-directory /Users/admin/builder/spi-builder-workspace/.derivedData/Build/Intermediates.noindex/SwiftExplicitPrecompiledModules
CreateBuildDirectory /Users/admin/builder/spi-builder-workspace/.derivedData/Build/Intermediates.noindex/PrecompiledHeaders
cd /Users/admin/builder/spi-builder-workspace/.swiftpm/xcode
builtin-create-build-directory /Users/admin/builder/spi-builder-workspace/.derivedData/Build/Intermediates.noindex/PrecompiledHeaders
CreateBuildDirectory /Users/admin/builder/spi-builder-workspace/.derivedData/Build/Intermediates.noindex/ExplicitPrecompiledModules
cd /Users/admin/builder/spi-builder-workspace/.swiftpm/xcode
builtin-create-build-directory /Users/admin/builder/spi-builder-workspace/.derivedData/Build/Intermediates.noindex/ExplicitPrecompiledModules
CreateBuildDirectory /Users/admin/builder/spi-builder-workspace/.derivedData/Build/Products/Debug-watchos
cd /Users/admin/builder/spi-builder-workspace/.swiftpm/xcode
builtin-create-build-directory /Users/admin/builder/spi-builder-workspace/.derivedData/Build/Products/Debug-watchos
CreateBuildDirectory /Users/admin/builder/spi-builder-workspace/.derivedData/Build/Intermediates.noindex/EagerLinkingTBDs/Debug-watchos
cd /Users/admin/builder/spi-builder-workspace/.swiftpm/xcode
builtin-create-build-directory /Users/admin/builder/spi-builder-workspace/.derivedData/Build/Intermediates.noindex/EagerLinkingTBDs/Debug-watchos
CreateBuildDirectory /Users/admin/builder/spi-builder-workspace/.derivedData/Build/Products/Debug-watchos/PackageFrameworks
cd /Users/admin/builder/spi-builder-workspace/.swiftpm/xcode
builtin-create-build-directory /Users/admin/builder/spi-builder-workspace/.derivedData/Build/Products/Debug-watchos/PackageFrameworks
WriteAuxiliaryFile /Users/admin/builder/spi-builder-workspace/.derivedData/Build/Intermediates.noindex/NextcloudContainerManager.build/Debug-watchos/Runner-p.build/Runner.DependencyMetadataFileList (in target 'Runner-product' from project 'NextcloudContainerManager')
cd /Users/admin/builder/spi-builder-workspace
write-file /Users/admin/builder/spi-builder-workspace/.derivedData/Build/Intermediates.noindex/NextcloudContainerManager.build/Debug-watchos/Runner-p.build/Runner.DependencyMetadataFileList
WriteAuxiliaryFile /Users/admin/builder/spi-builder-workspace/.derivedData/Build/Intermediates.noindex/NextcloudContainerManager.build/Debug-watchos/Runner-p.build/Runner.DependencyStaticMetadataFileList (in target 'Runner-product' from project 'NextcloudContainerManager')
cd /Users/admin/builder/spi-builder-workspace
write-file /Users/admin/builder/spi-builder-workspace/.derivedData/Build/Intermediates.noindex/NextcloudContainerManager.build/Debug-watchos/Runner-p.build/Runner.DependencyStaticMetadataFileList
WriteAuxiliaryFile /Users/admin/builder/spi-builder-workspace/.derivedData/Build/Intermediates.noindex/NextcloudContainerManager.build/Debug-watchos/NextcloudContainerManager-t.build/NextcloudContainerManager.modulemap (in target 'NextcloudContainerManager' from project 'NextcloudContainerManager')
cd /Users/admin/builder/spi-builder-workspace
write-file /Users/admin/builder/spi-builder-workspace/.derivedData/Build/Intermediates.noindex/NextcloudContainerManager.build/Debug-watchos/NextcloudContainerManager-t.build/NextcloudContainerManager.modulemap
WriteAuxiliaryFile /Users/admin/builder/spi-builder-workspace/.derivedData/Build/Intermediates.noindex/NextcloudContainerManager.build/Debug-watchos/Runner-p.build/Objects-normal/arm64_32/Runner.SwiftFileList (in target 'Runner-product' from project 'NextcloudContainerManager')
cd /Users/admin/builder/spi-builder-workspace
write-file /Users/admin/builder/spi-builder-workspace/.derivedData/Build/Intermediates.noindex/NextcloudContainerManager.build/Debug-watchos/Runner-p.build/Objects-normal/arm64_32/Runner.SwiftFileList
WriteAuxiliaryFile /Users/admin/builder/spi-builder-workspace/.derivedData/Build/Intermediates.noindex/NextcloudContainerManager.build/Debug-watchos/Runner-p.build/Objects-normal/arm64_32/Runner_const_extract_protocols.json (in target 'Runner-product' from project 'NextcloudContainerManager')
cd /Users/admin/builder/spi-builder-workspace
write-file /Users/admin/builder/spi-builder-workspace/.derivedData/Build/Intermediates.noindex/NextcloudContainerManager.build/Debug-watchos/Runner-p.build/Objects-normal/arm64_32/Runner_const_extract_protocols.json
WriteAuxiliaryFile /Users/admin/builder/spi-builder-workspace/.derivedData/Build/Intermediates.noindex/NextcloudContainerManager.build/Debug-watchos/Runner-p.build/Objects-normal/arm64_32/Runner.LinkFileList (in target 'Runner-product' from project 'NextcloudContainerManager')
cd /Users/admin/builder/spi-builder-workspace
write-file /Users/admin/builder/spi-builder-workspace/.derivedData/Build/Intermediates.noindex/NextcloudContainerManager.build/Debug-watchos/Runner-p.build/Objects-normal/arm64_32/Runner.LinkFileList
WriteAuxiliaryFile /Users/admin/builder/spi-builder-workspace/.derivedData/Build/Intermediates.noindex/NextcloudContainerManager.build/Debug-watchos/Runner-p.build/Objects-normal/arm64_32/Runner-OutputFileMap.json (in target 'Runner-product' from project 'NextcloudContainerManager')
cd /Users/admin/builder/spi-builder-workspace
write-file /Users/admin/builder/spi-builder-workspace/.derivedData/Build/Intermediates.noindex/NextcloudContainerManager.build/Debug-watchos/Runner-p.build/Objects-normal/arm64_32/Runner-OutputFileMap.json
WriteAuxiliaryFile /Users/admin/builder/spi-builder-workspace/.derivedData/Build/Intermediates.noindex/NextcloudContainerManager.build/Debug-watchos/NextcloudContainerManager-t.build/Objects-normal/arm64_32/NextcloudContainerManager_const_extract_protocols.json (in target 'NextcloudContainerManager' from project 'NextcloudContainerManager')
cd /Users/admin/builder/spi-builder-workspace
write-file /Users/admin/builder/spi-builder-workspace/.derivedData/Build/Intermediates.noindex/NextcloudContainerManager.build/Debug-watchos/NextcloudContainerManager-t.build/Objects-normal/arm64_32/NextcloudContainerManager_const_extract_protocols.json
WriteAuxiliaryFile /Users/admin/builder/spi-builder-workspace/.derivedData/Build/Intermediates.noindex/NextcloudContainerManager.build/Debug-watchos/NextcloudContainerManager-t.build/Objects-normal/arm64_32/NextcloudContainerManager-OutputFileMap.json (in target 'NextcloudContainerManager' from project 'NextcloudContainerManager')
cd /Users/admin/builder/spi-builder-workspace
write-file /Users/admin/builder/spi-builder-workspace/.derivedData/Build/Intermediates.noindex/NextcloudContainerManager.build/Debug-watchos/NextcloudContainerManager-t.build/Objects-normal/arm64_32/NextcloudContainerManager-OutputFileMap.json
WriteAuxiliaryFile /Users/admin/builder/spi-builder-workspace/.derivedData/Build/Intermediates.noindex/NextcloudContainerManager.build/Debug-watchos/Runner-p.build/Objects-normal/arm64/Runner.LinkFileList (in target 'Runner-product' from project 'NextcloudContainerManager')
cd /Users/admin/builder/spi-builder-workspace
write-file /Users/admin/builder/spi-builder-workspace/.derivedData/Build/Intermediates.noindex/NextcloudContainerManager.build/Debug-watchos/Runner-p.build/Objects-normal/arm64/Runner.LinkFileList
WriteAuxiliaryFile /Users/admin/builder/spi-builder-workspace/.derivedData/Build/Intermediates.noindex/NextcloudContainerManager.build/Debug-watchos/Runner-p.build/Objects-normal/arm64/Runner.SwiftFileList (in target 'Runner-product' from project 'NextcloudContainerManager')
cd /Users/admin/builder/spi-builder-workspace
write-file /Users/admin/builder/spi-builder-workspace/.derivedData/Build/Intermediates.noindex/NextcloudContainerManager.build/Debug-watchos/Runner-p.build/Objects-normal/arm64/Runner.SwiftFileList
WriteAuxiliaryFile /Users/admin/builder/spi-builder-workspace/.derivedData/Build/Intermediates.noindex/NextcloudContainerManager.build/Debug-watchos/Runner-p.build/Objects-normal/arm64/Runner_const_extract_protocols.json (in target 'Runner-product' from project 'NextcloudContainerManager')
cd /Users/admin/builder/spi-builder-workspace
write-file /Users/admin/builder/spi-builder-workspace/.derivedData/Build/Intermediates.noindex/NextcloudContainerManager.build/Debug-watchos/Runner-p.build/Objects-normal/arm64/Runner_const_extract_protocols.json
WriteAuxiliaryFile /Users/admin/builder/spi-builder-workspace/.derivedData/Build/Intermediates.noindex/NextcloudContainerManager.build/Debug-watchos/Runner-p.build/Objects-normal/arm64/Runner-OutputFileMap.json (in target 'Runner-product' from project 'NextcloudContainerManager')
cd /Users/admin/builder/spi-builder-workspace
write-file /Users/admin/builder/spi-builder-workspace/.derivedData/Build/Intermediates.noindex/NextcloudContainerManager.build/Debug-watchos/Runner-p.build/Objects-normal/arm64/Runner-OutputFileMap.json
WriteAuxiliaryFile /Users/admin/builder/spi-builder-workspace/.derivedData/Build/Intermediates.noindex/NextcloudContainerManager.build/Debug-watchos/NextcloudContainerManager-t.build/Objects-normal/arm64_32/NextcloudContainerManager.SwiftFileList (in target 'NextcloudContainerManager' from project 'NextcloudContainerManager')
cd /Users/admin/builder/spi-builder-workspace
write-file /Users/admin/builder/spi-builder-workspace/.derivedData/Build/Intermediates.noindex/NextcloudContainerManager.build/Debug-watchos/NextcloudContainerManager-t.build/Objects-normal/arm64_32/NextcloudContainerManager.SwiftFileList
WriteAuxiliaryFile /Users/admin/builder/spi-builder-workspace/.derivedData/Build/Intermediates.noindex/NextcloudContainerManager.build/Debug-watchos/NextcloudContainerManager-t.build/Objects-normal/arm64_32/NextcloudContainerManager.SwiftConstValuesFileList (in target 'NextcloudContainerManager' from project 'NextcloudContainerManager')
cd /Users/admin/builder/spi-builder-workspace
write-file /Users/admin/builder/spi-builder-workspace/.derivedData/Build/Intermediates.noindex/NextcloudContainerManager.build/Debug-watchos/NextcloudContainerManager-t.build/Objects-normal/arm64_32/NextcloudContainerManager.SwiftConstValuesFileList
WriteAuxiliaryFile /Users/admin/builder/spi-builder-workspace/.derivedData/Build/Intermediates.noindex/NextcloudContainerManager.build/Debug-watchos/NextcloudContainerManager-t.build/Objects-normal/arm64_32/NextcloudContainerManager.LinkFileList (in target 'NextcloudContainerManager' from project 'NextcloudContainerManager')
cd /Users/admin/builder/spi-builder-workspace
write-file /Users/admin/builder/spi-builder-workspace/.derivedData/Build/Intermediates.noindex/NextcloudContainerManager.build/Debug-watchos/NextcloudContainerManager-t.build/Objects-normal/arm64_32/NextcloudContainerManager.LinkFileList
WriteAuxiliaryFile /Users/admin/builder/spi-builder-workspace/.derivedData/Build/Intermediates.noindex/NextcloudContainerManager.build/Debug-watchos/NextcloudContainerManager-t.build/Objects-normal/arm64/NextcloudContainerManager_const_extract_protocols.json (in target 'NextcloudContainerManager' from project 'NextcloudContainerManager')
cd /Users/admin/builder/spi-builder-workspace
write-file /Users/admin/builder/spi-builder-workspace/.derivedData/Build/Intermediates.noindex/NextcloudContainerManager.build/Debug-watchos/NextcloudContainerManager-t.build/Objects-normal/arm64/NextcloudContainerManager_const_extract_protocols.json
WriteAuxiliaryFile /Users/admin/builder/spi-builder-workspace/.derivedData/Build/Intermediates.noindex/NextcloudContainerManager.build/Debug-watchos/NextcloudContainerManager-t.build/Objects-normal/arm64/NextcloudContainerManager.SwiftFileList (in target 'NextcloudContainerManager' from project 'NextcloudContainerManager')
cd /Users/admin/builder/spi-builder-workspace
write-file /Users/admin/builder/spi-builder-workspace/.derivedData/Build/Intermediates.noindex/NextcloudContainerManager.build/Debug-watchos/NextcloudContainerManager-t.build/Objects-normal/arm64/NextcloudContainerManager.SwiftFileList
WriteAuxiliaryFile /Users/admin/builder/spi-builder-workspace/.derivedData/Build/Intermediates.noindex/NextcloudContainerManager.build/Debug-watchos/NextcloudContainerManager-t.build/Objects-normal/arm64/NextcloudContainerManager.LinkFileList (in target 'NextcloudContainerManager' from project 'NextcloudContainerManager')
cd /Users/admin/builder/spi-builder-workspace
write-file /Users/admin/builder/spi-builder-workspace/.derivedData/Build/Intermediates.noindex/NextcloudContainerManager.build/Debug-watchos/NextcloudContainerManager-t.build/Objects-normal/arm64/NextcloudContainerManager.LinkFileList
WriteAuxiliaryFile /Users/admin/builder/spi-builder-workspace/.derivedData/Build/Intermediates.noindex/NextcloudContainerManager.build/Debug-watchos/NextcloudContainerManager-t.build/Objects-normal/arm64/NextcloudContainerManager.SwiftConstValuesFileList (in target 'NextcloudContainerManager' from project 'NextcloudContainerManager')
cd /Users/admin/builder/spi-builder-workspace
write-file /Users/admin/builder/spi-builder-workspace/.derivedData/Build/Intermediates.noindex/NextcloudContainerManager.build/Debug-watchos/NextcloudContainerManager-t.build/Objects-normal/arm64/NextcloudContainerManager.SwiftConstValuesFileList
WriteAuxiliaryFile /Users/admin/builder/spi-builder-workspace/.derivedData/Build/Intermediates.noindex/NextcloudContainerManager.build/Debug-watchos/NextcloudContainerManager-t.build/Objects-normal/arm64/NextcloudContainerManager-OutputFileMap.json (in target 'NextcloudContainerManager' from project 'NextcloudContainerManager')
cd /Users/admin/builder/spi-builder-workspace
write-file /Users/admin/builder/spi-builder-workspace/.derivedData/Build/Intermediates.noindex/NextcloudContainerManager.build/Debug-watchos/NextcloudContainerManager-t.build/Objects-normal/arm64/NextcloudContainerManager-OutputFileMap.json
WriteAuxiliaryFile /Users/admin/builder/spi-builder-workspace/.derivedData/Build/Intermediates.noindex/NextcloudContainerManager.build/Debug-watchos/NextcloudContainerManager-t.build/NextcloudContainerManager.DependencyStaticMetadataFileList (in target 'NextcloudContainerManager' from project 'NextcloudContainerManager')
cd /Users/admin/builder/spi-builder-workspace
write-file /Users/admin/builder/spi-builder-workspace/.derivedData/Build/Intermediates.noindex/NextcloudContainerManager.build/Debug-watchos/NextcloudContainerManager-t.build/NextcloudContainerManager.DependencyStaticMetadataFileList
WriteAuxiliaryFile /Users/admin/builder/spi-builder-workspace/.derivedData/Build/Intermediates.noindex/NextcloudContainerManager.build/Debug-watchos/NextcloudContainerManager-t.build/NextcloudContainerManager.DependencyMetadataFileList (in target 'NextcloudContainerManager' from project 'NextcloudContainerManager')
cd /Users/admin/builder/spi-builder-workspace
write-file /Users/admin/builder/spi-builder-workspace/.derivedData/Build/Intermediates.noindex/NextcloudContainerManager.build/Debug-watchos/NextcloudContainerManager-t.build/NextcloudContainerManager.DependencyMetadataFileList
Copy /Users/admin/builder/spi-builder-workspace/.derivedData/Build/Intermediates.noindex/GeneratedModuleMaps-watchos/NextcloudContainerManager.modulemap /Users/admin/builder/spi-builder-workspace/.derivedData/Build/Intermediates.noindex/NextcloudContainerManager.build/Debug-watchos/NextcloudContainerManager-t.build/NextcloudContainerManager.modulemap (in target 'NextcloudContainerManager' from project 'NextcloudContainerManager')
cd /Users/admin/builder/spi-builder-workspace
builtin-copy -exclude .DS_Store -exclude CVS -exclude .svn -exclude .git -exclude .hg -resolve-src-symlinks /Users/admin/builder/spi-builder-workspace/.derivedData/Build/Intermediates.noindex/NextcloudContainerManager.build/Debug-watchos/NextcloudContainerManager-t.build/NextcloudContainerManager.modulemap /Users/admin/builder/spi-builder-workspace/.derivedData/Build/Intermediates.noindex/GeneratedModuleMaps-watchos
SwiftDriver NextcloudContainerManager normal arm64 com.apple.xcode.tools.swift.compiler (in target 'NextcloudContainerManager' from project 'NextcloudContainerManager')
cd /Users/admin/builder/spi-builder-workspace/.swiftpm/xcode
builtin-SwiftDriver -- /Applications/Xcode-27.0.0-Release.Candidate.app/Contents/Developer/Toolchains/XcodeDefault.xctoolchain/usr/bin/swiftc -parse-as-library -module-name NextcloudContainerManager -Onone @/Users/admin/builder/spi-builder-workspace/.derivedData/Build/Intermediates.noindex/NextcloudContainerManager.build/Debug-watchos/NextcloudContainerManager-t.build/Objects-normal/arm64/NextcloudContainerManager.SwiftFileList -DSWIFT_PACKAGE -DDEBUG -DSWIFT_MODULE_RESOURCE_BUNDLE_UNAVAILABLE -DXcode -plugin-path /Applications/Xcode-27.0.0-Release.Candidate.app/Contents/Developer/Toolchains/XcodeDefault.xctoolchain/usr/lib/swift/host/plugins/testing -enable-experimental-feature DebugDescriptionMacro -sdk /Applications/Xcode-27.0.0-Release.Candidate.app/Contents/Developer/Platforms/WatchOS.platform/Developer/SDKs/WatchOS27.0.sdk -target arm64-apple-watchos9.0 -g -module-cache-path /Users/admin/builder/spi-builder-workspace/.derivedData/ModuleCache.noindex -Xfrontend -serialize-debugging-options -enable-testing -index-store-path /Users/admin/builder/spi-builder-workspace/.derivedData/Index.noindex/DataStore -Xcc -D_LIBCPP_HARDENING_MODE\=_LIBCPP_HARDENING_MODE_DEBUG -swift-version 6 -I /Users/admin/builder/spi-builder-workspace/.derivedData/Build/Products/Debug-watchos -Isystem /Applications/Xcode-27.0.0-Release.Candidate.app/Contents/Developer/Platforms/WatchOS.platform/Developer/usr/lib -F /Users/admin/builder/spi-builder-workspace/.derivedData/Build/Products/Debug-watchos -F /Applications/Xcode-27.0.0-Release.Candidate.app/Contents/Developer/Platforms/WatchOS.platform/Developer/Library/Frameworks -F /Applications/Xcode-27.0.0-Release.Candidate.app/Contents/Developer/Platforms/WatchOS.platform/Developer/SDKs/WatchOS27.0.sdk/Developer/Library/Frameworks -c -j10 -enable-batch-mode -incremental -Xcc -ivfsstatcache -Xcc /Users/admin/builder/spi-builder-workspace/.derivedData/SDKStatCaches.noindex/watchos27.0-24R360-e829b21a6f8c9b70876ba0858053c04477534ef55a1706bf4c1112bbb242f0a2.sdkstatcache -output-file-map /Users/admin/builder/spi-builder-workspace/.derivedData/Build/Intermediates.noindex/NextcloudContainerManager.build/Debug-watchos/NextcloudContainerManager-t.build/Objects-normal/arm64/NextcloudContainerManager-OutputFileMap.json -save-temps -no-color-diagnostics -explicit-module-build -module-cache-path /Users/admin/builder/spi-builder-workspace/.derivedData/Build/Intermediates.noindex/SwiftExplicitPrecompiledModules -clang-scanner-module-cache-path /Users/admin/builder/spi-builder-workspace/.derivedData/ModuleCache.noindex -sdk-module-cache-path /Users/admin/builder/spi-builder-workspace/.derivedData/SDKExplicitPrecompiledModules -emit-dependencies -emit-module -emit-module-path /Users/admin/builder/spi-builder-workspace/.derivedData/Build/Intermediates.noindex/NextcloudContainerManager.build/Debug-watchos/NextcloudContainerManager-t.build/Objects-normal/arm64/NextcloudContainerManager.swiftmodule -serialize-diagnostics -dependency-scan-serialize-diagnostics-path /Users/admin/builder/spi-builder-workspace/.derivedData/Build/Intermediates.noindex/NextcloudContainerManager.build/Debug-watchos/NextcloudContainerManager-t.build/Objects-normal/arm64/NextcloudContainerManager-dependency-scan.dia -validate-clang-modules-once -clang-build-session-file /Users/admin/builder/spi-builder-workspace/.derivedData/ModuleCache.noindex/Session.modulevalidation -Xcc -fmodules-prune-interval\=86400 -Xcc -fmodules-prune-after\=345600 -package-name spi_builder_workspace -emit-const-values -const-gather-protocols-list /Users/admin/builder/spi-builder-workspace/.derivedData/Build/Intermediates.noindex/NextcloudContainerManager.build/Debug-watchos/NextcloudContainerManager-t.build/Objects-normal/arm64/NextcloudContainerManager_const_extract_protocols.json -Xcc -I/Users/admin/builder/spi-builder-workspace/.derivedData/Build/Products/Debug-watchos/include -Xcc -I/Users/admin/builder/spi-builder-workspace/.derivedData/Build/Intermediates.noindex/NextcloudContainerManager.build/Debug-watchos/NextcloudContainerManager-t.build/DerivedSources-normal/arm64 -Xcc -I/Users/admin/builder/spi-builder-workspace/.derivedData/Build/Intermediates.noindex/NextcloudContainerManager.build/Debug-watchos/NextcloudContainerManager-t.build/DerivedSources/arm64 -Xcc -I/Users/admin/builder/spi-builder-workspace/.derivedData/Build/Intermediates.noindex/NextcloudContainerManager.build/Debug-watchos/NextcloudContainerManager-t.build/DerivedSources -Xcc -DSWIFT_PACKAGE -Xcc -DDEBUG\=1 -emit-objc-header -emit-objc-header-path /Users/admin/builder/spi-builder-workspace/.derivedData/Build/Intermediates.noindex/NextcloudContainerManager.build/Debug-watchos/NextcloudContainerManager-t.build/Objects-normal/arm64/NextcloudContainerManager-Swift.h -working-directory /Users/admin/builder/spi-builder-workspace/.swiftpm/xcode -experimental-emit-module-separately -disable-cmo
SwiftDriver NextcloudContainerManager normal arm64_32 com.apple.xcode.tools.swift.compiler (in target 'NextcloudContainerManager' from project 'NextcloudContainerManager')
cd /Users/admin/builder/spi-builder-workspace/.swiftpm/xcode
builtin-SwiftDriver -- /Applications/Xcode-27.0.0-Release.Candidate.app/Contents/Developer/Toolchains/XcodeDefault.xctoolchain/usr/bin/swiftc -parse-as-library -module-name NextcloudContainerManager -Onone @/Users/admin/builder/spi-builder-workspace/.derivedData/Build/Intermediates.noindex/NextcloudContainerManager.build/Debug-watchos/NextcloudContainerManager-t.build/Objects-normal/arm64_32/NextcloudContainerManager.SwiftFileList -DSWIFT_PACKAGE -DDEBUG -DSWIFT_MODULE_RESOURCE_BUNDLE_UNAVAILABLE -DXcode -plugin-path /Applications/Xcode-27.0.0-Release.Candidate.app/Contents/Developer/Toolchains/XcodeDefault.xctoolchain/usr/lib/swift/host/plugins/testing -enable-experimental-feature DebugDescriptionMacro -sdk /Applications/Xcode-27.0.0-Release.Candidate.app/Contents/Developer/Platforms/WatchOS.platform/Developer/SDKs/WatchOS27.0.sdk -target arm64_32-apple-watchos9.0 -g -module-cache-path /Users/admin/builder/spi-builder-workspace/.derivedData/ModuleCache.noindex -Xfrontend -serialize-debugging-options -enable-testing -index-store-path /Users/admin/builder/spi-builder-workspace/.derivedData/Index.noindex/DataStore -Xcc -D_LIBCPP_HARDENING_MODE\=_LIBCPP_HARDENING_MODE_DEBUG -swift-version 6 -I /Users/admin/builder/spi-builder-workspace/.derivedData/Build/Products/Debug-watchos -Isystem /Applications/Xcode-27.0.0-Release.Candidate.app/Contents/Developer/Platforms/WatchOS.platform/Developer/usr/lib -F /Users/admin/builder/spi-builder-workspace/.derivedData/Build/Products/Debug-watchos -F /Applications/Xcode-27.0.0-Release.Candidate.app/Contents/Developer/Platforms/WatchOS.platform/Developer/Library/Frameworks -F /Applications/Xcode-27.0.0-Release.Candidate.app/Contents/Developer/Platforms/WatchOS.platform/Developer/SDKs/WatchOS27.0.sdk/Developer/Library/Frameworks -c -j10 -enable-batch-mode -incremental -Xcc -ivfsstatcache -Xcc /Users/admin/builder/spi-builder-workspace/.derivedData/SDKStatCaches.noindex/watchos27.0-24R360-e829b21a6f8c9b70876ba0858053c04477534ef55a1706bf4c1112bbb242f0a2.sdkstatcache -output-file-map /Users/admin/builder/spi-builder-workspace/.derivedData/Build/Intermediates.noindex/NextcloudContainerManager.build/Debug-watchos/NextcloudContainerManager-t.build/Objects-normal/arm64_32/NextcloudContainerManager-OutputFileMap.json -save-temps -no-color-diagnostics -explicit-module-build -module-cache-path /Users/admin/builder/spi-builder-workspace/.derivedData/Build/Intermediates.noindex/SwiftExplicitPrecompiledModules -clang-scanner-module-cache-path /Users/admin/builder/spi-builder-workspace/.derivedData/ModuleCache.noindex -sdk-module-cache-path /Users/admin/builder/spi-builder-workspace/.derivedData/SDKExplicitPrecompiledModules -emit-dependencies -emit-module -emit-module-path /Users/admin/builder/spi-builder-workspace/.derivedData/Build/Intermediates.noindex/NextcloudContainerManager.build/Debug-watchos/NextcloudContainerManager-t.build/Objects-normal/arm64_32/NextcloudContainerManager.swiftmodule -serialize-diagnostics -dependency-scan-serialize-diagnostics-path /Users/admin/builder/spi-builder-workspace/.derivedData/Build/Intermediates.noindex/NextcloudContainerManager.build/Debug-watchos/NextcloudContainerManager-t.build/Objects-normal/arm64_32/NextcloudContainerManager-dependency-scan.dia -validate-clang-modules-once -clang-build-session-file /Users/admin/builder/spi-builder-workspace/.derivedData/ModuleCache.noindex/Session.modulevalidation -Xcc -fmodules-prune-interval\=86400 -Xcc -fmodules-prune-after\=345600 -package-name spi_builder_workspace -emit-const-values -const-gather-protocols-list /Users/admin/builder/spi-builder-workspace/.derivedData/Build/Intermediates.noindex/NextcloudContainerManager.build/Debug-watchos/NextcloudContainerManager-t.build/Objects-normal/arm64_32/NextcloudContainerManager_const_extract_protocols.json -Xcc -I/Users/admin/builder/spi-builder-workspace/.derivedData/Build/Products/Debug-watchos/include -Xcc -I/Users/admin/builder/spi-builder-workspace/.derivedData/Build/Intermediates.noindex/NextcloudContainerManager.build/Debug-watchos/NextcloudContainerManager-t.build/DerivedSources-normal/arm64_32 -Xcc -I/Users/admin/builder/spi-builder-workspace/.derivedData/Build/Intermediates.noindex/NextcloudContainerManager.build/Debug-watchos/NextcloudContainerManager-t.build/DerivedSources/arm64_32 -Xcc -I/Users/admin/builder/spi-builder-workspace/.derivedData/Build/Intermediates.noindex/NextcloudContainerManager.build/Debug-watchos/NextcloudContainerManager-t.build/DerivedSources -Xcc -DSWIFT_PACKAGE -Xcc -DDEBUG\=1 -emit-objc-header -emit-objc-header-path /Users/admin/builder/spi-builder-workspace/.derivedData/Build/Intermediates.noindex/NextcloudContainerManager.build/Debug-watchos/NextcloudContainerManager-t.build/Objects-normal/arm64_32/NextcloudContainerManager-Swift.h -working-directory /Users/admin/builder/spi-builder-workspace/.swiftpm/xcode -experimental-emit-module-separately -disable-cmo
SwiftExplicitDependencyGeneratePcm arm64_32 /Users/admin/builder/spi-builder-workspace/.derivedData/SDKExplicitPrecompiledModules/SwiftShims-D9VBB138U50XYYGW2C2V21N3L.pcm
SwiftExplicitDependencyGeneratePcm arm64_32 /Users/admin/builder/spi-builder-workspace/.derivedData/SDKExplicitPrecompiledModules/_AvailabilityInternal-22ZP1ILSQW16KHXZS5GBZHOCS.pcm
SwiftExplicitDependencyGeneratePcm arm64_32 /Users/admin/builder/spi-builder-workspace/.derivedData/SDKExplicitPrecompiledModules/_Builtin_float-372PLGDQ1U3B6Z5EA5DJMDORJ.pcm
SwiftExplicitDependencyGeneratePcm arm64_32 /Users/admin/builder/spi-builder-workspace/.derivedData/SDKExplicitPrecompiledModules/ptrauth-EW7YZZ7LEZE1QZF2T8148IPSA.pcm
SwiftExplicitDependencyGeneratePcm arm64_32 /Users/admin/builder/spi-builder-workspace/.derivedData/SDKExplicitPrecompiledModules/_Builtin_stdbool-84ZA1VDW90AGWZ2LF5KOCM8DZ.pcm
SwiftExplicitDependencyGeneratePcm arm64_32 /Users/admin/builder/spi-builder-workspace/.derivedData/SDKExplicitPrecompiledModules/_SwiftConcurrencyShims-58G4ISYSYDV3AT1DDGEE0QCUF.pcm
SwiftExplicitDependencyGeneratePcm arm64_32 /Users/admin/builder/spi-builder-workspace/.derivedData/SDKExplicitPrecompiledModules/_Builtin_stdarg-EYJP6DFYQL9GJLH1TJ84A8MHV.pcm
SwiftExplicitDependencyGeneratePcm arm64_32 /Users/admin/builder/spi-builder-workspace/.derivedData/SDKExplicitPrecompiledModules/_Builtin_stddef-2F9BFIPBQ5EWNSK5G7G7V4EKL.pcm
SwiftExplicitDependencyGeneratePcm arm64 /Users/admin/builder/spi-builder-workspace/.derivedData/SDKExplicitPrecompiledModules/ptrcheck-8K07997SIHO7YGY7UQ3LOQ3TJ.pcm
SwiftExplicitDependencyGeneratePcm arm64 /Users/admin/builder/spi-builder-workspace/.derivedData/SDKExplicitPrecompiledModules/_Builtin_stdarg-3X4KLXUYEI0UGBILP4X7D0CYW.pcm
SwiftExplicitDependencyGeneratePcm arm64 /Users/admin/builder/spi-builder-workspace/.derivedData/SDKExplicitPrecompiledModules/SwiftShims-AJ4AZYHQNC33R5RLN7AGEIOMP.pcm
SwiftExplicitDependencyGeneratePcm arm64 /Users/admin/builder/spi-builder-workspace/.derivedData/SDKExplicitPrecompiledModules/_Builtin_float-E4M4A8689VXF1T7P7BV56IKBT.pcm
SwiftExplicitDependencyGeneratePcm arm64 /Users/admin/builder/spi-builder-workspace/.derivedData/SDKExplicitPrecompiledModules/_SwiftConcurrencyShims-CTPSFSTDCBVSSQFHL6I305U72.pcm
SwiftExplicitDependencyGeneratePcm arm64 /Users/admin/builder/spi-builder-workspace/.derivedData/SDKExplicitPrecompiledModules/_Builtin_stdbool-B692L2PMR118794VVYBG37897.pcm
SwiftExplicitDependencyGeneratePcm arm64 /Users/admin/builder/spi-builder-workspace/.derivedData/SDKExplicitPrecompiledModules/_AvailabilityInternal-42EVAC8Q6P1ZT6G3A168N97G4.pcm
SwiftExplicitDependencyGeneratePcm arm64 /Users/admin/builder/spi-builder-workspace/.derivedData/SDKExplicitPrecompiledModules/_Builtin_stddef-5OH846KKUPSJJT7GCX9XU1TKG.pcm
SwiftExplicitDependencyGeneratePcm arm64_32 /Users/admin/builder/spi-builder-workspace/.derivedData/SDKExplicitPrecompiledModules/ptrcheck-EAZ3I917ZFA9H6ZCL6PGLG4TR.pcm
SwiftExplicitDependencyGeneratePcm arm64 /Users/admin/builder/spi-builder-workspace/.derivedData/SDKExplicitPrecompiledModules/ptrauth-C7VQASAJ967Q4Q6SRD4I3CFWZ.pcm
SwiftExplicitDependencyGeneratePcm arm64_32 /Users/admin/builder/spi-builder-workspace/.derivedData/SDKExplicitPrecompiledModules/_DarwinFoundation1-5SNIO0SFHX9KJZTLQGIPAPXUZ.pcm
SwiftExplicitDependencyGeneratePcm arm64 /Users/admin/builder/spi-builder-workspace/.derivedData/SDKExplicitPrecompiledModules/_DarwinFoundation1-7YQ9TVI7XTOGQU9OADRXP33D1.pcm
SwiftExplicitDependencyGeneratePcm arm64_32 /Users/admin/builder/spi-builder-workspace/.derivedData/SDKExplicitPrecompiledModules/_DarwinFoundation2-FP2Q8F1Q2HR151SBYKTU6Q8B.pcm
SwiftExplicitDependencyGeneratePcm arm64_32 /Users/admin/builder/spi-builder-workspace/.derivedData/SDKExplicitPrecompiledModules/_Builtin_limits-AQMEC9CLG0FZQN6TLGDQ6WF78.pcm
SwiftExplicitDependencyGeneratePcm arm64 /Users/admin/builder/spi-builder-workspace/.derivedData/SDKExplicitPrecompiledModules/_Builtin_limits-75TRA1C7IHYOFCG3KJXQVTHJ4.pcm
SwiftExplicitDependencyGeneratePcm arm64 /Users/admin/builder/spi-builder-workspace/.derivedData/SDKExplicitPrecompiledModules/_DarwinFoundation2-CUPL4FH2SA95GMALQP4M6O8UA.pcm
SwiftExplicitDependencyGeneratePcm arm64_32 /Users/admin/builder/spi-builder-workspace/.derivedData/SDKExplicitPrecompiledModules/string_h-8QY7P4ZQXQAF14WVDITTM4R70.pcm
SwiftExplicitDependencyGeneratePcm arm64_32 /Users/admin/builder/spi-builder-workspace/.derivedData/SDKExplicitPrecompiledModules/sys_types-65NN51P1G7GN2GUAUPC53JJ7N.pcm
SwiftExplicitDependencyGeneratePcm arm64_32 /Users/admin/builder/spi-builder-workspace/.derivedData/SDKExplicitPrecompiledModules/_Builtin_stdint-6IWJLTRH2WB6RCG4THPA65RDS.pcm
SwiftExplicitDependencyGeneratePcm arm64 /Users/admin/builder/spi-builder-workspace/.derivedData/SDKExplicitPrecompiledModules/string_h-4N9Z22C0HUO8GV7GFPCLZRZA2.pcm
SwiftExplicitDependencyGeneratePcm arm64 /Users/admin/builder/spi-builder-workspace/.derivedData/SDKExplicitPrecompiledModules/sys_types-9KPVYINL86WUSHF45TU8PWZZ1.pcm
SwiftExplicitDependencyGeneratePcm arm64 /Users/admin/builder/spi-builder-workspace/.derivedData/SDKExplicitPrecompiledModules/_Builtin_stdint-6TUACK4YPMARFT56PLIO388SJ.pcm
SwiftExplicitDependencyGeneratePcm arm64_32 /Users/admin/builder/spi-builder-workspace/.derivedData/SDKExplicitPrecompiledModules/_DarwinFoundation3-3YOBOPIW2MF1LRNQH7JBUBY4G.pcm
SwiftExplicitDependencyGeneratePcm arm64 /Users/admin/builder/spi-builder-workspace/.derivedData/SDKExplicitPrecompiledModules/_DarwinFoundation3-EJXZKD8LN9EYM9OWP9VLJ49PK.pcm
SwiftExplicitDependencyGeneratePcm arm64_32 /Users/admin/builder/spi-builder-workspace/.derivedData/SDKExplicitPrecompiledModules/_Builtin_inttypes-BPZJ68HW1IMYWSHROAZ0IMUJP.pcm
SwiftExplicitDependencyGeneratePcm arm64 /Users/admin/builder/spi-builder-workspace/.derivedData/SDKExplicitPrecompiledModules/_Builtin_inttypes-86YTNV5YADPJXFMJ82N3R4GWQ.pcm
SwiftExplicitDependencyGeneratePcm arm64_32 /Users/admin/builder/spi-builder-workspace/.derivedData/SDKExplicitPrecompiledModules/Darwin-10D35ZJWCWG7LJAF579U7I5V7.pcm
SwiftExplicitDependencyGeneratePcm arm64 /Users/admin/builder/spi-builder-workspace/.derivedData/SDKExplicitPrecompiledModules/Darwin-CSB8C43KELVSFIQVR0803IZPN.pcm
SwiftExplicitDependencyGeneratePcm arm64_32 /Users/admin/builder/spi-builder-workspace/.derivedData/SDKExplicitPrecompiledModules/ObjectiveC-71AGZNHLBMR2QK817EJNUN54E.pcm
SwiftExplicitDependencyGeneratePcm arm64 /Users/admin/builder/spi-builder-workspace/.derivedData/SDKExplicitPrecompiledModules/ObjectiveC-22CZPC4WYQC9G8T393WT2KKLW.pcm
SwiftExplicitDependencyGeneratePcm arm64_32 /Users/admin/builder/spi-builder-workspace/.derivedData/SDKExplicitPrecompiledModules/os_object-CTXVQBCWDOH6JHUXIFDUOWFRL.pcm
SwiftExplicitDependencyGeneratePcm arm64 /Users/admin/builder/spi-builder-workspace/.derivedData/SDKExplicitPrecompiledModules/os_object-6KYGGZ4DPVZ3BBAZ6QICZN8LI.pcm
SwiftExplicitDependencyGeneratePcm arm64 /Users/admin/builder/spi-builder-workspace/.derivedData/SDKExplicitPrecompiledModules/os_workgroup-AHE7ULDQBKER38CYPIKDTZF4M.pcm
SwiftExplicitDependencyGeneratePcm arm64_32 /Users/admin/builder/spi-builder-workspace/.derivedData/SDKExplicitPrecompiledModules/os_workgroup-9L9R05BT5LTFRZ2NM68BZTVV2.pcm
SwiftExplicitDependencyGeneratePcm arm64_32 /Users/admin/builder/spi-builder-workspace/.derivedData/SDKExplicitPrecompiledModules/Dispatch-CGIMI9KQKHNRQHR2IECIPRG14.pcm
SwiftExplicitDependencyGeneratePcm arm64 /Users/admin/builder/spi-builder-workspace/.derivedData/SDKExplicitPrecompiledModules/Dispatch-39VR0G01IUJ09PQKMFGOHXZ4L.pcm
SwiftExplicitDependencyGeneratePcm arm64 /Users/admin/builder/spi-builder-workspace/.derivedData/SDKExplicitPrecompiledModules/XPC-650JAZBTM6I0OMHYO6CKM0CWJ.pcm
SwiftExplicitDependencyGeneratePcm arm64 /Users/admin/builder/spi-builder-workspace/.derivedData/SDKExplicitPrecompiledModules/CoreFoundation-59XKO8YNRGGYNC5U5LK8B4EM.pcm
SwiftExplicitDependencyGeneratePcm arm64_32 /Users/admin/builder/spi-builder-workspace/.derivedData/SDKExplicitPrecompiledModules/CoreFoundation-76B9WJP9MDYT33HZQVSNNZQZD.pcm
SwiftExplicitDependencyGeneratePcm arm64_32 /Users/admin/builder/spi-builder-workspace/.derivedData/SDKExplicitPrecompiledModules/XPC-7SLKI45KYLKXH9QET2WYS3UZ4.pcm
SwiftExplicitDependencyGeneratePcm arm64 /Users/admin/builder/spi-builder-workspace/.derivedData/SDKExplicitPrecompiledModules/Security-69WNGEAVQP55EDBQHP3BLE8QU.pcm
SwiftExplicitDependencyGeneratePcm arm64_32 /Users/admin/builder/spi-builder-workspace/.derivedData/SDKExplicitPrecompiledModules/Security-1W411BS4UH2UNMNII2341429S.pcm
SwiftExplicitDependencyGeneratePcm arm64 /Users/admin/builder/spi-builder-workspace/.derivedData/SDKExplicitPrecompiledModules/Foundation-B3IXODHI7VO4VRX2RWRXLVJZT.pcm
SwiftExplicitDependencyGeneratePcm arm64_32 /Users/admin/builder/spi-builder-workspace/.derivedData/SDKExplicitPrecompiledModules/Foundation-AIQ30TCDC2B0LBUU6FPQZ0HWI.pcm
SwiftCompile normal arm64 Compiling\ ExecInspectResponse.swift,\ ImagePullMessage.swift,\ NextcloudStatus.swift /Users/admin/builder/spi-builder-workspace/Sources/NextcloudContainerManager/Responses/ExecInspectResponse.swift /Users/admin/builder/spi-builder-workspace/Sources/NextcloudContainerManager/Responses/ImagePullMessage.swift /Users/admin/builder/spi-builder-workspace/Sources/NextcloudContainerManager/Responses/NextcloudStatus.swift (in target 'NextcloudContainerManager' from project 'NextcloudContainerManager')
SwiftCompile normal arm64 /Users/admin/builder/spi-builder-workspace/Sources/NextcloudContainerManager/Responses/ExecInspectResponse.swift (in target 'NextcloudContainerManager' from project 'NextcloudContainerManager')
cd /Users/admin/builder/spi-builder-workspace/.swiftpm/xcode
builtin-SwiftPerFileCompile ExecInspectResponse.swift
SwiftCompile normal arm64 /Users/admin/builder/spi-builder-workspace/Sources/NextcloudContainerManager/Responses/ImagePullMessage.swift (in target 'NextcloudContainerManager' from project 'NextcloudContainerManager')
cd /Users/admin/builder/spi-builder-workspace/.swiftpm/xcode
builtin-SwiftPerFileCompile ImagePullMessage.swift
SwiftCompile normal arm64 /Users/admin/builder/spi-builder-workspace/Sources/NextcloudContainerManager/Responses/NextcloudStatus.swift (in target 'NextcloudContainerManager' from project 'NextcloudContainerManager')
cd /Users/admin/builder/spi-builder-workspace/.swiftpm/xcode
builtin-SwiftPerFileCompile NextcloudStatus.swift
SwiftEmitModule normal arm64 Emitting\ module\ for\ NextcloudContainerManager (in target 'NextcloudContainerManager' from project 'NextcloudContainerManager')
SwiftCompile normal arm64 (in target 'NextcloudContainerManager' from project 'NextcloudContainerManager')
cd /Users/admin/builder/spi-builder-workspace/.swiftpm/xcode
SwiftCompile normal arm64 Compiling\ NextcloudContainerManager+Suspension.swift,\ NextcloudContainerManager+UserManagement.swift,\ NextcloudContainerManager.swift /Users/admin/builder/spi-builder-workspace/Sources/NextcloudContainerManager/Manager/NextcloudContainerManager+Suspension.swift /Users/admin/builder/spi-builder-workspace/Sources/NextcloudContainerManager/Manager/NextcloudContainerManager+UserManagement.swift /Users/admin/builder/spi-builder-workspace/Sources/NextcloudContainerManager/Manager/NextcloudContainerManager.swift (in target 'NextcloudContainerManager' from project 'NextcloudContainerManager')
/Users/admin/builder/spi-builder-workspace/Sources/NextcloudContainerManager/Manager/NextcloudContainerManager.swift:27:28: error: cannot find 'Process' in scope
25 | }
26 |
27 | let launcher = Process()
| `- error: cannot find 'Process' in scope
28 | launcher.executableURL = URL(fileURLWithPath: "/usr/bin/open")
29 | launcher.arguments = ["-a", "Docker"]
Failed frontend command:
SwiftCompile normal arm64 /Users/admin/builder/spi-builder-workspace/Sources/NextcloudContainerManager/Manager/NextcloudContainerManager+Suspension.swift (in target 'NextcloudContainerManager' from project 'NextcloudContainerManager')
cd /Users/admin/builder/spi-builder-workspace/.swiftpm/xcode
builtin-SwiftPerFileCompile NextcloudContainerManager+Suspension.swift
SwiftCompile normal arm64 /Users/admin/builder/spi-builder-workspace/Sources/NextcloudContainerManager/Manager/NextcloudContainerManager+UserManagement.swift (in target 'NextcloudContainerManager' from project 'NextcloudContainerManager')
cd /Users/admin/builder/spi-builder-workspace/.swiftpm/xcode
builtin-SwiftPerFileCompile NextcloudContainerManager+UserManagement.swift
SwiftCompile normal arm64 /Users/admin/builder/spi-builder-workspace/Sources/NextcloudContainerManager/Manager/NextcloudContainerManager.swift (in target 'NextcloudContainerManager' from project 'NextcloudContainerManager')
cd /Users/admin/builder/spi-builder-workspace/.swiftpm/xcode
builtin-SwiftPerFileCompile NextcloudContainerManager.swift
/Applications/Xcode-27.0.0-Release.Candidate.app/Contents/Developer/Toolchains/XcodeDefault.xctoolchain/usr/bin/swift-frontend -frontend -c /Users/admin/builder/spi-builder-workspace/Sources/NextcloudContainerManager/DockerClient/CancellableSocket.swift /Users/admin/builder/spi-builder-workspace/Sources/NextcloudContainerManager/DockerClient/DockerEngineClient.swift /Users/admin/builder/spi-builder-workspace/Sources/NextcloudContainerManager/DockerClient/EngineResponse.swift /Users/admin/builder/spi-builder-workspace/Sources/NextcloudContainerManager/DockerClient/containerName.swift /Users/admin/builder/spi-builder-workspace/Sources/NextcloudContainerManager/DockerClient/demultiplexDockerStream.swift /Users/admin/builder/spi-builder-workspace/Sources/NextcloudContainerManager/DockerClient/ensureContainerNameIsFree.swift /Users/admin/builder/spi-builder-workspace/Sources/NextcloudContainerManager/DockerClient/ensurePortIsFree.swift /Users/admin/builder/spi-builder-workspace/Sources/NextcloudContainerManager/DockerClient/findFreePort.swift /Users/admin/builder/spi-builder-workspace/Sources/NextcloudContainerManager/DockerClient/firstFileInTarArchive.swift /Users/admin/builder/spi-builder-workspace/Sources/NextcloudContainerManager/DockerClient/validateContainerName.swift /Users/admin/builder/spi-builder-workspace/Sources/NextcloudContainerManager/Manager/NextcloudContainerManager+AppManagement.swift /Users/admin/builder/spi-builder-workspace/Sources/NextcloudContainerManager/Manager/NextcloudContainerManager+CommandExecution.swift /Users/admin/builder/spi-builder-workspace/Sources/NextcloudContainerManager/Manager/NextcloudContainerManager+HighPerformanceBackend.swift /Users/admin/builder/spi-builder-workspace/Sources/NextcloudContainerManager/Manager/NextcloudContainerManager+Logs.swift /Users/admin/builder/spi-builder-workspace/Sources/NextcloudContainerManager/Manager/NextcloudContainerManager+Provisioning.swift -primary-file /Users/admin/builder/spi-builder-workspace/Sources/NextcloudContainerManager/Manager/NextcloudContainerManager+Suspension.swift -primary-file /Users/admin/builder/spi-builder-workspace/Sources/NextcloudContainerManager/Manager/NextcloudContainerManager+UserManagement.swift -primary-file /Users/admin/builder/spi-builder-workspace/Sources/NextcloudContainerManager/Manager/NextcloudContainerManager.swift /Users/admin/builder/spi-builder-workspace/Sources/NextcloudContainerManager/PublicTypes/CommandResult.swift /Users/admin/builder/spi-builder-workspace/Sources/NextcloudContainerManager/PublicTypes/NextcloudConfiguration.swift /Users/admin/builder/spi-builder-workspace/Sources/NextcloudContainerManager/PublicTypes/NextcloudContainer.swift /Users/admin/builder/spi-builder-workspace/Sources/NextcloudContainerManager/PublicTypes/NextcloudContainerManagerError.swift /Users/admin/builder/spi-builder-workspace/Sources/NextcloudContainerManager/Requests/CreateContainerRequest.swift /Users/admin/builder/spi-builder-workspace/Sources/NextcloudContainerManager/Requests/CreateExecRequest.swift /Users/admin/builder/spi-builder-workspace/Sources/NextcloudContainerManager/Requests/CreateNetworkRequest.swift /Users/admin/builder/spi-builder-workspace/Sources/NextcloudContainerManager/Requests/StartExecRequest.swift /Users/admin/builder/spi-builder-workspace/Sources/NextcloudContainerManager/Responses/ContainerInspectResponse.swift /Users/admin/builder/spi-builder-workspace/Sources/NextcloudContainerManager/Responses/CreateContainerResponse.swift /Users/admin/builder/spi-builder-workspace/Sources/NextcloudContainerManager/Responses/CreateExecResponse.swift /Users/admin/builder/spi-builder-workspace/Sources/NextcloudContainerManager/Responses/DockerVersionResponse.swift /Users/admin/builder/spi-builder-workspace/Sources/NextcloudContainerManager/Responses/ExecInspectResponse.swift /Users/admin/builder/spi-builder-workspace/Sources/NextcloudContainerManager/Responses/ImagePullMessage.swift /Users/admin/builder/spi-builder-workspace/Sources/NextcloudContainerManager/Responses/NextcloudStatus.swift -supplementary-output-file-map /Users/admin/builder/spi-builder-workspace/.derivedData/Build/Intermediates.noindex/NextcloudContainerManager.build/Debug-watchos/NextcloudContainerManager-t.build/Objects-normal/arm64/supplementaryOutputs-10 -target arm64-apple-watchos9.0 -disable-cross-import-overlay-search -swift-module-cross-import Darwin /Applications/Xcode-27.0.0-Release.Candidate.app/Contents/Developer/Platforms/WatchOS.platform/Developer/SDKs/WatchOS.sdk/usr/include/Darwin.swiftcrossimport/xlocale.swiftoverlay -load-resolved-plugin /Applications/Xcode-27.0.0-Release.Candidate.app/Contents/Developer/Platforms/WatchOS.platform/Developer/usr/lib/swift/host/plugins/libFoundationMacros.dylib\#/Applications/Xcode-27.0.0-Release.Candidate.app/Contents/Developer/Platforms/WatchOS.platform/Developer/usr/bin/swift-plugin-server\#FoundationMacros -load-resolved-plugin /Applications/Xcode-27.0.0-Release.Candidate.app/Contents/Developer/Platforms/WatchOS.platform/Developer/usr/lib/swift/host/plugins/libObservationMacros.dylib\#/Applications/Xcode-27.0.0-Release.Candidate.app/Contents/Developer/Platforms/WatchOS.platform/Developer/usr/bin/swift-plugin-server\#ObservationMacros -load-resolved-plugin /Applications/Xcode-27.0.0-Release.Candidate.app/Contents/Developer/Platforms/WatchOS.platform/Developer/usr/lib/swift/host/plugins/libSwiftMacros.dylib\#/Applications/Xcode-27.0.0-Release.Candidate.app/Contents/Developer/Platforms/WatchOS.platform/Developer/usr/bin/swift-plugin-server\#SwiftMacros -disable-implicit-swift-modules -Xcc -fno-implicit-modules -Xcc -fno-implicit-module-maps -explicit-swift-module-map-file /Users/admin/builder/spi-builder-workspace/.derivedData/Build/Intermediates.noindex/NextcloudContainerManager.build/Debug-watchos/NextcloudContainerManager-t.build/Objects-normal/arm64/NextcloudContainerManager-dependencies-1.json -Xllvm -aarch64-use-tbi -enable-objc-interop -stack-check -sdk /Applications/Xcode-27.0.0-Release.Candidate.app/Contents/Developer/Platforms/WatchOS.platform/Developer/SDKs/WatchOS27.0.sdk -I /Users/admin/builder/spi-builder-workspace/.derivedData/Build/Products/Debug-watchos -Isystem /Applications/Xcode-27.0.0-Release.Candidate.app/Contents/Developer/Platforms/WatchOS.platform/Developer/usr/lib -F /Users/admin/builder/spi-builder-workspace/.derivedData/Build/Products/Debug-watchos -F /Applications/Xcode-27.0.0-Release.Candidate.app/Contents/Developer/Platforms/WatchOS.platform/Developer/Library/Frameworks -F /Applications/Xcode-27.0.0-Release.Candidate.app/Contents/Developer/Platforms/WatchOS.platform/Developer/SDKs/WatchOS27.0.sdk/Developer/Library/Frameworks -module-cache-path /Users/admin/builder/spi-builder-workspace/.derivedData/Build/Intermediates.noindex/SwiftExplicitPrecompiledModules -no-color-diagnostics -Xcc -fno-color-diagnostics -enable-testing -g -debug-info-format\=dwarf -dwarf-version\=4 -swift-version 6 -Onone -D SWIFT_PACKAGE -D DEBUG -D SWIFT_MODULE_RESOURCE_BUNDLE_UNAVAILABLE -D Xcode -serialize-debugging-options -enable-experimental-feature DebugDescriptionMacro -empty-abi-descriptor -validate-clang-modules-once -clang-build-session-file /Users/admin/builder/spi-builder-workspace/.derivedData/ModuleCache.noindex/Session.modulevalidation -Xcc -working-directory -Xcc /Users/admin/builder/spi-builder-workspace/.swiftpm/xcode -enable-anonymous-context-mangled-names -file-compilation-dir /Users/admin/builder/spi-builder-workspace/.swiftpm/xcode -Xcc -D_LIBCPP_HARDENING_MODE\=_LIBCPP_HARDENING_MODE_DEBUG -Xcc -ivfsstatcache -Xcc /Users/admin/builder/spi-builder-workspace/.derivedData/SDKStatCaches.noindex/watchos27.0-24R360-e829b21a6f8c9b70876ba0858053c04477534ef55a1706bf4c1112bbb242f0a2.sdkstatcache -Xcc -fmodules-prune-interval\=86400 -Xcc -fmodules-prune-after\=345600 -Xcc -I/Users/admin/builder/spi-builder-workspace/.derivedData/Build/Products/Debug-watchos/include -Xcc -I/Users/admin/builder/spi-builder-workspace/.derivedData/Build/Intermediates.noindex/NextcloudContainerManager.build/Debug-watchos/NextcloudContainerManager-t.build/DerivedSources-normal/arm64 -Xcc -I/Users/admin/builder/spi-builder-workspace/.derivedData/Build/Intermediates.noindex/NextcloudContainerManager.build/Debug-watchos/NextcloudContainerManager-t.build/DerivedSources/arm64 -Xcc -I/Users/admin/builder/spi-builder-workspace/.derivedData/Build/Intermediates.noindex/NextcloudContainerManager.build/Debug-watchos/NextcloudContainerManager-t.build/DerivedSources -Xcc -DSWIFT_PACKAGE -Xcc -DDEBUG\=1 -no-auto-bridging-header-chaining -module-name NextcloudContainerManager -package-name spi_builder_workspace -const-gather-protocols-file /Users/admin/builder/spi-builder-workspace/.derivedData/Build/Intermediates.noindex/NextcloudContainerManager.build/Debug-watchos/NextcloudContainerManager-t.build/Objects-normal/arm64/NextcloudContainerManager_const_extract_protocols.json -disable-clang-spi -clang-target arm64-apple-watchos27.0 -target-sdk-version 27.0 -target-sdk-name watchos27.0 -in-process-plugin-server-path /Applications/Xcode-27.0.0-Release.Candidate.app/Contents/Developer/Toolchains/XcodeDefault.xctoolchain/usr/lib/swift/host/libSwiftInProcPluginServer.dylib -parse-as-library -o /Users/admin/builder/spi-builder-workspace/.derivedData/Build/Intermediates.noindex/NextcloudContainerManager.build/Debug-watchos/NextcloudContainerManager-t.build/Objects-normal/arm64/NextcloudContainerManager+Suspension.o -o /Users/admin/builder/spi-builder-workspace/.derivedData/Build/Intermediates.noindex/NextcloudContainerManager.build/Debug-watchos/NextcloudContainerManager-t.build/Objects-normal/arm64/NextcloudContainerManager+UserManagement.o -o /Users/admin/builder/spi-builder-workspace/.derivedData/Build/Intermediates.noindex/NextcloudContainerManager.build/Debug-watchos/NextcloudContainerManager-t.build/Objects-normal/arm64/NextcloudContainerManager.o -debug-module-path /Users/admin/builder/spi-builder-workspace/.derivedData/Build/Intermediates.noindex/NextcloudContainerManager.build/Debug-watchos/NextcloudContainerManager-t.build/Objects-normal/arm64/NextcloudContainerManager.swiftmodule -index-unit-output-path /NextcloudContainerManager.build/Debug-watchos/NextcloudContainerManager-t.build/Objects-normal/arm64/NextcloudContainerManager+Suspension.o -index-unit-output-path /NextcloudContainerManager.build/Debug-watchos/NextcloudContainerManager-t.build/Objects-normal/arm64/NextcloudContainerManager+UserManagement.o -index-unit-output-path /NextcloudContainerManager.build/Debug-watchos/NextcloudContainerManager-t.build/Objects-normal/arm64/NextcloudContainerManager.o -index-store-path /Users/admin/builder/spi-builder-workspace/.derivedData/Index.noindex/DataStore -index-system-modules
SwiftCompile normal arm64 Compiling\ CreateNetworkRequest.swift,\ StartExecRequest.swift,\ ContainerInspectResponse.swift /Users/admin/builder/spi-builder-workspace/Sources/NextcloudContainerManager/Requests/CreateNetworkRequest.swift /Users/admin/builder/spi-builder-workspace/Sources/NextcloudContainerManager/Requests/StartExecRequest.swift /Users/admin/builder/spi-builder-workspace/Sources/NextcloudContainerManager/Responses/ContainerInspectResponse.swift (in target 'NextcloudContainerManager' from project 'NextcloudContainerManager')
SwiftCompile normal arm64 /Users/admin/builder/spi-builder-workspace/Sources/NextcloudContainerManager/Requests/CreateNetworkRequest.swift (in target 'NextcloudContainerManager' from project 'NextcloudContainerManager')
cd /Users/admin/builder/spi-builder-workspace/.swiftpm/xcode
builtin-SwiftPerFileCompile CreateNetworkRequest.swift
SwiftCompile normal arm64 /Users/admin/builder/spi-builder-workspace/Sources/NextcloudContainerManager/Requests/StartExecRequest.swift (in target 'NextcloudContainerManager' from project 'NextcloudContainerManager')
cd /Users/admin/builder/spi-builder-workspace/.swiftpm/xcode
builtin-SwiftPerFileCompile StartExecRequest.swift
SwiftCompile normal arm64 /Users/admin/builder/spi-builder-workspace/Sources/NextcloudContainerManager/Responses/ContainerInspectResponse.swift (in target 'NextcloudContainerManager' from project 'NextcloudContainerManager')
cd /Users/admin/builder/spi-builder-workspace/.swiftpm/xcode
builtin-SwiftPerFileCompile ContainerInspectResponse.swift
SwiftCompile normal arm64 Compiling\ firstFileInTarArchive.swift,\ validateContainerName.swift,\ NextcloudContainerManager+AppManagement.swift,\ NextcloudContainerManager+CommandExecution.swift /Users/admin/builder/spi-builder-workspace/Sources/NextcloudContainerManager/DockerClient/firstFileInTarArchive.swift /Users/admin/builder/spi-builder-workspace/Sources/NextcloudContainerManager/DockerClient/validateContainerName.swift /Users/admin/builder/spi-builder-workspace/Sources/NextcloudContainerManager/Manager/NextcloudContainerManager+AppManagement.swift /Users/admin/builder/spi-builder-workspace/Sources/NextcloudContainerManager/Manager/NextcloudContainerManager+CommandExecution.swift (in target 'NextcloudContainerManager' from project 'NextcloudContainerManager')
SwiftCompile normal arm64 /Users/admin/builder/spi-builder-workspace/Sources/NextcloudContainerManager/DockerClient/firstFileInTarArchive.swift (in target 'NextcloudContainerManager' from project 'NextcloudContainerManager')
cd /Users/admin/builder/spi-builder-workspace/.swiftpm/xcode
builtin-SwiftPerFileCompile firstFileInTarArchive.swift
SwiftCompile normal arm64 /Users/admin/builder/spi-builder-workspace/Sources/NextcloudContainerManager/DockerClient/validateContainerName.swift (in target 'NextcloudContainerManager' from project 'NextcloudContainerManager')
cd /Users/admin/builder/spi-builder-workspace/.swiftpm/xcode
builtin-SwiftPerFileCompile validateContainerName.swift
SwiftCompile normal arm64 /Users/admin/builder/spi-builder-workspace/Sources/NextcloudContainerManager/Manager/NextcloudContainerManager+AppManagement.swift (in target 'NextcloudContainerManager' from project 'NextcloudContainerManager')
cd /Users/admin/builder/spi-builder-workspace/.swiftpm/xcode
builtin-SwiftPerFileCompile NextcloudContainerManager+AppManagement.swift
SwiftCompile normal arm64 /Users/admin/builder/spi-builder-workspace/Sources/NextcloudContainerManager/Manager/NextcloudContainerManager+CommandExecution.swift (in target 'NextcloudContainerManager' from project 'NextcloudContainerManager')
cd /Users/admin/builder/spi-builder-workspace/.swiftpm/xcode
builtin-SwiftPerFileCompile NextcloudContainerManager+CommandExecution.swift
SwiftCompile normal arm64 Compiling\ NextcloudContainerManagerError.swift,\ CreateContainerRequest.swift,\ CreateExecRequest.swift /Users/admin/builder/spi-builder-workspace/Sources/NextcloudContainerManager/PublicTypes/NextcloudContainerManagerError.swift /Users/admin/builder/spi-builder-workspace/Sources/NextcloudContainerManager/Requests/CreateContainerRequest.swift /Users/admin/builder/spi-builder-workspace/Sources/NextcloudContainerManager/Requests/CreateExecRequest.swift (in target 'NextcloudContainerManager' from project 'NextcloudContainerManager')
SwiftCompile normal arm64 /Users/admin/builder/spi-builder-workspace/Sources/NextcloudContainerManager/PublicTypes/NextcloudContainerManagerError.swift (in target 'NextcloudContainerManager' from project 'NextcloudContainerManager')
cd /Users/admin/builder/spi-builder-workspace/.swiftpm/xcode
builtin-SwiftPerFileCompile NextcloudContainerManagerError.swift
SwiftCompile normal arm64 /Users/admin/builder/spi-builder-workspace/Sources/NextcloudContainerManager/Requests/CreateContainerRequest.swift (in target 'NextcloudContainerManager' from project 'NextcloudContainerManager')
cd /Users/admin/builder/spi-builder-workspace/.swiftpm/xcode
builtin-SwiftPerFileCompile CreateContainerRequest.swift
SwiftCompile normal arm64 /Users/admin/builder/spi-builder-workspace/Sources/NextcloudContainerManager/Requests/CreateExecRequest.swift (in target 'NextcloudContainerManager' from project 'NextcloudContainerManager')
cd /Users/admin/builder/spi-builder-workspace/.swiftpm/xcode
builtin-SwiftPerFileCompile CreateExecRequest.swift
SwiftCompile normal arm64 Compiling\ demultiplexDockerStream.swift,\ ensureContainerNameIsFree.swift,\ ensurePortIsFree.swift,\ findFreePort.swift /Users/admin/builder/spi-builder-workspace/Sources/NextcloudContainerManager/DockerClient/demultiplexDockerStream.swift /Users/admin/builder/spi-builder-workspace/Sources/NextcloudContainerManager/DockerClient/ensureContainerNameIsFree.swift /Users/admin/builder/spi-builder-workspace/Sources/NextcloudContainerManager/DockerClient/ensurePortIsFree.swift /Users/admin/builder/spi-builder-workspace/Sources/NextcloudContainerManager/DockerClient/findFreePort.swift (in target 'NextcloudContainerManager' from project 'NextcloudContainerManager')
SwiftCompile normal arm64 /Users/admin/builder/spi-builder-workspace/Sources/NextcloudContainerManager/DockerClient/demultiplexDockerStream.swift (in target 'NextcloudContainerManager' from project 'NextcloudContainerManager')
cd /Users/admin/builder/spi-builder-workspace/.swiftpm/xcode
builtin-SwiftPerFileCompile demultiplexDockerStream.swift
SwiftCompile normal arm64 /Users/admin/builder/spi-builder-workspace/Sources/NextcloudContainerManager/DockerClient/ensureContainerNameIsFree.swift (in target 'NextcloudContainerManager' from project 'NextcloudContainerManager')
cd /Users/admin/builder/spi-builder-workspace/.swiftpm/xcode
builtin-SwiftPerFileCompile ensureContainerNameIsFree.swift
SwiftCompile normal arm64 /Users/admin/builder/spi-builder-workspace/Sources/NextcloudContainerManager/DockerClient/ensurePortIsFree.swift (in target 'NextcloudContainerManager' from project 'NextcloudContainerManager')
cd /Users/admin/builder/spi-builder-workspace/.swiftpm/xcode
builtin-SwiftPerFileCompile ensurePortIsFree.swift
SwiftCompile normal arm64 /Users/admin/builder/spi-builder-workspace/Sources/NextcloudContainerManager/DockerClient/findFreePort.swift (in target 'NextcloudContainerManager' from project 'NextcloudContainerManager')
cd /Users/admin/builder/spi-builder-workspace/.swiftpm/xcode
builtin-SwiftPerFileCompile findFreePort.swift
SwiftCompile normal arm64 Compiling\ CreateContainerResponse.swift,\ CreateExecResponse.swift,\ DockerVersionResponse.swift /Users/admin/builder/spi-builder-workspace/Sources/NextcloudContainerManager/Responses/CreateContainerResponse.swift /Users/admin/builder/spi-builder-workspace/Sources/NextcloudContainerManager/Responses/CreateExecResponse.swift /Users/admin/builder/spi-builder-workspace/Sources/NextcloudContainerManager/Responses/DockerVersionResponse.swift (in target 'NextcloudContainerManager' from project 'NextcloudContainerManager')
SwiftCompile normal arm64 /Users/admin/builder/spi-builder-workspace/Sources/NextcloudContainerManager/Responses/CreateContainerResponse.swift (in target 'NextcloudContainerManager' from project 'NextcloudContainerManager')
cd /Users/admin/builder/spi-builder-workspace/.swiftpm/xcode
builtin-SwiftPerFileCompile CreateContainerResponse.swift
SwiftCompile normal arm64 /Users/admin/builder/spi-builder-workspace/Sources/NextcloudContainerManager/Responses/CreateExecResponse.swift (in target 'NextcloudContainerManager' from project 'NextcloudContainerManager')
cd /Users/admin/builder/spi-builder-workspace/.swiftpm/xcode
builtin-SwiftPerFileCompile CreateExecResponse.swift
SwiftCompile normal arm64 /Users/admin/builder/spi-builder-workspace/Sources/NextcloudContainerManager/Responses/DockerVersionResponse.swift (in target 'NextcloudContainerManager' from project 'NextcloudContainerManager')
cd /Users/admin/builder/spi-builder-workspace/.swiftpm/xcode
builtin-SwiftPerFileCompile DockerVersionResponse.swift
SwiftCompile normal arm64 Compiling\ CommandResult.swift,\ NextcloudConfiguration.swift,\ NextcloudContainer.swift /Users/admin/builder/spi-builder-workspace/Sources/NextcloudContainerManager/PublicTypes/CommandResult.swift /Users/admin/builder/spi-builder-workspace/Sources/NextcloudContainerManager/PublicTypes/NextcloudConfiguration.swift /Users/admin/builder/spi-builder-workspace/Sources/NextcloudContainerManager/PublicTypes/NextcloudContainer.swift (in target 'NextcloudContainerManager' from project 'NextcloudContainerManager')
SwiftCompile normal arm64 /Users/admin/builder/spi-builder-workspace/Sources/NextcloudContainerManager/PublicTypes/CommandResult.swift (in target 'NextcloudContainerManager' from project 'NextcloudContainerManager')
cd /Users/admin/builder/spi-builder-workspace/.swiftpm/xcode
builtin-SwiftPerFileCompile CommandResult.swift
SwiftCompile normal arm64 /Users/admin/builder/spi-builder-workspace/Sources/NextcloudContainerManager/PublicTypes/NextcloudConfiguration.swift (in target 'NextcloudContainerManager' from project 'NextcloudContainerManager')
cd /Users/admin/builder/spi-builder-workspace/.swiftpm/xcode
builtin-SwiftPerFileCompile NextcloudConfiguration.swift
SwiftCompile normal arm64 /Users/admin/builder/spi-builder-workspace/Sources/NextcloudContainerManager/PublicTypes/NextcloudContainer.swift (in target 'NextcloudContainerManager' from project 'NextcloudContainerManager')
cd /Users/admin/builder/spi-builder-workspace/.swiftpm/xcode
builtin-SwiftPerFileCompile NextcloudContainer.swift
SwiftCompile normal arm64 Compiling\ CancellableSocket.swift,\ DockerEngineClient.swift,\ EngineResponse.swift,\ containerName.swift /Users/admin/builder/spi-builder-workspace/Sources/NextcloudContainerManager/DockerClient/CancellableSocket.swift /Users/admin/builder/spi-builder-workspace/Sources/NextcloudContainerManager/DockerClient/DockerEngineClient.swift /Users/admin/builder/spi-builder-workspace/Sources/NextcloudContainerManager/DockerClient/EngineResponse.swift /Users/admin/builder/spi-builder-workspace/Sources/NextcloudContainerManager/DockerClient/containerName.swift (in target 'NextcloudContainerManager' from project 'NextcloudContainerManager')
SwiftCompile normal arm64 /Users/admin/builder/spi-builder-workspace/Sources/NextcloudContainerManager/DockerClient/CancellableSocket.swift (in target 'NextcloudContainerManager' from project 'NextcloudContainerManager')
cd /Users/admin/builder/spi-builder-workspace/.swiftpm/xcode
builtin-SwiftPerFileCompile CancellableSocket.swift
SwiftCompile normal arm64 /Users/admin/builder/spi-builder-workspace/Sources/NextcloudContainerManager/DockerClient/DockerEngineClient.swift (in target 'NextcloudContainerManager' from project 'NextcloudContainerManager')
cd /Users/admin/builder/spi-builder-workspace/.swiftpm/xcode
builtin-SwiftPerFileCompile DockerEngineClient.swift
SwiftCompile normal arm64 /Users/admin/builder/spi-builder-workspace/Sources/NextcloudContainerManager/DockerClient/EngineResponse.swift (in target 'NextcloudContainerManager' from project 'NextcloudContainerManager')
cd /Users/admin/builder/spi-builder-workspace/.swiftpm/xcode
builtin-SwiftPerFileCompile EngineResponse.swift
SwiftCompile normal arm64 /Users/admin/builder/spi-builder-workspace/Sources/NextcloudContainerManager/DockerClient/containerName.swift (in target 'NextcloudContainerManager' from project 'NextcloudContainerManager')
cd /Users/admin/builder/spi-builder-workspace/.swiftpm/xcode
builtin-SwiftPerFileCompile containerName.swift
SwiftEmitModule normal arm64_32 Emitting\ module\ for\ NextcloudContainerManager (in target 'NextcloudContainerManager' from project 'NextcloudContainerManager')
SwiftCompile normal arm64_32 (in target 'NextcloudContainerManager' from project 'NextcloudContainerManager')
cd /Users/admin/builder/spi-builder-workspace/.swiftpm/xcode
SwiftDriverJobDiscovery normal arm64 Emitting module for NextcloudContainerManager (in target 'NextcloudContainerManager' from project 'NextcloudContainerManager')
SwiftDriver\ Compilation\ Requirements NextcloudContainerManager normal arm64 com.apple.xcode.tools.swift.compiler (in target 'NextcloudContainerManager' from project 'NextcloudContainerManager')
cd /Users/admin/builder/spi-builder-workspace/.swiftpm/xcode
builtin-Swift-Compilation-Requirements -- /Applications/Xcode-27.0.0-Release.Candidate.app/Contents/Developer/Toolchains/XcodeDefault.xctoolchain/usr/bin/swiftc -parse-as-library -module-name NextcloudContainerManager -Onone @/Users/admin/builder/spi-builder-workspace/.derivedData/Build/Intermediates.noindex/NextcloudContainerManager.build/Debug-watchos/NextcloudContainerManager-t.build/Objects-normal/arm64/NextcloudContainerManager.SwiftFileList -DSWIFT_PACKAGE -DDEBUG -DSWIFT_MODULE_RESOURCE_BUNDLE_UNAVAILABLE -DXcode -plugin-path /Applications/Xcode-27.0.0-Release.Candidate.app/Contents/Developer/Toolchains/XcodeDefault.xctoolchain/usr/lib/swift/host/plugins/testing -enable-experimental-feature DebugDescriptionMacro -sdk /Applications/Xcode-27.0.0-Release.Candidate.app/Contents/Developer/Platforms/WatchOS.platform/Developer/SDKs/WatchOS27.0.sdk -target arm64-apple-watchos9.0 -g -module-cache-path /Users/admin/builder/spi-builder-workspace/.derivedData/ModuleCache.noindex -Xfrontend -serialize-debugging-options -enable-testing -index-store-path /Users/admin/builder/spi-builder-workspace/.derivedData/Index.noindex/DataStore -Xcc -D_LIBCPP_HARDENING_MODE\=_LIBCPP_HARDENING_MODE_DEBUG -swift-version 6 -I /Users/admin/builder/spi-builder-workspace/.derivedData/Build/Products/Debug-watchos -Isystem /Applications/Xcode-27.0.0-Release.Candidate.app/Contents/Developer/Platforms/WatchOS.platform/Developer/usr/lib -F /Users/admin/builder/spi-builder-workspace/.derivedData/Build/Products/Debug-watchos -F /Applications/Xcode-27.0.0-Release.Candidate.app/Contents/Developer/Platforms/WatchOS.platform/Developer/Library/Frameworks -F /Applications/Xcode-27.0.0-Release.Candidate.app/Contents/Developer/Platforms/WatchOS.platform/Developer/SDKs/WatchOS27.0.sdk/Developer/Library/Frameworks -c -j10 -enable-batch-mode -incremental -Xcc -ivfsstatcache -Xcc /Users/admin/builder/spi-builder-workspace/.derivedData/SDKStatCaches.noindex/watchos27.0-24R360-e829b21a6f8c9b70876ba0858053c04477534ef55a1706bf4c1112bbb242f0a2.sdkstatcache -output-file-map /Users/admin/builder/spi-builder-workspace/.derivedData/Build/Intermediates.noindex/NextcloudContainerManager.build/Debug-watchos/NextcloudContainerManager-t.build/Objects-normal/arm64/NextcloudContainerManager-OutputFileMap.json -save-temps -no-color-diagnostics -explicit-module-build -module-cache-path /Users/admin/builder/spi-builder-workspace/.derivedData/Build/Intermediates.noindex/SwiftExplicitPrecompiledModules -clang-scanner-module-cache-path /Users/admin/builder/spi-builder-workspace/.derivedData/ModuleCache.noindex -sdk-module-cache-path /Users/admin/builder/spi-builder-workspace/.derivedData/SDKExplicitPrecompiledModules -emit-dependencies -emit-module -emit-module-path /Users/admin/builder/spi-builder-workspace/.derivedData/Build/Intermediates.noindex/NextcloudContainerManager.build/Debug-watchos/NextcloudContainerManager-t.build/Objects-normal/arm64/NextcloudContainerManager.swiftmodule -serialize-diagnostics -dependency-scan-serialize-diagnostics-path /Users/admin/builder/spi-builder-workspace/.derivedData/Build/Intermediates.noindex/NextcloudContainerManager.build/Debug-watchos/NextcloudContainerManager-t.build/Objects-normal/arm64/NextcloudContainerManager-dependency-scan.dia -validate-clang-modules-once -clang-build-session-file /Users/admin/builder/spi-builder-workspace/.derivedData/ModuleCache.noindex/Session.modulevalidation -Xcc -fmodules-prune-interval\=86400 -Xcc -fmodules-prune-after\=345600 -package-name spi_builder_workspace -emit-const-values -const-gather-protocols-list /Users/admin/builder/spi-builder-workspace/.derivedData/Build/Intermediates.noindex/NextcloudContainerManager.build/Debug-watchos/NextcloudContainerManager-t.build/Objects-normal/arm64/NextcloudContainerManager_const_extract_protocols.json -Xcc -I/Users/admin/builder/spi-builder-workspace/.derivedData/Build/Products/Debug-watchos/include -Xcc -I/Users/admin/builder/spi-builder-workspace/.derivedData/Build/Intermediates.noindex/NextcloudContainerManager.build/Debug-watchos/NextcloudContainerManager-t.build/DerivedSources-normal/arm64 -Xcc -I/Users/admin/builder/spi-builder-workspace/.derivedData/Build/Intermediates.noindex/NextcloudContainerManager.build/Debug-watchos/NextcloudContainerManager-t.build/DerivedSources/arm64 -Xcc -I/Users/admin/builder/spi-builder-workspace/.derivedData/Build/Intermediates.noindex/NextcloudContainerManager.build/Debug-watchos/NextcloudContainerManager-t.build/DerivedSources -Xcc -DSWIFT_PACKAGE -Xcc -DDEBUG\=1 -emit-objc-header -emit-objc-header-path /Users/admin/builder/spi-builder-workspace/.derivedData/Build/Intermediates.noindex/NextcloudContainerManager.build/Debug-watchos/NextcloudContainerManager-t.build/Objects-normal/arm64/NextcloudContainerManager-Swift.h -working-directory /Users/admin/builder/spi-builder-workspace/.swiftpm/xcode -experimental-emit-module-separately -disable-cmo
SwiftDriverJobDiscovery normal arm64_32 Emitting module for NextcloudContainerManager (in target 'NextcloudContainerManager' from project 'NextcloudContainerManager')
SwiftDriver\ Compilation\ Requirements NextcloudContainerManager normal arm64_32 com.apple.xcode.tools.swift.compiler (in target 'NextcloudContainerManager' from project 'NextcloudContainerManager')
cd /Users/admin/builder/spi-builder-workspace/.swiftpm/xcode
builtin-Swift-Compilation-Requirements -- /Applications/Xcode-27.0.0-Release.Candidate.app/Contents/Developer/Toolchains/XcodeDefault.xctoolchain/usr/bin/swiftc -parse-as-library -module-name NextcloudContainerManager -Onone @/Users/admin/builder/spi-builder-workspace/.derivedData/Build/Intermediates.noindex/NextcloudContainerManager.build/Debug-watchos/NextcloudContainerManager-t.build/Objects-normal/arm64_32/NextcloudContainerManager.SwiftFileList -DSWIFT_PACKAGE -DDEBUG -DSWIFT_MODULE_RESOURCE_BUNDLE_UNAVAILABLE -DXcode -plugin-path /Applications/Xcode-27.0.0-Release.Candidate.app/Contents/Developer/Toolchains/XcodeDefault.xctoolchain/usr/lib/swift/host/plugins/testing -enable-experimental-feature DebugDescriptionMacro -sdk /Applications/Xcode-27.0.0-Release.Candidate.app/Contents/Developer/Platforms/WatchOS.platform/Developer/SDKs/WatchOS27.0.sdk -target arm64_32-apple-watchos9.0 -g -module-cache-path /Users/admin/builder/spi-builder-workspace/.derivedData/ModuleCache.noindex -Xfrontend -serialize-debugging-options -enable-testing -index-store-path /Users/admin/builder/spi-builder-workspace/.derivedData/Index.noindex/DataStore -Xcc -D_LIBCPP_HARDENING_MODE\=_LIBCPP_HARDENING_MODE_DEBUG -swift-version 6 -I /Users/admin/builder/spi-builder-workspace/.derivedData/Build/Products/Debug-watchos -Isystem /Applications/Xcode-27.0.0-Release.Candidate.app/Contents/Developer/Platforms/WatchOS.platform/Developer/usr/lib -F /Users/admin/builder/spi-builder-workspace/.derivedData/Build/Products/Debug-watchos -F /Applications/Xcode-27.0.0-Release.Candidate.app/Contents/Developer/Platforms/WatchOS.platform/Developer/Library/Frameworks -F /Applications/Xcode-27.0.0-Release.Candidate.app/Contents/Developer/Platforms/WatchOS.platform/Developer/SDKs/WatchOS27.0.sdk/Developer/Library/Frameworks -c -j10 -enable-batch-mode -incremental -Xcc -ivfsstatcache -Xcc /Users/admin/builder/spi-builder-workspace/.derivedData/SDKStatCaches.noindex/watchos27.0-24R360-e829b21a6f8c9b70876ba0858053c04477534ef55a1706bf4c1112bbb242f0a2.sdkstatcache -output-file-map /Users/admin/builder/spi-builder-workspace/.derivedData/Build/Intermediates.noindex/NextcloudContainerManager.build/Debug-watchos/NextcloudContainerManager-t.build/Objects-normal/arm64_32/NextcloudContainerManager-OutputFileMap.json -save-temps -no-color-diagnostics -explicit-module-build -module-cache-path /Users/admin/builder/spi-builder-workspace/.derivedData/Build/Intermediates.noindex/SwiftExplicitPrecompiledModules -clang-scanner-module-cache-path /Users/admin/builder/spi-builder-workspace/.derivedData/ModuleCache.noindex -sdk-module-cache-path /Users/admin/builder/spi-builder-workspace/.derivedData/SDKExplicitPrecompiledModules -emit-dependencies -emit-module -emit-module-path /Users/admin/builder/spi-builder-workspace/.derivedData/Build/Intermediates.noindex/NextcloudContainerManager.build/Debug-watchos/NextcloudContainerManager-t.build/Objects-normal/arm64_32/NextcloudContainerManager.swiftmodule -serialize-diagnostics -dependency-scan-serialize-diagnostics-path /Users/admin/builder/spi-builder-workspace/.derivedData/Build/Intermediates.noindex/NextcloudContainerManager.build/Debug-watchos/NextcloudContainerManager-t.build/Objects-normal/arm64_32/NextcloudContainerManager-dependency-scan.dia -validate-clang-modules-once -clang-build-session-file /Users/admin/builder/spi-builder-workspace/.derivedData/ModuleCache.noindex/Session.modulevalidation -Xcc -fmodules-prune-interval\=86400 -Xcc -fmodules-prune-after\=345600 -package-name spi_builder_workspace -emit-const-values -const-gather-protocols-list /Users/admin/builder/spi-builder-workspace/.derivedData/Build/Intermediates.noindex/NextcloudContainerManager.build/Debug-watchos/NextcloudContainerManager-t.build/Objects-normal/arm64_32/NextcloudContainerManager_const_extract_protocols.json -Xcc -I/Users/admin/builder/spi-builder-workspace/.derivedData/Build/Products/Debug-watchos/include -Xcc -I/Users/admin/builder/spi-builder-workspace/.derivedData/Build/Intermediates.noindex/NextcloudContainerManager.build/Debug-watchos/NextcloudContainerManager-t.build/DerivedSources-normal/arm64_32 -Xcc -I/Users/admin/builder/spi-builder-workspace/.derivedData/Build/Intermediates.noindex/NextcloudContainerManager.build/Debug-watchos/NextcloudContainerManager-t.build/DerivedSources/arm64_32 -Xcc -I/Users/admin/builder/spi-builder-workspace/.derivedData/Build/Intermediates.noindex/NextcloudContainerManager.build/Debug-watchos/NextcloudContainerManager-t.build/DerivedSources -Xcc -DSWIFT_PACKAGE -Xcc -DDEBUG\=1 -emit-objc-header -emit-objc-header-path /Users/admin/builder/spi-builder-workspace/.derivedData/Build/Intermediates.noindex/NextcloudContainerManager.build/Debug-watchos/NextcloudContainerManager-t.build/Objects-normal/arm64_32/NextcloudContainerManager-Swift.h -working-directory /Users/admin/builder/spi-builder-workspace/.swiftpm/xcode -experimental-emit-module-separately -disable-cmo
SwiftCompile normal arm64_32 Compiling\ CreateNetworkRequest.swift,\ StartExecRequest.swift,\ ContainerInspectResponse.swift /Users/admin/builder/spi-builder-workspace/Sources/NextcloudContainerManager/Requests/CreateNetworkRequest.swift /Users/admin/builder/spi-builder-workspace/Sources/NextcloudContainerManager/Requests/StartExecRequest.swift /Users/admin/builder/spi-builder-workspace/Sources/NextcloudContainerManager/Responses/ContainerInspectResponse.swift (in target 'NextcloudContainerManager' from project 'NextcloudContainerManager')
SwiftCompile normal arm64_32 /Users/admin/builder/spi-builder-workspace/Sources/NextcloudContainerManager/Requests/CreateNetworkRequest.swift (in target 'NextcloudContainerManager' from project 'NextcloudContainerManager')
cd /Users/admin/builder/spi-builder-workspace/.swiftpm/xcode
builtin-SwiftPerFileCompile CreateNetworkRequest.swift
SwiftCompile normal arm64_32 /Users/admin/builder/spi-builder-workspace/Sources/NextcloudContainerManager/Requests/StartExecRequest.swift (in target 'NextcloudContainerManager' from project 'NextcloudContainerManager')
cd /Users/admin/builder/spi-builder-workspace/.swiftpm/xcode
builtin-SwiftPerFileCompile StartExecRequest.swift
SwiftCompile normal arm64_32 /Users/admin/builder/spi-builder-workspace/Sources/NextcloudContainerManager/Responses/ContainerInspectResponse.swift (in target 'NextcloudContainerManager' from project 'NextcloudContainerManager')
cd /Users/admin/builder/spi-builder-workspace/.swiftpm/xcode
builtin-SwiftPerFileCompile ContainerInspectResponse.swift
SwiftMergeGeneratedHeaders /Users/admin/builder/spi-builder-workspace/.derivedData/Build/Intermediates.noindex/GeneratedModuleMaps-watchos/NextcloudContainerManager-Swift.h /Users/admin/builder/spi-builder-workspace/.derivedData/Build/Intermediates.noindex/NextcloudContainerManager.build/Debug-watchos/NextcloudContainerManager-t.build/Objects-normal/arm64/NextcloudContainerManager-Swift.h /Users/admin/builder/spi-builder-workspace/.derivedData/Build/Intermediates.noindex/NextcloudContainerManager.build/Debug-watchos/NextcloudContainerManager-t.build/Objects-normal/arm64_32/NextcloudContainerManager-Swift.h (in target 'NextcloudContainerManager' from project 'NextcloudContainerManager')
cd /Users/admin/builder/spi-builder-workspace
builtin-swiftHeaderTool -arch arm64 /Users/admin/builder/spi-builder-workspace/.derivedData/Build/Intermediates.noindex/NextcloudContainerManager.build/Debug-watchos/NextcloudContainerManager-t.build/Objects-normal/arm64/NextcloudContainerManager-Swift.h -arch arm64_32 /Users/admin/builder/spi-builder-workspace/.derivedData/Build/Intermediates.noindex/NextcloudContainerManager.build/Debug-watchos/NextcloudContainerManager-t.build/Objects-normal/arm64_32/NextcloudContainerManager-Swift.h -o /Users/admin/builder/spi-builder-workspace/.derivedData/Build/Intermediates.noindex/GeneratedModuleMaps-watchos/NextcloudContainerManager-Swift.h
SwiftDriverJobDiscovery normal arm64 Compiling CreateContainerResponse.swift, CreateExecResponse.swift, DockerVersionResponse.swift (in target 'NextcloudContainerManager' from project 'NextcloudContainerManager')
Copy /Users/admin/builder/spi-builder-workspace/.derivedData/Build/Products/Debug-watchos/NextcloudContainerManager.swiftmodule/arm64_32-apple-watchos.swiftmodule /Users/admin/builder/spi-builder-workspace/.derivedData/Build/Intermediates.noindex/NextcloudContainerManager.build/Debug-watchos/NextcloudContainerManager-t.build/Objects-normal/arm64_32/NextcloudContainerManager.swiftmodule (in target 'NextcloudContainerManager' from project 'NextcloudContainerManager')
cd /Users/admin/builder/spi-builder-workspace
builtin-copy -exclude .DS_Store -exclude CVS -exclude .svn -exclude .git -exclude .hg -resolve-src-symlinks -rename /Users/admin/builder/spi-builder-workspace/.derivedData/Build/Intermediates.noindex/NextcloudContainerManager.build/Debug-watchos/NextcloudContainerManager-t.build/Objects-normal/arm64_32/NextcloudContainerManager.swiftmodule /Users/admin/builder/spi-builder-workspace/.derivedData/Build/Products/Debug-watchos/NextcloudContainerManager.swiftmodule/arm64_32-apple-watchos.swiftmodule
SwiftDriverJobDiscovery normal arm64 Compiling CommandResult.swift, NextcloudConfiguration.swift, NextcloudContainer.swift (in target 'NextcloudContainerManager' from project 'NextcloudContainerManager')
Copy /Users/admin/builder/spi-builder-workspace/.derivedData/Build/Products/Debug-watchos/NextcloudContainerManager.swiftmodule/arm64_32-apple-watchos.swiftdoc /Users/admin/builder/spi-builder-workspace/.derivedData/Build/Intermediates.noindex/NextcloudContainerManager.build/Debug-watchos/NextcloudContainerManager-t.build/Objects-normal/arm64_32/NextcloudContainerManager.swiftdoc (in target 'NextcloudContainerManager' from project 'NextcloudContainerManager')
cd /Users/admin/builder/spi-builder-workspace
builtin-copy -exclude .DS_Store -exclude CVS -exclude .svn -exclude .git -exclude .hg -resolve-src-symlinks -rename /Users/admin/builder/spi-builder-workspace/.derivedData/Build/Intermediates.noindex/NextcloudContainerManager.build/Debug-watchos/NextcloudContainerManager-t.build/Objects-normal/arm64_32/NextcloudContainerManager.swiftdoc /Users/admin/builder/spi-builder-workspace/.derivedData/Build/Products/Debug-watchos/NextcloudContainerManager.swiftmodule/arm64_32-apple-watchos.swiftdoc
Copy /Users/admin/builder/spi-builder-workspace/.derivedData/Build/Products/Debug-watchos/NextcloudContainerManager.swiftmodule/arm64_32-apple-watchos.abi.json /Users/admin/builder/spi-builder-workspace/.derivedData/Build/Intermediates.noindex/NextcloudContainerManager.build/Debug-watchos/NextcloudContainerManager-t.build/Objects-normal/arm64_32/NextcloudContainerManager.abi.json (in target 'NextcloudContainerManager' from project 'NextcloudContainerManager')
cd /Users/admin/builder/spi-builder-workspace
builtin-copy -exclude .DS_Store -exclude CVS -exclude .svn -exclude .git -exclude .hg -resolve-src-symlinks -rename /Users/admin/builder/spi-builder-workspace/.derivedData/Build/Intermediates.noindex/NextcloudContainerManager.build/Debug-watchos/NextcloudContainerManager-t.build/Objects-normal/arm64_32/NextcloudContainerManager.abi.json /Users/admin/builder/spi-builder-workspace/.derivedData/Build/Products/Debug-watchos/NextcloudContainerManager.swiftmodule/arm64_32-apple-watchos.abi.json
Copy /Users/admin/builder/spi-builder-workspace/.derivedData/Build/Products/Debug-watchos/NextcloudContainerManager.swiftmodule/arm64-apple-watchos.swiftmodule /Users/admin/builder/spi-builder-workspace/.derivedData/Build/Intermediates.noindex/NextcloudContainerManager.build/Debug-watchos/NextcloudContainerManager-t.build/Objects-normal/arm64/NextcloudContainerManager.swiftmodule (in target 'NextcloudContainerManager' from project 'NextcloudContainerManager')
cd /Users/admin/builder/spi-builder-workspace
builtin-copy -exclude .DS_Store -exclude CVS -exclude .svn -exclude .git -exclude .hg -resolve-src-symlinks -rename /Users/admin/builder/spi-builder-workspace/.derivedData/Build/Intermediates.noindex/NextcloudContainerManager.build/Debug-watchos/NextcloudContainerManager-t.build/Objects-normal/arm64/NextcloudContainerManager.swiftmodule /Users/admin/builder/spi-builder-workspace/.derivedData/Build/Products/Debug-watchos/NextcloudContainerManager.swiftmodule/arm64-apple-watchos.swiftmodule
Copy /Users/admin/builder/spi-builder-workspace/.derivedData/Build/Products/Debug-watchos/NextcloudContainerManager.swiftmodule/arm64-apple-watchos.swiftdoc /Users/admin/builder/spi-builder-workspace/.derivedData/Build/Intermediates.noindex/NextcloudContainerManager.build/Debug-watchos/NextcloudContainerManager-t.build/Objects-normal/arm64/NextcloudContainerManager.swiftdoc (in target 'NextcloudContainerManager' from project 'NextcloudContainerManager')
cd /Users/admin/builder/spi-builder-workspace
builtin-copy -exclude .DS_Store -exclude CVS -exclude .svn -exclude .git -exclude .hg -resolve-src-symlinks -rename /Users/admin/builder/spi-builder-workspace/.derivedData/Build/Intermediates.noindex/NextcloudContainerManager.build/Debug-watchos/NextcloudContainerManager-t.build/Objects-normal/arm64/NextcloudContainerManager.swiftdoc /Users/admin/builder/spi-builder-workspace/.derivedData/Build/Products/Debug-watchos/NextcloudContainerManager.swiftmodule/arm64-apple-watchos.swiftdoc
SwiftDriverJobDiscovery normal arm64 Compiling ExecInspectResponse.swift, ImagePullMessage.swift, NextcloudStatus.swift (in target 'NextcloudContainerManager' from project 'NextcloudContainerManager')
Copy /Users/admin/builder/spi-builder-workspace/.derivedData/Build/Products/Debug-watchos/NextcloudContainerManager.swiftmodule/arm64-apple-watchos.abi.json /Users/admin/builder/spi-builder-workspace/.derivedData/Build/Intermediates.noindex/NextcloudContainerManager.build/Debug-watchos/NextcloudContainerManager-t.build/Objects-normal/arm64/NextcloudContainerManager.abi.json (in target 'NextcloudContainerManager' from project 'NextcloudContainerManager')
cd /Users/admin/builder/spi-builder-workspace
builtin-copy -exclude .DS_Store -exclude CVS -exclude .svn -exclude .git -exclude .hg -resolve-src-symlinks -rename /Users/admin/builder/spi-builder-workspace/.derivedData/Build/Intermediates.noindex/NextcloudContainerManager.build/Debug-watchos/NextcloudContainerManager-t.build/Objects-normal/arm64/NextcloudContainerManager.abi.json /Users/admin/builder/spi-builder-workspace/.derivedData/Build/Products/Debug-watchos/NextcloudContainerManager.swiftmodule/arm64-apple-watchos.abi.json
Copy /Users/admin/builder/spi-builder-workspace/.derivedData/Build/Products/Debug-watchos/NextcloudContainerManager.swiftmodule/Project/arm64_32-apple-watchos.swiftsourceinfo /Users/admin/builder/spi-builder-workspace/.derivedData/Build/Intermediates.noindex/NextcloudContainerManager.build/Debug-watchos/NextcloudContainerManager-t.build/Objects-normal/arm64_32/NextcloudContainerManager.swiftsourceinfo (in target 'NextcloudContainerManager' from project 'NextcloudContainerManager')
cd /Users/admin/builder/spi-builder-workspace
builtin-copy -exclude .DS_Store -exclude CVS -exclude .svn -exclude .git -exclude .hg -resolve-src-symlinks -rename /Users/admin/builder/spi-builder-workspace/.derivedData/Build/Intermediates.noindex/NextcloudContainerManager.build/Debug-watchos/NextcloudContainerManager-t.build/Objects-normal/arm64_32/NextcloudContainerManager.swiftsourceinfo /Users/admin/builder/spi-builder-workspace/.derivedData/Build/Products/Debug-watchos/NextcloudContainerManager.swiftmodule/Project/arm64_32-apple-watchos.swiftsourceinfo
SwiftDriverJobDiscovery normal arm64 Compiling CreateNetworkRequest.swift, StartExecRequest.swift, ContainerInspectResponse.swift (in target 'NextcloudContainerManager' from project 'NextcloudContainerManager')
Copy /Users/admin/builder/spi-builder-workspace/.derivedData/Build/Products/Debug-watchos/NextcloudContainerManager.swiftmodule/Project/arm64-apple-watchos.swiftsourceinfo /Users/admin/builder/spi-builder-workspace/.derivedData/Build/Intermediates.noindex/NextcloudContainerManager.build/Debug-watchos/NextcloudContainerManager-t.build/Objects-normal/arm64/NextcloudContainerManager.swiftsourceinfo (in target 'NextcloudContainerManager' from project 'NextcloudContainerManager')
cd /Users/admin/builder/spi-builder-workspace
builtin-copy -exclude .DS_Store -exclude CVS -exclude .svn -exclude .git -exclude .hg -resolve-src-symlinks -rename /Users/admin/builder/spi-builder-workspace/.derivedData/Build/Intermediates.noindex/NextcloudContainerManager.build/Debug-watchos/NextcloudContainerManager-t.build/Objects-normal/arm64/NextcloudContainerManager.swiftsourceinfo /Users/admin/builder/spi-builder-workspace/.derivedData/Build/Products/Debug-watchos/NextcloudContainerManager.swiftmodule/Project/arm64-apple-watchos.swiftsourceinfo
SwiftCompile normal arm64_32 Compiling\ demultiplexDockerStream.swift,\ ensureContainerNameIsFree.swift,\ ensurePortIsFree.swift,\ findFreePort.swift /Users/admin/builder/spi-builder-workspace/Sources/NextcloudContainerManager/DockerClient/demultiplexDockerStream.swift /Users/admin/builder/spi-builder-workspace/Sources/NextcloudContainerManager/DockerClient/ensureContainerNameIsFree.swift /Users/admin/builder/spi-builder-workspace/Sources/NextcloudContainerManager/DockerClient/ensurePortIsFree.swift /Users/admin/builder/spi-builder-workspace/Sources/NextcloudContainerManager/DockerClient/findFreePort.swift (in target 'NextcloudContainerManager' from project 'NextcloudContainerManager')
SwiftCompile normal arm64_32 /Users/admin/builder/spi-builder-workspace/Sources/NextcloudContainerManager/DockerClient/demultiplexDockerStream.swift (in target 'NextcloudContainerManager' from project 'NextcloudContainerManager')
cd /Users/admin/builder/spi-builder-workspace/.swiftpm/xcode
builtin-SwiftPerFileCompile demultiplexDockerStream.swift
SwiftCompile normal arm64_32 /Users/admin/builder/spi-builder-workspace/Sources/NextcloudContainerManager/DockerClient/ensureContainerNameIsFree.swift (in target 'NextcloudContainerManager' from project 'NextcloudContainerManager')
cd /Users/admin/builder/spi-builder-workspace/.swiftpm/xcode
builtin-SwiftPerFileCompile ensureContainerNameIsFree.swift
SwiftCompile normal arm64_32 /Users/admin/builder/spi-builder-workspace/Sources/NextcloudContainerManager/DockerClient/ensurePortIsFree.swift (in target 'NextcloudContainerManager' from project 'NextcloudContainerManager')
cd /Users/admin/builder/spi-builder-workspace/.swiftpm/xcode
builtin-SwiftPerFileCompile ensurePortIsFree.swift
SwiftCompile normal arm64_32 /Users/admin/builder/spi-builder-workspace/Sources/NextcloudContainerManager/DockerClient/findFreePort.swift (in target 'NextcloudContainerManager' from project 'NextcloudContainerManager')
cd /Users/admin/builder/spi-builder-workspace/.swiftpm/xcode
builtin-SwiftPerFileCompile findFreePort.swift
SwiftCompile normal arm64_32 Compiling\ CancellableSocket.swift,\ DockerEngineClient.swift,\ EngineResponse.swift,\ containerName.swift /Users/admin/builder/spi-builder-workspace/Sources/NextcloudContainerManager/DockerClient/CancellableSocket.swift /Users/admin/builder/spi-builder-workspace/Sources/NextcloudContainerManager/DockerClient/DockerEngineClient.swift /Users/admin/builder/spi-builder-workspace/Sources/NextcloudContainerManager/DockerClient/EngineResponse.swift /Users/admin/builder/spi-builder-workspace/Sources/NextcloudContainerManager/DockerClient/containerName.swift (in target 'NextcloudContainerManager' from project 'NextcloudContainerManager')
SwiftCompile normal arm64_32 /Users/admin/builder/spi-builder-workspace/Sources/NextcloudContainerManager/DockerClient/CancellableSocket.swift (in target 'NextcloudContainerManager' from project 'NextcloudContainerManager')
cd /Users/admin/builder/spi-builder-workspace/.swiftpm/xcode
builtin-SwiftPerFileCompile CancellableSocket.swift
SwiftCompile normal arm64_32 /Users/admin/builder/spi-builder-workspace/Sources/NextcloudContainerManager/DockerClient/DockerEngineClient.swift (in target 'NextcloudContainerManager' from project 'NextcloudContainerManager')
cd /Users/admin/builder/spi-builder-workspace/.swiftpm/xcode
builtin-SwiftPerFileCompile DockerEngineClient.swift
SwiftCompile normal arm64_32 /Users/admin/builder/spi-builder-workspace/Sources/NextcloudContainerManager/DockerClient/EngineResponse.swift (in target 'NextcloudContainerManager' from project 'NextcloudContainerManager')
cd /Users/admin/builder/spi-builder-workspace/.swiftpm/xcode
builtin-SwiftPerFileCompile EngineResponse.swift
SwiftCompile normal arm64_32 /Users/admin/builder/spi-builder-workspace/Sources/NextcloudContainerManager/DockerClient/containerName.swift (in target 'NextcloudContainerManager' from project 'NextcloudContainerManager')
cd /Users/admin/builder/spi-builder-workspace/.swiftpm/xcode
builtin-SwiftPerFileCompile containerName.swift
SwiftCompile normal arm64_32 Compiling\ CreateContainerResponse.swift,\ CreateExecResponse.swift,\ DockerVersionResponse.swift /Users/admin/builder/spi-builder-workspace/Sources/NextcloudContainerManager/Responses/CreateContainerResponse.swift /Users/admin/builder/spi-builder-workspace/Sources/NextcloudContainerManager/Responses/CreateExecResponse.swift /Users/admin/builder/spi-builder-workspace/Sources/NextcloudContainerManager/Responses/DockerVersionResponse.swift (in target 'NextcloudContainerManager' from project 'NextcloudContainerManager')
SwiftCompile normal arm64_32 /Users/admin/builder/spi-builder-workspace/Sources/NextcloudContainerManager/Responses/CreateContainerResponse.swift (in target 'NextcloudContainerManager' from project 'NextcloudContainerManager')
cd /Users/admin/builder/spi-builder-workspace/.swiftpm/xcode
builtin-SwiftPerFileCompile CreateContainerResponse.swift
SwiftCompile normal arm64_32 /Users/admin/builder/spi-builder-workspace/Sources/NextcloudContainerManager/Responses/CreateExecResponse.swift (in target 'NextcloudContainerManager' from project 'NextcloudContainerManager')
cd /Users/admin/builder/spi-builder-workspace/.swiftpm/xcode
builtin-SwiftPerFileCompile CreateExecResponse.swift
SwiftCompile normal arm64_32 /Users/admin/builder/spi-builder-workspace/Sources/NextcloudContainerManager/Responses/DockerVersionResponse.swift (in target 'NextcloudContainerManager' from project 'NextcloudContainerManager')
cd /Users/admin/builder/spi-builder-workspace/.swiftpm/xcode
builtin-SwiftPerFileCompile DockerVersionResponse.swift
SwiftCompile normal arm64_32 Compiling\ firstFileInTarArchive.swift,\ validateContainerName.swift,\ NextcloudContainerManager+AppManagement.swift,\ NextcloudContainerManager+CommandExecution.swift /Users/admin/builder/spi-builder-workspace/Sources/NextcloudContainerManager/DockerClient/firstFileInTarArchive.swift /Users/admin/builder/spi-builder-workspace/Sources/NextcloudContainerManager/DockerClient/validateContainerName.swift /Users/admin/builder/spi-builder-workspace/Sources/NextcloudContainerManager/Manager/NextcloudContainerManager+AppManagement.swift /Users/admin/builder/spi-builder-workspace/Sources/NextcloudContainerManager/Manager/NextcloudContainerManager+CommandExecution.swift (in target 'NextcloudContainerManager' from project 'NextcloudContainerManager')
SwiftCompile normal arm64_32 /Users/admin/builder/spi-builder-workspace/Sources/NextcloudContainerManager/DockerClient/firstFileInTarArchive.swift (in target 'NextcloudContainerManager' from project 'NextcloudContainerManager')
cd /Users/admin/builder/spi-builder-workspace/.swiftpm/xcode
builtin-SwiftPerFileCompile firstFileInTarArchive.swift
SwiftCompile normal arm64_32 /Users/admin/builder/spi-builder-workspace/Sources/NextcloudContainerManager/DockerClient/validateContainerName.swift (in target 'NextcloudContainerManager' from project 'NextcloudContainerManager')
cd /Users/admin/builder/spi-builder-workspace/.swiftpm/xcode
builtin-SwiftPerFileCompile validateContainerName.swift
SwiftCompile normal arm64_32 /Users/admin/builder/spi-builder-workspace/Sources/NextcloudContainerManager/Manager/NextcloudContainerManager+AppManagement.swift (in target 'NextcloudContainerManager' from project 'NextcloudContainerManager')
cd /Users/admin/builder/spi-builder-workspace/.swiftpm/xcode
builtin-SwiftPerFileCompile NextcloudContainerManager+AppManagement.swift
SwiftCompile normal arm64_32 /Users/admin/builder/spi-builder-workspace/Sources/NextcloudContainerManager/Manager/NextcloudContainerManager+CommandExecution.swift (in target 'NextcloudContainerManager' from project 'NextcloudContainerManager')
cd /Users/admin/builder/spi-builder-workspace/.swiftpm/xcode
builtin-SwiftPerFileCompile NextcloudContainerManager+CommandExecution.swift
SwiftCompile normal arm64_32 Compiling\ NextcloudContainerManagerError.swift,\ CreateContainerRequest.swift,\ CreateExecRequest.swift /Users/admin/builder/spi-builder-workspace/Sources/NextcloudContainerManager/PublicTypes/NextcloudContainerManagerError.swift /Users/admin/builder/spi-builder-workspace/Sources/NextcloudContainerManager/Requests/CreateContainerRequest.swift /Users/admin/builder/spi-builder-workspace/Sources/NextcloudContainerManager/Requests/CreateExecRequest.swift (in target 'NextcloudContainerManager' from project 'NextcloudContainerManager')
SwiftCompile normal arm64_32 /Users/admin/builder/spi-builder-workspace/Sources/NextcloudContainerManager/PublicTypes/NextcloudContainerManagerError.swift (in target 'NextcloudContainerManager' from project 'NextcloudContainerManager')
cd /Users/admin/builder/spi-builder-workspace/.swiftpm/xcode
builtin-SwiftPerFileCompile NextcloudContainerManagerError.swift
SwiftCompile normal arm64_32 /Users/admin/builder/spi-builder-workspace/Sources/NextcloudContainerManager/Requests/CreateContainerRequest.swift (in target 'NextcloudContainerManager' from project 'NextcloudContainerManager')
cd /Users/admin/builder/spi-builder-workspace/.swiftpm/xcode
builtin-SwiftPerFileCompile CreateContainerRequest.swift
SwiftCompile normal arm64_32 /Users/admin/builder/spi-builder-workspace/Sources/NextcloudContainerManager/Requests/CreateExecRequest.swift (in target 'NextcloudContainerManager' from project 'NextcloudContainerManager')
cd /Users/admin/builder/spi-builder-workspace/.swiftpm/xcode
builtin-SwiftPerFileCompile CreateExecRequest.swift
SwiftDriverJobDiscovery normal arm64_32 Compiling CreateNetworkRequest.swift, StartExecRequest.swift, ContainerInspectResponse.swift (in target 'NextcloudContainerManager' from project 'NextcloudContainerManager')
SwiftDriverJobDiscovery normal arm64_32 Compiling CreateContainerResponse.swift, CreateExecResponse.swift, DockerVersionResponse.swift (in target 'NextcloudContainerManager' from project 'NextcloudContainerManager')
SwiftCompile normal arm64_32 Compiling\ NextcloudContainerManager+Suspension.swift,\ NextcloudContainerManager+UserManagement.swift,\ NextcloudContainerManager.swift /Users/admin/builder/spi-builder-workspace/Sources/NextcloudContainerManager/Manager/NextcloudContainerManager+Suspension.swift /Users/admin/builder/spi-builder-workspace/Sources/NextcloudContainerManager/Manager/NextcloudContainerManager+UserManagement.swift /Users/admin/builder/spi-builder-workspace/Sources/NextcloudContainerManager/Manager/NextcloudContainerManager.swift (in target 'NextcloudContainerManager' from project 'NextcloudContainerManager')
SwiftCompile normal arm64_32 /Users/admin/builder/spi-builder-workspace/Sources/NextcloudContainerManager/Manager/NextcloudContainerManager+Suspension.swift (in target 'NextcloudContainerManager' from project 'NextcloudContainerManager')
cd /Users/admin/builder/spi-builder-workspace/.swiftpm/xcode
builtin-SwiftPerFileCompile NextcloudContainerManager+Suspension.swift
SwiftCompile normal arm64_32 /Users/admin/builder/spi-builder-workspace/Sources/NextcloudContainerManager/Manager/NextcloudContainerManager+UserManagement.swift (in target 'NextcloudContainerManager' from project 'NextcloudContainerManager')
cd /Users/admin/builder/spi-builder-workspace/.swiftpm/xcode
builtin-SwiftPerFileCompile NextcloudContainerManager+UserManagement.swift
SwiftCompile normal arm64_32 /Users/admin/builder/spi-builder-workspace/Sources/NextcloudContainerManager/Manager/NextcloudContainerManager.swift (in target 'NextcloudContainerManager' from project 'NextcloudContainerManager')
cd /Users/admin/builder/spi-builder-workspace/.swiftpm/xcode
builtin-SwiftPerFileCompile NextcloudContainerManager.swift
PruneExplicitPrecompiledModules /Users/admin/builder/spi-builder-workspace/.derivedData/SDKExplicitPrecompiledModules
PruneExplicitPrecompiledModules /Users/admin/builder/spi-builder-workspace/.derivedData/Build/Intermediates.noindex/ExplicitPrecompiledModules
PruneExplicitPrecompiledModules /Users/admin/builder/spi-builder-workspace/.derivedData/Build/Intermediates.noindex/SwiftExplicitPrecompiledModules
2026-09-25 22:16:17.216 xcodebuild[732:4584] [MT] IDERunDestination: Supported platforms for the buildables in the current scheme is empty.
** BUILD FAILED **
The following build commands failed:
SwiftCompile normal arm64 /Users/admin/builder/spi-builder-workspace/Sources/NextcloudContainerManager/Manager/NextcloudContainerManager.swift (in target 'NextcloudContainerManager' from project 'NextcloudContainerManager')
SwiftCompile normal arm64 Compiling\ NextcloudContainerManager+Suspension.swift,\ NextcloudContainerManager+UserManagement.swift,\ NextcloudContainerManager.swift /Users/admin/builder/spi-builder-workspace/Sources/NextcloudContainerManager/Manager/NextcloudContainerManager+Suspension.swift /Users/admin/builder/spi-builder-workspace/Sources/NextcloudContainerManager/Manager/NextcloudContainerManager+UserManagement.swift /Users/admin/builder/spi-builder-workspace/Sources/NextcloudContainerManager/Manager/NextcloudContainerManager.swift (in target 'NextcloudContainerManager' from project 'NextcloudContainerManager')
Building workspace NextcloudContainerManager with scheme NextcloudContainerManager-Package
(3 failures)
Command line invocation:
/Applications/Xcode-27.0.0-Release.Candidate.app/Contents/Developer/usr/bin/xcodebuild -IDEClonedSourcePackagesDirPathOverride=/Users/admin/builder/spi-builder-workspace/.dependencies -resolvePackageDependencies
Resolve Package Graph
Resolved source packages:
NextcloudContainerManager: /Users/admin/builder/spi-builder-workspace
SwiftFormat: https://github.com/nicklockwood/SwiftFormat @ 0.63.0
resolved source packages: NextcloudContainerManager, SwiftFormat
2026-09-25 22:16:24.412 xcodebuild[833:5057] [MT] IDERunDestination: Supported platforms for the buildables in the current scheme is empty.
{
"dependencies" : [
{
"identity" : "swiftformat",
"requirement" : {
"range" : [
{
"lower_bound" : "0.55.0",
"upper_bound" : "1.0.0"
}
]
},
"type" : "sourceControl",
"url" : "https://github.com/nicklockwood/SwiftFormat"
}
],
"manifest_display_name" : "NextcloudContainerManager",
"name" : "NextcloudContainerManager",
"path" : "/Users/admin/builder/spi-builder-workspace",
"platforms" : [
{
"name" : "macos",
"version" : "12.0"
}
],
"products" : [
{
"name" : "NextcloudContainerManager",
"targets" : [
"NextcloudContainerManager"
],
"type" : {
"library" : [
"automatic"
]
}
},
{
"name" : "Runner",
"targets" : [
"Runner"
],
"type" : {
"executable" : null
}
}
],
"targets" : [
{
"c99name" : "Runner",
"module_type" : "SwiftTarget",
"name" : "Runner",
"path" : "Sources/Runner",
"product_memberships" : [
"Runner"
],
"sources" : [
"main.swift"
],
"target_dependencies" : [
"NextcloudContainerManager"
],
"type" : "executable"
},
{
"c99name" : "NextcloudContainerManager",
"module_type" : "SwiftTarget",
"name" : "NextcloudContainerManager",
"path" : "Sources/NextcloudContainerManager",
"product_memberships" : [
"NextcloudContainerManager",
"Runner"
],
"sources" : [
"DockerClient/CancellableSocket.swift",
"DockerClient/DockerEngineClient.swift",
"DockerClient/EngineResponse.swift",
"DockerClient/containerName.swift",
"DockerClient/demultiplexDockerStream.swift",
"DockerClient/ensureContainerNameIsFree.swift",
"DockerClient/ensurePortIsFree.swift",
"DockerClient/findFreePort.swift",
"DockerClient/firstFileInTarArchive.swift",
"DockerClient/validateContainerName.swift",
"Manager/NextcloudContainerManager+AppManagement.swift",
"Manager/NextcloudContainerManager+CommandExecution.swift",
"Manager/NextcloudContainerManager+HighPerformanceBackend.swift",
"Manager/NextcloudContainerManager+Logs.swift",
"Manager/NextcloudContainerManager+Provisioning.swift",
"Manager/NextcloudContainerManager+Suspension.swift",
"Manager/NextcloudContainerManager+UserManagement.swift",
"Manager/NextcloudContainerManager.swift",
"PublicTypes/CommandResult.swift",
"PublicTypes/NextcloudConfiguration.swift",
"PublicTypes/NextcloudContainer.swift",
"PublicTypes/NextcloudContainerManagerError.swift",
"Requests/CreateContainerRequest.swift",
"Requests/CreateExecRequest.swift",
"Requests/CreateNetworkRequest.swift",
"Requests/StartExecRequest.swift",
"Responses/ContainerInspectResponse.swift",
"Responses/CreateContainerResponse.swift",
"Responses/CreateExecResponse.swift",
"Responses/DockerVersionResponse.swift",
"Responses/ExecInspectResponse.swift",
"Responses/ImagePullMessage.swift",
"Responses/NextcloudStatus.swift"
],
"type" : "library"
}
],
"tools_version" : "6.3"
}
{
"workspace" : {
"name" : "NextcloudContainerManager",
"schemes" : [
"NextcloudContainerManager",
"NextcloudContainerManager-Package",
"Runner"
]
}
}
2026-09-25 22:16:26.202 xcodebuild[845:5145] [MT] IDERunDestination: Supported platforms for the buildables in the current scheme is empty.
Running build ...
env DEVELOPER_DIR=/Applications/Xcode-27.0.0-Release.Candidate.app xcrun xcodebuild -IDEClonedSourcePackagesDirPathOverride=$PWD/.dependencies -skipMacroValidation -skipPackagePluginValidation -derivedDataPath $PWD/.derivedData build -scheme NextcloudContainerManager-Package -destination generic/platform=watchOS
Command line invocation:
/Applications/Xcode-27.0.0-Release.Candidate.app/Contents/Developer/usr/bin/xcodebuild -IDEClonedSourcePackagesDirPathOverride=/Users/admin/builder/spi-builder-workspace/.dependencies -skipMacroValidation -skipPackagePluginValidation -derivedDataPath /Users/admin/builder/spi-builder-workspace/.derivedData build -scheme NextcloudContainerManager-Package -destination generic/platform=watchOS
Resolve Package Graph
Resolved source packages:
SwiftFormat: https://github.com/nicklockwood/SwiftFormat @ 0.63.0
NextcloudContainerManager: /Users/admin/builder/spi-builder-workspace
ComputePackagePrebuildTargetDependencyGraph
Prepare packages
CreateBuildRequest
SendProjectDescription
CreateBuildOperation
ComputeTargetDependencyGraph
note: Building targets in dependency order
note: Target dependency graph (3 targets)
Target 'Runner-product' in project 'NextcloudContainerManager'
➜ Explicit dependency on target 'NextcloudContainerManager' in project 'NextcloudContainerManager'
Target 'NextcloudContainerManager-product' in project 'NextcloudContainerManager'
➜ Explicit dependency on target 'NextcloudContainerManager' in project 'NextcloudContainerManager'
Target 'NextcloudContainerManager' in project 'NextcloudContainerManager' (no dependencies)
GatherProvisioningInputs
CreateBuildDescription
ClangStatCache /Applications/Xcode-27.0.0-Release.Candidate.app/Contents/Developer/Toolchains/XcodeDefault.xctoolchain/usr/bin/clang-stat-cache /Applications/Xcode-27.0.0-Release.Candidate.app/Contents/Developer/Platforms/WatchOS.platform/Developer/SDKs/WatchOS27.0.sdk /Users/admin/builder/spi-builder-workspace/.derivedData/SDKStatCaches.noindex/watchos27.0-24R360-e829b21a6f8c9b70876ba0858053c04477534ef55a1706bf4c1112bbb242f0a2.sdkstatcache
cd /Users/admin/builder/spi-builder-workspace/.swiftpm/xcode
/Applications/Xcode-27.0.0-Release.Candidate.app/Contents/Developer/Toolchains/XcodeDefault.xctoolchain/usr/bin/clang-stat-cache /Applications/Xcode-27.0.0-Release.Candidate.app/Contents/Developer/Platforms/WatchOS.platform/Developer/SDKs/WatchOS27.0.sdk -o /Users/admin/builder/spi-builder-workspace/.derivedData/SDKStatCaches.noindex/watchos27.0-24R360-e829b21a6f8c9b70876ba0858053c04477534ef55a1706bf4c1112bbb242f0a2.sdkstatcache
SwiftDriver NextcloudContainerManager normal arm64 com.apple.xcode.tools.swift.compiler (in target 'NextcloudContainerManager' from project 'NextcloudContainerManager')
cd /Users/admin/builder/spi-builder-workspace/.swiftpm/xcode
builtin-SwiftDriver -- /Applications/Xcode-27.0.0-Release.Candidate.app/Contents/Developer/Toolchains/XcodeDefault.xctoolchain/usr/bin/swiftc -parse-as-library -module-name NextcloudContainerManager -Onone @/Users/admin/builder/spi-builder-workspace/.derivedData/Build/Intermediates.noindex/NextcloudContainerManager.build/Debug-watchos/NextcloudContainerManager-t.build/Objects-normal/arm64/NextcloudContainerManager.SwiftFileList -DSWIFT_PACKAGE -DDEBUG -DSWIFT_MODULE_RESOURCE_BUNDLE_UNAVAILABLE -DXcode -plugin-path /Applications/Xcode-27.0.0-Release.Candidate.app/Contents/Developer/Toolchains/XcodeDefault.xctoolchain/usr/lib/swift/host/plugins/testing -enable-experimental-feature DebugDescriptionMacro -sdk /Applications/Xcode-27.0.0-Release.Candidate.app/Contents/Developer/Platforms/WatchOS.platform/Developer/SDKs/WatchOS27.0.sdk -target arm64-apple-watchos9.0 -g -module-cache-path /Users/admin/builder/spi-builder-workspace/.derivedData/ModuleCache.noindex -Xfrontend -serialize-debugging-options -enable-testing -index-store-path /Users/admin/builder/spi-builder-workspace/.derivedData/Index.noindex/DataStore -Xcc -D_LIBCPP_HARDENING_MODE\=_LIBCPP_HARDENING_MODE_DEBUG -swift-version 6 -I /Users/admin/builder/spi-builder-workspace/.derivedData/Build/Products/Debug-watchos -Isystem /Applications/Xcode-27.0.0-Release.Candidate.app/Contents/Developer/Platforms/WatchOS.platform/Developer/usr/lib -F /Users/admin/builder/spi-builder-workspace/.derivedData/Build/Products/Debug-watchos -F /Applications/Xcode-27.0.0-Release.Candidate.app/Contents/Developer/Platforms/WatchOS.platform/Developer/Library/Frameworks -F /Applications/Xcode-27.0.0-Release.Candidate.app/Contents/Developer/Platforms/WatchOS.platform/Developer/SDKs/WatchOS27.0.sdk/Developer/Library/Frameworks -c -j10 -enable-batch-mode -incremental -Xcc -ivfsstatcache -Xcc /Users/admin/builder/spi-builder-workspace/.derivedData/SDKStatCaches.noindex/watchos27.0-24R360-e829b21a6f8c9b70876ba0858053c04477534ef55a1706bf4c1112bbb242f0a2.sdkstatcache -output-file-map /Users/admin/builder/spi-builder-workspace/.derivedData/Build/Intermediates.noindex/NextcloudContainerManager.build/Debug-watchos/NextcloudContainerManager-t.build/Objects-normal/arm64/NextcloudContainerManager-OutputFileMap.json -save-temps -no-color-diagnostics -explicit-module-build -module-cache-path /Users/admin/builder/spi-builder-workspace/.derivedData/Build/Intermediates.noindex/SwiftExplicitPrecompiledModules -clang-scanner-module-cache-path /Users/admin/builder/spi-builder-workspace/.derivedData/ModuleCache.noindex -sdk-module-cache-path /Users/admin/builder/spi-builder-workspace/.derivedData/SDKExplicitPrecompiledModules -emit-dependencies -emit-module -emit-module-path /Users/admin/builder/spi-builder-workspace/.derivedData/Build/Intermediates.noindex/NextcloudContainerManager.build/Debug-watchos/NextcloudContainerManager-t.build/Objects-normal/arm64/NextcloudContainerManager.swiftmodule -serialize-diagnostics -dependency-scan-serialize-diagnostics-path /Users/admin/builder/spi-builder-workspace/.derivedData/Build/Intermediates.noindex/NextcloudContainerManager.build/Debug-watchos/NextcloudContainerManager-t.build/Objects-normal/arm64/NextcloudContainerManager-dependency-scan.dia -validate-clang-modules-once -clang-build-session-file /Users/admin/builder/spi-builder-workspace/.derivedData/ModuleCache.noindex/Session.modulevalidation -Xcc -fmodules-prune-interval\=86400 -Xcc -fmodules-prune-after\=345600 -package-name spi_builder_workspace -emit-const-values -const-gather-protocols-list /Users/admin/builder/spi-builder-workspace/.derivedData/Build/Intermediates.noindex/NextcloudContainerManager.build/Debug-watchos/NextcloudContainerManager-t.build/Objects-normal/arm64/NextcloudContainerManager_const_extract_protocols.json -Xcc -I/Users/admin/builder/spi-builder-workspace/.derivedData/Build/Products/Debug-watchos/include -Xcc -I/Users/admin/builder/spi-builder-workspace/.derivedData/Build/Intermediates.noindex/NextcloudContainerManager.build/Debug-watchos/NextcloudContainerManager-t.build/DerivedSources-normal/arm64 -Xcc -I/Users/admin/builder/spi-builder-workspace/.derivedData/Build/Intermediates.noindex/NextcloudContainerManager.build/Debug-watchos/NextcloudContainerManager-t.build/DerivedSources/arm64 -Xcc -I/Users/admin/builder/spi-builder-workspace/.derivedData/Build/Intermediates.noindex/NextcloudContainerManager.build/Debug-watchos/NextcloudContainerManager-t.build/DerivedSources -Xcc -DSWIFT_PACKAGE -Xcc -DDEBUG\=1 -emit-objc-header -emit-objc-header-path /Users/admin/builder/spi-builder-workspace/.derivedData/Build/Intermediates.noindex/NextcloudContainerManager.build/Debug-watchos/NextcloudContainerManager-t.build/Objects-normal/arm64/NextcloudContainerManager-Swift.h -working-directory /Users/admin/builder/spi-builder-workspace/.swiftpm/xcode -experimental-emit-module-separately -disable-cmo
SwiftDriver NextcloudContainerManager normal arm64_32 com.apple.xcode.tools.swift.compiler (in target 'NextcloudContainerManager' from project 'NextcloudContainerManager')
cd /Users/admin/builder/spi-builder-workspace/.swiftpm/xcode
builtin-SwiftDriver -- /Applications/Xcode-27.0.0-Release.Candidate.app/Contents/Developer/Toolchains/XcodeDefault.xctoolchain/usr/bin/swiftc -parse-as-library -module-name NextcloudContainerManager -Onone @/Users/admin/builder/spi-builder-workspace/.derivedData/Build/Intermediates.noindex/NextcloudContainerManager.build/Debug-watchos/NextcloudContainerManager-t.build/Objects-normal/arm64_32/NextcloudContainerManager.SwiftFileList -DSWIFT_PACKAGE -DDEBUG -DSWIFT_MODULE_RESOURCE_BUNDLE_UNAVAILABLE -DXcode -plugin-path /Applications/Xcode-27.0.0-Release.Candidate.app/Contents/Developer/Toolchains/XcodeDefault.xctoolchain/usr/lib/swift/host/plugins/testing -enable-experimental-feature DebugDescriptionMacro -sdk /Applications/Xcode-27.0.0-Release.Candidate.app/Contents/Developer/Platforms/WatchOS.platform/Developer/SDKs/WatchOS27.0.sdk -target arm64_32-apple-watchos9.0 -g -module-cache-path /Users/admin/builder/spi-builder-workspace/.derivedData/ModuleCache.noindex -Xfrontend -serialize-debugging-options -enable-testing -index-store-path /Users/admin/builder/spi-builder-workspace/.derivedData/Index.noindex/DataStore -Xcc -D_LIBCPP_HARDENING_MODE\=_LIBCPP_HARDENING_MODE_DEBUG -swift-version 6 -I /Users/admin/builder/spi-builder-workspace/.derivedData/Build/Products/Debug-watchos -Isystem /Applications/Xcode-27.0.0-Release.Candidate.app/Contents/Developer/Platforms/WatchOS.platform/Developer/usr/lib -F /Users/admin/builder/spi-builder-workspace/.derivedData/Build/Products/Debug-watchos -F /Applications/Xcode-27.0.0-Release.Candidate.app/Contents/Developer/Platforms/WatchOS.platform/Developer/Library/Frameworks -F /Applications/Xcode-27.0.0-Release.Candidate.app/Contents/Developer/Platforms/WatchOS.platform/Developer/SDKs/WatchOS27.0.sdk/Developer/Library/Frameworks -c -j10 -enable-batch-mode -incremental -Xcc -ivfsstatcache -Xcc /Users/admin/builder/spi-builder-workspace/.derivedData/SDKStatCaches.noindex/watchos27.0-24R360-e829b21a6f8c9b70876ba0858053c04477534ef55a1706bf4c1112bbb242f0a2.sdkstatcache -output-file-map /Users/admin/builder/spi-builder-workspace/.derivedData/Build/Intermediates.noindex/NextcloudContainerManager.build/Debug-watchos/NextcloudContainerManager-t.build/Objects-normal/arm64_32/NextcloudContainerManager-OutputFileMap.json -save-temps -no-color-diagnostics -explicit-module-build -module-cache-path /Users/admin/builder/spi-builder-workspace/.derivedData/Build/Intermediates.noindex/SwiftExplicitPrecompiledModules -clang-scanner-module-cache-path /Users/admin/builder/spi-builder-workspace/.derivedData/ModuleCache.noindex -sdk-module-cache-path /Users/admin/builder/spi-builder-workspace/.derivedData/SDKExplicitPrecompiledModules -emit-dependencies -emit-module -emit-module-path /Users/admin/builder/spi-builder-workspace/.derivedData/Build/Intermediates.noindex/NextcloudContainerManager.build/Debug-watchos/NextcloudContainerManager-t.build/Objects-normal/arm64_32/NextcloudContainerManager.swiftmodule -serialize-diagnostics -dependency-scan-serialize-diagnostics-path /Users/admin/builder/spi-builder-workspace/.derivedData/Build/Intermediates.noindex/NextcloudContainerManager.build/Debug-watchos/NextcloudContainerManager-t.build/Objects-normal/arm64_32/NextcloudContainerManager-dependency-scan.dia -validate-clang-modules-once -clang-build-session-file /Users/admin/builder/spi-builder-workspace/.derivedData/ModuleCache.noindex/Session.modulevalidation -Xcc -fmodules-prune-interval\=86400 -Xcc -fmodules-prune-after\=345600 -package-name spi_builder_workspace -emit-const-values -const-gather-protocols-list /Users/admin/builder/spi-builder-workspace/.derivedData/Build/Intermediates.noindex/NextcloudContainerManager.build/Debug-watchos/NextcloudContainerManager-t.build/Objects-normal/arm64_32/NextcloudContainerManager_const_extract_protocols.json -Xcc -I/Users/admin/builder/spi-builder-workspace/.derivedData/Build/Products/Debug-watchos/include -Xcc -I/Users/admin/builder/spi-builder-workspace/.derivedData/Build/Intermediates.noindex/NextcloudContainerManager.build/Debug-watchos/NextcloudContainerManager-t.build/DerivedSources-normal/arm64_32 -Xcc -I/Users/admin/builder/spi-builder-workspace/.derivedData/Build/Intermediates.noindex/NextcloudContainerManager.build/Debug-watchos/NextcloudContainerManager-t.build/DerivedSources/arm64_32 -Xcc -I/Users/admin/builder/spi-builder-workspace/.derivedData/Build/Intermediates.noindex/NextcloudContainerManager.build/Debug-watchos/NextcloudContainerManager-t.build/DerivedSources -Xcc -DSWIFT_PACKAGE -Xcc -DDEBUG\=1 -emit-objc-header -emit-objc-header-path /Users/admin/builder/spi-builder-workspace/.derivedData/Build/Intermediates.noindex/NextcloudContainerManager.build/Debug-watchos/NextcloudContainerManager-t.build/Objects-normal/arm64_32/NextcloudContainerManager-Swift.h -working-directory /Users/admin/builder/spi-builder-workspace/.swiftpm/xcode -experimental-emit-module-separately -disable-cmo
SwiftDriver Runner normal arm64_32 com.apple.xcode.tools.swift.compiler (in target 'Runner-product' from project 'NextcloudContainerManager')
cd /Users/admin/builder/spi-builder-workspace/.swiftpm/xcode
builtin-SwiftDriver -- /Applications/Xcode-27.0.0-Release.Candidate.app/Contents/Developer/Toolchains/XcodeDefault.xctoolchain/usr/bin/swiftc -module-name Runner -Onone @/Users/admin/builder/spi-builder-workspace/.derivedData/Build/Intermediates.noindex/NextcloudContainerManager.build/Debug-watchos/Runner-p.build/Objects-normal/arm64_32/Runner.SwiftFileList -DSWIFT_PACKAGE -DDEBUG -DXcode -plugin-path /Applications/Xcode-27.0.0-Release.Candidate.app/Contents/Developer/Toolchains/XcodeDefault.xctoolchain/usr/lib/swift/host/plugins/testing -enable-experimental-feature DebugDescriptionMacro -sdk /Applications/Xcode-27.0.0-Release.Candidate.app/Contents/Developer/Platforms/WatchOS.platform/Developer/SDKs/WatchOS27.0.sdk -target arm64_32-apple-watchos9.0 -g -module-cache-path /Users/admin/builder/spi-builder-workspace/.derivedData/ModuleCache.noindex -Xfrontend -serialize-debugging-options -enable-testing -index-store-path /Users/admin/builder/spi-builder-workspace/.derivedData/Index.noindex/DataStore -Xcc -D_LIBCPP_HARDENING_MODE\=_LIBCPP_HARDENING_MODE_DEBUG -swift-version 6 -I /Users/admin/builder/spi-builder-workspace/.derivedData/Build/Products/Debug-watchos -Isystem /Applications/Xcode-27.0.0-Release.Candidate.app/Contents/Developer/Platforms/WatchOS.platform/Developer/usr/lib -F /Users/admin/builder/spi-builder-workspace/.derivedData/Build/Products/Debug-watchos/PackageFrameworks -F /Users/admin/builder/spi-builder-workspace/.derivedData/Build/Products/Debug-watchos -F /Applications/Xcode-27.0.0-Release.Candidate.app/Contents/Developer/Platforms/WatchOS.platform/Developer/Library/Frameworks -F /Applications/Xcode-27.0.0-Release.Candidate.app/Contents/Developer/Platforms/WatchOS.platform/Developer/SDKs/WatchOS27.0.sdk/Developer/Library/Frameworks -c -j10 -enable-batch-mode -incremental -Xcc -ivfsstatcache -Xcc /Users/admin/builder/spi-builder-workspace/.derivedData/SDKStatCaches.noindex/watchos27.0-24R360-e829b21a6f8c9b70876ba0858053c04477534ef55a1706bf4c1112bbb242f0a2.sdkstatcache -output-file-map /Users/admin/builder/spi-builder-workspace/.derivedData/Build/Intermediates.noindex/NextcloudContainerManager.build/Debug-watchos/Runner-p.build/Objects-normal/arm64_32/Runner-OutputFileMap.json -save-temps -no-color-diagnostics -explicit-module-build -module-cache-path /Users/admin/builder/spi-builder-workspace/.derivedData/Build/Intermediates.noindex/SwiftExplicitPrecompiledModules -clang-scanner-module-cache-path /Users/admin/builder/spi-builder-workspace/.derivedData/ModuleCache.noindex -sdk-module-cache-path /Users/admin/builder/spi-builder-workspace/.derivedData/SDKExplicitPrecompiledModules -emit-dependencies -emit-module -emit-module-path /Users/admin/builder/spi-builder-workspace/.derivedData/Build/Intermediates.noindex/NextcloudContainerManager.build/Debug-watchos/Runner-p.build/Objects-normal/arm64_32/Runner.swiftmodule -serialize-diagnostics -dependency-scan-serialize-diagnostics-path /Users/admin/builder/spi-builder-workspace/.derivedData/Build/Intermediates.noindex/NextcloudContainerManager.build/Debug-watchos/Runner-p.build/Objects-normal/arm64_32/Runner-dependency-scan.dia -validate-clang-modules-once -clang-build-session-file /Users/admin/builder/spi-builder-workspace/.derivedData/ModuleCache.noindex/Session.modulevalidation -Xcc -fmodules-prune-interval\=86400 -Xcc -fmodules-prune-after\=345600 -package-name spi_builder_workspace -emit-const-values -const-gather-protocols-list /Users/admin/builder/spi-builder-workspace/.derivedData/Build/Intermediates.noindex/NextcloudContainerManager.build/Debug-watchos/Runner-p.build/Objects-normal/arm64_32/Runner_const_extract_protocols.json -Xcc -I/Users/admin/builder/spi-builder-workspace/.derivedData/Build/Products/Debug-watchos/include -Xcc -I/Users/admin/builder/spi-builder-workspace/.derivedData/Build/Intermediates.noindex/NextcloudContainerManager.build/Debug-watchos/Runner-p.build/DerivedSources-normal/arm64_32 -Xcc -I/Users/admin/builder/spi-builder-workspace/.derivedData/Build/Intermediates.noindex/NextcloudContainerManager.build/Debug-watchos/Runner-p.build/DerivedSources/arm64_32 -Xcc -I/Users/admin/builder/spi-builder-workspace/.derivedData/Build/Intermediates.noindex/NextcloudContainerManager.build/Debug-watchos/Runner-p.build/DerivedSources -Xcc -DSWIFT_PACKAGE -Xcc -DDEBUG\=1 -working-directory /Users/admin/builder/spi-builder-workspace/.swiftpm/xcode -experimental-emit-module-separately -disable-cmo
SwiftDriver Runner normal arm64 com.apple.xcode.tools.swift.compiler (in target 'Runner-product' from project 'NextcloudContainerManager')
cd /Users/admin/builder/spi-builder-workspace/.swiftpm/xcode
builtin-SwiftDriver -- /Applications/Xcode-27.0.0-Release.Candidate.app/Contents/Developer/Toolchains/XcodeDefault.xctoolchain/usr/bin/swiftc -module-name Runner -Onone @/Users/admin/builder/spi-builder-workspace/.derivedData/Build/Intermediates.noindex/NextcloudContainerManager.build/Debug-watchos/Runner-p.build/Objects-normal/arm64/Runner.SwiftFileList -DSWIFT_PACKAGE -DDEBUG -DXcode -plugin-path /Applications/Xcode-27.0.0-Release.Candidate.app/Contents/Developer/Toolchains/XcodeDefault.xctoolchain/usr/lib/swift/host/plugins/testing -enable-experimental-feature DebugDescriptionMacro -sdk /Applications/Xcode-27.0.0-Release.Candidate.app/Contents/Developer/Platforms/WatchOS.platform/Developer/SDKs/WatchOS27.0.sdk -target arm64-apple-watchos9.0 -g -module-cache-path /Users/admin/builder/spi-builder-workspace/.derivedData/ModuleCache.noindex -Xfrontend -serialize-debugging-options -enable-testing -index-store-path /Users/admin/builder/spi-builder-workspace/.derivedData/Index.noindex/DataStore -Xcc -D_LIBCPP_HARDENING_MODE\=_LIBCPP_HARDENING_MODE_DEBUG -swift-version 6 -I /Users/admin/builder/spi-builder-workspace/.derivedData/Build/Products/Debug-watchos -Isystem /Applications/Xcode-27.0.0-Release.Candidate.app/Contents/Developer/Platforms/WatchOS.platform/Developer/usr/lib -F /Users/admin/builder/spi-builder-workspace/.derivedData/Build/Products/Debug-watchos/PackageFrameworks -F /Users/admin/builder/spi-builder-workspace/.derivedData/Build/Products/Debug-watchos -F /Applications/Xcode-27.0.0-Release.Candidate.app/Contents/Developer/Platforms/WatchOS.platform/Developer/Library/Frameworks -F /Applications/Xcode-27.0.0-Release.Candidate.app/Contents/Developer/Platforms/WatchOS.platform/Developer/SDKs/WatchOS27.0.sdk/Developer/Library/Frameworks -c -j10 -enable-batch-mode -incremental -Xcc -ivfsstatcache -Xcc /Users/admin/builder/spi-builder-workspace/.derivedData/SDKStatCaches.noindex/watchos27.0-24R360-e829b21a6f8c9b70876ba0858053c04477534ef55a1706bf4c1112bbb242f0a2.sdkstatcache -output-file-map /Users/admin/builder/spi-builder-workspace/.derivedData/Build/Intermediates.noindex/NextcloudContainerManager.build/Debug-watchos/Runner-p.build/Objects-normal/arm64/Runner-OutputFileMap.json -save-temps -no-color-diagnostics -explicit-module-build -module-cache-path /Users/admin/builder/spi-builder-workspace/.derivedData/Build/Intermediates.noindex/SwiftExplicitPrecompiledModules -clang-scanner-module-cache-path /Users/admin/builder/spi-builder-workspace/.derivedData/ModuleCache.noindex -sdk-module-cache-path /Users/admin/builder/spi-builder-workspace/.derivedData/SDKExplicitPrecompiledModules -emit-dependencies -emit-module -emit-module-path /Users/admin/builder/spi-builder-workspace/.derivedData/Build/Intermediates.noindex/NextcloudContainerManager.build/Debug-watchos/Runner-p.build/Objects-normal/arm64/Runner.swiftmodule -serialize-diagnostics -dependency-scan-serialize-diagnostics-path /Users/admin/builder/spi-builder-workspace/.derivedData/Build/Intermediates.noindex/NextcloudContainerManager.build/Debug-watchos/Runner-p.build/Objects-normal/arm64/Runner-dependency-scan.dia -validate-clang-modules-once -clang-build-session-file /Users/admin/builder/spi-builder-workspace/.derivedData/ModuleCache.noindex/Session.modulevalidation -Xcc -fmodules-prune-interval\=86400 -Xcc -fmodules-prune-after\=345600 -package-name spi_builder_workspace -emit-const-values -const-gather-protocols-list /Users/admin/builder/spi-builder-workspace/.derivedData/Build/Intermediates.noindex/NextcloudContainerManager.build/Debug-watchos/Runner-p.build/Objects-normal/arm64/Runner_const_extract_protocols.json -Xcc -I/Users/admin/builder/spi-builder-workspace/.derivedData/Build/Products/Debug-watchos/include -Xcc -I/Users/admin/builder/spi-builder-workspace/.derivedData/Build/Intermediates.noindex/NextcloudContainerManager.build/Debug-watchos/Runner-p.build/DerivedSources-normal/arm64 -Xcc -I/Users/admin/builder/spi-builder-workspace/.derivedData/Build/Intermediates.noindex/NextcloudContainerManager.build/Debug-watchos/Runner-p.build/DerivedSources/arm64 -Xcc -I/Users/admin/builder/spi-builder-workspace/.derivedData/Build/Intermediates.noindex/NextcloudContainerManager.build/Debug-watchos/Runner-p.build/DerivedSources -Xcc -DSWIFT_PACKAGE -Xcc -DDEBUG\=1 -working-directory /Users/admin/builder/spi-builder-workspace/.swiftpm/xcode -experimental-emit-module-separately -disable-cmo
SwiftCompile normal arm64_32 Compiling\ CancellableSocket.swift,\ DockerEngineClient.swift,\ EngineResponse.swift /Users/admin/builder/spi-builder-workspace/Sources/NextcloudContainerManager/DockerClient/CancellableSocket.swift /Users/admin/builder/spi-builder-workspace/Sources/NextcloudContainerManager/DockerClient/DockerEngineClient.swift /Users/admin/builder/spi-builder-workspace/Sources/NextcloudContainerManager/DockerClient/EngineResponse.swift (in target 'NextcloudContainerManager' from project 'NextcloudContainerManager')
SwiftCompile normal arm64_32 /Users/admin/builder/spi-builder-workspace/Sources/NextcloudContainerManager/DockerClient/CancellableSocket.swift (in target 'NextcloudContainerManager' from project 'NextcloudContainerManager')
cd /Users/admin/builder/spi-builder-workspace/.swiftpm/xcode
builtin-SwiftPerFileCompile CancellableSocket.swift
SwiftCompile normal arm64_32 /Users/admin/builder/spi-builder-workspace/Sources/NextcloudContainerManager/DockerClient/DockerEngineClient.swift (in target 'NextcloudContainerManager' from project 'NextcloudContainerManager')
cd /Users/admin/builder/spi-builder-workspace/.swiftpm/xcode
builtin-SwiftPerFileCompile DockerEngineClient.swift
SwiftCompile normal arm64_32 /Users/admin/builder/spi-builder-workspace/Sources/NextcloudContainerManager/DockerClient/EngineResponse.swift (in target 'NextcloudContainerManager' from project 'NextcloudContainerManager')
cd /Users/admin/builder/spi-builder-workspace/.swiftpm/xcode
builtin-SwiftPerFileCompile EngineResponse.swift
SwiftCompile normal arm64_32 Compiling\ ensurePortIsFree.swift,\ findFreePort.swift,\ firstFileInTarArchive.swift /Users/admin/builder/spi-builder-workspace/Sources/NextcloudContainerManager/DockerClient/ensurePortIsFree.swift /Users/admin/builder/spi-builder-workspace/Sources/NextcloudContainerManager/DockerClient/findFreePort.swift /Users/admin/builder/spi-builder-workspace/Sources/NextcloudContainerManager/DockerClient/firstFileInTarArchive.swift (in target 'NextcloudContainerManager' from project 'NextcloudContainerManager')
SwiftCompile normal arm64_32 /Users/admin/builder/spi-builder-workspace/Sources/NextcloudContainerManager/DockerClient/ensurePortIsFree.swift (in target 'NextcloudContainerManager' from project 'NextcloudContainerManager')
cd /Users/admin/builder/spi-builder-workspace/.swiftpm/xcode
builtin-SwiftPerFileCompile ensurePortIsFree.swift
SwiftCompile normal arm64_32 /Users/admin/builder/spi-builder-workspace/Sources/NextcloudContainerManager/DockerClient/findFreePort.swift (in target 'NextcloudContainerManager' from project 'NextcloudContainerManager')
cd /Users/admin/builder/spi-builder-workspace/.swiftpm/xcode
builtin-SwiftPerFileCompile findFreePort.swift
SwiftCompile normal arm64_32 /Users/admin/builder/spi-builder-workspace/Sources/NextcloudContainerManager/DockerClient/firstFileInTarArchive.swift (in target 'NextcloudContainerManager' from project 'NextcloudContainerManager')
cd /Users/admin/builder/spi-builder-workspace/.swiftpm/xcode
builtin-SwiftPerFileCompile firstFileInTarArchive.swift
SwiftCompile normal arm64_32 Compiling\ validateContainerName.swift,\ NextcloudContainerManager+AppManagement.swift,\ NextcloudContainerManager+CommandExecution.swift /Users/admin/builder/spi-builder-workspace/Sources/NextcloudContainerManager/DockerClient/validateContainerName.swift /Users/admin/builder/spi-builder-workspace/Sources/NextcloudContainerManager/Manager/NextcloudContainerManager+AppManagement.swift /Users/admin/builder/spi-builder-workspace/Sources/NextcloudContainerManager/Manager/NextcloudContainerManager+CommandExecution.swift (in target 'NextcloudContainerManager' from project 'NextcloudContainerManager')
SwiftCompile normal arm64_32 /Users/admin/builder/spi-builder-workspace/Sources/NextcloudContainerManager/DockerClient/validateContainerName.swift (in target 'NextcloudContainerManager' from project 'NextcloudContainerManager')
cd /Users/admin/builder/spi-builder-workspace/.swiftpm/xcode
builtin-SwiftPerFileCompile validateContainerName.swift
SwiftCompile normal arm64_32 /Users/admin/builder/spi-builder-workspace/Sources/NextcloudContainerManager/Manager/NextcloudContainerManager+AppManagement.swift (in target 'NextcloudContainerManager' from project 'NextcloudContainerManager')
cd /Users/admin/builder/spi-builder-workspace/.swiftpm/xcode
builtin-SwiftPerFileCompile NextcloudContainerManager+AppManagement.swift
SwiftCompile normal arm64_32 /Users/admin/builder/spi-builder-workspace/Sources/NextcloudContainerManager/Manager/NextcloudContainerManager+CommandExecution.swift (in target 'NextcloudContainerManager' from project 'NextcloudContainerManager')
cd /Users/admin/builder/spi-builder-workspace/.swiftpm/xcode
builtin-SwiftPerFileCompile NextcloudContainerManager+CommandExecution.swift
SwiftCompile normal arm64_32 Compiling\ CommandResult.swift,\ NextcloudConfiguration.swift,\ NextcloudContainer.swift /Users/admin/builder/spi-builder-workspace/Sources/NextcloudContainerManager/PublicTypes/CommandResult.swift /Users/admin/builder/spi-builder-workspace/Sources/NextcloudContainerManager/PublicTypes/NextcloudConfiguration.swift /Users/admin/builder/spi-builder-workspace/Sources/NextcloudContainerManager/PublicTypes/NextcloudContainer.swift (in target 'NextcloudContainerManager' from project 'NextcloudContainerManager')
SwiftCompile normal arm64_32 /Users/admin/builder/spi-builder-workspace/Sources/NextcloudContainerManager/PublicTypes/CommandResult.swift (in target 'NextcloudContainerManager' from project 'NextcloudContainerManager')
cd /Users/admin/builder/spi-builder-workspace/.swiftpm/xcode
builtin-SwiftPerFileCompile CommandResult.swift
SwiftCompile normal arm64_32 /Users/admin/builder/spi-builder-workspace/Sources/NextcloudContainerManager/PublicTypes/NextcloudConfiguration.swift (in target 'NextcloudContainerManager' from project 'NextcloudContainerManager')
cd /Users/admin/builder/spi-builder-workspace/.swiftpm/xcode
builtin-SwiftPerFileCompile NextcloudConfiguration.swift
SwiftCompile normal arm64_32 /Users/admin/builder/spi-builder-workspace/Sources/NextcloudContainerManager/PublicTypes/NextcloudContainer.swift (in target 'NextcloudContainerManager' from project 'NextcloudContainerManager')
cd /Users/admin/builder/spi-builder-workspace/.swiftpm/xcode
builtin-SwiftPerFileCompile NextcloudContainer.swift
SwiftCompile normal arm64_32 Compiling\ NextcloudContainerManager+Suspension.swift,\ NextcloudContainerManager+UserManagement.swift,\ NextcloudContainerManager.swift /Users/admin/builder/spi-builder-workspace/Sources/NextcloudContainerManager/Manager/NextcloudContainerManager+Suspension.swift /Users/admin/builder/spi-builder-workspace/Sources/NextcloudContainerManager/Manager/NextcloudContainerManager+UserManagement.swift /Users/admin/builder/spi-builder-workspace/Sources/NextcloudContainerManager/Manager/NextcloudContainerManager.swift (in target 'NextcloudContainerManager' from project 'NextcloudContainerManager')
/Users/admin/builder/spi-builder-workspace/Sources/NextcloudContainerManager/Manager/NextcloudContainerManager.swift:27:28: error: cannot find 'Process' in scope
25 | }
26 |
27 | let launcher = Process()
| `- error: cannot find 'Process' in scope
28 | launcher.executableURL = URL(fileURLWithPath: "/usr/bin/open")
29 | launcher.arguments = ["-a", "Docker"]
Failed frontend command:
/Applications/Xcode-27.0.0-Release.Candidate.app/Contents/Developer/Toolchains/XcodeDefault.xctoolchain/usr/bin/swift-frontend -frontend -c /Users/admin/builder/spi-builder-workspace/Sources/NextcloudContainerManager/DockerClient/CancellableSocket.swift /Users/admin/builder/spi-builder-workspace/Sources/NextcloudContainerManager/DockerClient/DockerEngineClient.swift /Users/admin/builder/spi-builder-workspace/Sources/NextcloudContainerManager/DockerClient/EngineResponse.swift /Users/admin/builder/spi-builder-workspace/Sources/NextcloudContainerManager/DockerClient/containerName.swift /Users/admin/builder/spi-builder-workspace/Sources/NextcloudContainerManager/DockerClient/demultiplexDockerStream.swift /Users/admin/builder/spi-builder-workspace/Sources/NextcloudContainerManager/DockerClient/ensureContainerNameIsFree.swift /Users/admin/builder/spi-builder-workspace/Sources/NextcloudContainerManager/DockerClient/ensurePortIsFree.swift /Users/admin/builder/spi-builder-workspace/Sources/NextcloudContainerManager/DockerClient/findFreePort.swift /Users/admin/builder/spi-builder-workspace/Sources/NextcloudContainerManager/DockerClient/firstFileInTarArchive.swift /Users/admin/builder/spi-builder-workspace/Sources/NextcloudContainerManager/DockerClient/validateContainerName.swift /Users/admin/builder/spi-builder-workspace/Sources/NextcloudContainerManager/Manager/NextcloudContainerManager+AppManagement.swift /Users/admin/builder/spi-builder-workspace/Sources/NextcloudContainerManager/Manager/NextcloudContainerManager+CommandExecution.swift /Users/admin/builder/spi-builder-workspace/Sources/NextcloudContainerManager/Manager/NextcloudContainerManager+HighPerformanceBackend.swift /Users/admin/builder/spi-builder-workspace/Sources/NextcloudContainerManager/Manager/NextcloudContainerManager+Logs.swift /Users/admin/builder/spi-builder-workspace/Sources/NextcloudContainerManager/Manager/NextcloudContainerManager+Provisioning.swift -primary-file /Users/admin/builder/spi-builder-workspace/Sources/NextcloudContainerManager/Manager/NextcloudContainerManager+Suspension.swift -primary-file /Users/admin/builder/spi-builder-workspace/Sources/NextcloudContainerManager/Manager/NextcloudContainerManager+UserManagement.swift -primary-file /Users/admin/builder/spi-builder-workspace/Sources/NextcloudContainerManager/Manager/NextcloudContainerManager.swift /Users/admin/builder/spi-builder-workspace/Sources/NextcloudContainerManager/PublicTypes/CommandResult.swift /Users/admin/builder/spi-builder-workspace/Sources/NextcloudContainerManager/PublicTypes/NextcloudConfiguration.swift /Users/admin/builder/spi-builder-workspace/Sources/NextcloudContainerManager/PublicTypes/NextcloudContainer.swift /Users/admin/builder/spi-builder-workspace/Sources/NextcloudContainerManager/PublicTypes/NextcloudContainerManagerError.swift /Users/admin/builder/spi-builder-workspace/Sources/NextcloudContainerManager/Requests/CreateContainerRequest.swift /Users/admin/builder/spi-builder-workspace/Sources/NextcloudContainerManager/Requests/CreateExecRequest.swift /Users/admin/builder/spi-builder-workspace/Sources/NextcloudContainerManager/Requests/CreateNetworkRequest.swift /Users/admin/builder/spi-builder-workspace/Sources/NextcloudContainerManager/Requests/StartExecRequest.swift /Users/admin/builder/spi-builder-workspace/Sources/NextcloudContainerManager/Responses/ContainerInspectResponse.swift /Users/admin/builder/spi-builder-workspace/Sources/NextcloudContainerManager/Responses/CreateContainerResponse.swift /Users/admin/builder/spi-builder-workspace/Sources/NextcloudContainerManager/Responses/CreateExecResponse.swift /Users/admin/builder/spi-builder-workspace/Sources/NextcloudContainerManager/Responses/DockerVersionResponse.swift /Users/admin/builder/spi-builder-workspace/Sources/NextcloudContainerManager/Responses/ExecInspectResponse.swift /Users/admin/builder/spi-builder-workspace/Sources/NextcloudContainerManager/Responses/ImagePullMessage.swift /Users/admin/builder/spi-builder-workspace/Sources/NextcloudContainerManager/Responses/NextcloudStatus.swift -supplementary-output-file-map /Users/admin/builder/spi-builder-workspace/.derivedData/Build/Intermediates.noindex/NextcloudContainerManager.build/Debug-watchos/NextcloudContainerManager-t.build/Objects-normal/arm64_32/supplementaryOutputs-7 -target arm64_32-apple-watchos9.0 -disable-cross-import-overlay-search -swift-module-cross-import Darwin /Applications/Xcode-27.0.0-Release.Candidate.app/Contents/Developer/Platforms/WatchOS.platform/Developer/SDKs/WatchOS.sdk/usr/include/Darwin.swiftcrossimport/xlocale.swiftoverlay -load-resolved-plugin /Applications/Xcode-27.0.0-Release.Candidate.app/Contents/Developer/Platforms/WatchOS.platform/Developer/usr/lib/swift/host/plugins/libFoundationMacros.dylib\#/Applications/Xcode-27.0.0-Release.Candidate.app/Contents/Developer/Platforms/WatchOS.platform/Developer/usr/bin/swift-plugin-server\#FoundationMacros -load-resolved-plugin /Applications/Xcode-27.0.0-Release.Candidate.app/Contents/Developer/Platforms/WatchOS.platform/Developer/usr/lib/swift/host/plugins/libObservationMacros.dylib\#/Applications/Xcode-27.0.0-Release.Candidate.app/Contents/Developer/Platforms/WatchOS.platform/Developer/usr/bin/swift-plugin-server\#ObservationMacros -load-resolved-plugin /Applications/Xcode-27.0.0-Release.Candidate.app/Contents/Developer/Platforms/WatchOS.platform/Developer/usr/lib/swift/host/plugins/libSwiftMacros.dylib\#/Applications/Xcode-27.0.0-Release.Candidate.app/Contents/Developer/Platforms/WatchOS.platform/Developer/usr/bin/swift-plugin-server\#SwiftMacros -disable-implicit-swift-modules -Xcc -fno-implicit-modules -Xcc -fno-implicit-module-maps -explicit-swift-module-map-file /Users/admin/builder/spi-builder-workspace/.derivedData/Build/Intermediates.noindex/NextcloudContainerManager.build/Debug-watchos/NextcloudContainerManager-t.build/Objects-normal/arm64_32/NextcloudContainerManager-dependencies-1.json -enable-objc-interop -sdk /Applications/Xcode-27.0.0-Release.Candidate.app/Contents/Developer/Platforms/WatchOS.platform/Developer/SDKs/WatchOS27.0.sdk -I /Users/admin/builder/spi-builder-workspace/.derivedData/Build/Products/Debug-watchos -Isystem /Applications/Xcode-27.0.0-Release.Candidate.app/Contents/Developer/Platforms/WatchOS.platform/Developer/usr/lib -F /Users/admin/builder/spi-builder-workspace/.derivedData/Build/Products/Debug-watchos -F /Applications/Xcode-27.0.0-Release.Candidate.app/Contents/Developer/Platforms/WatchOS.platform/Developer/Library/Frameworks -F /Applications/Xcode-27.0.0-Release.Candidate.app/Contents/Developer/Platforms/WatchOS.platform/Developer/SDKs/WatchOS27.0.sdk/Developer/Library/Frameworks -module-cache-path /Users/admin/builder/spi-builder-workspace/.derivedData/Build/Intermediates.noindex/SwiftExplicitPrecompiledModules -no-color-diagnostics -Xcc -fno-color-diagnostics -enable-testing -g -debug-info-format\=dwarf -dwarf-version\=4 -swift-version 6 -Onone -D SWIFT_PACKAGE -D DEBUG -D SWIFT_MODULE_RESOURCE_BUNDLE_UNAVAILABLE -D Xcode -serialize-debugging-options -enable-experimental-feature DebugDescriptionMacro -empty-abi-descriptor -validate-clang-modules-once -clang-build-session-file /Users/admin/builder/spi-builder-workspace/.derivedData/ModuleCache.noindex/Session.modulevalidation -Xcc -working-directory -Xcc /Users/admin/builder/spi-builder-workspace/.swiftpm/xcode -enable-anonymous-context-mangled-names -file-compilation-dir /Users/admin/builder/spi-builder-workspace/.swiftpm/xcode -Xcc -D_LIBCPP_HARDENING_MODE\=_LIBCPP_HARDENING_MODE_DEBUG -Xcc -ivfsstatcache -Xcc /Users/admin/builder/spi-builder-workspace/.derivedData/SDKStatCaches.noindex/watchos27.0-24R360-e829b21a6f8c9b70876ba0858053c04477534ef55a1706bf4c1112bbb242f0a2.sdkstatcache -Xcc -fmodules-prune-interval\=86400 -Xcc -fmodules-prune-after\=345600 -Xcc -I/Users/admin/builder/spi-builder-workspace/.derivedData/Build/Products/Debug-watchos/include -Xcc -I/Users/admin/builder/spi-builder-workspace/.derivedData/Build/Intermediates.noindex/NextcloudContainerManager.build/Debug-watchos/NextcloudContainerManager-t.build/DerivedSources-normal/arm64_32 -Xcc -I/Users/admin/builder/spi-builder-workspace/.derivedData/Build/Intermediates.noindex/NextcloudContainerManager.build/Debug-watchos/NextcloudContainerManager-t.build/DerivedSources/arm64_32 -Xcc -I/Users/admin/builder/spi-builder-workspace/.derivedData/Build/Intermediates.noindex/NextcloudContainerManager.build/Debug-watchos/NextcloudContainerManager-t.build/DerivedSources -Xcc -DSWIFT_PACKAGE -Xcc -DDEBUG\=1 -no-auto-bridging-header-chaining -module-name NextcloudContainerManager -package-name spi_builder_workspace -const-gather-protocols-file /Users/admin/builder/spi-builder-workspace/.derivedData/Build/Intermediates.noindex/NextcloudContainerManager.build/Debug-watchos/NextcloudContainerManager-t.build/Objects-normal/arm64_32/NextcloudContainerManager_const_extract_protocols.json -disable-clang-spi -clang-target arm64_32-apple-watchos27.0 -target-sdk-version 27.0 -target-sdk-name watchos27.0 -in-process-plugin-server-path /Applications/Xcode-27.0.0-Release.Candidate.app/Contents/Developer/Toolchains/XcodeDefault.xctoolchain/usr/lib/swift/host/libSwiftInProcPluginServer.dylib -parse-as-library -o /Users/admin/builder/spi-builder-workspace/.derivedData/Build/Intermediates.noindex/NextcloudContainerManager.build/Debug-watchos/NextcloudContainerManager-t.build/Objects-normal/arm64_32/NextcloudContainerManager+Suspension.o -o /Users/admin/builder/spi-builder-workspace/.derivedData/Build/Intermediates.noindex/NextcloudContainerManager.build/Debug-watchos/NextcloudContainerManager-t.build/Objects-normal/arm64_32/NextcloudContainerManager+UserManagement.o -o /Users/admin/builder/spi-builder-workspace/.derivedData/Build/Intermediates.noindex/NextcloudContainerManager.build/Debug-watchos/NextcloudContainerManager-t.build/Objects-normal/arm64_32/NextcloudContainerManager.o -debug-module-path /Users/admin/builder/spi-builder-workspace/.derivedData/Build/Intermediates.noindex/NextcloudContainerManager.build/Debug-watchos/NextcloudContainerManager-t.build/Objects-normal/arm64_32/NextcloudContainerManager.swiftmodule -index-unit-output-path /NextcloudContainerManager.build/Debug-watchos/NextcloudContainerManager-t.build/Objects-normal/arm64_32/NextcloudContainerManager+Suspension.o -index-unit-output-path /NextcloudContainerManager.build/Debug-watchos/NextcloudContainerManager-t.build/Objects-normal/arm64_32/NextcloudContainerManager+UserManagement.o -index-unit-output-path /NextcloudContainerManager.build/Debug-watchos/NextcloudContainerManager-t.build/Objects-normal/arm64_32/NextcloudContainerManager.o -index-store-path /Users/admin/builder/spi-builder-workspace/.derivedData/Index.noindex/DataStore -index-system-modules
SwiftCompile normal arm64_32 /Users/admin/builder/spi-builder-workspace/Sources/NextcloudContainerManager/Manager/NextcloudContainerManager+Suspension.swift (in target 'NextcloudContainerManager' from project 'NextcloudContainerManager')
cd /Users/admin/builder/spi-builder-workspace/.swiftpm/xcode
builtin-SwiftPerFileCompile NextcloudContainerManager+Suspension.swift
SwiftCompile normal arm64_32 /Users/admin/builder/spi-builder-workspace/Sources/NextcloudContainerManager/Manager/NextcloudContainerManager+UserManagement.swift (in target 'NextcloudContainerManager' from project 'NextcloudContainerManager')
cd /Users/admin/builder/spi-builder-workspace/.swiftpm/xcode
builtin-SwiftPerFileCompile NextcloudContainerManager+UserManagement.swift
SwiftCompile normal arm64_32 /Users/admin/builder/spi-builder-workspace/Sources/NextcloudContainerManager/Manager/NextcloudContainerManager.swift (in target 'NextcloudContainerManager' from project 'NextcloudContainerManager')
cd /Users/admin/builder/spi-builder-workspace/.swiftpm/xcode
builtin-SwiftPerFileCompile NextcloudContainerManager.swift
SwiftCompile normal arm64_32 Compiling\ containerName.swift,\ demultiplexDockerStream.swift,\ ensureContainerNameIsFree.swift /Users/admin/builder/spi-builder-workspace/Sources/NextcloudContainerManager/DockerClient/containerName.swift /Users/admin/builder/spi-builder-workspace/Sources/NextcloudContainerManager/DockerClient/demultiplexDockerStream.swift /Users/admin/builder/spi-builder-workspace/Sources/NextcloudContainerManager/DockerClient/ensureContainerNameIsFree.swift (in target 'NextcloudContainerManager' from project 'NextcloudContainerManager')
SwiftCompile normal arm64_32 /Users/admin/builder/spi-builder-workspace/Sources/NextcloudContainerManager/DockerClient/containerName.swift (in target 'NextcloudContainerManager' from project 'NextcloudContainerManager')
cd /Users/admin/builder/spi-builder-workspace/.swiftpm/xcode
builtin-SwiftPerFileCompile containerName.swift
SwiftCompile normal arm64_32 /Users/admin/builder/spi-builder-workspace/Sources/NextcloudContainerManager/DockerClient/demultiplexDockerStream.swift (in target 'NextcloudContainerManager' from project 'NextcloudContainerManager')
cd /Users/admin/builder/spi-builder-workspace/.swiftpm/xcode
builtin-SwiftPerFileCompile demultiplexDockerStream.swift
SwiftCompile normal arm64_32 /Users/admin/builder/spi-builder-workspace/Sources/NextcloudContainerManager/DockerClient/ensureContainerNameIsFree.swift (in target 'NextcloudContainerManager' from project 'NextcloudContainerManager')
cd /Users/admin/builder/spi-builder-workspace/.swiftpm/xcode
builtin-SwiftPerFileCompile ensureContainerNameIsFree.swift
SwiftCompile normal arm64_32 Compiling\ NextcloudContainerManager+HighPerformanceBackend.swift,\ NextcloudContainerManager+Logs.swift,\ NextcloudContainerManager+Provisioning.swift /Users/admin/builder/spi-builder-workspace/Sources/NextcloudContainerManager/Manager/NextcloudContainerManager+HighPerformanceBackend.swift /Users/admin/builder/spi-builder-workspace/Sources/NextcloudContainerManager/Manager/NextcloudContainerManager+Logs.swift /Users/admin/builder/spi-builder-workspace/Sources/NextcloudContainerManager/Manager/NextcloudContainerManager+Provisioning.swift (in target 'NextcloudContainerManager' from project 'NextcloudContainerManager')
SwiftCompile normal arm64_32 /Users/admin/builder/spi-builder-workspace/Sources/NextcloudContainerManager/Manager/NextcloudContainerManager+HighPerformanceBackend.swift (in target 'NextcloudContainerManager' from project 'NextcloudContainerManager')
cd /Users/admin/builder/spi-builder-workspace/.swiftpm/xcode
builtin-SwiftPerFileCompile NextcloudContainerManager+HighPerformanceBackend.swift
SwiftCompile normal arm64_32 /Users/admin/builder/spi-builder-workspace/Sources/NextcloudContainerManager/Manager/NextcloudContainerManager+Logs.swift (in target 'NextcloudContainerManager' from project 'NextcloudContainerManager')
cd /Users/admin/builder/spi-builder-workspace/.swiftpm/xcode
builtin-SwiftPerFileCompile NextcloudContainerManager+Logs.swift
SwiftCompile normal arm64_32 /Users/admin/builder/spi-builder-workspace/Sources/NextcloudContainerManager/Manager/NextcloudContainerManager+Provisioning.swift (in target 'NextcloudContainerManager' from project 'NextcloudContainerManager')
cd /Users/admin/builder/spi-builder-workspace/.swiftpm/xcode
builtin-SwiftPerFileCompile NextcloudContainerManager+Provisioning.swift
SwiftCompile normal arm64_32 Compiling\ ImagePullMessage.swift,\ NextcloudStatus.swift /Users/admin/builder/spi-builder-workspace/Sources/NextcloudContainerManager/Responses/ImagePullMessage.swift /Users/admin/builder/spi-builder-workspace/Sources/NextcloudContainerManager/Responses/NextcloudStatus.swift (in target 'NextcloudContainerManager' from project 'NextcloudContainerManager')
SwiftCompile normal arm64_32 /Users/admin/builder/spi-builder-workspace/Sources/NextcloudContainerManager/Responses/ImagePullMessage.swift (in target 'NextcloudContainerManager' from project 'NextcloudContainerManager')
cd /Users/admin/builder/spi-builder-workspace/.swiftpm/xcode
builtin-SwiftPerFileCompile ImagePullMessage.swift
SwiftCompile normal arm64_32 /Users/admin/builder/spi-builder-workspace/Sources/NextcloudContainerManager/Responses/NextcloudStatus.swift (in target 'NextcloudContainerManager' from project 'NextcloudContainerManager')
cd /Users/admin/builder/spi-builder-workspace/.swiftpm/xcode
builtin-SwiftPerFileCompile NextcloudStatus.swift
SwiftEmitModule normal arm64 Emitting\ module\ for\ NextcloudContainerManager (in target 'NextcloudContainerManager' from project 'NextcloudContainerManager')
SwiftCompile normal arm64 (in target 'NextcloudContainerManager' from project 'NextcloudContainerManager')
cd /Users/admin/builder/spi-builder-workspace/.swiftpm/xcode
SwiftEmitModule normal arm64_32 Emitting\ module\ for\ Runner (in target 'Runner-product' from project 'NextcloudContainerManager')
SwiftCompile normal arm64_32 (in target 'Runner-product' from project 'NextcloudContainerManager')
cd /Users/admin/builder/spi-builder-workspace/.swiftpm/xcode
SwiftEmitModule normal arm64 Emitting\ module\ for\ Runner (in target 'Runner-product' from project 'NextcloudContainerManager')
SwiftCompile normal arm64 (in target 'Runner-product' from project 'NextcloudContainerManager')
cd /Users/admin/builder/spi-builder-workspace/.swiftpm/xcode
SwiftDriverJobDiscovery normal arm64_32 Compiling CommandResult.swift, NextcloudConfiguration.swift, NextcloudContainer.swift (in target 'NextcloudContainerManager' from project 'NextcloudContainerManager')
SwiftEmitModule normal arm64_32 Emitting\ module\ for\ NextcloudContainerManager (in target 'NextcloudContainerManager' from project 'NextcloudContainerManager')
SwiftCompile normal arm64_32 (in target 'NextcloudContainerManager' from project 'NextcloudContainerManager')
cd /Users/admin/builder/spi-builder-workspace/.swiftpm/xcode
SwiftDriverJobDiscovery normal arm64_32 Compiling ImagePullMessage.swift, NextcloudStatus.swift (in target 'NextcloudContainerManager' from project 'NextcloudContainerManager')
SwiftCompile normal arm64 Compiling\ main.swift /Users/admin/builder/spi-builder-workspace/Sources/Runner/main.swift (in target 'Runner-product' from project 'NextcloudContainerManager')
SwiftCompile normal arm64 /Users/admin/builder/spi-builder-workspace/Sources/Runner/main.swift (in target 'Runner-product' from project 'NextcloudContainerManager')
cd /Users/admin/builder/spi-builder-workspace/.swiftpm/xcode
builtin-SwiftPerFileCompile main.swift
SwiftDriverJobDiscovery normal arm64_32 Emitting module for Runner (in target 'Runner-product' from project 'NextcloudContainerManager')
SwiftDriver\ Compilation\ Requirements Runner normal arm64_32 com.apple.xcode.tools.swift.compiler (in target 'Runner-product' from project 'NextcloudContainerManager')
cd /Users/admin/builder/spi-builder-workspace/.swiftpm/xcode
builtin-Swift-Compilation-Requirements -- /Applications/Xcode-27.0.0-Release.Candidate.app/Contents/Developer/Toolchains/XcodeDefault.xctoolchain/usr/bin/swiftc -module-name Runner -Onone @/Users/admin/builder/spi-builder-workspace/.derivedData/Build/Intermediates.noindex/NextcloudContainerManager.build/Debug-watchos/Runner-p.build/Objects-normal/arm64_32/Runner.SwiftFileList -DSWIFT_PACKAGE -DDEBUG -DXcode -plugin-path /Applications/Xcode-27.0.0-Release.Candidate.app/Contents/Developer/Toolchains/XcodeDefault.xctoolchain/usr/lib/swift/host/plugins/testing -enable-experimental-feature DebugDescriptionMacro -sdk /Applications/Xcode-27.0.0-Release.Candidate.app/Contents/Developer/Platforms/WatchOS.platform/Developer/SDKs/WatchOS27.0.sdk -target arm64_32-apple-watchos9.0 -g -module-cache-path /Users/admin/builder/spi-builder-workspace/.derivedData/ModuleCache.noindex -Xfrontend -serialize-debugging-options -enable-testing -index-store-path /Users/admin/builder/spi-builder-workspace/.derivedData/Index.noindex/DataStore -Xcc -D_LIBCPP_HARDENING_MODE\=_LIBCPP_HARDENING_MODE_DEBUG -swift-version 6 -I /Users/admin/builder/spi-builder-workspace/.derivedData/Build/Products/Debug-watchos -Isystem /Applications/Xcode-27.0.0-Release.Candidate.app/Contents/Developer/Platforms/WatchOS.platform/Developer/usr/lib -F /Users/admin/builder/spi-builder-workspace/.derivedData/Build/Products/Debug-watchos/PackageFrameworks -F /Users/admin/builder/spi-builder-workspace/.derivedData/Build/Products/Debug-watchos -F /Applications/Xcode-27.0.0-Release.Candidate.app/Contents/Developer/Platforms/WatchOS.platform/Developer/Library/Frameworks -F /Applications/Xcode-27.0.0-Release.Candidate.app/Contents/Developer/Platforms/WatchOS.platform/Developer/SDKs/WatchOS27.0.sdk/Developer/Library/Frameworks -c -j10 -enable-batch-mode -incremental -Xcc -ivfsstatcache -Xcc /Users/admin/builder/spi-builder-workspace/.derivedData/SDKStatCaches.noindex/watchos27.0-24R360-e829b21a6f8c9b70876ba0858053c04477534ef55a1706bf4c1112bbb242f0a2.sdkstatcache -output-file-map /Users/admin/builder/spi-builder-workspace/.derivedData/Build/Intermediates.noindex/NextcloudContainerManager.build/Debug-watchos/Runner-p.build/Objects-normal/arm64_32/Runner-OutputFileMap.json -save-temps -no-color-diagnostics -explicit-module-build -module-cache-path /Users/admin/builder/spi-builder-workspace/.derivedData/Build/Intermediates.noindex/SwiftExplicitPrecompiledModules -clang-scanner-module-cache-path /Users/admin/builder/spi-builder-workspace/.derivedData/ModuleCache.noindex -sdk-module-cache-path /Users/admin/builder/spi-builder-workspace/.derivedData/SDKExplicitPrecompiledModules -emit-dependencies -emit-module -emit-module-path /Users/admin/builder/spi-builder-workspace/.derivedData/Build/Intermediates.noindex/NextcloudContainerManager.build/Debug-watchos/Runner-p.build/Objects-normal/arm64_32/Runner.swiftmodule -serialize-diagnostics -dependency-scan-serialize-diagnostics-path /Users/admin/builder/spi-builder-workspace/.derivedData/Build/Intermediates.noindex/NextcloudContainerManager.build/Debug-watchos/Runner-p.build/Objects-normal/arm64_32/Runner-dependency-scan.dia -validate-clang-modules-once -clang-build-session-file /Users/admin/builder/spi-builder-workspace/.derivedData/ModuleCache.noindex/Session.modulevalidation -Xcc -fmodules-prune-interval\=86400 -Xcc -fmodules-prune-after\=345600 -package-name spi_builder_workspace -emit-const-values -const-gather-protocols-list /Users/admin/builder/spi-builder-workspace/.derivedData/Build/Intermediates.noindex/NextcloudContainerManager.build/Debug-watchos/Runner-p.build/Objects-normal/arm64_32/Runner_const_extract_protocols.json -Xcc -I/Users/admin/builder/spi-builder-workspace/.derivedData/Build/Products/Debug-watchos/include -Xcc -I/Users/admin/builder/spi-builder-workspace/.derivedData/Build/Intermediates.noindex/NextcloudContainerManager.build/Debug-watchos/Runner-p.build/DerivedSources-normal/arm64_32 -Xcc -I/Users/admin/builder/spi-builder-workspace/.derivedData/Build/Intermediates.noindex/NextcloudContainerManager.build/Debug-watchos/Runner-p.build/DerivedSources/arm64_32 -Xcc -I/Users/admin/builder/spi-builder-workspace/.derivedData/Build/Intermediates.noindex/NextcloudContainerManager.build/Debug-watchos/Runner-p.build/DerivedSources -Xcc -DSWIFT_PACKAGE -Xcc -DDEBUG\=1 -working-directory /Users/admin/builder/spi-builder-workspace/.swiftpm/xcode -experimental-emit-module-separately -disable-cmo
SwiftDriverJobDiscovery normal arm64 Emitting module for Runner (in target 'Runner-product' from project 'NextcloudContainerManager')
SwiftDriver\ Compilation\ Requirements Runner normal arm64 com.apple.xcode.tools.swift.compiler (in target 'Runner-product' from project 'NextcloudContainerManager')
cd /Users/admin/builder/spi-builder-workspace/.swiftpm/xcode
builtin-Swift-Compilation-Requirements -- /Applications/Xcode-27.0.0-Release.Candidate.app/Contents/Developer/Toolchains/XcodeDefault.xctoolchain/usr/bin/swiftc -module-name Runner -Onone @/Users/admin/builder/spi-builder-workspace/.derivedData/Build/Intermediates.noindex/NextcloudContainerManager.build/Debug-watchos/Runner-p.build/Objects-normal/arm64/Runner.SwiftFileList -DSWIFT_PACKAGE -DDEBUG -DXcode -plugin-path /Applications/Xcode-27.0.0-Release.Candidate.app/Contents/Developer/Toolchains/XcodeDefault.xctoolchain/usr/lib/swift/host/plugins/testing -enable-experimental-feature DebugDescriptionMacro -sdk /Applications/Xcode-27.0.0-Release.Candidate.app/Contents/Developer/Platforms/WatchOS.platform/Developer/SDKs/WatchOS27.0.sdk -target arm64-apple-watchos9.0 -g -module-cache-path /Users/admin/builder/spi-builder-workspace/.derivedData/ModuleCache.noindex -Xfrontend -serialize-debugging-options -enable-testing -index-store-path /Users/admin/builder/spi-builder-workspace/.derivedData/Index.noindex/DataStore -Xcc -D_LIBCPP_HARDENING_MODE\=_LIBCPP_HARDENING_MODE_DEBUG -swift-version 6 -I /Users/admin/builder/spi-builder-workspace/.derivedData/Build/Products/Debug-watchos -Isystem /Applications/Xcode-27.0.0-Release.Candidate.app/Contents/Developer/Platforms/WatchOS.platform/Developer/usr/lib -F /Users/admin/builder/spi-builder-workspace/.derivedData/Build/Products/Debug-watchos/PackageFrameworks -F /Users/admin/builder/spi-builder-workspace/.derivedData/Build/Products/Debug-watchos -F /Applications/Xcode-27.0.0-Release.Candidate.app/Contents/Developer/Platforms/WatchOS.platform/Developer/Library/Frameworks -F /Applications/Xcode-27.0.0-Release.Candidate.app/Contents/Developer/Platforms/WatchOS.platform/Developer/SDKs/WatchOS27.0.sdk/Developer/Library/Frameworks -c -j10 -enable-batch-mode -incremental -Xcc -ivfsstatcache -Xcc /Users/admin/builder/spi-builder-workspace/.derivedData/SDKStatCaches.noindex/watchos27.0-24R360-e829b21a6f8c9b70876ba0858053c04477534ef55a1706bf4c1112bbb242f0a2.sdkstatcache -output-file-map /Users/admin/builder/spi-builder-workspace/.derivedData/Build/Intermediates.noindex/NextcloudContainerManager.build/Debug-watchos/Runner-p.build/Objects-normal/arm64/Runner-OutputFileMap.json -save-temps -no-color-diagnostics -explicit-module-build -module-cache-path /Users/admin/builder/spi-builder-workspace/.derivedData/Build/Intermediates.noindex/SwiftExplicitPrecompiledModules -clang-scanner-module-cache-path /Users/admin/builder/spi-builder-workspace/.derivedData/ModuleCache.noindex -sdk-module-cache-path /Users/admin/builder/spi-builder-workspace/.derivedData/SDKExplicitPrecompiledModules -emit-dependencies -emit-module -emit-module-path /Users/admin/builder/spi-builder-workspace/.derivedData/Build/Intermediates.noindex/NextcloudContainerManager.build/Debug-watchos/Runner-p.build/Objects-normal/arm64/Runner.swiftmodule -serialize-diagnostics -dependency-scan-serialize-diagnostics-path /Users/admin/builder/spi-builder-workspace/.derivedData/Build/Intermediates.noindex/NextcloudContainerManager.build/Debug-watchos/Runner-p.build/Objects-normal/arm64/Runner-dependency-scan.dia -validate-clang-modules-once -clang-build-session-file /Users/admin/builder/spi-builder-workspace/.derivedData/ModuleCache.noindex/Session.modulevalidation -Xcc -fmodules-prune-interval\=86400 -Xcc -fmodules-prune-after\=345600 -package-name spi_builder_workspace -emit-const-values -const-gather-protocols-list /Users/admin/builder/spi-builder-workspace/.derivedData/Build/Intermediates.noindex/NextcloudContainerManager.build/Debug-watchos/Runner-p.build/Objects-normal/arm64/Runner_const_extract_protocols.json -Xcc -I/Users/admin/builder/spi-builder-workspace/.derivedData/Build/Products/Debug-watchos/include -Xcc -I/Users/admin/builder/spi-builder-workspace/.derivedData/Build/Intermediates.noindex/NextcloudContainerManager.build/Debug-watchos/Runner-p.build/DerivedSources-normal/arm64 -Xcc -I/Users/admin/builder/spi-builder-workspace/.derivedData/Build/Intermediates.noindex/NextcloudContainerManager.build/Debug-watchos/Runner-p.build/DerivedSources/arm64 -Xcc -I/Users/admin/builder/spi-builder-workspace/.derivedData/Build/Intermediates.noindex/NextcloudContainerManager.build/Debug-watchos/Runner-p.build/DerivedSources -Xcc -DSWIFT_PACKAGE -Xcc -DDEBUG\=1 -working-directory /Users/admin/builder/spi-builder-workspace/.swiftpm/xcode -experimental-emit-module-separately -disable-cmo
SwiftCompile normal arm64_32 Compiling\ main.swift /Users/admin/builder/spi-builder-workspace/Sources/Runner/main.swift (in target 'Runner-product' from project 'NextcloudContainerManager')
SwiftCompile normal arm64_32 /Users/admin/builder/spi-builder-workspace/Sources/Runner/main.swift (in target 'Runner-product' from project 'NextcloudContainerManager')
cd /Users/admin/builder/spi-builder-workspace/.swiftpm/xcode
builtin-SwiftPerFileCompile main.swift
SwiftCompile normal arm64 Compiling\ findFreePort.swift,\ firstFileInTarArchive.swift /Users/admin/builder/spi-builder-workspace/Sources/NextcloudContainerManager/DockerClient/findFreePort.swift /Users/admin/builder/spi-builder-workspace/Sources/NextcloudContainerManager/DockerClient/firstFileInTarArchive.swift (in target 'NextcloudContainerManager' from project 'NextcloudContainerManager')
SwiftCompile normal arm64 /Users/admin/builder/spi-builder-workspace/Sources/NextcloudContainerManager/DockerClient/findFreePort.swift (in target 'NextcloudContainerManager' from project 'NextcloudContainerManager')
cd /Users/admin/builder/spi-builder-workspace/.swiftpm/xcode
builtin-SwiftPerFileCompile findFreePort.swift
SwiftCompile normal arm64 /Users/admin/builder/spi-builder-workspace/Sources/NextcloudContainerManager/DockerClient/firstFileInTarArchive.swift (in target 'NextcloudContainerManager' from project 'NextcloudContainerManager')
cd /Users/admin/builder/spi-builder-workspace/.swiftpm/xcode
builtin-SwiftPerFileCompile firstFileInTarArchive.swift
SwiftCompile normal arm64 Compiling\ ensureContainerNameIsFree.swift,\ ensurePortIsFree.swift /Users/admin/builder/spi-builder-workspace/Sources/NextcloudContainerManager/DockerClient/ensureContainerNameIsFree.swift /Users/admin/builder/spi-builder-workspace/Sources/NextcloudContainerManager/DockerClient/ensurePortIsFree.swift (in target 'NextcloudContainerManager' from project 'NextcloudContainerManager')
SwiftCompile normal arm64 /Users/admin/builder/spi-builder-workspace/Sources/NextcloudContainerManager/DockerClient/ensureContainerNameIsFree.swift (in target 'NextcloudContainerManager' from project 'NextcloudContainerManager')
cd /Users/admin/builder/spi-builder-workspace/.swiftpm/xcode
builtin-SwiftPerFileCompile ensureContainerNameIsFree.swift
SwiftCompile normal arm64 /Users/admin/builder/spi-builder-workspace/Sources/NextcloudContainerManager/DockerClient/ensurePortIsFree.swift (in target 'NextcloudContainerManager' from project 'NextcloudContainerManager')
cd /Users/admin/builder/spi-builder-workspace/.swiftpm/xcode
builtin-SwiftPerFileCompile ensurePortIsFree.swift
SwiftCompile normal arm64 Compiling\ NextcloudContainerManager+Suspension.swift,\ NextcloudContainerManager+UserManagement.swift /Users/admin/builder/spi-builder-workspace/Sources/NextcloudContainerManager/Manager/NextcloudContainerManager+Suspension.swift /Users/admin/builder/spi-builder-workspace/Sources/NextcloudContainerManager/Manager/NextcloudContainerManager+UserManagement.swift (in target 'NextcloudContainerManager' from project 'NextcloudContainerManager')
SwiftCompile normal arm64 /Users/admin/builder/spi-builder-workspace/Sources/NextcloudContainerManager/Manager/NextcloudContainerManager+Suspension.swift (in target 'NextcloudContainerManager' from project 'NextcloudContainerManager')
cd /Users/admin/builder/spi-builder-workspace/.swiftpm/xcode
builtin-SwiftPerFileCompile NextcloudContainerManager+Suspension.swift
SwiftCompile normal arm64 /Users/admin/builder/spi-builder-workspace/Sources/NextcloudContainerManager/Manager/NextcloudContainerManager+UserManagement.swift (in target 'NextcloudContainerManager' from project 'NextcloudContainerManager')
cd /Users/admin/builder/spi-builder-workspace/.swiftpm/xcode
builtin-SwiftPerFileCompile NextcloudContainerManager+UserManagement.swift
SwiftDriverJobDiscovery normal arm64 Compiling main.swift (in target 'Runner-product' from project 'NextcloudContainerManager')
SwiftDriver\ Compilation Runner normal arm64 com.apple.xcode.tools.swift.compiler (in target 'Runner-product' from project 'NextcloudContainerManager')
cd /Users/admin/builder/spi-builder-workspace/.swiftpm/xcode
builtin-Swift-Compilation -- /Applications/Xcode-27.0.0-Release.Candidate.app/Contents/Developer/Toolchains/XcodeDefault.xctoolchain/usr/bin/swiftc -module-name Runner -Onone @/Users/admin/builder/spi-builder-workspace/.derivedData/Build/Intermediates.noindex/NextcloudContainerManager.build/Debug-watchos/Runner-p.build/Objects-normal/arm64/Runner.SwiftFileList -DSWIFT_PACKAGE -DDEBUG -DXcode -plugin-path /Applications/Xcode-27.0.0-Release.Candidate.app/Contents/Developer/Toolchains/XcodeDefault.xctoolchain/usr/lib/swift/host/plugins/testing -enable-experimental-feature DebugDescriptionMacro -sdk /Applications/Xcode-27.0.0-Release.Candidate.app/Contents/Developer/Platforms/WatchOS.platform/Developer/SDKs/WatchOS27.0.sdk -target arm64-apple-watchos9.0 -g -module-cache-path /Users/admin/builder/spi-builder-workspace/.derivedData/ModuleCache.noindex -Xfrontend -serialize-debugging-options -enable-testing -index-store-path /Users/admin/builder/spi-builder-workspace/.derivedData/Index.noindex/DataStore -Xcc -D_LIBCPP_HARDENING_MODE\=_LIBCPP_HARDENING_MODE_DEBUG -swift-version 6 -I /Users/admin/builder/spi-builder-workspace/.derivedData/Build/Products/Debug-watchos -Isystem /Applications/Xcode-27.0.0-Release.Candidate.app/Contents/Developer/Platforms/WatchOS.platform/Developer/usr/lib -F /Users/admin/builder/spi-builder-workspace/.derivedData/Build/Products/Debug-watchos/PackageFrameworks -F /Users/admin/builder/spi-builder-workspace/.derivedData/Build/Products/Debug-watchos -F /Applications/Xcode-27.0.0-Release.Candidate.app/Contents/Developer/Platforms/WatchOS.platform/Developer/Library/Frameworks -F /Applications/Xcode-27.0.0-Release.Candidate.app/Contents/Developer/Platforms/WatchOS.platform/Developer/SDKs/WatchOS27.0.sdk/Developer/Library/Frameworks -c -j10 -enable-batch-mode -incremental -Xcc -ivfsstatcache -Xcc /Users/admin/builder/spi-builder-workspace/.derivedData/SDKStatCaches.noindex/watchos27.0-24R360-e829b21a6f8c9b70876ba0858053c04477534ef55a1706bf4c1112bbb242f0a2.sdkstatcache -output-file-map /Users/admin/builder/spi-builder-workspace/.derivedData/Build/Intermediates.noindex/NextcloudContainerManager.build/Debug-watchos/Runner-p.build/Objects-normal/arm64/Runner-OutputFileMap.json -save-temps -no-color-diagnostics -explicit-module-build -module-cache-path /Users/admin/builder/spi-builder-workspace/.derivedData/Build/Intermediates.noindex/SwiftExplicitPrecompiledModules -clang-scanner-module-cache-path /Users/admin/builder/spi-builder-workspace/.derivedData/ModuleCache.noindex -sdk-module-cache-path /Users/admin/builder/spi-builder-workspace/.derivedData/SDKExplicitPrecompiledModules -emit-dependencies -emit-module -emit-module-path /Users/admin/builder/spi-builder-workspace/.derivedData/Build/Intermediates.noindex/NextcloudContainerManager.build/Debug-watchos/Runner-p.build/Objects-normal/arm64/Runner.swiftmodule -serialize-diagnostics -dependency-scan-serialize-diagnostics-path /Users/admin/builder/spi-builder-workspace/.derivedData/Build/Intermediates.noindex/NextcloudContainerManager.build/Debug-watchos/Runner-p.build/Objects-normal/arm64/Runner-dependency-scan.dia -validate-clang-modules-once -clang-build-session-file /Users/admin/builder/spi-builder-workspace/.derivedData/ModuleCache.noindex/Session.modulevalidation -Xcc -fmodules-prune-interval\=86400 -Xcc -fmodules-prune-after\=345600 -package-name spi_builder_workspace -emit-const-values -const-gather-protocols-list /Users/admin/builder/spi-builder-workspace/.derivedData/Build/Intermediates.noindex/NextcloudContainerManager.build/Debug-watchos/Runner-p.build/Objects-normal/arm64/Runner_const_extract_protocols.json -Xcc -I/Users/admin/builder/spi-builder-workspace/.derivedData/Build/Products/Debug-watchos/include -Xcc -I/Users/admin/builder/spi-builder-workspace/.derivedData/Build/Intermediates.noindex/NextcloudContainerManager.build/Debug-watchos/Runner-p.build/DerivedSources-normal/arm64 -Xcc -I/Users/admin/builder/spi-builder-workspace/.derivedData/Build/Intermediates.noindex/NextcloudContainerManager.build/Debug-watchos/Runner-p.build/DerivedSources/arm64 -Xcc -I/Users/admin/builder/spi-builder-workspace/.derivedData/Build/Intermediates.noindex/NextcloudContainerManager.build/Debug-watchos/Runner-p.build/DerivedSources -Xcc -DSWIFT_PACKAGE -Xcc -DDEBUG\=1 -working-directory /Users/admin/builder/spi-builder-workspace/.swiftpm/xcode -experimental-emit-module-separately -disable-cmo
SwiftDriverJobDiscovery normal arm64 Compiling findFreePort.swift, firstFileInTarArchive.swift (in target 'NextcloudContainerManager' from project 'NextcloudContainerManager')
SwiftCompile normal arm64 Compiling\ validateContainerName.swift,\ NextcloudContainerManager+AppManagement.swift /Users/admin/builder/spi-builder-workspace/Sources/NextcloudContainerManager/DockerClient/validateContainerName.swift /Users/admin/builder/spi-builder-workspace/Sources/NextcloudContainerManager/Manager/NextcloudContainerManager+AppManagement.swift (in target 'NextcloudContainerManager' from project 'NextcloudContainerManager')
SwiftCompile normal arm64 /Users/admin/builder/spi-builder-workspace/Sources/NextcloudContainerManager/DockerClient/validateContainerName.swift (in target 'NextcloudContainerManager' from project 'NextcloudContainerManager')
cd /Users/admin/builder/spi-builder-workspace/.swiftpm/xcode
builtin-SwiftPerFileCompile validateContainerName.swift
SwiftCompile normal arm64 /Users/admin/builder/spi-builder-workspace/Sources/NextcloudContainerManager/Manager/NextcloudContainerManager+AppManagement.swift (in target 'NextcloudContainerManager' from project 'NextcloudContainerManager')
cd /Users/admin/builder/spi-builder-workspace/.swiftpm/xcode
builtin-SwiftPerFileCompile NextcloudContainerManager+AppManagement.swift
SwiftCompile normal arm64 Compiling\ CreateContainerRequest.swift,\ CreateExecRequest.swift /Users/admin/builder/spi-builder-workspace/Sources/NextcloudContainerManager/Requests/CreateContainerRequest.swift /Users/admin/builder/spi-builder-workspace/Sources/NextcloudContainerManager/Requests/CreateExecRequest.swift (in target 'NextcloudContainerManager' from project 'NextcloudContainerManager')
SwiftCompile normal arm64 /Users/admin/builder/spi-builder-workspace/Sources/NextcloudContainerManager/Requests/CreateContainerRequest.swift (in target 'NextcloudContainerManager' from project 'NextcloudContainerManager')
cd /Users/admin/builder/spi-builder-workspace/.swiftpm/xcode
builtin-SwiftPerFileCompile CreateContainerRequest.swift
SwiftCompile normal arm64 /Users/admin/builder/spi-builder-workspace/Sources/NextcloudContainerManager/Requests/CreateExecRequest.swift (in target 'NextcloudContainerManager' from project 'NextcloudContainerManager')
cd /Users/admin/builder/spi-builder-workspace/.swiftpm/xcode
builtin-SwiftPerFileCompile CreateExecRequest.swift
SwiftDriverJobDiscovery normal arm64 Compiling ensureContainerNameIsFree.swift, ensurePortIsFree.swift (in target 'NextcloudContainerManager' from project 'NextcloudContainerManager')
SwiftCompile normal arm64 Compiling\ NextcloudContainerManager+CommandExecution.swift,\ NextcloudContainerManager+HighPerformanceBackend.swift /Users/admin/builder/spi-builder-workspace/Sources/NextcloudContainerManager/Manager/NextcloudContainerManager+CommandExecution.swift /Users/admin/builder/spi-builder-workspace/Sources/NextcloudContainerManager/Manager/NextcloudContainerManager+HighPerformanceBackend.swift (in target 'NextcloudContainerManager' from project 'NextcloudContainerManager')
SwiftCompile normal arm64 /Users/admin/builder/spi-builder-workspace/Sources/NextcloudContainerManager/Manager/NextcloudContainerManager+CommandExecution.swift (in target 'NextcloudContainerManager' from project 'NextcloudContainerManager')
cd /Users/admin/builder/spi-builder-workspace/.swiftpm/xcode
builtin-SwiftPerFileCompile NextcloudContainerManager+CommandExecution.swift
SwiftCompile normal arm64 /Users/admin/builder/spi-builder-workspace/Sources/NextcloudContainerManager/Manager/NextcloudContainerManager+HighPerformanceBackend.swift (in target 'NextcloudContainerManager' from project 'NextcloudContainerManager')
cd /Users/admin/builder/spi-builder-workspace/.swiftpm/xcode
builtin-SwiftPerFileCompile NextcloudContainerManager+HighPerformanceBackend.swift
SwiftDriverJobDiscovery normal arm64 Compiling NextcloudContainerManager+Suspension.swift, NextcloudContainerManager+UserManagement.swift (in target 'NextcloudContainerManager' from project 'NextcloudContainerManager')
SwiftCompile normal arm64 Compiling\ NextcloudContainerManager+Logs.swift,\ NextcloudContainerManager+Provisioning.swift /Users/admin/builder/spi-builder-workspace/Sources/NextcloudContainerManager/Manager/NextcloudContainerManager+Logs.swift /Users/admin/builder/spi-builder-workspace/Sources/NextcloudContainerManager/Manager/NextcloudContainerManager+Provisioning.swift (in target 'NextcloudContainerManager' from project 'NextcloudContainerManager')
SwiftCompile normal arm64 /Users/admin/builder/spi-builder-workspace/Sources/NextcloudContainerManager/Manager/NextcloudContainerManager+Logs.swift (in target 'NextcloudContainerManager' from project 'NextcloudContainerManager')
cd /Users/admin/builder/spi-builder-workspace/.swiftpm/xcode
builtin-SwiftPerFileCompile NextcloudContainerManager+Logs.swift
SwiftCompile normal arm64 /Users/admin/builder/spi-builder-workspace/Sources/NextcloudContainerManager/Manager/NextcloudContainerManager+Provisioning.swift (in target 'NextcloudContainerManager' from project 'NextcloudContainerManager')
cd /Users/admin/builder/spi-builder-workspace/.swiftpm/xcode
builtin-SwiftPerFileCompile NextcloudContainerManager+Provisioning.swift
SwiftDriverJobDiscovery normal arm64 Compiling validateContainerName.swift, NextcloudContainerManager+AppManagement.swift (in target 'NextcloudContainerManager' from project 'NextcloudContainerManager')
SwiftCompile normal arm64_32 Compiling\ NextcloudContainerManagerError.swift,\ CreateContainerRequest.swift /Users/admin/builder/spi-builder-workspace/Sources/NextcloudContainerManager/PublicTypes/NextcloudContainerManagerError.swift /Users/admin/builder/spi-builder-workspace/Sources/NextcloudContainerManager/Requests/CreateContainerRequest.swift (in target 'NextcloudContainerManager' from project 'NextcloudContainerManager')
SwiftCompile normal arm64_32 /Users/admin/builder/spi-builder-workspace/Sources/NextcloudContainerManager/PublicTypes/NextcloudContainerManagerError.swift (in target 'NextcloudContainerManager' from project 'NextcloudContainerManager')
cd /Users/admin/builder/spi-builder-workspace/.swiftpm/xcode
builtin-SwiftPerFileCompile NextcloudContainerManagerError.swift
SwiftCompile normal arm64_32 /Users/admin/builder/spi-builder-workspace/Sources/NextcloudContainerManager/Requests/CreateContainerRequest.swift (in target 'NextcloudContainerManager' from project 'NextcloudContainerManager')
cd /Users/admin/builder/spi-builder-workspace/.swiftpm/xcode
builtin-SwiftPerFileCompile CreateContainerRequest.swift
SwiftDriverJobDiscovery normal arm64_32 Compiling containerName.swift, demultiplexDockerStream.swift, ensureContainerNameIsFree.swift (in target 'NextcloudContainerManager' from project 'NextcloudContainerManager')
SwiftCompile normal arm64_32 Compiling\ CreateExecRequest.swift,\ ExecInspectResponse.swift /Users/admin/builder/spi-builder-workspace/Sources/NextcloudContainerManager/Requests/CreateExecRequest.swift /Users/admin/builder/spi-builder-workspace/Sources/NextcloudContainerManager/Responses/ExecInspectResponse.swift (in target 'NextcloudContainerManager' from project 'NextcloudContainerManager')
SwiftCompile normal arm64_32 /Users/admin/builder/spi-builder-workspace/Sources/NextcloudContainerManager/Requests/CreateExecRequest.swift (in target 'NextcloudContainerManager' from project 'NextcloudContainerManager')
cd /Users/admin/builder/spi-builder-workspace/.swiftpm/xcode
builtin-SwiftPerFileCompile CreateExecRequest.swift
SwiftCompile normal arm64_32 /Users/admin/builder/spi-builder-workspace/Sources/NextcloudContainerManager/Responses/ExecInspectResponse.swift (in target 'NextcloudContainerManager' from project 'NextcloudContainerManager')
cd /Users/admin/builder/spi-builder-workspace/.swiftpm/xcode
builtin-SwiftPerFileCompile ExecInspectResponse.swift
SwiftDriverJobDiscovery normal arm64_32 Compiling validateContainerName.swift, NextcloudContainerManager+AppManagement.swift, NextcloudContainerManager+CommandExecution.swift (in target 'NextcloudContainerManager' from project 'NextcloudContainerManager')
SwiftCompile normal arm64 Compiling\ CancellableSocket.swift,\ DockerEngineClient.swift,\ EngineResponse.swift /Users/admin/builder/spi-builder-workspace/Sources/NextcloudContainerManager/DockerClient/CancellableSocket.swift /Users/admin/builder/spi-builder-workspace/Sources/NextcloudContainerManager/DockerClient/DockerEngineClient.swift /Users/admin/builder/spi-builder-workspace/Sources/NextcloudContainerManager/DockerClient/EngineResponse.swift (in target 'NextcloudContainerManager' from project 'NextcloudContainerManager')
SwiftCompile normal arm64 /Users/admin/builder/spi-builder-workspace/Sources/NextcloudContainerManager/DockerClient/CancellableSocket.swift (in target 'NextcloudContainerManager' from project 'NextcloudContainerManager')
cd /Users/admin/builder/spi-builder-workspace/.swiftpm/xcode
builtin-SwiftPerFileCompile CancellableSocket.swift
SwiftCompile normal arm64 /Users/admin/builder/spi-builder-workspace/Sources/NextcloudContainerManager/DockerClient/DockerEngineClient.swift (in target 'NextcloudContainerManager' from project 'NextcloudContainerManager')
cd /Users/admin/builder/spi-builder-workspace/.swiftpm/xcode
builtin-SwiftPerFileCompile DockerEngineClient.swift
SwiftCompile normal arm64 /Users/admin/builder/spi-builder-workspace/Sources/NextcloudContainerManager/DockerClient/EngineResponse.swift (in target 'NextcloudContainerManager' from project 'NextcloudContainerManager')
cd /Users/admin/builder/spi-builder-workspace/.swiftpm/xcode
builtin-SwiftPerFileCompile EngineResponse.swift
PruneExplicitPrecompiledModules /Users/admin/builder/spi-builder-workspace/.derivedData/Build/Intermediates.noindex/ExplicitPrecompiledModules
PruneExplicitPrecompiledModules /Users/admin/builder/spi-builder-workspace/.derivedData/SDKExplicitPrecompiledModules
PruneExplicitPrecompiledModules /Users/admin/builder/spi-builder-workspace/.derivedData/Build/Intermediates.noindex/SwiftExplicitPrecompiledModules
2026-09-25 22:16:27.710 xcodebuild[850:5193] [MT] IDERunDestination: Supported platforms for the buildables in the current scheme is empty.
** BUILD FAILED **
The following build commands failed:
SwiftCompile normal arm64_32 Compiling\ NextcloudContainerManager+Suspension.swift,\ NextcloudContainerManager+UserManagement.swift,\ NextcloudContainerManager.swift /Users/admin/builder/spi-builder-workspace/Sources/NextcloudContainerManager/Manager/NextcloudContainerManager+Suspension.swift /Users/admin/builder/spi-builder-workspace/Sources/NextcloudContainerManager/Manager/NextcloudContainerManager+UserManagement.swift /Users/admin/builder/spi-builder-workspace/Sources/NextcloudContainerManager/Manager/NextcloudContainerManager.swift (in target 'NextcloudContainerManager' from project 'NextcloudContainerManager')
SwiftCompile normal arm64_32 /Users/admin/builder/spi-builder-workspace/Sources/NextcloudContainerManager/Manager/NextcloudContainerManager.swift (in target 'NextcloudContainerManager' from project 'NextcloudContainerManager')
Building workspace NextcloudContainerManager with scheme NextcloudContainerManager-Package
(3 failures)
BUILD FAILURE 6.4 watchOS