The Swift Package Index logo.Swift Package Index

Build Information

Failed to build Customerly, reference 1.3.0 (ca01cd), with Swift 6.1 for Wasm on 29 Sep 2026 02:48:55 UTC.

Build Command

bash -c docker run --pull=always --rm -v "checkouts-54344843-1":/host -w "$PWD" -e JAVA_HOME="/root/.sdkman/candidates/java/current" -e SPI_BUILD="1" -e SPI_PROCESSING="1" registry.gitlab.com/saguaro1/spi-images:wasm-6.1-latest swift build --swift-sdk wasm32-unknown-wasi 2>&1

Build Log

========================================
RunAll
========================================
Builder version: 5.1.0
Interrupt handler set up.
========================================
Checkout
========================================
Clone URL: https://github.com/Customerly/CustomerlyiOSSDK.git
Reference: 1.3.0
Initialized empty Git repository in /host/spi-builder-workspace/.git/
hint: Using 'master' as the name for the initial branch. This default branch name
hint: is subject to change. To configure the initial branch name to use in all
hint: of your new repositories, which will suppress this warning, call:
hint:
hint: 	git config --global init.defaultBranch <name>
hint:
hint: Names commonly chosen instead of 'master' are 'main', 'trunk' and
hint: 'development'. The just-created branch can be renamed via this command:
hint:
hint: 	git branch -m <name>
From https://github.com/Customerly/CustomerlyiOSSDK
 * tag               1.3.0      -> FETCH_HEAD
HEAD is now at ca01cdd chore: bump version to 1.3.0
Cloned https://github.com/Customerly/CustomerlyiOSSDK.git
Revision (git rev-parse @):
ca01cdd8c6dd0c97e7c876a4d3a178f6aad59b5f
SUCCESS checkout https://github.com/Customerly/CustomerlyiOSSDK.git at 1.3.0
========================================
Build
========================================
Selected platform:         wasm
Swift version:             6.1
Building package at path:  $PWD
https://github.com/Customerly/CustomerlyiOSSDK.git
https://github.com/Customerly/CustomerlyiOSSDK.git
WARNING: environment variable SUPPRESS_SWIFT_6_FLAGS is not set
Running build ...
bash -c docker run --pull=always --rm -v "checkouts-54344843-1":/host -w "$PWD" -e JAVA_HOME="/root/.sdkman/candidates/java/current" -e SPI_BUILD="1" -e SPI_PROCESSING="1" registry.gitlab.com/saguaro1/spi-images:wasm-6.1-latest swift build --swift-sdk wasm32-unknown-wasi -Xswiftc -Xfrontend -Xswiftc -stats-output-dir -Xswiftc -Xfrontend -Xswiftc .stats -Xswiftc -strict-concurrency=complete -Xswiftc -enable-upcoming-feature -Xswiftc StrictConcurrency -Xswiftc -enable-upcoming-feature -Xswiftc DisableOutwardActorInference -Xswiftc -enable-upcoming-feature -Xswiftc GlobalActorIsolatedTypesUsability -Xswiftc -enable-upcoming-feature -Xswiftc InferSendableFromCaptures 2>&1
wasm-6.1-latest: Pulling from saguaro1/spi-images
Digest: sha256:beceeede496da67681f4fa220a6b97cc098a0178841a413735f598dc6bbaf4c8
Status: Image is up to date for registry.gitlab.com/saguaro1/spi-images:wasm-6.1-latest
Building for debugging...
[0/3] Write sources
[0/3] Copying PrivacyInfo.xcprivacy
[2/3] Write swift-version-24593BA9C3E375BF.txt
[4/17] Compiling CustomerlySDK HelpCenterArticle.swift
/host/spi-builder-workspace/CustomerlySDK/Customerly.swift:1:8: error: no such module 'UIKit'
   1 | import UIKit
     |        `- error: no such module 'UIKit'
   2 | @preconcurrency import WebKit
   3 | import UserNotifications
[5/17] Compiling CustomerlySDK MessengerLoadFailure.swift
/host/spi-builder-workspace/CustomerlySDK/Customerly.swift:1:8: error: no such module 'UIKit'
   1 | import UIKit
     |        `- error: no such module 'UIKit'
   2 | @preconcurrency import WebKit
   3 | import UserNotifications
[6/18] Compiling CustomerlySDK KeyboardLayout.swift
/host/spi-builder-workspace/CustomerlySDK/Customerly.swift:1:8: error: no such module 'UIKit'
   1 | import UIKit
     |        `- error: no such module 'UIKit'
   2 | @preconcurrency import WebKit
   3 | import UserNotifications
[7/18] Compiling CustomerlySDK Account.swift
/host/spi-builder-workspace/CustomerlySDK/Customerly.swift:1:8: error: no such module 'UIKit'
   1 | import UIKit
     |        `- error: no such module 'UIKit'
   2 | @preconcurrency import WebKit
   3 | import UserNotifications
[8/18] Compiling CustomerlySDK CustomerlyView.swift
/host/spi-builder-workspace/CustomerlySDK/Customerly.swift:1:8: error: no such module 'UIKit'
   1 | import UIKit
     |        `- error: no such module 'UIKit'
   2 | @preconcurrency import WebKit
   3 | import UserNotifications
[9/18] Compiling CustomerlySDK JSValue.swift
/host/spi-builder-workspace/CustomerlySDK/Customerly.swift:1:8: error: no such module 'UIKit'
   1 | import UIKit
     |        `- error: no such module 'UIKit'
   2 | @preconcurrency import WebKit
   3 | import UserNotifications
[10/18] Compiling CustomerlySDK AttachmentPayload.swift
/host/spi-builder-workspace/CustomerlySDK/Customerly.swift:1:8: error: no such module 'UIKit'
   1 | import UIKit
     |        `- error: no such module 'UIKit'
   2 | @preconcurrency import WebKit
   3 | import UserNotifications
[11/18] Compiling CustomerlySDK CustomerlySettings.swift
/host/spi-builder-workspace/CustomerlySDK/Customerly.swift:1:8: error: no such module 'UIKit'
   1 | import UIKit
     |        `- error: no such module 'UIKit'
   2 | @preconcurrency import WebKit
   3 | import UserNotifications
error: emit-module command failed with exit code 1 (use -v to see invocation)
[12/18] Emitting module CustomerlySDK
/host/spi-builder-workspace/CustomerlySDK/Customerly.swift:1:8: error: no such module 'UIKit'
   1 | import UIKit
     |        `- error: no such module 'UIKit'
   2 | @preconcurrency import WebKit
   3 | import UserNotifications
[13/18] Compiling CustomerlySDK UnreadMessage.swift
/host/spi-builder-workspace/CustomerlySDK/Customerly.swift:1:8: error: no such module 'UIKit'
   1 | import UIKit
     |        `- error: no such module 'UIKit'
   2 | @preconcurrency import WebKit
   3 | import UserNotifications
[14/18] Compiling CustomerlySDK Customerly.swift
/host/spi-builder-workspace/CustomerlySDK/Customerly.swift:1:8: error: no such module 'UIKit'
   1 | import UIKit
     |        `- error: no such module 'UIKit'
   2 | @preconcurrency import WebKit
   3 | import UserNotifications
[15/18] Compiling CustomerlySDK CustomerlyCallback.swift
/host/spi-builder-workspace/CustomerlySDK/Customerly.swift:1:8: error: no such module 'UIKit'
   1 | import UIKit
     |        `- error: no such module 'UIKit'
   2 | @preconcurrency import WebKit
   3 | import UserNotifications
[16/18] Compiling CustomerlySDK RealtimeCall.swift
/host/spi-builder-workspace/CustomerlySDK/Customerly.swift:1:8: error: no such module 'UIKit'
   1 | import UIKit
     |        `- error: no such module 'UIKit'
   2 | @preconcurrency import WebKit
   3 | import UserNotifications
[17/18] Compiling CustomerlySDK Survey.swift
/host/spi-builder-workspace/CustomerlySDK/Customerly.swift:1:8: error: no such module 'UIKit'
   1 | import UIKit
     |        `- error: no such module 'UIKit'
   2 | @preconcurrency import WebKit
   3 | import UserNotifications
[18/18] Compiling CustomerlySDK resource_bundle_accessor.swift
/host/spi-builder-workspace/CustomerlySDK/Customerly.swift:1:8: error: no such module 'UIKit'
   1 | import UIKit
     |        `- error: no such module 'UIKit'
   2 | @preconcurrency import WebKit
   3 | import UserNotifications
Running build ...
bash -c docker run --pull=always --rm -v "checkouts-54344843-1":/host -w "$PWD" -e JAVA_HOME="/root/.sdkman/candidates/java/current" -e SPI_BUILD="1" -e SPI_PROCESSING="1" registry.gitlab.com/saguaro1/spi-images:wasm-6.1-latest swift build --swift-sdk wasm32-unknown-wasi 2>&1
wasm-6.1-latest: Pulling from saguaro1/spi-images
Digest: sha256:beceeede496da67681f4fa220a6b97cc098a0178841a413735f598dc6bbaf4c8
Status: Image is up to date for registry.gitlab.com/saguaro1/spi-images:wasm-6.1-latest
[0/1] Planning build
Building for debugging...
[0/1] Write swift-version-24593BA9C3E375BF.txt
[2/15] Compiling CustomerlySDK UnreadMessage.swift
/host/spi-builder-workspace/CustomerlySDK/Customerly.swift:1:8: error: no such module 'UIKit'
   1 | import UIKit
     |        `- error: no such module 'UIKit'
   2 | @preconcurrency import WebKit
   3 | import UserNotifications
[3/16] Compiling CustomerlySDK HelpCenterArticle.swift
/host/spi-builder-workspace/CustomerlySDK/Customerly.swift:1:8: error: no such module 'UIKit'
   1 | import UIKit
     |        `- error: no such module 'UIKit'
   2 | @preconcurrency import WebKit
   3 | import UserNotifications
[4/16] Compiling CustomerlySDK MessengerLoadFailure.swift
/host/spi-builder-workspace/CustomerlySDK/Customerly.swift:1:8: error: no such module 'UIKit'
   1 | import UIKit
     |        `- error: no such module 'UIKit'
   2 | @preconcurrency import WebKit
   3 | import UserNotifications
[5/16] Compiling CustomerlySDK RealtimeCall.swift
/host/spi-builder-workspace/CustomerlySDK/Customerly.swift:1:8: error: no such module 'UIKit'
   1 | import UIKit
     |        `- error: no such module 'UIKit'
   2 | @preconcurrency import WebKit
   3 | import UserNotifications
[6/16] Compiling CustomerlySDK Survey.swift
/host/spi-builder-workspace/CustomerlySDK/Customerly.swift:1:8: error: no such module 'UIKit'
   1 | import UIKit
     |        `- error: no such module 'UIKit'
   2 | @preconcurrency import WebKit
   3 | import UserNotifications
[7/16] Compiling CustomerlySDK resource_bundle_accessor.swift
/host/spi-builder-workspace/CustomerlySDK/Customerly.swift:1:8: error: no such module 'UIKit'
   1 | import UIKit
     |        `- error: no such module 'UIKit'
   2 | @preconcurrency import WebKit
   3 | import UserNotifications
error: emit-module command failed with exit code 1 (use -v to see invocation)
[8/16] Emitting module CustomerlySDK
/host/spi-builder-workspace/CustomerlySDK/Customerly.swift:1:8: error: no such module 'UIKit'
   1 | import UIKit
     |        `- error: no such module 'UIKit'
   2 | @preconcurrency import WebKit
   3 | import UserNotifications
[9/16] Compiling CustomerlySDK AttachmentPayload.swift
/host/spi-builder-workspace/CustomerlySDK/Customerly.swift:1:8: error: no such module 'UIKit'
   1 | import UIKit
     |        `- error: no such module 'UIKit'
   2 | @preconcurrency import WebKit
   3 | import UserNotifications
[10/16] Compiling CustomerlySDK CustomerlySettings.swift
/host/spi-builder-workspace/CustomerlySDK/Customerly.swift:1:8: error: no such module 'UIKit'
   1 | import UIKit
     |        `- error: no such module 'UIKit'
   2 | @preconcurrency import WebKit
   3 | import UserNotifications
[11/16] Compiling CustomerlySDK KeyboardLayout.swift
/host/spi-builder-workspace/CustomerlySDK/Customerly.swift:1:8: error: no such module 'UIKit'
   1 | import UIKit
     |        `- error: no such module 'UIKit'
   2 | @preconcurrency import WebKit
   3 | import UserNotifications
[12/16] Compiling CustomerlySDK Account.swift
/host/spi-builder-workspace/CustomerlySDK/Customerly.swift:1:8: error: no such module 'UIKit'
   1 | import UIKit
     |        `- error: no such module 'UIKit'
   2 | @preconcurrency import WebKit
   3 | import UserNotifications
[13/16] Compiling CustomerlySDK Customerly.swift
/host/spi-builder-workspace/CustomerlySDK/Customerly.swift:1:8: error: no such module 'UIKit'
   1 | import UIKit
     |        `- error: no such module 'UIKit'
   2 | @preconcurrency import WebKit
   3 | import UserNotifications
[14/16] Compiling CustomerlySDK CustomerlyCallback.swift
/host/spi-builder-workspace/CustomerlySDK/Customerly.swift:1:8: error: no such module 'UIKit'
   1 | import UIKit
     |        `- error: no such module 'UIKit'
   2 | @preconcurrency import WebKit
   3 | import UserNotifications
[15/16] Compiling CustomerlySDK CustomerlyView.swift
/host/spi-builder-workspace/CustomerlySDK/Customerly.swift:1:8: error: no such module 'UIKit'
   1 | import UIKit
     |        `- error: no such module 'UIKit'
   2 | @preconcurrency import WebKit
   3 | import UserNotifications
[16/16] Compiling CustomerlySDK JSValue.swift
/host/spi-builder-workspace/CustomerlySDK/Customerly.swift:1:8: error: no such module 'UIKit'
   1 | import UIKit
     |        `- error: no such module 'UIKit'
   2 | @preconcurrency import WebKit
   3 | import UserNotifications
BUILD FAILURE 6.1 wasm