Build Information
Failed to build Validator, reference master (68f534), with Swift 6.4 for macOS (Xcode) using Xcode 27.0 on 17 Sep 2026 00:34:47 UTC.
Build Command
env DEVELOPER_DIR=/Applications/Xcode-27.0.0-Release.Candidate.app xcrun xcodebuild -IDEClonedSourcePackagesDirPathOverride=$PWD/.dependencies -skipMacroValidation -skipPackagePluginValidation -derivedDataPath $PWD/.derivedData build -scheme Validator -destination platform=macOS,arch=arm64Build Log
========================================
RunAll
========================================
Builder version: 5.1.0
Interrupt handler set up.
========================================
Checkout
========================================
Clone URL: https://github.com/Maxvit5/Validator.git
Reference: master
Initialized empty Git repository in /Users/admin/builder/spi-builder-workspace/.git/
From https://github.com/Maxvit5/Validator
* branch master -> FETCH_HEAD
* [new branch] master -> origin/master
HEAD is now at 68f5343 Update ValidatableInterfaceElement.swift
Cloned https://github.com/Maxvit5/Validator.git
Revision (git rev-parse @):
68f534344744fa0a0c87ff4dc1687b5b4db71fa3
SUCCESS checkout https://github.com/Maxvit5/Validator.git at master
========================================
Build
========================================
Selected platform: macosXcodebuild
Swift version: 6.4
Building package at path: $PWD
https://github.com/Maxvit5/Validator.git
Command line invocation:
/Applications/Xcode-27.0.0-Release.Candidate.app/Contents/Developer/usr/bin/xcodebuild -IDEClonedSourcePackagesDirPathOverride=/Users/admin/builder/spi-builder-workspace/.dependencies -resolvePackageDependencies
resolved source packages:
{
"dependencies" : [
],
"manifest_display_name" : "Validator",
"name" : "Validator",
"path" : "/Users/admin/builder/spi-builder-workspace",
"platforms" : [
{
"name" : "macos",
"version" : "10.13"
},
{
"name" : "ios",
"version" : "11.0"
},
{
"name" : "tvos",
"version" : "11.0"
}
],
"products" : [
{
"name" : "Validator",
"targets" : [
"Validator"
],
"type" : {
"library" : [
"automatic"
]
}
}
],
"targets" : [
{
"c99name" : "ValidatorTests",
"module_type" : "SwiftTarget",
"name" : "ValidatorTests",
"path" : "Validator/ValidatorTests",
"sources" : [
"Rules/ValidationRuleComparisonTests.swift",
"Rules/ValidationRuleConditionTests.swift",
"Rules/ValidationRuleContainsTests.swift",
"Rules/ValidationRuleEqualityTests.swift",
"Rules/ValidationRuleLengthTests.swift",
"Rules/ValidationRulePatternTests.swift",
"Rules/ValidationRulePaymentCardTests.swift",
"Rules/ValidationRuleRequiredTests.swift",
"Rules/ValidationRuleURLTests.swift",
"Supporting Files/TestHelpers.swift",
"UIKit+Validator/UISlider+ValidatorTests.swift",
"UIKit+Validator/UITextField+ValidatorTests.swift",
"Validator/ValidatableTests.swift",
"Validator/ValidationResultTests.swift",
"Validator/ValidatorTests.swift"
],
"target_dependencies" : [
"Validator"
],
"type" : "test"
},
{
"c99name" : "Validator",
"module_type" : "SwiftTarget",
"name" : "Validator",
"path" : "Validator/Sources",
"product_memberships" : [
"Validator"
],
"sources" : [
"Patterns/CaseValidationPattern.swift",
"Patterns/ContainsNumberValidationPattern.swift",
"Patterns/EmailValidationPattern.swift",
"Patterns/ValidationPattern.swift",
"Rules/ValidationRule.swift",
"Rules/ValidationRuleComparison.swift",
"Rules/ValidationRuleCondition.swift",
"Rules/ValidationRuleContains.swift",
"Rules/ValidationRuleEquality.swift",
"Rules/ValidationRuleLength.swift",
"Rules/ValidationRulePattern.swift",
"Rules/ValidationRulePaymentCard.swift",
"Rules/ValidationRuleRequired.swift",
"Rules/ValidationRuleSet.swift",
"Rules/ValidationRuleURL.swift",
"UIKit+Validator/UISlider+Validator.swift",
"UIKit+Validator/UITextField+Validator.swift",
"UIKit+Validator/UITextView+Validator.swift",
"UIKit+Validator/ValidatableInterfaceElement.swift",
"Validatable.swift",
"ValidationError.swift",
"ValidationResult.swift",
"Validator.swift"
],
"type" : "library"
}
],
"tools_version" : "5.1"
}
{
"workspace" : {
"name" : "Validator",
"schemes" : [
"Example",
"Validator",
"Validator tvOS"
]
}
}
{
"workspace" : {
"name" : "Validator",
"schemes" : [
"Validator"
]
}
}
2026-09-16 20:34:38.226 xcodebuild[616:3827] [MT] IDERunDestination: Supported platforms for the buildables in the current scheme is empty.
Running build ...
env DEVELOPER_DIR=/Applications/Xcode-27.0.0-Release.Candidate.app xcrun xcodebuild -IDEClonedSourcePackagesDirPathOverride=$PWD/.dependencies -skipMacroValidation -skipPackagePluginValidation -derivedDataPath $PWD/.derivedData build -scheme Validator -destination platform=macOS,arch=arm64
Command line invocation:
/Applications/Xcode-27.0.0-Release.Candidate.app/Contents/Developer/usr/bin/xcodebuild -IDEClonedSourcePackagesDirPathOverride=/Users/admin/builder/spi-builder-workspace/.dependencies -skipMacroValidation -skipPackagePluginValidation -derivedDataPath /Users/admin/builder/spi-builder-workspace/.derivedData build -scheme Validator -destination platform=macOS,arch=arm64
Resolve Package Graph
Resolved source packages:
Validator: /Users/admin/builder/spi-builder-workspace
ComputePackagePrebuildTargetDependencyGraph
Prepare packages
CreateBuildRequest
SendProjectDescription
CreateBuildOperation
ComputeTargetDependencyGraph
note: Building targets in dependency order
note: Target dependency graph (2 targets)
Target 'Validator-product' in project 'Validator'
➜ Explicit dependency on target 'Validator' in project 'Validator'
Target 'Validator' in project 'Validator' (no dependencies)
GatherProvisioningInputs
CreateBuildDescription
ExecuteExternalTool /Applications/Xcode-27.0.0-Release.Candidate.app/Contents/Developer/Toolchains/XcodeDefault.xctoolchain/usr/bin/clang -v -E -dM -isysroot /Applications/Xcode-27.0.0-Release.Candidate.app/Contents/Developer/Platforms/MacOSX.platform/Developer/SDKs/MacOSX27.0.sdk -x c -c /dev/null
ExecuteExternalTool /Applications/Xcode-27.0.0-Release.Candidate.app/Contents/Developer/Toolchains/XcodeDefault.xctoolchain/usr/bin/swiftc --version
ExecuteExternalTool /Applications/Xcode-27.0.0-Release.Candidate.app/Contents/Developer/Toolchains/XcodeDefault.xctoolchain/usr/bin/ld -version_details
Build description signature: 8fa123d77dd6dfd4e73117e5dfa42d61
Build description path: /Users/admin/builder/spi-builder-workspace/.derivedData/Build/Intermediates.noindex/XCBuildData/8fa123d77dd6dfd4e73117e5dfa42d61.xcbuilddata
CreateBuildDirectory /Users/admin/builder/spi-builder-workspace/.derivedData/CompilationCache.noindex
cd /Users/admin/builder/spi-builder-workspace/.swiftpm/xcode
builtin-create-build-directory /Users/admin/builder/spi-builder-workspace/.derivedData/CompilationCache.noindex
CreateBuildDirectory /Users/admin/builder/spi-builder-workspace/.derivedData/ModuleCache.noindex
cd /Users/admin/builder/spi-builder-workspace/.swiftpm/xcode
builtin-create-build-directory /Users/admin/builder/spi-builder-workspace/.derivedData/ModuleCache.noindex
CreateBuildDirectory /Users/admin/builder/spi-builder-workspace/.derivedData/SDKExplicitPrecompiledModules
cd /Users/admin/builder/spi-builder-workspace/.swiftpm/xcode
builtin-create-build-directory /Users/admin/builder/spi-builder-workspace/.derivedData/SDKExplicitPrecompiledModules
ClangStatCache /Applications/Xcode-27.0.0-Release.Candidate.app/Contents/Developer/Toolchains/XcodeDefault.xctoolchain/usr/bin/clang-stat-cache /Applications/Xcode-27.0.0-Release.Candidate.app/Contents/Developer/Platforms/MacOSX.platform/Developer/SDKs/MacOSX27.0.sdk /Users/admin/builder/spi-builder-workspace/.derivedData/SDKStatCaches.noindex/macosx27.0-26A425-e829b21a6f8c9b70876ba0858053c0446a22442a12e9d48fe1a705f55a1adfc4.sdkstatcache
cd /Users/admin/builder/spi-builder-workspace/.swiftpm/xcode
/Applications/Xcode-27.0.0-Release.Candidate.app/Contents/Developer/Toolchains/XcodeDefault.xctoolchain/usr/bin/clang-stat-cache /Applications/Xcode-27.0.0-Release.Candidate.app/Contents/Developer/Platforms/MacOSX.platform/Developer/SDKs/MacOSX27.0.sdk -o /Users/admin/builder/spi-builder-workspace/.derivedData/SDKStatCaches.noindex/macosx27.0-26A425-e829b21a6f8c9b70876ba0858053c0446a22442a12e9d48fe1a705f55a1adfc4.sdkstatcache
CreateBuildDirectory /Users/admin/builder/spi-builder-workspace/.derivedData/Build/Intermediates.noindex
cd /Users/admin/builder/spi-builder-workspace/.swiftpm/xcode
builtin-create-build-directory /Users/admin/builder/spi-builder-workspace/.derivedData/Build/Intermediates.noindex
CreateBuildDirectory /Users/admin/builder/spi-builder-workspace/.derivedData/Build/Products
cd /Users/admin/builder/spi-builder-workspace/.swiftpm/xcode
builtin-create-build-directory /Users/admin/builder/spi-builder-workspace/.derivedData/Build/Products
CreateBuildDirectory /Users/admin/builder/spi-builder-workspace/.derivedData/Build/Intermediates.noindex/PrecompiledHeaders
cd /Users/admin/builder/spi-builder-workspace/.swiftpm/xcode
builtin-create-build-directory /Users/admin/builder/spi-builder-workspace/.derivedData/Build/Intermediates.noindex/PrecompiledHeaders
CreateBuildDirectory /Users/admin/builder/spi-builder-workspace/.derivedData/Build/Intermediates.noindex/SwiftExplicitPrecompiledModules
cd /Users/admin/builder/spi-builder-workspace/.swiftpm/xcode
builtin-create-build-directory /Users/admin/builder/spi-builder-workspace/.derivedData/Build/Intermediates.noindex/SwiftExplicitPrecompiledModules
CreateBuildDirectory /Users/admin/builder/spi-builder-workspace/.derivedData/Build/Intermediates.noindex/ExplicitPrecompiledModules
cd /Users/admin/builder/spi-builder-workspace/.swiftpm/xcode
builtin-create-build-directory /Users/admin/builder/spi-builder-workspace/.derivedData/Build/Intermediates.noindex/ExplicitPrecompiledModules
CreateBuildDirectory /Users/admin/builder/spi-builder-workspace/.derivedData/Build/Intermediates.noindex/EagerLinkingTBDs/Debug
cd /Users/admin/builder/spi-builder-workspace/.swiftpm/xcode
builtin-create-build-directory /Users/admin/builder/spi-builder-workspace/.derivedData/Build/Intermediates.noindex/EagerLinkingTBDs/Debug
CreateBuildDirectory /Users/admin/builder/spi-builder-workspace/.derivedData/Build/Products/Debug
cd /Users/admin/builder/spi-builder-workspace/.swiftpm/xcode
builtin-create-build-directory /Users/admin/builder/spi-builder-workspace/.derivedData/Build/Products/Debug
CreateBuildDirectory /Users/admin/builder/spi-builder-workspace/.derivedData/Build/Products/Debug/PackageFrameworks
cd /Users/admin/builder/spi-builder-workspace/.swiftpm/xcode
builtin-create-build-directory /Users/admin/builder/spi-builder-workspace/.derivedData/Build/Products/Debug/PackageFrameworks
WriteAuxiliaryFile /Users/admin/builder/spi-builder-workspace/.derivedData/Build/Intermediates.noindex/Validator.build/Debug/Validator-t.build/Validator.DependencyStaticMetadataFileList (in target 'Validator' from project 'Validator')
cd /Users/admin/builder/spi-builder-workspace
write-file /Users/admin/builder/spi-builder-workspace/.derivedData/Build/Intermediates.noindex/Validator.build/Debug/Validator-t.build/Validator.DependencyStaticMetadataFileList
WriteAuxiliaryFile /Users/admin/builder/spi-builder-workspace/.derivedData/Build/Intermediates.noindex/Validator.build/Debug/Validator-t.build/Validator.DependencyMetadataFileList (in target 'Validator' from project 'Validator')
cd /Users/admin/builder/spi-builder-workspace
write-file /Users/admin/builder/spi-builder-workspace/.derivedData/Build/Intermediates.noindex/Validator.build/Debug/Validator-t.build/Validator.DependencyMetadataFileList
WriteAuxiliaryFile /Users/admin/builder/spi-builder-workspace/.derivedData/Build/Intermediates.noindex/Validator.build/Debug/Validator-t.build/Validator.modulemap (in target 'Validator' from project 'Validator')
cd /Users/admin/builder/spi-builder-workspace
write-file /Users/admin/builder/spi-builder-workspace/.derivedData/Build/Intermediates.noindex/Validator.build/Debug/Validator-t.build/Validator.modulemap
WriteAuxiliaryFile /Users/admin/builder/spi-builder-workspace/.derivedData/Build/Intermediates.noindex/Validator.build/Debug/Validator-t.build/Objects-normal/arm64/Validator.SwiftConstValuesFileList (in target 'Validator' from project 'Validator')
cd /Users/admin/builder/spi-builder-workspace
write-file /Users/admin/builder/spi-builder-workspace/.derivedData/Build/Intermediates.noindex/Validator.build/Debug/Validator-t.build/Objects-normal/arm64/Validator.SwiftConstValuesFileList
WriteAuxiliaryFile /Users/admin/builder/spi-builder-workspace/.derivedData/Build/Intermediates.noindex/Validator.build/Debug/Validator-t.build/Objects-normal/arm64/Validator.SwiftFileList (in target 'Validator' from project 'Validator')
cd /Users/admin/builder/spi-builder-workspace
write-file /Users/admin/builder/spi-builder-workspace/.derivedData/Build/Intermediates.noindex/Validator.build/Debug/Validator-t.build/Objects-normal/arm64/Validator.SwiftFileList
WriteAuxiliaryFile /Users/admin/builder/spi-builder-workspace/.derivedData/Build/Intermediates.noindex/Validator.build/Debug/Validator-t.build/Objects-normal/arm64/Validator-OutputFileMap.json (in target 'Validator' from project 'Validator')
cd /Users/admin/builder/spi-builder-workspace
write-file /Users/admin/builder/spi-builder-workspace/.derivedData/Build/Intermediates.noindex/Validator.build/Debug/Validator-t.build/Objects-normal/arm64/Validator-OutputFileMap.json
WriteAuxiliaryFile /Users/admin/builder/spi-builder-workspace/.derivedData/Build/Intermediates.noindex/Validator.build/Debug/Validator-t.build/Objects-normal/arm64/Validator.LinkFileList (in target 'Validator' from project 'Validator')
cd /Users/admin/builder/spi-builder-workspace
write-file /Users/admin/builder/spi-builder-workspace/.derivedData/Build/Intermediates.noindex/Validator.build/Debug/Validator-t.build/Objects-normal/arm64/Validator.LinkFileList
WriteAuxiliaryFile /Users/admin/builder/spi-builder-workspace/.derivedData/Build/Intermediates.noindex/Validator.build/Debug/Validator-t.build/Objects-normal/arm64/Validator_const_extract_protocols.json (in target 'Validator' from project 'Validator')
cd /Users/admin/builder/spi-builder-workspace
write-file /Users/admin/builder/spi-builder-workspace/.derivedData/Build/Intermediates.noindex/Validator.build/Debug/Validator-t.build/Objects-normal/arm64/Validator_const_extract_protocols.json
Copy /Users/admin/builder/spi-builder-workspace/.derivedData/Build/Intermediates.noindex/GeneratedModuleMaps/Validator.modulemap /Users/admin/builder/spi-builder-workspace/.derivedData/Build/Intermediates.noindex/Validator.build/Debug/Validator-t.build/Validator.modulemap (in target 'Validator' from project 'Validator')
cd /Users/admin/builder/spi-builder-workspace
builtin-copy -exclude .DS_Store -exclude CVS -exclude .svn -exclude .git -exclude .hg -resolve-src-symlinks /Users/admin/builder/spi-builder-workspace/.derivedData/Build/Intermediates.noindex/Validator.build/Debug/Validator-t.build/Validator.modulemap /Users/admin/builder/spi-builder-workspace/.derivedData/Build/Intermediates.noindex/GeneratedModuleMaps
SwiftDriver Validator normal arm64 com.apple.xcode.tools.swift.compiler (in target 'Validator' from project 'Validator')
cd /Users/admin/builder/spi-builder-workspace/.swiftpm/xcode
builtin-SwiftDriver -- /Applications/Xcode-27.0.0-Release.Candidate.app/Contents/Developer/Toolchains/XcodeDefault.xctoolchain/usr/bin/swiftc -parse-as-library -module-name Validator -Onone @/Users/admin/builder/spi-builder-workspace/.derivedData/Build/Intermediates.noindex/Validator.build/Debug/Validator-t.build/Objects-normal/arm64/Validator.SwiftFileList -DSWIFT_PACKAGE -DDEBUG -DSWIFT_MODULE_RESOURCE_BUNDLE_UNAVAILABLE -DXcode -plugin-path /Applications/Xcode-27.0.0-Release.Candidate.app/Contents/Developer/Toolchains/XcodeDefault.xctoolchain/usr/lib/swift/host/plugins/testing -enable-experimental-feature DebugDescriptionMacro -sdk /Applications/Xcode-27.0.0-Release.Candidate.app/Contents/Developer/Platforms/MacOSX.platform/Developer/SDKs/MacOSX27.0.sdk -target arm64-apple-macos12.0 -g -module-cache-path /Users/admin/builder/spi-builder-workspace/.derivedData/ModuleCache.noindex -Xfrontend -serialize-debugging-options -profile-coverage-mapping -profile-generate -enable-testing -index-store-path /Users/admin/builder/spi-builder-workspace/.derivedData/Index.noindex/DataStore -Xcc -D_LIBCPP_HARDENING_MODE\=_LIBCPP_HARDENING_MODE_DEBUG -swift-version 5 -I /Users/admin/builder/spi-builder-workspace/.derivedData/Build/Products/Debug -Isystem /Applications/Xcode-27.0.0-Release.Candidate.app/Contents/Developer/Platforms/MacOSX.platform/Developer/usr/lib -F /Users/admin/builder/spi-builder-workspace/.derivedData/Build/Products/Debug -F /Applications/Xcode-27.0.0-Release.Candidate.app/Contents/Developer/Platforms/MacOSX.platform/Developer/Library/Frameworks -c -j10 -enable-batch-mode -incremental -Xcc -ivfsstatcache -Xcc /Users/admin/builder/spi-builder-workspace/.derivedData/SDKStatCaches.noindex/macosx27.0-26A425-e829b21a6f8c9b70876ba0858053c0446a22442a12e9d48fe1a705f55a1adfc4.sdkstatcache -output-file-map /Users/admin/builder/spi-builder-workspace/.derivedData/Build/Intermediates.noindex/Validator.build/Debug/Validator-t.build/Objects-normal/arm64/Validator-OutputFileMap.json -save-temps -no-color-diagnostics -explicit-module-build -module-cache-path /Users/admin/builder/spi-builder-workspace/.derivedData/Build/Intermediates.noindex/SwiftExplicitPrecompiledModules -clang-scanner-module-cache-path /Users/admin/builder/spi-builder-workspace/.derivedData/ModuleCache.noindex -sdk-module-cache-path /Users/admin/builder/spi-builder-workspace/.derivedData/SDKExplicitPrecompiledModules -emit-dependencies -emit-module -emit-module-path /Users/admin/builder/spi-builder-workspace/.derivedData/Build/Intermediates.noindex/Validator.build/Debug/Validator-t.build/Objects-normal/arm64/Validator.swiftmodule -serialize-diagnostics -dependency-scan-serialize-diagnostics-path /Users/admin/builder/spi-builder-workspace/.derivedData/Build/Intermediates.noindex/Validator.build/Debug/Validator-t.build/Objects-normal/arm64/Validator-dependency-scan.dia -validate-clang-modules-once -clang-build-session-file /Users/admin/builder/spi-builder-workspace/.derivedData/ModuleCache.noindex/Session.modulevalidation -Xcc -fmodules-prune-interval\=86400 -Xcc -fmodules-prune-after\=345600 -emit-const-values -const-gather-protocols-list /Users/admin/builder/spi-builder-workspace/.derivedData/Build/Intermediates.noindex/Validator.build/Debug/Validator-t.build/Objects-normal/arm64/Validator_const_extract_protocols.json -Xcc -I/Users/admin/builder/spi-builder-workspace/.derivedData/Build/Products/Debug/include -Xcc -I/Users/admin/builder/spi-builder-workspace/.derivedData/Build/Intermediates.noindex/Validator.build/Debug/Validator-t.build/DerivedSources-normal/arm64 -Xcc -I/Users/admin/builder/spi-builder-workspace/.derivedData/Build/Intermediates.noindex/Validator.build/Debug/Validator-t.build/DerivedSources/arm64 -Xcc -I/Users/admin/builder/spi-builder-workspace/.derivedData/Build/Intermediates.noindex/Validator.build/Debug/Validator-t.build/DerivedSources -Xcc -DSWIFT_PACKAGE -Xcc -DDEBUG\=1 -emit-objc-header -emit-objc-header-path /Users/admin/builder/spi-builder-workspace/.derivedData/Build/Intermediates.noindex/Validator.build/Debug/Validator-t.build/Objects-normal/arm64/Validator-Swift.h -working-directory /Users/admin/builder/spi-builder-workspace/.swiftpm/xcode -experimental-emit-module-separately -disable-cmo
/Users/admin/builder/spi-builder-workspace/Validator/Sources/UIKit+Validator/UISlider+Validator.swift:1:8: error: Unable to resolve module dependency: 'UIKit' (in target 'Validator' from project 'Validator')
note: A dependency of main module 'Validator'
/Users/admin/builder/spi-builder-workspace/Validator/Sources/UIKit+Validator/UITextField+Validator.swift:1:8: note: Also imported here
/Users/admin/builder/spi-builder-workspace/Validator/Sources/UIKit+Validator/UITextView+Validator.swift:1:8: note: Also imported here
/Users/admin/builder/spi-builder-workspace/Validator/Sources/UIKit+Validator/UISlider+Validator.swift:1:8: note: A dependency of main module 'Validator'
import UIKit
^ (in target 'Validator' from project 'Validator')
/Users/admin/builder/spi-builder-workspace/Validator/Sources/UIKit+Validator/UITextField+Validator.swift:1:8: note: Also imported here
import UIKit
^ (in target 'Validator' from project 'Validator')
/Users/admin/builder/spi-builder-workspace/Validator/Sources/UIKit+Validator/UITextView+Validator.swift:1:8: note: Also imported here
import UIKit
^ (in target 'Validator' from project 'Validator')
PruneExplicitPrecompiledModules /Users/admin/builder/spi-builder-workspace/.derivedData/Build/Intermediates.noindex/SwiftExplicitPrecompiledModules
PruneExplicitPrecompiledModules /Users/admin/builder/spi-builder-workspace/.derivedData/SDKExplicitPrecompiledModules
PruneExplicitPrecompiledModules /Users/admin/builder/spi-builder-workspace/.derivedData/Build/Intermediates.noindex/ExplicitPrecompiledModules
2026-09-16 20:34:39.911 xcodebuild[651:4185] [MT] IDERunDestination: Supported platforms for the buildables in the current scheme is empty.
--- xcodebuild: WARNING: Using the first of multiple matching destinations:
{ platform:macOS, arch:arm64, id:fb1b59f883f3c3c2be4f7d519127974b9953d6ce, name:My Mac }
{ platform:macOS, arch:arm64, variant:Mac Catalyst, id:fb1b59f883f3c3c2be4f7d519127974b9953d6ce, name:My Mac }
{ platform:macOS, arch:arm64, variant:DriverKit, id:fb1b59f883f3c3c2be4f7d519127974b9953d6ce, name:My Mac }
{ platform:macOS, arch:arm64, variant:Designed for [iPad,iPhone], id:fb1b59f883f3c3c2be4f7d519127974b9953d6ce, name:My Mac }
** BUILD FAILED **
The following build commands failed:
SwiftDriver Validator normal arm64 com.apple.xcode.tools.swift.compiler (in target 'Validator' from project 'Validator')
Building workspace Validator with scheme Validator
(2 failures)
Command line invocation:
/Applications/Xcode-27.0.0-Release.Candidate.app/Contents/Developer/usr/bin/xcodebuild -IDEClonedSourcePackagesDirPathOverride=/Users/admin/builder/spi-builder-workspace/.dependencies -resolvePackageDependencies
Resolve Package Graph
Resolved source packages:
Validator: /Users/admin/builder/spi-builder-workspace
resolved source packages: Validator
2026-09-16 20:34:44.763 xcodebuild[666:4367] [MT] IDERunDestination: Supported platforms for the buildables in the current scheme is empty.
{
"dependencies" : [
],
"manifest_display_name" : "Validator",
"name" : "Validator",
"path" : "/Users/admin/builder/spi-builder-workspace",
"platforms" : [
{
"name" : "macos",
"version" : "10.13"
},
{
"name" : "ios",
"version" : "11.0"
},
{
"name" : "tvos",
"version" : "11.0"
}
],
"products" : [
{
"name" : "Validator",
"targets" : [
"Validator"
],
"type" : {
"library" : [
"automatic"
]
}
}
],
"targets" : [
{
"c99name" : "ValidatorTests",
"module_type" : "SwiftTarget",
"name" : "ValidatorTests",
"path" : "Validator/ValidatorTests",
"sources" : [
"Rules/ValidationRuleComparisonTests.swift",
"Rules/ValidationRuleConditionTests.swift",
"Rules/ValidationRuleContainsTests.swift",
"Rules/ValidationRuleEqualityTests.swift",
"Rules/ValidationRuleLengthTests.swift",
"Rules/ValidationRulePatternTests.swift",
"Rules/ValidationRulePaymentCardTests.swift",
"Rules/ValidationRuleRequiredTests.swift",
"Rules/ValidationRuleURLTests.swift",
"Supporting Files/TestHelpers.swift",
"UIKit+Validator/UISlider+ValidatorTests.swift",
"UIKit+Validator/UITextField+ValidatorTests.swift",
"Validator/ValidatableTests.swift",
"Validator/ValidationResultTests.swift",
"Validator/ValidatorTests.swift"
],
"target_dependencies" : [
"Validator"
],
"type" : "test"
},
{
"c99name" : "Validator",
"module_type" : "SwiftTarget",
"name" : "Validator",
"path" : "Validator/Sources",
"product_memberships" : [
"Validator"
],
"sources" : [
"Patterns/CaseValidationPattern.swift",
"Patterns/ContainsNumberValidationPattern.swift",
"Patterns/EmailValidationPattern.swift",
"Patterns/ValidationPattern.swift",
"Rules/ValidationRule.swift",
"Rules/ValidationRuleComparison.swift",
"Rules/ValidationRuleCondition.swift",
"Rules/ValidationRuleContains.swift",
"Rules/ValidationRuleEquality.swift",
"Rules/ValidationRuleLength.swift",
"Rules/ValidationRulePattern.swift",
"Rules/ValidationRulePaymentCard.swift",
"Rules/ValidationRuleRequired.swift",
"Rules/ValidationRuleSet.swift",
"Rules/ValidationRuleURL.swift",
"UIKit+Validator/UISlider+Validator.swift",
"UIKit+Validator/UITextField+Validator.swift",
"UIKit+Validator/UITextView+Validator.swift",
"UIKit+Validator/ValidatableInterfaceElement.swift",
"Validatable.swift",
"ValidationError.swift",
"ValidationResult.swift",
"Validator.swift"
],
"type" : "library"
}
],
"tools_version" : "5.1"
}
{
"workspace" : {
"name" : "Validator",
"schemes" : [
"Validator"
]
}
}
2026-09-16 20:34:45.971 xcodebuild[674:4440] [MT] IDERunDestination: Supported platforms for the buildables in the current scheme is empty.
Running build ...
env DEVELOPER_DIR=/Applications/Xcode-27.0.0-Release.Candidate.app xcrun xcodebuild -IDEClonedSourcePackagesDirPathOverride=$PWD/.dependencies -skipMacroValidation -skipPackagePluginValidation -derivedDataPath $PWD/.derivedData build -scheme Validator -destination platform=macOS,arch=arm64
Command line invocation:
/Applications/Xcode-27.0.0-Release.Candidate.app/Contents/Developer/usr/bin/xcodebuild -IDEClonedSourcePackagesDirPathOverride=/Users/admin/builder/spi-builder-workspace/.dependencies -skipMacroValidation -skipPackagePluginValidation -derivedDataPath /Users/admin/builder/spi-builder-workspace/.derivedData build -scheme Validator -destination platform=macOS,arch=arm64
Resolve Package Graph
Resolved source packages:
Validator: /Users/admin/builder/spi-builder-workspace
ComputePackagePrebuildTargetDependencyGraph
Prepare packages
CreateBuildRequest
SendProjectDescription
CreateBuildOperation
ComputeTargetDependencyGraph
note: Building targets in dependency order
note: Target dependency graph (2 targets)
Target 'Validator-product' in project 'Validator'
➜ Explicit dependency on target 'Validator' in project 'Validator'
Target 'Validator' in project 'Validator' (no dependencies)
GatherProvisioningInputs
CreateBuildDescription
ClangStatCache /Applications/Xcode-27.0.0-Release.Candidate.app/Contents/Developer/Toolchains/XcodeDefault.xctoolchain/usr/bin/clang-stat-cache /Applications/Xcode-27.0.0-Release.Candidate.app/Contents/Developer/Platforms/MacOSX.platform/Developer/SDKs/MacOSX27.0.sdk /Users/admin/builder/spi-builder-workspace/.derivedData/SDKStatCaches.noindex/macosx27.0-26A425-e829b21a6f8c9b70876ba0858053c0446a22442a12e9d48fe1a705f55a1adfc4.sdkstatcache
cd /Users/admin/builder/spi-builder-workspace/.swiftpm/xcode
/Applications/Xcode-27.0.0-Release.Candidate.app/Contents/Developer/Toolchains/XcodeDefault.xctoolchain/usr/bin/clang-stat-cache /Applications/Xcode-27.0.0-Release.Candidate.app/Contents/Developer/Platforms/MacOSX.platform/Developer/SDKs/MacOSX27.0.sdk -o /Users/admin/builder/spi-builder-workspace/.derivedData/SDKStatCaches.noindex/macosx27.0-26A425-e829b21a6f8c9b70876ba0858053c0446a22442a12e9d48fe1a705f55a1adfc4.sdkstatcache
SwiftDriver Validator normal arm64 com.apple.xcode.tools.swift.compiler (in target 'Validator' from project 'Validator')
cd /Users/admin/builder/spi-builder-workspace/.swiftpm/xcode
builtin-SwiftDriver -- /Applications/Xcode-27.0.0-Release.Candidate.app/Contents/Developer/Toolchains/XcodeDefault.xctoolchain/usr/bin/swiftc -parse-as-library -module-name Validator -Onone @/Users/admin/builder/spi-builder-workspace/.derivedData/Build/Intermediates.noindex/Validator.build/Debug/Validator-t.build/Objects-normal/arm64/Validator.SwiftFileList -DSWIFT_PACKAGE -DDEBUG -DSWIFT_MODULE_RESOURCE_BUNDLE_UNAVAILABLE -DXcode -plugin-path /Applications/Xcode-27.0.0-Release.Candidate.app/Contents/Developer/Toolchains/XcodeDefault.xctoolchain/usr/lib/swift/host/plugins/testing -enable-experimental-feature DebugDescriptionMacro -sdk /Applications/Xcode-27.0.0-Release.Candidate.app/Contents/Developer/Platforms/MacOSX.platform/Developer/SDKs/MacOSX27.0.sdk -target arm64-apple-macos12.0 -g -module-cache-path /Users/admin/builder/spi-builder-workspace/.derivedData/ModuleCache.noindex -Xfrontend -serialize-debugging-options -profile-coverage-mapping -profile-generate -enable-testing -index-store-path /Users/admin/builder/spi-builder-workspace/.derivedData/Index.noindex/DataStore -Xcc -D_LIBCPP_HARDENING_MODE\=_LIBCPP_HARDENING_MODE_DEBUG -swift-version 5 -I /Users/admin/builder/spi-builder-workspace/.derivedData/Build/Products/Debug -Isystem /Applications/Xcode-27.0.0-Release.Candidate.app/Contents/Developer/Platforms/MacOSX.platform/Developer/usr/lib -F /Users/admin/builder/spi-builder-workspace/.derivedData/Build/Products/Debug -F /Applications/Xcode-27.0.0-Release.Candidate.app/Contents/Developer/Platforms/MacOSX.platform/Developer/Library/Frameworks -c -j10 -enable-batch-mode -incremental -Xcc -ivfsstatcache -Xcc /Users/admin/builder/spi-builder-workspace/.derivedData/SDKStatCaches.noindex/macosx27.0-26A425-e829b21a6f8c9b70876ba0858053c0446a22442a12e9d48fe1a705f55a1adfc4.sdkstatcache -output-file-map /Users/admin/builder/spi-builder-workspace/.derivedData/Build/Intermediates.noindex/Validator.build/Debug/Validator-t.build/Objects-normal/arm64/Validator-OutputFileMap.json -save-temps -no-color-diagnostics -explicit-module-build -module-cache-path /Users/admin/builder/spi-builder-workspace/.derivedData/Build/Intermediates.noindex/SwiftExplicitPrecompiledModules -clang-scanner-module-cache-path /Users/admin/builder/spi-builder-workspace/.derivedData/ModuleCache.noindex -sdk-module-cache-path /Users/admin/builder/spi-builder-workspace/.derivedData/SDKExplicitPrecompiledModules -emit-dependencies -emit-module -emit-module-path /Users/admin/builder/spi-builder-workspace/.derivedData/Build/Intermediates.noindex/Validator.build/Debug/Validator-t.build/Objects-normal/arm64/Validator.swiftmodule -serialize-diagnostics -dependency-scan-serialize-diagnostics-path /Users/admin/builder/spi-builder-workspace/.derivedData/Build/Intermediates.noindex/Validator.build/Debug/Validator-t.build/Objects-normal/arm64/Validator-dependency-scan.dia -validate-clang-modules-once -clang-build-session-file /Users/admin/builder/spi-builder-workspace/.derivedData/ModuleCache.noindex/Session.modulevalidation -Xcc -fmodules-prune-interval\=86400 -Xcc -fmodules-prune-after\=345600 -emit-const-values -const-gather-protocols-list /Users/admin/builder/spi-builder-workspace/.derivedData/Build/Intermediates.noindex/Validator.build/Debug/Validator-t.build/Objects-normal/arm64/Validator_const_extract_protocols.json -Xcc -I/Users/admin/builder/spi-builder-workspace/.derivedData/Build/Products/Debug/include -Xcc -I/Users/admin/builder/spi-builder-workspace/.derivedData/Build/Intermediates.noindex/Validator.build/Debug/Validator-t.build/DerivedSources-normal/arm64 -Xcc -I/Users/admin/builder/spi-builder-workspace/.derivedData/Build/Intermediates.noindex/Validator.build/Debug/Validator-t.build/DerivedSources/arm64 -Xcc -I/Users/admin/builder/spi-builder-workspace/.derivedData/Build/Intermediates.noindex/Validator.build/Debug/Validator-t.build/DerivedSources -Xcc -DSWIFT_PACKAGE -Xcc -DDEBUG\=1 -emit-objc-header -emit-objc-header-path /Users/admin/builder/spi-builder-workspace/.derivedData/Build/Intermediates.noindex/Validator.build/Debug/Validator-t.build/Objects-normal/arm64/Validator-Swift.h -working-directory /Users/admin/builder/spi-builder-workspace/.swiftpm/xcode -experimental-emit-module-separately -disable-cmo
/Users/admin/builder/spi-builder-workspace/Validator/Sources/UIKit+Validator/UISlider+Validator.swift:1:8: error: Unable to resolve module dependency: 'UIKit' (in target 'Validator' from project 'Validator')
note: A dependency of main module 'Validator'
/Users/admin/builder/spi-builder-workspace/Validator/Sources/UIKit+Validator/UITextField+Validator.swift:1:8: note: Also imported here
/Users/admin/builder/spi-builder-workspace/Validator/Sources/UIKit+Validator/UITextView+Validator.swift:1:8: note: Also imported here
/Users/admin/builder/spi-builder-workspace/Validator/Sources/UIKit+Validator/UISlider+Validator.swift:1:8: note: A dependency of main module 'Validator'
import UIKit
^ (in target 'Validator' from project 'Validator')
/Users/admin/builder/spi-builder-workspace/Validator/Sources/UIKit+Validator/UITextField+Validator.swift:1:8: note: Also imported here
import UIKit
^ (in target 'Validator' from project 'Validator')
/Users/admin/builder/spi-builder-workspace/Validator/Sources/UIKit+Validator/UITextView+Validator.swift:1:8: note: Also imported here
import UIKit
^ (in target 'Validator' from project 'Validator')
PruneExplicitPrecompiledModules /Users/admin/builder/spi-builder-workspace/.derivedData/SDKExplicitPrecompiledModules
PruneExplicitPrecompiledModules /Users/admin/builder/spi-builder-workspace/.derivedData/Build/Intermediates.noindex/ExplicitPrecompiledModules
PruneExplicitPrecompiledModules /Users/admin/builder/spi-builder-workspace/.derivedData/Build/Intermediates.noindex/SwiftExplicitPrecompiledModules
2026-09-16 20:34:46.877 xcodebuild[675:4465] [MT] IDERunDestination: Supported platforms for the buildables in the current scheme is empty.
--- xcodebuild: WARNING: Using the first of multiple matching destinations:
{ platform:macOS, arch:arm64, id:fb1b59f883f3c3c2be4f7d519127974b9953d6ce, name:My Mac }
{ platform:macOS, arch:arm64, variant:Mac Catalyst, id:fb1b59f883f3c3c2be4f7d519127974b9953d6ce, name:My Mac }
{ platform:macOS, arch:arm64, variant:DriverKit, id:fb1b59f883f3c3c2be4f7d519127974b9953d6ce, name:My Mac }
{ platform:macOS, arch:arm64, variant:Designed for [iPad,iPhone], id:fb1b59f883f3c3c2be4f7d519127974b9953d6ce, name:My Mac }
** BUILD FAILED **
The following build commands failed:
SwiftDriver Validator normal arm64 com.apple.xcode.tools.swift.compiler (in target 'Validator' from project 'Validator')
Building workspace Validator with scheme Validator
(2 failures)
BUILD FAILURE 6.4 macosXcodebuild