The Swift Package Index logo.Swift Package Index

Build Information

Failed to build swift-openapi-urlsession, reference main (77effe), with Swift 6.3 for Wasm on 30 Sep 2026 21:49:12 UTC.

Build Command

bash -c docker run --pull=always --rm -v "checkouts-54344843-1":/host -w "$PWD" -e JAVA_HOME="/root/.sdkman/candidates/java/current" -e SPI_BUILD="1" -e SPI_PROCESSING="1" registry.gitlab.com/saguaro1/spi-images:wasm-6.3-latest swift build --swift-sdk swift-6.3.2-RELEASE_wasm 2>&1

Build Log

========================================
RunAll
========================================
Builder version: 5.1.1
Interrupt handler set up.
========================================
Checkout
========================================
Clone URL: https://github.com/apple/swift-openapi-urlsession.git
Reference: main
Initialized empty Git repository in /host/spi-builder-workspace/.git/
hint: Using 'master' as the name for the initial branch. This default branch name
hint: is subject to change. To configure the initial branch name to use in all
hint: of your new repositories, which will suppress this warning, call:
hint:
hint: 	git config --global init.defaultBranch <name>
hint:
hint: Names commonly chosen instead of 'master' are 'main', 'trunk' and
hint: 'development'. The just-created branch can be renamed via this command:
hint:
hint: 	git branch -m <name>
From https://github.com/apple/swift-openapi-urlsession
 * branch            main       -> FETCH_HEAD
 * [new branch]      main       -> origin/main
HEAD is now at 77effea Skip empty HTTPBody chunks in the URLSession stream bridge (#96)
Cloned https://github.com/apple/swift-openapi-urlsession.git
Revision (git rev-parse @):
77effea09e780f6f3f119ffb8150ff25e31c78b1
SPI manifest file found: $PWD/.spi.yml
SUCCESS checkout https://github.com/apple/swift-openapi-urlsession.git at main
========================================
Build
========================================
Selected platform:         wasm
Swift version:             6.3
Building package at path:  $PWD
https://github.com/apple/swift-openapi-urlsession.git
Running build ...
bash -c docker run --pull=always --rm -v "checkouts-54344843-1":/host -w "$PWD" -e JAVA_HOME="/root/.sdkman/candidates/java/current" -e SPI_BUILD="1" -e SPI_PROCESSING="1" registry.gitlab.com/saguaro1/spi-images:wasm-6.3-latest swift build --swift-sdk swift-6.3.2-RELEASE_wasm 2>&1
wasm-6.3-latest: Pulling from saguaro1/spi-images
Digest: sha256:253aad7f5b11d25cf9eaef34120b94cd8a325782929c57fb304a7711494a3f9a
Status: Image is up to date for registry.gitlab.com/saguaro1/spi-images:wasm-6.3-latest
Fetching https://github.com/apple/swift-collections
Fetching https://github.com/apple/swift-openapi-runtime
Fetching https://github.com/apple/swift-http-types
Fetching https://github.com/apple/swift-nio
[1/1939] Fetching swift-http-types
[1940/8981] Fetching swift-http-types, swift-openapi-runtime
[8982/37049] Fetching swift-http-types, swift-openapi-runtime, swift-collections
[10947/123286] Fetching swift-http-types, swift-openapi-runtime, swift-collections, swift-nio
Fetched https://github.com/apple/swift-collections from cache (1.59s)
[68485/95218] Fetching swift-http-types, swift-openapi-runtime, swift-nio
Fetched https://github.com/apple/swift-http-types from cache (3.60s)
Fetched https://github.com/apple/swift-openapi-runtime from cache (3.60s)
Fetched https://github.com/apple/swift-nio from cache (3.64s)
Computing version for https://github.com/apple/swift-openapi-runtime
Computed https://github.com/apple/swift-openapi-runtime at 1.12.2 (3.85s)
Computing version for https://github.com/apple/swift-http-types
Computed https://github.com/apple/swift-http-types at 1.8.0 (0.18s)
Computing version for https://github.com/apple/swift-collections
Computed https://github.com/apple/swift-collections at 1.7.1 (0.24s)
Computing version for https://github.com/apple/swift-nio
Computed https://github.com/apple/swift-nio at 2.103.0 (0.27s)
Fetching https://github.com/apple/swift-atomics.git
Fetching https://github.com/apple/swift-system.git
[1/1885] Fetching swift-atomics
[1886/8906] Fetching swift-atomics, swift-system
Fetched https://github.com/apple/swift-atomics.git from cache (0.65s)
Fetched https://github.com/apple/swift-system.git from cache (0.65s)
Computing version for https://github.com/apple/swift-atomics.git
Computed https://github.com/apple/swift-atomics.git at 1.3.1 (0.82s)
Computing version for https://github.com/apple/swift-system.git
Computed https://github.com/apple/swift-system.git at 1.8.1 (0.18s)
Creating working copy for https://github.com/apple/swift-openapi-runtime
Working copy of https://github.com/apple/swift-openapi-runtime resolved at 1.12.2
Creating working copy for https://github.com/apple/swift-http-types
Working copy of https://github.com/apple/swift-http-types resolved at 1.8.0
Creating working copy for https://github.com/apple/swift-system.git
Working copy of https://github.com/apple/swift-system.git resolved at 1.8.1
Creating working copy for https://github.com/apple/swift-atomics.git
Working copy of https://github.com/apple/swift-atomics.git resolved at 1.3.1
Creating working copy for https://github.com/apple/swift-collections
Working copy of https://github.com/apple/swift-collections resolved at 1.7.1
Creating working copy for https://github.com/apple/swift-nio
Working copy of https://github.com/apple/swift-nio resolved at 2.103.0
Building for debugging...
[0/7] Write sources
[6/7] Write swift-version-24593BA9C3E375BF.txt
[8/45] Emitting module InternalCollectionsUtilities
[9/48] Compiling InternalCollectionsUtilities MutableSpan+Extras.swift
[10/48] Compiling InternalCollectionsUtilities OutputSpan+Extras.swift
[11/48] Compiling InternalCollectionsUtilities RandomAccessCollection+Offsets.swift
[12/48] Compiling InternalCollectionsUtilities Span+Extras.swift
[13/48] Compiling InternalCollectionsUtilities Strideable+LimitHelpers.swift
[14/48] Compiling InternalCollectionsUtilities String+Padding.swift
[15/48] Compiling InternalCollectionsUtilities TemporaryAllocation.swift
[16/48] Compiling InternalCollectionsUtilities _UnsafeBitSet+Index.swift
[17/48] Compiling InternalCollectionsUtilities FixedWidthInteger+roundUpToPowerOfTwo.swift
[18/48] Compiling InternalCollectionsUtilities Integer rank.swift
[19/48] Compiling InternalCollectionsUtilities UInt+first and last set bit.swift
[20/48] Compiling InternalCollectionsUtilities UInt+reversed.swift
[21/48] Emitting module HTTPTypes
[22/49] Compiling InternalCollectionsUtilities _UnsafeBitSet+_Word.swift
[23/49] Compiling InternalCollectionsUtilities _UnsafeBitSet.swift
[24/49] Compiling InternalCollectionsUtilities UnsafeBufferPointer+Extras.swift
[25/49] Compiling InternalCollectionsUtilities UnsafeMutableBufferPointer+Extras.swift
[26/49] Compiling InternalCollectionsUtilities BorrowingIteratorProtocol+Equality.swift
[27/49] Compiling InternalCollectionsUtilities BorrowingIteratorProtocol+Extras.swift
[28/49] Compiling InternalCollectionsUtilities Debugging.swift
[29/49] Compiling InternalCollectionsUtilities Descriptions.swift
[30/49] Compiling InternalCollectionsUtilities UnsafeMutablePointer+Extras.swift
[31/49] Compiling InternalCollectionsUtilities UnsafeMutableRawBufferPointer+Extras.swift
[32/49] Compiling InternalCollectionsUtilities UnsafePointer+Extras.swift
[33/49] Compiling InternalCollectionsUtilities Iterable+CopyContents.swift
[34/49] Compiling InternalCollectionsUtilities Iterable+Equality.swift
[35/49] Compiling InternalCollectionsUtilities LifetimeOverride.swift
[36/49] Compiling InternalCollectionsUtilities MutableRef.swift
[37/49] Compiling InternalCollectionsUtilities UnsafeRawBufferPointer+Extras.swift
[38/49] Compiling InternalCollectionsUtilities _SortedCollection.swift
[39/49] Compiling InternalCollectionsUtilities _UniqueCollection.swift
[41/50] Compiling HTTPTypes HTTPFieldValue.swift
[46/54] Compiling SpanPreview OutputSpan+InputSpanHelpers.swift
[47/54] Compiling SpanPreview InputSpan.swift
[48/54] Compiling SpanPreview MutableSpan+InputSpanHelpers.swift
[49/54] Emitting module SpanPreview
[51/55] Compiling HTTPTypes HTTPParsedFields.swift
[52/97] Compiling DequeModule UniqueDeque+Consumption.swift
[53/97] Compiling DequeModule UniqueDeque+ContainerOperations.swift
[54/97] Compiling DequeModule UniqueDeque+Deprecations.swift
[55/97] Compiling DequeModule UniqueDeque+Descriptions.swift
[56/97] Compiling DequeModule UniqueDeque+Equatable.swift
[57/97] Compiling DequeModule UniqueDeque+Hashable.swift
[58/97] Compiling HTTPTypes HTTPResponse.swift
[59/102] Compiling DequeModule RigidDeque+Prepend.swift
[60/102] Compiling DequeModule RigidDeque+Removals.swift
[61/102] Compiling DequeModule RigidDeque+Replacements.swift
[62/102] Compiling DequeModule RigidDeque+Testing.swift
[63/102] Compiling DequeModule RigidDeque.swift
[64/102] Compiling DequeModule UniqueDeque+Append.swift
[65/102] Compiling HTTPTypes HTTPRequest+URL.swift
[66/102] Compiling HTTPTypes HTTPFields.swift
[67/102] Compiling HTTPTypes HTTPRequest.swift
[69/167] Compiling OpenAPIRuntime SendableMetatype.swift
[70/167] Compiling OpenAPIRuntime ServerTransport.swift
[71/167] Compiling OpenAPIRuntime UniversalClient.swift
[72/167] Compiling OpenAPIRuntime UniversalServer.swift
[73/167] Compiling OpenAPIRuntime ErrorExtensions.swift
[74/167] Compiling OpenAPIRuntime FoundationExtensions.swift
[75/167] Compiling OpenAPIRuntime RuntimeError.swift
[76/167] Compiling OpenAPIRuntime UndocumentedPayload.swift
[77/167] Compiling OpenAPIRuntime WarningSuppressingAnnotations.swift
[78/167] Compiling OpenAPIRuntime CodableExtensions.swift
[79/167] Compiling OpenAPIRuntime Configuration.swift
[80/167] Compiling OpenAPIRuntime Converter+Client.swift
[81/167] Compiling OpenAPIRuntime ParameterStyles.swift
[82/167] Compiling OpenAPIRuntime ServerVariable.swift
[83/167] Compiling OpenAPIRuntime URLExtensions.swift
[84/167] Compiling OpenAPIRuntime Deprecated.swift
[85/167] Compiling OpenAPIRuntime ClientError.swift
[86/167] Compiling OpenAPIRuntime CodingErrors.swift
[87/167] Compiling OpenAPIRuntime JSONSequenceDecoding.swift
[88/167] Compiling OpenAPIRuntime JSONSequenceEncoding.swift
[89/167] Compiling OpenAPIRuntime ServerSentEvents.swift
[90/167] Compiling OpenAPIRuntime ServerSentEventsDecoding.swift
[91/167] Compiling OpenAPIRuntime ServerSentEventsEncoding.swift
[92/167] Compiling OpenAPIRuntime AsyncSequenceCommon.swift
[93/167] Compiling OpenAPIRuntime ClientTransport.swift
[94/167] Compiling OpenAPIRuntime CurrencyTypes.swift
[95/167] Compiling OpenAPIRuntime ErrorHandlingMiddleware.swift
[96/167] Compiling OpenAPIRuntime HTTPBody.swift
[97/167] Compiling OpenAPIRuntime QuerySpaceNormalizingMiddleware.swift
[116/175] Emitting module DequeModule
[117/175] Compiling OpenAPIRuntime Acceptable.swift
[118/175] Compiling OpenAPIRuntime Base64EncodedData.swift
[119/175] Compiling OpenAPIRuntime ByteUtilities.swift
[120/175] Compiling OpenAPIRuntime ContentDisposition.swift
[121/175] Compiling OpenAPIRuntime CopyOnWriteBox.swift
[122/175] Compiling OpenAPIRuntime Lock.swift
[123/175] Compiling OpenAPIRuntime OpenAPIMIMEType.swift
[124/175] Compiling OpenAPIRuntime OpenAPIValue.swift
[125/175] Compiling OpenAPIRuntime PrettyStringConvertible.swift
[126/175] Emitting module OpenAPIRuntime
[127/175] Compiling OpenAPIRuntime Converter+Common.swift
[128/175] Compiling OpenAPIRuntime Converter+Server.swift
[129/175] Compiling OpenAPIRuntime Converter.swift
[130/175] Compiling OpenAPIRuntime CurrencyExtensions.swift
[131/175] Compiling OpenAPIRuntime MultipartBoundaryGenerator.swift
[133/176] Compiling OpenAPIRuntime ServerError.swift
[134/176] Compiling OpenAPIRuntime JSONLinesDecoding.swift
[135/176] Compiling OpenAPIRuntime JSONLinesEncoding.swift
[152/176] Compiling OpenAPIRuntime MultipartBytesToFramesSequence.swift
[153/176] Compiling OpenAPIRuntime MultipartFramesToBytesSequence.swift
[154/176] Compiling OpenAPIRuntime MultipartFramesToRawPartsSequence.swift
[155/176] Compiling OpenAPIRuntime MultipartInternalTypes.swift
[156/176] Compiling OpenAPIRuntime MultipartPublicTypes.swift
[157/176] Compiling OpenAPIRuntime MultipartPublicTypesExtensions.swift
[158/176] Compiling OpenAPIRuntime MultipartRawPartsToFramesSequence.swift
[159/176] Compiling OpenAPIRuntime MultipartValidation.swift
[160/176] Compiling OpenAPIRuntime OpenAPIMIMEType+Multipart.swift
[161/176] Compiling OpenAPIRuntime URICodeCodingKey.swift
[162/176] Compiling OpenAPIRuntime URICoderConfiguration.swift
[163/176] Compiling OpenAPIRuntime URIEncodedNode.swift
[164/176] Compiling OpenAPIRuntime URIParsedTypes.swift
[165/176] Compiling OpenAPIRuntime URIDecoder.swift
[166/176] Compiling OpenAPIRuntime URIValueFromNodeDecoder+Keyed.swift
[167/176] Compiling OpenAPIRuntime URIValueFromNodeDecoder+Single.swift
[168/176] Compiling OpenAPIRuntime URIValueFromNodeDecoder+Unkeyed.swift
[169/176] Compiling OpenAPIRuntime URIValueFromNodeDecoder.swift
[170/176] Compiling OpenAPIRuntime URIEncoder.swift
[171/176] Compiling OpenAPIRuntime URIValueToNodeEncoder+Keyed.swift
[172/176] Compiling OpenAPIRuntime URIValueToNodeEncoder+Single.swift
[173/176] Compiling OpenAPIRuntime URIValueToNodeEncoder+Unkeyed.swift
[174/176] Compiling OpenAPIRuntime URIValueToNodeEncoder.swift
[175/176] Compiling OpenAPIRuntime URIParser.swift
[176/176] Compiling OpenAPIRuntime URISerializer.swift
[178/184] Compiling OpenAPIURLSession URLSession+Extensions.swift
[179/184] Compiling OpenAPIURLSession HTTPBodyOutputStreamBridge.swift
[180/184] Compiling OpenAPIURLSession BidirectionalStreamingURLSessionDelegate.swift
[181/184] Compiling OpenAPIURLSession Lock.swift
[182/184] Compiling OpenAPIURLSession URLSessionTransport.swift
/host/spi-builder-workspace/Sources/OpenAPIURLSession/URLSessionTransport.swift:67:29: error: cannot find type 'URLSession' in scope
 65 |
 66 |         /// The URLSession used for performing HTTP operations.
 67 |         public var session: URLSession
    |                             `- error: cannot find type 'URLSession' in scope
 68 |
 69 |         /// Creates a new configuration with the provided session.
/host/spi-builder-workspace/Sources/OpenAPIURLSession/URLSessionTransport.swift:74:30: error: cannot find type 'URLSession' in scope
 72 |         ///     If none is provided, the system uses the shared URLSession.
 73 |         ///   - httpBodyProcessingMode: The mode used to process HTTP request and response bodies.
 74 |         public init(session: URLSession = .shared, httpBodyProcessingMode: HTTPBodyProcessingMode = .platformDefault) {
    |                              `- error: cannot find type 'URLSession' in scope
 75 |             let implementation = httpBodyProcessingMode.implementation
 76 |             self.init(session: session, implementation: implementation)
/host/spi-builder-workspace/Sources/OpenAPIURLSession/URLSessionTransport.swift:81:30: error: cannot find type 'URLSession' in scope
 79 |         /// - Parameter session: The URLSession used for performing HTTP operations.
 80 |         ///   If none is provided, the system uses the shared URLSession.
 81 |         public init(session: URLSession = .shared) { self.init(session: session, implementation: .platformDefault) }
    |                              `- error: cannot find type 'URLSession' in scope
 82 |         /// Specifies the mode in which HTTP request and response bodies are processed.
 83 |         public struct HTTPBodyProcessingMode: Sendable {
/host/spi-builder-workspace/Sources/OpenAPIURLSession/URLSessionTransport.swift:103:23: error: cannot find type 'URLSession' in scope
101 |         var implementation: Implementation
102 |
103 |         init(session: URLSession = .shared, implementation: Implementation = .platformDefault) {
    |                       `- error: cannot find type 'URLSession' in scope
104 |             self.session = session
105 |             if case .streaming = implementation {
/host/spi-builder-workspace/Sources/OpenAPIURLSession/URLSessionTransport.swift:157:28: error: cannot find type 'URLResponse' in scope
155 |
156 | extension HTTPBody.Length {
157 |     init(from urlResponse: URLResponse) {
    |                            `- error: cannot find type 'URLResponse' in scope
158 |         if urlResponse.expectedContentLength == -1 {
159 |             self = .unknown
/host/spi-builder-workspace/Sources/OpenAPIURLSession/URLSessionTransport.swift:173:26: error: cannot find type 'URLResponse' in scope
171 |
172 |     /// Returned `URLResponse` could not be converted to `HTTPURLResponse`.
173 |     case notHTTPResponse(URLResponse)
    |                          `- error: cannot find type 'URLResponse' in scope
174 |
175 |     /// Returned `HTTPURLResponse` has an invalid status code
/host/spi-builder-workspace/Sources/OpenAPIURLSession/URLSessionTransport.swift:176:36: error: cannot find type 'HTTPURLResponse' in scope
174 |
175 |     /// Returned `HTTPURLResponse` has an invalid status code
176 |     case invalidResponseStatusCode(HTTPURLResponse)
    |                                    `- error: cannot find type 'HTTPURLResponse' in scope
177 |
178 |     /// Returned `URLResponse` was nil
/host/spi-builder-workspace/Sources/OpenAPIURLSession/URLSessionTransport.swift:186:25: error: cannot find type 'URLResponse' in scope
184 |
185 | extension HTTPResponse {
186 |     init(_ urlResponse: URLResponse) throws {
    |                         `- error: cannot find type 'URLResponse' in scope
187 |         guard let httpResponse = urlResponse as? HTTPURLResponse else {
188 |             throw URLSessionTransportError.notHTTPResponse(urlResponse)
/host/spi-builder-workspace/Sources/OpenAPIURLSession/URLSessionTransport.swift:205:11: error: cannot find type 'URLRequest' in scope
203 | }
204 |
205 | extension URLRequest {
    |           `- error: cannot find type 'URLRequest' in scope
206 |     init(_ request: HTTPRequest, baseURL: URL) throws {
207 |         guard var baseUrlComponents = URLComponents(string: baseURL.absoluteString),
/host/spi-builder-workspace/Sources/OpenAPIURLSession/URLSessionTransport.swift:315:11: error: cannot find type 'URLSession' in scope
313 | }
314 |
315 | extension URLSession {
    |           `- error: cannot find type 'URLSession' in scope
316 |     func bufferedRequest(for request: HTTPRequest, baseURL: URL, requestBody: HTTPBody?) async throws -> (
317 |         HTTPResponse, HTTPBody?
/host/spi-builder-workspace/Sources/OpenAPIURLSession/URLSessionTransport.swift:81:99: error: cannot infer contextual base in reference to member 'platformDefault'
 79 |         /// - Parameter session: The URLSession used for performing HTTP operations.
 80 |         ///   If none is provided, the system uses the shared URLSession.
 81 |         public init(session: URLSession = .shared) { self.init(session: session, implementation: .platformDefault) }
    |                                                                                                   `- error: cannot infer contextual base in reference to member 'platformDefault'
 82 |         /// Specifies the mode in which HTTP request and response bodies are processed.
 83 |         public struct HTTPBodyProcessingMode: Sendable {
/host/spi-builder-workspace/Sources/OpenAPIURLSession/URLSessionTransport.swift:187:50: error: cannot find type 'HTTPURLResponse' in scope
185 | extension HTTPResponse {
186 |     init(_ urlResponse: URLResponse) throws {
187 |         guard let httpResponse = urlResponse as? HTTPURLResponse else {
    |                                                  `- error: cannot find type 'HTTPURLResponse' in scope
188 |             throw URLSessionTransportError.notHTTPResponse(urlResponse)
189 |         }
error: emit-module command failed with exit code 1 (use -v to see invocation)
[183/184] Compiling OpenAPIURLSession BufferedStream.swift
[184/184] Emitting module OpenAPIURLSession
/host/spi-builder-workspace/Sources/OpenAPIURLSession/URLSessionTransport.swift:67:29: error: cannot find type 'URLSession' in scope
 65 |
 66 |         /// The URLSession used for performing HTTP operations.
 67 |         public var session: URLSession
    |                             `- error: cannot find type 'URLSession' in scope
 68 |
 69 |         /// Creates a new configuration with the provided session.
/host/spi-builder-workspace/Sources/OpenAPIURLSession/URLSessionTransport.swift:74:30: error: cannot find type 'URLSession' in scope
 72 |         ///     If none is provided, the system uses the shared URLSession.
 73 |         ///   - httpBodyProcessingMode: The mode used to process HTTP request and response bodies.
 74 |         public init(session: URLSession = .shared, httpBodyProcessingMode: HTTPBodyProcessingMode = .platformDefault) {
    |                              `- error: cannot find type 'URLSession' in scope
 75 |             let implementation = httpBodyProcessingMode.implementation
 76 |             self.init(session: session, implementation: implementation)
/host/spi-builder-workspace/Sources/OpenAPIURLSession/URLSessionTransport.swift:81:30: error: cannot find type 'URLSession' in scope
 79 |         /// - Parameter session: The URLSession used for performing HTTP operations.
 80 |         ///   If none is provided, the system uses the shared URLSession.
 81 |         public init(session: URLSession = .shared) { self.init(session: session, implementation: .platformDefault) }
    |                              `- error: cannot find type 'URLSession' in scope
 82 |         /// Specifies the mode in which HTTP request and response bodies are processed.
 83 |         public struct HTTPBodyProcessingMode: Sendable {
/host/spi-builder-workspace/Sources/OpenAPIURLSession/URLSessionTransport.swift:103:23: error: cannot find type 'URLSession' in scope
101 |         var implementation: Implementation
102 |
103 |         init(session: URLSession = .shared, implementation: Implementation = .platformDefault) {
    |                       `- error: cannot find type 'URLSession' in scope
104 |             self.session = session
105 |             if case .streaming = implementation {
/host/spi-builder-workspace/Sources/OpenAPIURLSession/URLSessionTransport.swift:157:28: error: cannot find type 'URLResponse' in scope
155 |
156 | extension HTTPBody.Length {
157 |     init(from urlResponse: URLResponse) {
    |                            `- error: cannot find type 'URLResponse' in scope
158 |         if urlResponse.expectedContentLength == -1 {
159 |             self = .unknown
/host/spi-builder-workspace/Sources/OpenAPIURLSession/URLSessionTransport.swift:173:26: error: cannot find type 'URLResponse' in scope
171 |
172 |     /// Returned `URLResponse` could not be converted to `HTTPURLResponse`.
173 |     case notHTTPResponse(URLResponse)
    |                          `- error: cannot find type 'URLResponse' in scope
174 |
175 |     /// Returned `HTTPURLResponse` has an invalid status code
/host/spi-builder-workspace/Sources/OpenAPIURLSession/URLSessionTransport.swift:176:36: error: cannot find type 'HTTPURLResponse' in scope
174 |
175 |     /// Returned `HTTPURLResponse` has an invalid status code
176 |     case invalidResponseStatusCode(HTTPURLResponse)
    |                                    `- error: cannot find type 'HTTPURLResponse' in scope
177 |
178 |     /// Returned `URLResponse` was nil
/host/spi-builder-workspace/Sources/OpenAPIURLSession/URLSessionTransport.swift:186:25: error: cannot find type 'URLResponse' in scope
184 |
185 | extension HTTPResponse {
186 |     init(_ urlResponse: URLResponse) throws {
    |                         `- error: cannot find type 'URLResponse' in scope
187 |         guard let httpResponse = urlResponse as? HTTPURLResponse else {
188 |             throw URLSessionTransportError.notHTTPResponse(urlResponse)
/host/spi-builder-workspace/Sources/OpenAPIURLSession/URLSessionTransport.swift:205:11: error: cannot find type 'URLRequest' in scope
203 | }
204 |
205 | extension URLRequest {
    |           `- error: cannot find type 'URLRequest' in scope
206 |     init(_ request: HTTPRequest, baseURL: URL) throws {
207 |         guard var baseUrlComponents = URLComponents(string: baseURL.absoluteString),
/host/spi-builder-workspace/Sources/OpenAPIURLSession/URLSessionTransport.swift:315:11: error: cannot find type 'URLSession' in scope
313 | }
314 |
315 | extension URLSession {
    |           `- error: cannot find type 'URLSession' in scope
316 |     func bufferedRequest(for request: HTTPRequest, baseURL: URL, requestBody: HTTPBody?) async throws -> (
317 |         HTTPResponse, HTTPBody?
BUILD FAILURE 6.3 wasm