The Swift Package Index logo.Swift Package Index

Build Information

Failed to build Grove, reference 0.3.0-beta.8 (04d606), with Swift 6.3 for watchOS using Xcode 26.4 on 2 Oct 2026 23:44:03 UTC.

Build Command

env DEVELOPER_DIR=/Applications/Xcode-26.5.0.app xcrun xcodebuild -IDEClonedSourcePackagesDirPathOverride=$PWD/.dependencies -skipMacroValidation -skipPackagePluginValidation -derivedDataPath $PWD/.derivedData build -scheme Grove-Package -destination generic/platform=watchOS

Build Log

        colors: (fill: Color, text: Color) = (Color.clear, Color.black),
                       ^~~~~
/Users/admin/builder/spi-builder-workspace/.dependencies/checkouts/TPPDF/Source/API/Table/Style/PDFTableCellStyle.swift:34:37: error: cannot find type 'Color' in scope
        colors: (fill: Color, text: Color) = (Color.clear, Color.black),
                                    ^~~~~
/Users/admin/builder/spi-builder-workspace/.dependencies/checkouts/TPPDF/Source/API/Table/Style/PDFTableCellStyle.swift:36:15: error: cannot find type 'Font' in scope
        font: Font = Font.systemFont(ofSize: PDFConstants.defaultFontSize)
              ^~~~
/Users/admin/builder/spi-builder-workspace/.dependencies/checkouts/TPPDF/Source/API/Table/Style/PDFTableCellStyle.swift:73:24: error: cannot find 'Color' in scope
        colors: (fill: Color.clear, text: Color.black),
                       ^~~~~
/Users/admin/builder/spi-builder-workspace/.dependencies/checkouts/TPPDF/Source/API/Table/Style/PDFTableCellStyle.swift:73:43: error: cannot find 'Color' in scope
        colors: (fill: Color.clear, text: Color.black),
                                          ^~~~~
/Users/admin/builder/spi-builder-workspace/.dependencies/checkouts/TPPDF/Source/API/Table/Style/PDFTableCellStyle.swift:75:15: error: cannot find 'Font' in scope
        font: Font.systemFont(ofSize: PDFConstants.defaultFontSize)
              ^~~~
/Users/admin/builder/spi-builder-workspace/.dependencies/checkouts/TPPDF/Source/API/Table/Style/PDFTableCellStyle.swift:74:19: error: cannot infer contextual base in reference to member 'none'
        borders: .none,
                 ~^~~~
/Users/admin/builder/spi-builder-workspace/.dependencies/checkouts/TPPDF/Source/API/Text/PDFSimpleText.swift:41:40: error: cannot find type 'CGFloat' in scope; did you mean to use 'CGFloat'?
    public init(text: String, spacing: CGFloat = 0, style: PDFTextStyle? = nil) {
                                       ^~~~~~~
                                       CGFloat
/Users/admin/builder/spi-builder-workspace/.dependencies/checkouts/TPPDF/Source/API/Text/PDFSimpleText.swift:28:25: error: cannot find type 'CGFloat' in scope; did you mean to use 'CGFloat'?
    public var spacing: CGFloat
                        ^~~~~~~
                        CGFloat
/Users/admin/builder/spi-builder-workspace/.dependencies/checkouts/TPPDF/Source/API/Text/PDFTextStyle.swift:27:22: error: cannot find type 'Font' in scope
    public var font: Font?
                     ^~~~
/Users/admin/builder/spi-builder-workspace/.dependencies/checkouts/TPPDF/Source/API/Text/PDFTextStyle.swift:30:23: error: cannot find type 'Color' in scope
    public var color: Color?
                      ^~~~~
/Users/admin/builder/spi-builder-workspace/.dependencies/checkouts/TPPDF/Source/API/Text/PDFTextStyle.swift:43:37: error: cannot find type 'Font' in scope
    public init(name: String, font: Font? = nil, color: Color? = nil) {
                                    ^~~~
/Users/admin/builder/spi-builder-workspace/.dependencies/checkouts/TPPDF/Source/API/Text/PDFTextStyle.swift:43:57: error: cannot find type 'Color' in scope
    public init(name: String, font: Font? = nil, color: Color? = nil) {
                                                        ^~~~~
/Users/admin/builder/spi-builder-workspace/.dependencies/checkouts/TPPDF/Source/API/Utils/CrossPlattformGraphics.swift:246:11: error: cannot find type 'CGContext' in scope
extension CGContext {
          ^~~~~~~~~
/Users/admin/builder/spi-builder-workspace/.dependencies/checkouts/TPPDF/Source/API/Utils/PDFRenderObject.swift:21:16: error: cannot find type 'CGRect' in scope
    var frame: CGRect = .null
               ^~~~~~
/Users/admin/builder/spi-builder-workspace/.dependencies/checkouts/TPPDF/Source/API/Utils/PDFRenderObject.swift:24:61: error: cannot find type 'CGRect' in scope
    var attributes: [(attribute: PDFObjectAttribute, frame: CGRect)] = []
                                                            ^~~~~~
/Users/admin/builder/spi-builder-workspace/.dependencies/checkouts/TPPDF/Source/API/Utils/PDFRenderObject.swift:26:17: error: cannot find type 'CGRect' in scope
    init(frame: CGRect = .null, attributes: [(attribute: PDFObjectAttribute, frame: CGRect)] = []) {
                ^~~~~~
/Users/admin/builder/spi-builder-workspace/.dependencies/checkouts/TPPDF/Source/API/Utils/PDFRenderObject.swift:26:85: error: cannot find type 'CGRect' in scope
    init(frame: CGRect = .null, attributes: [(attribute: PDFObjectAttribute, frame: CGRect)] = []) {
                                                                                    ^~~~~~
/Users/admin/builder/spi-builder-workspace/.dependencies/checkouts/TPPDF/Source/Internal/External/PDFExternalPageObject.swift:15:15: error: cannot find type 'CGPDFPage' in scope
    var page: CGPDFPage
              ^~~~~~~~~
/Users/admin/builder/spi-builder-workspace/.dependencies/checkouts/TPPDF/Source/Internal/External/PDFExternalPageObject.swift:17:16: error: cannot find type 'CGPDFPage' in scope
    init(page: CGPDFPage) {
               ^~~~~~~~~
/Users/admin/builder/spi-builder-workspace/.dependencies/checkouts/TPPDF/Source/Internal/Graphics/PDFContextGraphics.swift:29:68: error: cannot find type 'Image' in scope
    static func getImage(from context: CGContext, size: CGSize) -> Image? {
                                                                   ^~~~~
/Users/admin/builder/spi-builder-workspace/.dependencies/checkouts/TPPDF/Source/Internal/Graphics/PDFGraphics.swift:36:57: error: cannot find type 'CGPoint' in scope
    static func drawLine(in context: PDFContext, start: CGPoint, end: CGPoint, style: PDFLineStyle) {
                                                        ^~~~~~~
/Users/admin/builder/spi-builder-workspace/.dependencies/checkouts/TPPDF/Source/Internal/Graphics/PDFGraphics.swift:36:71: error: cannot find type 'CGPoint' in scope
    static func drawLine(in context: PDFContext, start: CGPoint, end: CGPoint, style: PDFLineStyle) {
                                                                      ^~~~~~~
/Users/admin/builder/spi-builder-workspace/.dependencies/checkouts/TPPDF/Source/Internal/Graphics/PDFGraphics.swift:59:56: error: cannot find type 'CGRect' in scope
    static func drawRect(in context: PDFContext, rect: CGRect, outline: PDFLineStyle, fill: Color = .clear) {
                                                       ^~~~~~
/Users/admin/builder/spi-builder-workspace/.dependencies/checkouts/TPPDF/Source/Internal/Graphics/PDFGraphics.swift:59:93: error: cannot find type 'Color' in scope
    static func drawRect(in context: PDFContext, rect: CGRect, outline: PDFLineStyle, fill: Color = .clear) {
                                                                                            ^~~~~
/Users/admin/builder/spi-builder-workspace/.dependencies/checkouts/TPPDF/Source/Internal/Graphics/PDFGraphics.swift:76:56: error: cannot find type 'CGRect' in scope
    static func drawRect(in context: PDFContext, rect: CGRect, outline: PDFLineStyle, pattern: FillPattern) {
                                                       ^~~~~~
/Users/admin/builder/spi-builder-workspace/.dependencies/checkouts/TPPDF/Source/Internal/Graphics/PDFGraphics.swift:97:32: error: cannot find type 'BezierPath' in scope
    static func drawPath(path: BezierPath, in context: PDFContext, outline: PDFLineStyle, fillColor: Color) {
                               ^~~~~~~~~~
/Users/admin/builder/spi-builder-workspace/.dependencies/checkouts/TPPDF/Source/Internal/Graphics/PDFGraphics.swift:97:102: error: cannot find type 'Color' in scope
    static func drawPath(path: BezierPath, in context: PDFContext, outline: PDFLineStyle, fillColor: Color) {
                                                                                                     ^~~~~
/Users/admin/builder/spi-builder-workspace/.dependencies/checkouts/TPPDF/Source/Internal/Graphics/PDFGraphics.swift:106:45: error: cannot find type 'CGPath' in scope
    static func prepareForDrawingPath(path: CGPath, in context: PDFContext, strokeStyle: PDFLineStyle) {
                                            ^~~~~~
/Users/admin/builder/spi-builder-workspace/.dependencies/checkouts/TPPDF/Source/Internal/Graphics/PDFGraphics.swift:128:65: error: cannot find type 'CGFloat' in scope; did you mean to use 'CGFloat'?
    static func createDashes(style: PDFLineStyle) -> (lengths: [CGFloat], cap: CGLineCap)? {
                                                                ^~~~~~~
                                                                CGFloat
/Users/admin/builder/spi-builder-workspace/.dependencies/checkouts/TPPDF/Source/Internal/Graphics/PDFGraphics.swift:128:80: error: cannot find type 'CGLineCap' in scope
    static func createDashes(style: PDFLineStyle) -> (lengths: [CGFloat], cap: CGLineCap)? {
                                                                               ^~~~~~~~~
/Users/admin/builder/spi-builder-workspace/.dependencies/checkouts/TPPDF/Source/Internal/Graphics/PDFGraphics.swift:157:104: error: cannot find type 'Image' in scope
                                       roundCorners: RectCorner = [], cornerRadius: CGFloat? = nil) -> Image {
                                                                                                       ^~~~~
/Users/admin/builder/spi-builder-workspace/.dependencies/checkouts/TPPDF/Source/Internal/Graphics/PDFGraphics.swift:154:47: error: cannot find type 'Image' in scope
    static func resizeAndCompressImage(image: Image, frame: CGRect,
                                              ^~~~~
/Users/admin/builder/spi-builder-workspace/.dependencies/checkouts/TPPDF/Source/Internal/Graphics/PDFGraphics.swift:154:61: error: cannot find type 'CGRect' in scope
    static func resizeAndCompressImage(image: Image, frame: CGRect,
                                                            ^~~~~~
/Users/admin/builder/spi-builder-workspace/.dependencies/checkouts/TPPDF/Source/Internal/Graphics/PDFGraphics.swift:156:49: error: cannot find type 'CGFloat' in scope; did you mean to use 'CGFloat'?
                                       quality: CGFloat,
                                                ^~~~~~~
                                                CGFloat
/Users/admin/builder/spi-builder-workspace/.dependencies/checkouts/TPPDF/Source/Internal/Graphics/PDFGraphics.swift:157:54: error: cannot find type 'RectCorner' in scope
                                       roundCorners: RectCorner = [], cornerRadius: CGFloat? = nil) -> Image {
                                                     ^~~~~~~~~~
/Users/admin/builder/spi-builder-workspace/.dependencies/checkouts/TPPDF/Source/Internal/Graphics/PDFGraphics.swift:157:85: error: cannot find type 'CGFloat' in scope; did you mean to use 'CGFloat'?
                                       roundCorners: RectCorner = [], cornerRadius: CGFloat? = nil) -> Image {
                                                                                    ^~~~~~~
                                                                                    CGFloat
/Users/admin/builder/spi-builder-workspace/.dependencies/checkouts/TPPDF/Source/Internal/Graphics/PDFGraphics.swift:182:74: error: cannot find type 'Image' in scope
    static func resize(image: Image, frame: CGRect, quality: CGFloat) -> Image {
                                                                         ^~~~~
/Users/admin/builder/spi-builder-workspace/.dependencies/checkouts/TPPDF/Source/Internal/Graphics/PDFGraphics.swift:182:31: error: cannot find type 'Image' in scope
    static func resize(image: Image, frame: CGRect, quality: CGFloat) -> Image {
                              ^~~~~
/Users/admin/builder/spi-builder-workspace/.dependencies/checkouts/TPPDF/Source/Internal/Graphics/PDFGraphics.swift:182:45: error: cannot find type 'CGRect' in scope
    static func resize(image: Image, frame: CGRect, quality: CGFloat) -> Image {
                                            ^~~~~~
/Users/admin/builder/spi-builder-workspace/.dependencies/checkouts/TPPDF/Source/Internal/Graphics/PDFGraphics.swift:182:62: error: cannot find type 'CGFloat' in scope; did you mean to use 'CGFloat'?
    static func resize(image: Image, frame: CGRect, quality: CGFloat) -> Image {
                                                             ^~~~~~~
                                                             CGFloat
/Users/admin/builder/spi-builder-workspace/.dependencies/checkouts/TPPDF/Source/Internal/Graphics/PDFGraphics.swift:217:61: error: cannot find type 'Image' in scope
    static func compress(image: Image, quality: CGFloat) -> Image {
                                                            ^~~~~
/Users/admin/builder/spi-builder-workspace/.dependencies/checkouts/TPPDF/Source/Internal/Graphics/PDFGraphics.swift:217:33: error: cannot find type 'Image' in scope
    static func compress(image: Image, quality: CGFloat) -> Image {
                                ^~~~~
/Users/admin/builder/spi-builder-workspace/.dependencies/checkouts/TPPDF/Source/Internal/Graphics/PDFGraphics.swift:217:49: error: cannot find type 'CGFloat' in scope; did you mean to use 'CGFloat'?
    static func compress(image: Image, quality: CGFloat) -> Image {
                                                ^~~~~~~
                                                CGFloat
/Users/admin/builder/spi-builder-workspace/.dependencies/checkouts/TPPDF/Source/Internal/Graphics/PDFGraphics.swift:245:104: error: cannot find type 'Image' in scope
    static func round(image: Image, frameSize: CGSize, corners: RectCorner, cornerRadius: CGFloat?) -> Image {
                                                                                                       ^~~~~
/Users/admin/builder/spi-builder-workspace/.dependencies/checkouts/TPPDF/Source/Internal/Graphics/PDFGraphics.swift:245:30: error: cannot find type 'Image' in scope
    static func round(image: Image, frameSize: CGSize, corners: RectCorner, cornerRadius: CGFloat?) -> Image {
                             ^~~~~
/Users/admin/builder/spi-builder-workspace/.dependencies/checkouts/TPPDF/Source/Internal/Graphics/PDFGraphics.swift:245:48: error: cannot find type 'CGSize' in scope
    static func round(image: Image, frameSize: CGSize, corners: RectCorner, cornerRadius: CGFloat?) -> Image {
                                               ^~~~~~
/Users/admin/builder/spi-builder-workspace/.dependencies/checkouts/TPPDF/Source/Internal/Graphics/PDFGraphics.swift:245:65: error: cannot find type 'RectCorner' in scope
    static func round(image: Image, frameSize: CGSize, corners: RectCorner, cornerRadius: CGFloat?) -> Image {
                                                                ^~~~~~~~~~
/Users/admin/builder/spi-builder-workspace/.dependencies/checkouts/TPPDF/Source/Internal/Graphics/PDFGraphics.swift:245:91: error: cannot find type 'CGFloat' in scope; did you mean to use 'CGFloat'?
    static func round(image: Image, frameSize: CGSize, corners: RectCorner, cornerRadius: CGFloat?) -> Image {
                                                                                          ^~~~~~~
                                                                                          CGFloat
/Users/admin/builder/spi-builder-workspace/.dependencies/checkouts/TPPDF/Source/Internal/Graphics/PDFGraphics.swift:288:32: error: cannot find type 'Color' in scope
        case dotted(foreColor: Color, backColor: Color)
                               ^~~~~
/Users/admin/builder/spi-builder-workspace/.dependencies/checkouts/TPPDF/Source/Internal/Graphics/PDFGraphics.swift:288:50: error: cannot find type 'Color' in scope
        case dotted(foreColor: Color, backColor: Color)
                                                 ^~~~~
/Users/admin/builder/spi-builder-workspace/.dependencies/checkouts/TPPDF/Source/Internal/Graphics/PDFLineObject.swift:28:21: error: cannot find type 'CGPoint' in scope
    var startPoint: CGPoint
                    ^~~~~~~
/Users/admin/builder/spi-builder-workspace/.dependencies/checkouts/TPPDF/Source/Internal/Graphics/PDFLineObject.swift:33:19: error: cannot find type 'CGPoint' in scope
    var endPoint: CGPoint
                  ^~~~~~~
/Users/admin/builder/spi-builder-workspace/.dependencies/checkouts/TPPDF/Source/Internal/Graphics/PDFLineObject.swift:40:60: error: cannot find type 'CGPoint' in scope
    init(style: PDFLineStyle = PDFLineStyle(), startPoint: CGPoint = CGPoint.zero, endPoint: CGPoint = CGPoint.zero) {
                                                           ^~~~~~~
/Users/admin/builder/spi-builder-workspace/.dependencies/checkouts/TPPDF/Source/Internal/Graphics/PDFLineObject.swift:40:94: error: cannot find type 'CGPoint' in scope
    init(style: PDFLineStyle = PDFLineStyle(), startPoint: CGPoint = CGPoint.zero, endPoint: CGPoint = CGPoint.zero) {
                                                                                             ^~~~~~~
/Users/admin/builder/spi-builder-workspace/.dependencies/checkouts/TPPDF/Source/Internal/Graphics/PDFRectangleObject.swift:28:20: error: cannot find type 'Color' in scope
    var fillColor: Color
                   ^~~~~
/Users/admin/builder/spi-builder-workspace/.dependencies/checkouts/TPPDF/Source/Internal/Graphics/PDFRectangleObject.swift:37:59: error: cannot find type 'CGRect' in scope
    init(lineStyle: PDFLineStyle = PDFLineStyle(), frame: CGRect = CGRect.zero, fillColor: Color = Color.clear) {
                                                          ^~~~~~
/Users/admin/builder/spi-builder-workspace/.dependencies/checkouts/TPPDF/Source/Internal/Graphics/PDFRectangleObject.swift:37:92: error: cannot find type 'Color' in scope
    init(lineStyle: PDFLineStyle = PDFLineStyle(), frame: CGRect = CGRect.zero, fillColor: Color = Color.clear) {
                                                                                           ^~~~~
/Users/admin/builder/spi-builder-workspace/.dependencies/checkouts/TPPDF/Source/Internal/Graphics/UIColor+CloseToEqual.swift:14:11: error: cannot find type 'Color' in scope
extension Color {
          ^~~~~
/Users/admin/builder/spi-builder-workspace/.dependencies/checkouts/TPPDF/Source/Internal/Group/PDFGroupObject.swift:18:26: error: cannot find type 'Color' in scope
    var backgroundColor: Color?
                         ^~~~~
/Users/admin/builder/spi-builder-workspace/.dependencies/checkouts/TPPDF/Source/Internal/Group/PDFGroupObject.swift:22:18: error: cannot find type 'EdgeInsets' in scope
    var padding: EdgeInsets
                 ^~~~~~~~~~
/Users/admin/builder/spi-builder-workspace/.dependencies/checkouts/TPPDF/Source/Internal/Group/PDFGroupObject.swift:28:26: error: cannot find type 'Color' in scope
        backgroundColor: Color?,
                         ^~~~~
/Users/admin/builder/spi-builder-workspace/.dependencies/checkouts/TPPDF/Source/Internal/Group/PDFGroupObject.swift:32:18: error: cannot find type 'EdgeInsets' in scope
        padding: EdgeInsets
                 ^~~~~~~~~~
/Users/admin/builder/spi-builder-workspace/.dependencies/checkouts/TPPDF/Source/Internal/Group/PDFGroupObject.swift:136:67: error: cannot find type 'CGRect' in scope
    private func calculateBoundsFrame(generator: PDFGenerator) -> CGRect {
                                                                  ^~~~~~
/Users/admin/builder/spi-builder-workspace/.dependencies/checkouts/TPPDF/Source/Internal/Group/PDFGroupObject.swift:140:99: error: cannot find type 'CGRect' in scope
    private func calculateFrame(objects: [(container: PDFContainer, object: PDFRenderObject)]) -> CGRect {
                                                                                                  ^~~~~~
/Users/admin/builder/spi-builder-workspace/.dependencies/checkouts/TPPDF/Source/Internal/Image/PDFImageObject.swift:26:25: error: cannot find type 'CGFloat' in scope; did you mean to use 'CGFloat'?
    var captionSpacing: CGFloat
                        ^~~~~~~
                        CGFloat
/Users/admin/builder/spi-builder-workspace/.dependencies/checkouts/TPPDF/Source/Internal/Image/PDFImageObject.swift:34:43: error: cannot find type 'CGFloat' in scope; did you mean to use 'CGFloat'?
    init(image: PDFImage, captionSpacing: CGFloat = 0) {
                                          ^~~~~~~
                                          CGFloat
/Users/admin/builder/spi-builder-workspace/.dependencies/checkouts/TPPDF/Source/Internal/Image/PDFImageRowObject.swift:16:18: error: cannot find type 'CGFloat' in scope; did you mean to use 'CGFloat'?
    var spacing: CGFloat
                 ^~~~~~~
                 CGFloat
/Users/admin/builder/spi-builder-workspace/.dependencies/checkouts/TPPDF/Source/Internal/Image/PDFImageRowObject.swift:17:25: error: cannot find type 'CGFloat' in scope; did you mean to use 'CGFloat'?
    var captionSpacing: CGFloat
                        ^~~~~~~
                        CGFloat
/Users/admin/builder/spi-builder-workspace/.dependencies/checkouts/TPPDF/Source/Internal/Image/PDFImageRowObject.swift:19:39: error: cannot find type 'CGFloat' in scope; did you mean to use 'CGFloat'?
    init(images: [PDFImage], spacing: CGFloat = 1.0, captionSpacing: CGFloat = 5.0) {
                                      ^~~~~~~
                                      CGFloat
/Users/admin/builder/spi-builder-workspace/.dependencies/checkouts/TPPDF/Source/Internal/Image/PDFImageRowObject.swift:19:70: error: cannot find type 'CGFloat' in scope; did you mean to use 'CGFloat'?
    init(images: [PDFImage], spacing: CGFloat = 1.0, captionSpacing: CGFloat = 5.0) {
                                                                     ^~~~~~~
                                                                     CGFloat
/Users/admin/builder/spi-builder-workspace/.dependencies/checkouts/TPPDF/Source/Internal/Layout/PDFColumnLayoutState.swift:17:47: error: cannot find type 'CGFloat' in scope; did you mean to use 'CGFloat'?
    private var columnWidths: [PDFContainer: [CGFloat]]
                                              ^~~~~~~
                                              CGFloat
/Users/admin/builder/spi-builder-workspace/.dependencies/checkouts/TPPDF/Source/Internal/Layout/PDFColumnLayoutState.swift:18:49: error: cannot find type 'CGFloat' in scope; did you mean to use 'CGFloat'?
    private var columnSpacings: [PDFContainer: [CGFloat]]
                                                ^~~~~~~
                                                CGFloat
/Users/admin/builder/spi-builder-workspace/.dependencies/checkouts/TPPDF/Source/Internal/Layout/PDFColumnLayoutState.swift:19:51: error: cannot find type 'CGFloat' in scope; did you mean to use 'CGFloat'?
    private var wrapColumnsHeight: [PDFContainer: CGFloat]
                                                  ^~~~~~~
                                                  CGFloat
/Users/admin/builder/spi-builder-workspace/.dependencies/checkouts/TPPDF/Source/Internal/Layout/PDFColumnLayoutState.swift:20:46: error: cannot find type 'CGFloat' in scope; did you mean to use 'CGFloat'?
    private var inset: [PDFContainer: (left: CGFloat, right: CGFloat)]
                                             ^~~~~~~
                                             CGFloat
/Users/admin/builder/spi-builder-workspace/.dependencies/checkouts/TPPDF/Source/Internal/Layout/PDFColumnLayoutState.swift:20:62: error: cannot find type 'CGFloat' in scope; did you mean to use 'CGFloat'?
    private var inset: [PDFContainer: (left: CGFloat, right: CGFloat)]
                                                             ^~~~~~~
                                                             CGFloat
/Users/admin/builder/spi-builder-workspace/.dependencies/checkouts/TPPDF/Source/Internal/Layout/PDFColumnLayoutState.swift:106:33: error: cannot find type 'CGFloat' in scope; did you mean to use 'CGFloat'?
    func set(wrapColumnsHeight: CGFloat, for container: PDFContainer) {
                                ^~~~~~~
                                CGFloat
/Users/admin/builder/spi-builder-workspace/.dependencies/checkouts/TPPDF/Source/Internal/Layout/PDFColumnLayoutState.swift:119:63: error: cannot find type 'CGFloat' in scope; did you mean to use 'CGFloat'?
    func getWrapColumnsHeight(for container: PDFContainer) -> CGFloat {
                                                              ^~~~~~~
                                                              CGFloat
/Users/admin/builder/spi-builder-workspace/.dependencies/checkouts/TPPDF/Source/Internal/Layout/PDFColumnLayoutState.swift:158:31: error: cannot find type 'CGFloat' in scope; did you mean to use 'CGFloat'?
    func set(columnSpacings: [CGFloat], for container: PDFContainer) {
                              ^~~~~~~
                              CGFloat
/Users/admin/builder/spi-builder-workspace/.dependencies/checkouts/TPPDF/Source/Internal/Layout/PDFColumnLayoutState.swift:171:61: error: cannot find type 'CGFloat' in scope; did you mean to use 'CGFloat'?
    func getColumnSpacings(for container: PDFContainer) -> [CGFloat] {
                                                            ^~~~~~~
                                                            CGFloat
/Users/admin/builder/spi-builder-workspace/.dependencies/checkouts/TPPDF/Source/Internal/Layout/PDFColumnLayoutState.swift:184:28: error: cannot find type 'CGFloat' in scope; did you mean to use 'CGFloat'?
    func set(inset: (left: CGFloat, right: CGFloat), for container: PDFContainer) {
                           ^~~~~~~
                           CGFloat
/Users/admin/builder/spi-builder-workspace/.dependencies/checkouts/TPPDF/Source/Internal/Layout/PDFColumnLayoutState.swift:184:44: error: cannot find type 'CGFloat' in scope; did you mean to use 'CGFloat'?
    func set(inset: (left: CGFloat, right: CGFloat), for container: PDFContainer) {
                                           ^~~~~~~
                                           CGFloat
/Users/admin/builder/spi-builder-workspace/.dependencies/checkouts/TPPDF/Source/Internal/Layout/PDFColumnLayoutState.swift:197:58: error: cannot find type 'CGFloat' in scope; did you mean to use 'CGFloat'?
    func getInset(for container: PDFContainer) -> (left: CGFloat, right: CGFloat) {
                                                         ^~~~~~~
                                                         CGFloat
/Users/admin/builder/spi-builder-workspace/.dependencies/checkouts/TPPDF/Source/Internal/Layout/PDFColumnLayoutState.swift:197:74: error: cannot find type 'CGFloat' in scope; did you mean to use 'CGFloat'?
    func getInset(for container: PDFContainer) -> (left: CGFloat, right: CGFloat) {
                                                                         ^~~~~~~
                                                                         CGFloat
/Users/admin/builder/spi-builder-workspace/.dependencies/checkouts/TPPDF/Source/Internal/Layout/PDFColumnLayoutState.swift:210:29: error: cannot find type 'CGFloat' in scope; did you mean to use 'CGFloat'?
    func set(columnWidths: [CGFloat], for container: PDFContainer) {
                            ^~~~~~~
                            CGFloat
/Users/admin/builder/spi-builder-workspace/.dependencies/checkouts/TPPDF/Source/Internal/Layout/PDFColumnLayoutState.swift:223:59: error: cannot find type 'CGFloat' in scope; did you mean to use 'CGFloat'?
    func getColumnWidths(for container: PDFContainer) -> [CGFloat] {
                                                          ^~~~~~~
                                                          CGFloat
/Users/admin/builder/spi-builder-workspace/.dependencies/checkouts/TPPDF/Source/Internal/Layout/PDFColumnLayoutState.swift:240:33: error: cannot find type 'NSCopying' in scope
extension PDFColumnLayoutState: NSCopying {
                                ^~~~~~~~~
/Users/admin/builder/spi-builder-workspace/.dependencies/checkouts/TPPDF/Source/Internal/Layout/PDFColumnLayoutState.swift:242:23: error: cannot find type 'NSZone' in scope
    func copy(with _: NSZone? = nil) -> Any {
                      ^~~~~~
/Users/admin/builder/spi-builder-workspace/.dependencies/checkouts/TPPDF/Source/Internal/Layout/PDFIndentationObject.swift:21:22: error: cannot find type 'CGFloat' in scope; did you mean to use 'CGFloat'?
    var indentation: CGFloat
                     ^~~~~~~
                     CGFloat
/Users/admin/builder/spi-builder-workspace/.dependencies/checkouts/TPPDF/Source/Internal/Layout/PDFIndentationObject.swift:40:23: error: cannot find type 'CGFloat' in scope; did you mean to use 'CGFloat'?
    init(indentation: CGFloat, left: Bool, insideSectionColumn: Bool) {
                      ^~~~~~~
                      CGFloat
/Users/admin/builder/spi-builder-workspace/.dependencies/checkouts/TPPDF/Source/Internal/Layout/PDFLayoutIndentations.swift:21:24: error: cannot find type 'CGFloat' in scope; did you mean to use 'CGFloat'?
    var header: (left: CGFloat, right: CGFloat) = (0, 0)
                       ^~~~~~~
                       CGFloat
/Users/admin/builder/spi-builder-workspace/.dependencies/checkouts/TPPDF/Source/Internal/Layout/PDFLayoutIndentations.swift:21:40: error: cannot find type 'CGFloat' in scope; did you mean to use 'CGFloat'?
    var header: (left: CGFloat, right: CGFloat) = (0, 0)
                                       ^~~~~~~
                                       CGFloat
/Users/admin/builder/spi-builder-workspace/.dependencies/checkouts/TPPDF/Source/Internal/Layout/PDFLayoutIndentations.swift:26:25: error: cannot find type 'CGFloat' in scope; did you mean to use 'CGFloat'?
    var content: (left: CGFloat, right: CGFloat) = (0, 0)
                        ^~~~~~~
                        CGFloat
/Users/admin/builder/spi-builder-workspace/.dependencies/checkouts/TPPDF/Source/Internal/Layout/PDFLayoutIndentations.swift:26:41: error: cannot find type 'CGFloat' in scope; did you mean to use 'CGFloat'?
    var content: (left: CGFloat, right: CGFloat) = (0, 0)
                                        ^~~~~~~
                                        CGFloat
/Users/admin/builder/spi-builder-workspace/.dependencies/checkouts/TPPDF/Source/Internal/Layout/PDFLayoutIndentations.swift:31:24: error: cannot find type 'CGFloat' in scope; did you mean to use 'CGFloat'?
    var footer: (left: CGFloat, right: CGFloat) = (0, 0)
                       ^~~~~~~
                       CGFloat
/Users/admin/builder/spi-builder-workspace/.dependencies/checkouts/TPPDF/Source/Internal/Layout/PDFLayoutIndentations.swift:31:40: error: cannot find type 'CGFloat' in scope; did you mean to use 'CGFloat'?
    var footer: (left: CGFloat, right: CGFloat) = (0, 0)
                                       ^~~~~~~
                                       CGFloat
/Users/admin/builder/spi-builder-workspace/.dependencies/checkouts/TPPDF/Source/Internal/Layout/PDFLayout.swift:20:17: error: cannot find type 'EdgeInsets' in scope
    var margin: EdgeInsets = .zero
                ^~~~~~~~~~
/Users/admin/builder/spi-builder-workspace/.dependencies/checkouts/TPPDF/Source/Internal/Layout/PDFLayout.swift:22:58: error: cannot find type 'CGFloat' in scope; did you mean to use 'CGFloat'?
    func getContentOffset(in container: PDFContainer) -> CGFloat {
                                                         ^~~~~~~
                                                         CGFloat
/Users/admin/builder/spi-builder-workspace/.dependencies/checkouts/TPPDF/Source/Internal/Layout/PDFLayout.swift:31:65: error: cannot find type 'CGFloat' in scope; did you mean to use 'CGFloat'?
    func setContentOffset(in container: PDFContainer, to value: CGFloat) {
                                                                ^~~~~~~
                                                                CGFloat
/Users/admin/builder/spi-builder-workspace/.dependencies/checkouts/TPPDF/Source/Internal/Layout/PDFLayoutHeights.swift:15:32: error: cannot find type 'CGFloat' in scope; did you mean to use 'CGFloat'?
    var header: [PDFContainer: CGFloat] = [:]
                               ^~~~~~~
                               CGFloat
/Users/admin/builder/spi-builder-workspace/.dependencies/checkouts/TPPDF/Source/Internal/Layout/PDFLayoutHeights.swift:16:32: error: cannot find type 'CGFloat' in scope; did you mean to use 'CGFloat'?
    var footer: [PDFContainer: CGFloat] = [:]
                               ^~~~~~~
                               CGFloat
/Users/admin/builder/spi-builder-workspace/.dependencies/checkouts/TPPDF/Source/Internal/Layout/PDFLayoutHeights.swift:17:18: error: cannot find type 'CGFloat' in scope; did you mean to use 'CGFloat'?
    var content: CGFloat = 0
                 ^~~~~~~
                 CGFloat
/Users/admin/builder/spi-builder-workspace/.dependencies/checkouts/TPPDF/Source/Internal/Layout/PDFLayoutHeights.swift:34:32: error: cannot find type 'CGFloat' in scope; did you mean to use 'CGFloat'?
    mutating func add(_ value: CGFloat, to container: PDFContainer) {
                               ^~~~~~~
                               CGFloat
/Users/admin/builder/spi-builder-workspace/.dependencies/checkouts/TPPDF/Source/Internal/Layout/PDFLayoutHeights.swift:47:31: error: cannot find type 'CGFloat' in scope; did you mean to use 'CGFloat'?
    func maxHeaderHeight() -> CGFloat {
                              ^~~~~~~
                              CGFloat
/Users/admin/builder/spi-builder-workspace/.dependencies/checkouts/TPPDF/Source/Internal/Layout/PDFLayoutHeights.swift:54:31: error: cannot find type 'CGFloat' in scope; did you mean to use 'CGFloat'?
    func maxFooterHeight() -> CGFloat {
                              ^~~~~~~
                              CGFloat
/Users/admin/builder/spi-builder-workspace/.dependencies/checkouts/TPPDF/Source/Internal/Layout/PDFLayoutHeights.swift:58:48: error: cannot find type 'CGFloat' in scope; did you mean to use 'CGFloat'?
    func value(for container: PDFContainer) -> CGFloat {
                                               ^~~~~~~
                                               CGFloat
/Users/admin/builder/spi-builder-workspace/.dependencies/checkouts/TPPDF/Source/Internal/Layout/PDFLayoutHeights.swift:68:32: error: cannot find type 'CGFloat' in scope; did you mean to use 'CGFloat'?
    mutating func set(_ value: CGFloat, to container: PDFContainer) {
                               ^~~~~~~
                               CGFloat
/Users/admin/builder/spi-builder-workspace/.dependencies/checkouts/TPPDF/Source/Internal/Layout/PDFLayoutIndentations.swift:42:45: error: cannot find type 'CGFloat' in scope; did you mean to use 'CGFloat'?
    func leftIn(container: PDFContainer) -> CGFloat {
                                            ^~~~~~~
                                            CGFloat
/Users/admin/builder/spi-builder-workspace/.dependencies/checkouts/TPPDF/Source/Internal/Layout/PDFLayoutIndentations.swift:58:46: error: cannot find type 'CGFloat' in scope; did you mean to use 'CGFloat'?
    func rightIn(container: PDFContainer) -> CGFloat {
                                             ^~~~~~~
                                             CGFloat
/Users/admin/builder/spi-builder-workspace/.dependencies/checkouts/TPPDF/Source/Internal/Layout/PDFLayoutIndentations.swift:73:40: error: cannot find type 'CGFloat' in scope; did you mean to use 'CGFloat'?
    mutating func setLeft(indentation: CGFloat, in container: PDFContainer) {
                                       ^~~~~~~
                                       CGFloat
/Users/admin/builder/spi-builder-workspace/.dependencies/checkouts/TPPDF/Source/Internal/Layout/PDFLayoutIndentations.swift:89:41: error: cannot find type 'CGFloat' in scope; did you mean to use 'CGFloat'?
    mutating func setRight(indentation: CGFloat, in container: PDFContainer) {
                                        ^~~~~~~
                                        CGFloat
/Users/admin/builder/spi-builder-workspace/.dependencies/checkouts/TPPDF/Source/Internal/Layout/PDFMarginObject.swift:15:24: error: cannot find type 'CGFloat' in scope; did you mean to use 'CGFloat'?
    var values: (left: CGFloat?, right: CGFloat?, top: CGFloat?, bottom: CGFloat?)
                       ^~~~~~~
                       CGFloat
/Users/admin/builder/spi-builder-workspace/.dependencies/checkouts/TPPDF/Source/Internal/Layout/PDFMarginObject.swift:15:41: error: cannot find type 'CGFloat' in scope; did you mean to use 'CGFloat'?
    var values: (left: CGFloat?, right: CGFloat?, top: CGFloat?, bottom: CGFloat?)
                                        ^~~~~~~
                                        CGFloat
/Users/admin/builder/spi-builder-workspace/.dependencies/checkouts/TPPDF/Source/Internal/Layout/PDFMarginObject.swift:15:56: error: cannot find type 'CGFloat' in scope; did you mean to use 'CGFloat'?
    var values: (left: CGFloat?, right: CGFloat?, top: CGFloat?, bottom: CGFloat?)
                                                       ^~~~~~~
                                                       CGFloat
/Users/admin/builder/spi-builder-workspace/.dependencies/checkouts/TPPDF/Source/Internal/Layout/PDFMarginObject.swift:15:74: error: cannot find type 'CGFloat' in scope; did you mean to use 'CGFloat'?
    var values: (left: CGFloat?, right: CGFloat?, top: CGFloat?, bottom: CGFloat?)
                                                                         ^~~~~~~
                                                                         CGFloat
/Users/admin/builder/spi-builder-workspace/.dependencies/checkouts/TPPDF/Source/Internal/Layout/PDFMarginObject.swift:22:28: error: cannot find type 'CGFloat' in scope; did you mean to use 'CGFloat'?
    convenience init(left: CGFloat? = nil, right: CGFloat? = nil, top: CGFloat? = nil, bottom: CGFloat? = nil) {
                           ^~~~~~~
                           CGFloat
/Users/admin/builder/spi-builder-workspace/.dependencies/checkouts/TPPDF/Source/Internal/Layout/PDFMarginObject.swift:22:51: error: cannot find type 'CGFloat' in scope; did you mean to use 'CGFloat'?
    convenience init(left: CGFloat? = nil, right: CGFloat? = nil, top: CGFloat? = nil, bottom: CGFloat? = nil) {
                                                  ^~~~~~~
                                                  CGFloat
/Users/admin/builder/spi-builder-workspace/.dependencies/checkouts/TPPDF/Source/Internal/Layout/PDFMarginObject.swift:22:72: error: cannot find type 'CGFloat' in scope; did you mean to use 'CGFloat'?
    convenience init(left: CGFloat? = nil, right: CGFloat? = nil, top: CGFloat? = nil, bottom: CGFloat? = nil) {
                                                                       ^~~~~~~
                                                                       CGFloat
/Users/admin/builder/spi-builder-workspace/.dependencies/checkouts/TPPDF/Source/Internal/Layout/PDFMarginObject.swift:22:96: error: cannot find type 'CGFloat' in scope; did you mean to use 'CGFloat'?
    convenience init(left: CGFloat? = nil, right: CGFloat? = nil, top: CGFloat? = nil, bottom: CGFloat? = nil) {
                                                                                               ^~~~~~~
                                                                                               CGFloat
/Users/admin/builder/spi-builder-workspace/.dependencies/checkouts/TPPDF/Source/Internal/Layout/PDFMarginObject.swift:26:16: error: cannot find type 'CGFloat' in scope; did you mean to use 'CGFloat'?
    init(left: CGFloat?, right: CGFloat?, top: CGFloat?, bottom: CGFloat?, reset: Bool) {
               ^~~~~~~
               CGFloat
/Users/admin/builder/spi-builder-workspace/.dependencies/checkouts/TPPDF/Source/Internal/Layout/PDFMarginObject.swift:26:33: error: cannot find type 'CGFloat' in scope; did you mean to use 'CGFloat'?
    init(left: CGFloat?, right: CGFloat?, top: CGFloat?, bottom: CGFloat?, reset: Bool) {
                                ^~~~~~~
                                CGFloat
/Users/admin/builder/spi-builder-workspace/.dependencies/checkouts/TPPDF/Source/Internal/Layout/PDFMarginObject.swift:26:48: error: cannot find type 'CGFloat' in scope; did you mean to use 'CGFloat'?
    init(left: CGFloat?, right: CGFloat?, top: CGFloat?, bottom: CGFloat?, reset: Bool) {
                                               ^~~~~~~
                                               CGFloat
/Users/admin/builder/spi-builder-workspace/.dependencies/checkouts/TPPDF/Source/Internal/Layout/PDFMarginObject.swift:26:66: error: cannot find type 'CGFloat' in scope; did you mean to use 'CGFloat'?
    init(left: CGFloat?, right: CGFloat?, top: CGFloat?, bottom: CGFloat?, reset: Bool) {
                                                                 ^~~~~~~
                                                                 CGFloat
/Users/admin/builder/spi-builder-workspace/.dependencies/checkouts/TPPDF/Source/Internal/Layout/PDFOffsetObject.swift:21:17: error: cannot find type 'CGFloat' in scope; did you mean to use 'CGFloat'?
    var offset: CGFloat
                ^~~~~~~
                CGFloat
/Users/admin/builder/spi-builder-workspace/.dependencies/checkouts/TPPDF/Source/Internal/Layout/PDFOffsetObject.swift:28:18: error: cannot find type 'CGFloat' in scope; did you mean to use 'CGFloat'?
    init(offset: CGFloat) {
                 ^~~~~~~
                 CGFloat
/Users/admin/builder/spi-builder-workspace/.dependencies/checkouts/TPPDF/Source/Internal/Layout/PDFSpaceObject.swift:21:16: error: cannot find type 'CGFloat' in scope; did you mean to use 'CGFloat'?
    var space: CGFloat
               ^~~~~~~
               CGFloat
/Users/admin/builder/spi-builder-workspace/.dependencies/checkouts/TPPDF/Source/Internal/Layout/PDFSpaceObject.swift:28:17: error: cannot find type 'CGFloat' in scope; did you mean to use 'CGFloat'?
    init(space: CGFloat) {
                ^~~~~~~
                CGFloat
/Users/admin/builder/spi-builder-workspace/.dependencies/checkouts/TPPDF/Source/Internal/Math/CGPoint+Math.swift:14:18: error: cannot find type 'CGPoint' in scope
public extension CGPoint {
                 ^~~~~~~
/Users/admin/builder/spi-builder-workspace/.dependencies/checkouts/TPPDF/Source/Internal/Math/CGPoint+Null.swift:14:11: error: cannot find type 'CGPoint' in scope
extension CGPoint {
          ^~~~~~~
/Users/admin/builder/spi-builder-workspace/.dependencies/checkouts/TPPDF/Source/Internal/PDFGenerator+Debug.swift:54:79: error: cannot find type 'CGFloat' in scope; did you mean to use 'CGFloat'?
    private func drawHorizontalMarginLines(in context: PDFContext, positionY: CGFloat) {
                                                                              ^~~~~~~
                                                                              CGFloat
/Users/admin/builder/spi-builder-workspace/.dependencies/checkouts/TPPDF/Source/Internal/PDFGenerator+Debug.swift:68:77: error: cannot find type 'CGFloat' in scope; did you mean to use 'CGFloat'?
    private func drawVerticalMarginLines(in context: PDFContext, positionX: CGFloat) {
                                                                            ^~~~~~~
                                                                            CGFloat
/Users/admin/builder/spi-builder-workspace/.dependencies/checkouts/TPPDF/Source/Internal/PDFGenerator+Layout.swift:25:58: error: cannot find type 'CGFloat' in scope; did you mean to use 'CGFloat'?
    func getContentOffset(in container: PDFContainer) -> CGFloat {
                                                         ^~~~~~~
                                                         CGFloat
/Users/admin/builder/spi-builder-workspace/.dependencies/checkouts/TPPDF/Source/Internal/PDFGenerator+Layout.swift:35:65: error: cannot find type 'CGFloat' in scope; did you mean to use 'CGFloat'?
    func setContentOffset(in container: PDFContainer, to value: CGFloat) {
                                                                ^~~~~~~
                                                                CGFloat
/Users/admin/builder/spi-builder-workspace/.dependencies/checkouts/TPPDF/Source/Internal/Section/PDFColumnWrapSectionObject.swift:16:18: error: cannot find type 'CGFloat' in scope; did you mean to use 'CGFloat'?
    var widths: [CGFloat]
                 ^~~~~~~
                 CGFloat
/Users/admin/builder/spi-builder-workspace/.dependencies/checkouts/TPPDF/Source/Internal/Section/PDFColumnWrapSectionObject.swift:17:20: error: cannot find type 'CGFloat' in scope; did you mean to use 'CGFloat'?
    var spacings: [CGFloat]
                   ^~~~~~~
                   CGFloat
/Users/admin/builder/spi-builder-workspace/.dependencies/checkouts/TPPDF/Source/Internal/Section/PDFColumnWrapSectionObject.swift:21:45: error: cannot find type 'CGFloat' in scope; did you mean to use 'CGFloat'?
    convenience init(columns: Int, widths: [CGFloat], spacings: [CGFloat]) {
                                            ^~~~~~~
                                            CGFloat
/Users/admin/builder/spi-builder-workspace/.dependencies/checkouts/TPPDF/Source/Internal/Section/PDFColumnWrapSectionObject.swift:21:66: error: cannot find type 'CGFloat' in scope; did you mean to use 'CGFloat'?
    convenience init(columns: Int, widths: [CGFloat], spacings: [CGFloat]) {
                                                                 ^~~~~~~
                                                                 CGFloat
/Users/admin/builder/spi-builder-workspace/.dependencies/checkouts/TPPDF/Source/Internal/Section/PDFColumnWrapSectionObject.swift:29:33: error: cannot find type 'CGFloat' in scope; did you mean to use 'CGFloat'?
    init(columns: Int, widths: [CGFloat], spacings: [CGFloat], isDisable: Bool, addPageBreak: Bool) {
                                ^~~~~~~
                                CGFloat
/Users/admin/builder/spi-builder-workspace/.dependencies/checkouts/TPPDF/Source/Internal/Section/PDFColumnWrapSectionObject.swift:29:54: error: cannot find type 'CGFloat' in scope; did you mean to use 'CGFloat'?
    init(columns: Int, widths: [CGFloat], spacings: [CGFloat], isDisable: Bool, addPageBreak: Bool) {
                                                     ^~~~~~~
                                                     CGFloat
/Users/admin/builder/spi-builder-workspace/.dependencies/checkouts/TPPDF/Source/Internal/Section/PDFSectionObject.swift:16:19: error: cannot find type 'CGFloat' in scope; did you mean to use 'CGFloat'?
        let minX: CGFloat
                  ^~~~~~~
                  CGFloat
/Users/admin/builder/spi-builder-workspace/.dependencies/checkouts/TPPDF/Source/Internal/Section/PDFSectionObject.swift:17:20: error: cannot find type 'CGFloat' in scope; did you mean to use 'CGFloat'?
        let width: CGFloat
                   ^~~~~~~
                   CGFloat
/Users/admin/builder/spi-builder-workspace/.dependencies/checkouts/TPPDF/Source/Internal/Section/PDFSectionObject.swift:18:30: error: cannot find type 'Color' in scope
        let backgroundColor: Color?
                             ^~~~~
/Users/admin/builder/spi-builder-workspace/.dependencies/checkouts/TPPDF/Source/Internal/Table/PDFTableObject.swift:145:28: error: cannot find type 'CGPoint' in scope
                   origin: CGPoint,
                           ^~~~~~~
/Users/admin/builder/spi-builder-workspace/.dependencies/checkouts/TPPDF/Source/Internal/Table/PDFTableObject.swift:146:27: error: cannot find type 'CGFloat' in scope; did you mean to use 'CGFloat'?
                   width: CGFloat) -> PDFTableCalculatedCell {
                          ^~~~~~~
                          CGFloat
/Users/admin/builder/spi-builder-workspace/.dependencies/checkouts/TPPDF/Source/Internal/Table/PDFTableObject.swift:192:46: error: cannot find type 'CGRect' in scope
                   contentWidth: CGFloat) -> CGRect {
                                             ^~~~~~
/Users/admin/builder/spi-builder-workspace/.dependencies/checkouts/TPPDF/Source/Internal/Table/PDFTableObject.swift:191:35: error: cannot find type 'CGPoint' in scope
                   contentOrigin: CGPoint,
                                  ^~~~~~~
/Users/admin/builder/spi-builder-workspace/.dependencies/checkouts/TPPDF/Source/Internal/Table/PDFTableObject.swift:192:34: error: cannot find type 'CGFloat' in scope; did you mean to use 'CGFloat'?
                   contentWidth: CGFloat) -> CGRect {
                                 ^~~~~~~
                                 CGFloat
/Users/admin/builder/spi-builder-workspace/.dependencies/checkouts/TPPDF/Source/Internal/Table/PDFTableObject.swift:213:74: error: cannot find type 'NSAttributedString' in scope
                                    alignment: PDFTableCellAlignment) -> NSAttributedString? {
                                                                         ^~~~~~~~~~~~~~~~~~
/Users/admin/builder/spi-builder-workspace/.dependencies/checkouts/TPPDF/Source/Internal/Table/PDFTableObject.swift:229:68: error: cannot find type 'CGFloat' in scope; did you mean to use 'CGFloat'?
    func repositionX(of calculatedCell: PDFTableCalculatedCell) -> CGFloat {
                                                                   ^~~~~~~
                                                                   CGFloat
/Users/admin/builder/spi-builder-workspace/.dependencies/checkouts/TPPDF/Source/Internal/Table/PDFTableObject.swift:242:68: error: cannot find type 'CGFloat' in scope; did you mean to use 'CGFloat'?
    func repositionY(of calculatedCell: PDFTableCalculatedCell) -> CGFloat {
                                                                   ^~~~~~~
                                                                   CGFloat
/Users/admin/builder/spi-builder-workspace/.dependencies/checkouts/TPPDF/Source/Internal/Table/PDFTableObject.swift:255:116: error: cannot find type 'NSAttributedString' in scope
    func createAttributedCellText(text: String, cellStyle: PDFTableCellStyle, alignment: PDFTableCellAlignment) -> NSAttributedString {
                                                                                                                   ^~~~~~~~~~~~~~~~~~
/Users/admin/builder/spi-builder-workspace/.dependencies/checkouts/TPPDF/Source/Internal/Table/PDFTableObject.swift:281:61: error: cannot find type 'CGFloat' in scope; did you mean to use 'CGFloat'?
    ) throws -> (objects: [PDFLocatedRenderObject], offset: CGFloat) {
                                                            ^~~~~~~
                                                            CGFloat
/Users/admin/builder/spi-builder-workspace/.dependencies/checkouts/TPPDF/Source/Internal/Table/PDFTableObject.swift:280:23: error: cannot find type 'CGFloat' in scope; did you mean to use 'CGFloat'?
        headerHeight: CGFloat
                      ^~~~~~~
                      CGFloat
/Users/admin/builder/spi-builder-workspace/.dependencies/checkouts/TPPDF/Source/Internal/Table/PDFTableObject.swift:443:20: error: cannot find type 'CGFloat' in scope; did you mean to use 'CGFloat'?
        minOffset: CGFloat,
                   ^~~~~~~
                   CGFloat
/Users/admin/builder/spi-builder-workspace/.dependencies/checkouts/TPPDF/Source/Internal/Table/PDFTableObject.swift:444:20: error: cannot find type 'CGFloat' in scope; did you mean to use 'CGFloat'?
        maxOffset: CGFloat,
                   ^~~~~~~
                   CGFloat
/Users/admin/builder/spi-builder-workspace/.dependencies/checkouts/TPPDF/Source/Internal/Table/PDFTableObject.swift:485:68: error: cannot find type 'CGFloat' in scope; did you mean to use 'CGFloat'?
    func shiftCellsBy(cells: [PDFTableCalculatedCell], shiftValue: CGFloat) -> ShiftedCells {
                                                                   ^~~~~~~
                                                                   CGFloat
/Users/admin/builder/spi-builder-workspace/.dependencies/checkouts/TPPDF/Source/Internal/Table/PDFTableObject.swift:498:35: error: cannot find type 'CGRect' in scope
    func createSliceObject(frame: CGRect, elements: [PDFRenderObject], minOffset: CGFloat, maxOffset: CGFloat) -> PDFSlicedObject {
                                  ^~~~~~
/Users/admin/builder/spi-builder-workspace/.dependencies/checkouts/TPPDF/Source/Internal/Table/PDFTableObject.swift:498:83: error: cannot find type 'CGFloat' in scope; did you mean to use 'CGFloat'?
    func createSliceObject(frame: CGRect, elements: [PDFRenderObject], minOffset: CGFloat, maxOffset: CGFloat) -> PDFSlicedObject {
                                                                                  ^~~~~~~
                                                                                  CGFloat
/Users/admin/builder/spi-builder-workspace/.dependencies/checkouts/TPPDF/Source/Internal/Table/PDFTableObject.swift:498:103: error: cannot find type 'CGFloat' in scope; did you mean to use 'CGFloat'?
    func createSliceObject(frame: CGRect, elements: [PDFRenderObject], minOffset: CGFloat, maxOffset: CGFloat) -> PDFSlicedObject {
                                                                                                      ^~~~~~~
                                                                                                      CGFloat
/Users/admin/builder/spi-builder-workspace/.dependencies/checkouts/TPPDF/Source/Internal/Table/PDFTableObject.swift:517:70: error: cannot find type 'CGRect' in scope
    func createCellBackgroundObject(style: PDFTableCellStyle, frame: CGRect) -> PDFRenderObject {
                                                                     ^~~~~~
/Users/admin/builder/spi-builder-workspace/.dependencies/checkouts/TPPDF/Source/Internal/Table/PDFTableObject.swift:525:75: error: cannot find type 'CGRect' in scope
                                 alignment: PDFTableCellAlignment, frame: CGRect) -> PDFRenderObject? {
                                                                          ^~~~~~
/Users/admin/builder/spi-builder-workspace/.dependencies/checkouts/TPPDF/Source/Internal/Table/PDFTableObject.swift:607:72: error: cannot find type 'CGRect' in scope
    func createCellOutlineObjects(borders: PDFTableCellBorders, frame: CGRect) -> [PDFLineObject] {
                                                                       ^~~~~~
/Users/admin/builder/spi-builder-workspace/.dependencies/checkouts/TPPDF/Source/Internal/Table/PDFTableValidator.swift:74:112: error: cannot find type 'CGFloat' in scope; did you mean to use 'CGFloat'?
    static func validateTableData(data: [[Any?]], alignments: [[PDFTableCellAlignment]]? = nil, columnWidths: [CGFloat]? = nil) throws {
                                                                                                               ^~~~~~~
                                                                                                               CGFloat
/Users/admin/builder/spi-builder-workspace/.dependencies/checkouts/TPPDF/Source/Internal/Text/PDFAttributedTextObject.swift:27:27: error: cannot find type 'NSAttributedString' in scope
    var attributedString: NSAttributedString!
                          ^~~~~~~~~~~~~~~~~~
/Users/admin/builder/spi-builder-workspace/.dependencies/checkouts/TPPDF/Source/Internal/Text/PDFAttributedTextObject.swift:167:76: error: cannot find type 'NSRange' in scope
    private func calculateLinkAttributes(with links: [(url: String, range: NSRange)],
                                                                           ^~~~~~~
/Users/admin/builder/spi-builder-workspace/.dependencies/checkouts/TPPDF/Source/Internal/Text/PDFAttributedTextObject.swift:168:55: error: cannot find type 'CTFrame' in scope
                                         in frameRef: CTFrame,
                                                      ^~~~~~~
/Users/admin/builder/spi-builder-workspace/.dependencies/checkouts/TPPDF/Source/Internal/Text/PDFAttributedTextObject.swift:169:48: error: cannot find type 'NSRange' in scope
                                         in _: NSRange,
                                               ^~~~~~~
/Users/admin/builder/spi-builder-workspace/.dependencies/checkouts/TPPDF/Source/Internal/Text/PDFAttributedTextObject.swift:243:93: error: cannot find type 'NSAttributedString' in scope
    func generateAttributedText(generator: PDFGenerator, container: PDFContainer) throws -> NSAttributedString {
                                                                                            ^~~~~~~~~~~~~~~~~~
/Users/admin/builder/spi-builder-workspace/.dependencies/checkouts/TPPDF/Source/Internal/Text/PDFAttributedTextObject.swift:276:73: error: cannot find type 'NSAttributedString' in scope
                                              style: PDFTextStyle?) -> [NSAttributedString.Key: NSObject] {
                                                                        ^~~~~~~~~~~~~~~~~~
/Users/admin/builder/spi-builder-workspace/.dependencies/checkouts/TPPDF/Source/Internal/Text/PDFAttributedTextObject.swift:273:75: error: cannot find type 'Font' in scope
                                              fonts: inout [PDFContainer: Font],
                                                                          ^~~~
/Users/admin/builder/spi-builder-workspace/.dependencies/checkouts/TPPDF/Source/Internal/Text/PDFAttributedTextObject.swift:274:79: error: cannot find type 'Color' in scope
                                              textColor: inout [PDFContainer: Color],
                                                                              ^~~~~
/Users/admin/builder/spi-builder-workspace/.dependencies/checkouts/TPPDF/Source/Internal/Text/PDFAttributedTextObject.swift:275:56: error: cannot find type 'CGFloat' in scope; did you mean to use 'CGFloat'?
                                              spacing: CGFloat,
                                                       ^~~~~~~
                                                       CGFloat
/Users/admin/builder/spi-builder-workspace/.dependencies/checkouts/TPPDF/Source/Internal/Text/PDFFontObject.swift:21:15: error: cannot find type 'Font' in scope
    var font: Font
              ^~~~
/Users/admin/builder/spi-builder-workspace/.dependencies/checkouts/TPPDF/Source/Internal/Text/PDFFontObject.swift:28:16: error: cannot find type 'Font' in scope
    init(font: Font) {
               ^~~~
/Users/admin/builder/spi-builder-workspace/.dependencies/checkouts/TPPDF/Source/Internal/Text/PDFTextColorObject.swift:21:16: error: cannot find type 'Color' in scope
    var color: Color
               ^~~~~
/Users/admin/builder/spi-builder-workspace/.dependencies/checkouts/TPPDF/Source/Internal/Text/PDFTextColorObject.swift:28:17: error: cannot find type 'Color' in scope
    init(color: Color) {
                ^~~~~
/Users/admin/builder/spi-builder-workspace/.dependencies/checkouts/TPPDF/Source/Internal/Utils/PDFCalculations.swift:31:68: error: cannot find type 'CGRect' in scope
                              text: NSAttributedString) -> (frame: CGRect, render: NSAttributedString?, remainder: NSAttributedString?) {
                                                                   ^~~~~~
/Users/admin/builder/spi-builder-workspace/.dependencies/checkouts/TPPDF/Source/Internal/Utils/PDFCalculations.swift:31:84: error: cannot find type 'NSAttributedString' in scope
                              text: NSAttributedString) -> (frame: CGRect, render: NSAttributedString?, remainder: NSAttributedString?) {
                                                                                   ^~~~~~~~~~~~~~~~~~
/Users/admin/builder/spi-builder-workspace/.dependencies/checkouts/TPPDF/Source/Internal/Utils/PDFCalculations.swift:31:116: error: cannot find type 'NSAttributedString' in scope
                              text: NSAttributedString) -> (frame: CGRect, render: NSAttributedString?, remainder: NSAttributedString?) {
                                                                                                                   ^~~~~~~~~~~~~~~~~~
/Users/admin/builder/spi-builder-workspace/.dependencies/checkouts/TPPDF/Source/Internal/Utils/PDFCalculations.swift:31:37: error: cannot find type 'NSAttributedString' in scope
                              text: NSAttributedString) -> (frame: CGRect, render: NSAttributedString?, remainder: NSAttributedString?) {
                                    ^~~~~~~~~~~~~~~~~~
/Users/admin/builder/spi-builder-workspace/.dependencies/checkouts/TPPDF/Source/Internal/Utils/PDFCalculations.swift:47:19: error: cannot find type 'NSAttributedString' in scope
        var text: NSAttributedString
                  ^~~~~~~~~~~~~~~~~~
/Users/admin/builder/spi-builder-workspace/.dependencies/checkouts/TPPDF/Source/Internal/Utils/PDFCalculations.swift:48:19: error: cannot find type 'CGSize' in scope
        var size: CGSize
                  ^~~~~~
/Users/admin/builder/spi-builder-workspace/.dependencies/checkouts/TPPDF/Source/Internal/Utils/PDFCalculations.swift:49:24: error: cannot find type 'NSAttributedString' in scope
        var remainder: NSAttributedString?
                       ^~~~~~~~~~~~~~~~~~
/Users/admin/builder/spi-builder-workspace/.dependencies/checkouts/TPPDF/Source/Internal/Utils/PDFCalculations.swift:60:56: error: cannot find type 'NSAttributedString' in scope
    static func calculateTextSizeAndRemainder(of text: NSAttributedString,
                                                       ^~~~~~~~~~~~~~~~~~
/Users/admin/builder/spi-builder-workspace/.dependencies/checkouts/TPPDF/Source/Internal/Utils/PDFCalculations.swift:61:58: error: cannot find type 'CGSize' in scope
                                              in bounds: CGSize) -> TextCalculationResult {
                                                         ^~~~~~
/Users/admin/builder/spi-builder-workspace/.dependencies/checkouts/TPPDF/Source/Internal/Utils/PDFCalculations.swift:97:101: error: cannot find type 'CGSize' in scope
    static func calculateAvailableFrame(for generator: PDFGenerator, in container: PDFContainer) -> CGSize {
                                                                                                    ^~~~~~
/Users/admin/builder/spi-builder-workspace/.dependencies/checkouts/TPPDF/Source/Internal/Utils/PDFCalculations.swift:112:106: error: cannot find type 'CGFloat' in scope; did you mean to use 'CGFloat'?
    static func calculateAvailableFrameWidth(for generator: PDFGenerator, in container: PDFContainer) -> CGFloat {
                                                                                                         ^~~~~~~
                                                                                                         CGFloat
/Users/admin/builder/spi-builder-workspace/.dependencies/checkouts/TPPDF/Source/Internal/Utils/PDFCalculations.swift:152:107: error: cannot find type 'CGFloat' in scope; did you mean to use 'CGFloat'?
    static func calculateAvailableFrameHeight(for generator: PDFGenerator, in container: PDFContainer) -> CGFloat {
                                                                                                          ^~~~~~~
                                                                                                          CGFloat
/Users/admin/builder/spi-builder-workspace/.dependencies/checkouts/TPPDF/Source/Internal/Utils/PDFCalculations.swift:186:69: error: cannot find type 'CGFloat' in scope; did you mean to use 'CGFloat'?
    static func calculateTopMinimum(for generator: PDFGenerator) -> CGFloat {
                                                                    ^~~~~~~
                                                                    CGFloat
/Users/admin/builder/spi-builder-workspace/.dependencies/checkouts/TPPDF/Source/Internal/Utils/PDFCalculations.swift:223:72: error: cannot find type 'CGFloat' in scope; did you mean to use 'CGFloat'?
    static func calculateBottomMaximum(for generator: PDFGenerator) -> CGFloat {
                                                                       ^~~~~~~
                                                                       CGFloat
/Users/admin/builder/spi-builder-workspace/.dependencies/checkouts/TPPDF/Source/Internal/Utils/PDFCalculations.swift:244:121: error: cannot find type 'CGPoint' in scope
    static func calculateElementPosition(for generator: PDFGenerator, in container: PDFContainer, with size: CGSize) -> CGPoint {
                                                                                                                        ^~~~~~~
/Users/admin/builder/spi-builder-workspace/.dependencies/checkouts/TPPDF/Source/Internal/Utils/PDFCalculations.swift:244:110: error: cannot find type 'CGSize' in scope
    static func calculateElementPosition(for generator: PDFGenerator, in container: PDFContainer, with size: CGSize) -> CGPoint {
                                                                                                             ^~~~~~
/Users/admin/builder/spi-builder-workspace/.dependencies/checkouts/TPPDF/Source/Internal/Utils/PDFCalculations.swift:253:123: error: cannot find type 'CGFloat' in scope; did you mean to use 'CGFloat'?
    private static func calculatePositionX(for generator: PDFGenerator, in container: PDFContainer, with size: CGSize) -> CGFloat {
                                                                                                                          ^~~~~~~
                                                                                                                          CGFloat
/Users/admin/builder/spi-builder-workspace/.dependencies/checkouts/TPPDF/Source/Internal/Utils/PDFCalculations.swift:253:112: error: cannot find type 'CGSize' in scope
    private static func calculatePositionX(for generator: PDFGenerator, in container: PDFContainer, with size: CGSize) -> CGFloat {
                                                                                                               ^~~~~~
/Users/admin/builder/spi-builder-workspace/.dependencies/checkouts/TPPDF/Source/Internal/Utils/PDFCalculations.swift:313:123: error: cannot find type 'CGFloat' in scope; did you mean to use 'CGFloat'?
    private static func calculatePositionY(for generator: PDFGenerator, in container: PDFContainer, with size: CGSize) -> CGFloat {
                                                                                                                          ^~~~~~~
                                                                                                                          CGFloat
/Users/admin/builder/spi-builder-workspace/.dependencies/checkouts/TPPDF/Source/Internal/Utils/PDFCalculations.swift:313:112: error: cannot find type 'CGSize' in scope
    private static func calculatePositionY(for generator: PDFGenerator, in container: PDFContainer, with size: CGSize) -> CGFloat {
                                                                                                               ^~~~~~
/Users/admin/builder/spi-builder-workspace/.dependencies/checkouts/TPPDF/Source/Internal/Utils/PDFCalculations.swift:330:129: error: cannot find type 'CGFloat' in scope; did you mean to use 'CGFloat'?
    static func calculateContentOffset(for generator: PDFGenerator, of element: PDFRenderObject, in container: PDFContainer) -> CGFloat {
                                                                                                                                ^~~~~~~
                                                                                                                                CGFloat
/Users/admin/builder/spi-builder-workspace/.dependencies/checkouts/TPPDF/Source/Internal/Utils/PDFCalculations.swift:347:120: error: cannot find type 'CGFloat' in scope; did you mean to use 'CGFloat'?
    static func calculateContentOffset(for generator: PDFGenerator, of offset: CGFloat, in container: PDFContainer) -> CGFloat {
                                                                                                                       ^~~~~~~
                                                                                                                       CGFloat
/Users/admin/builder/spi-builder-workspace/.dependencies/checkouts/TPPDF/Source/Internal/Utils/PDFCalculations.swift:347:80: error: cannot find type 'CGFloat' in scope; did you mean to use 'CGFloat'?
    static func calculateContentOffset(for generator: PDFGenerator, of offset: CGFloat, in container: PDFContainer) -> CGFloat {
                                                                               ^~~~~~~
                                                                               CGFloat
/Users/admin/builder/spi-builder-workspace/.dependencies/checkouts/TPPDF/Source/Internal/Utils/PDFCalculations.swift:371:10: error: cannot find type 'CGRect' in scope
    ) -> CGRect {
         ^~~~~~
/Users/admin/builder/spi-builder-workspace/.dependencies/checkouts/TPPDF/Source/Internal/Utils/PDFCalculations.swift:368:28: error: cannot find type 'CGPoint' in scope
        position: (origin: CGPoint, width: CGFloat),
                           ^~~~~~~
/Users/admin/builder/spi-builder-workspace/.dependencies/checkouts/TPPDF/Source/Internal/Utils/PDFCalculations.swift:368:44: error: cannot find type 'CGFloat' in scope; did you mean to use 'CGFloat'?
        position: (origin: CGPoint, width: CGFloat),
                                           ^~~~~~~
                                           CGFloat
/Users/admin/builder/spi-builder-workspace/.dependencies/checkouts/TPPDF/Source/Internal/Utils/PDFCalculations.swift:369:15: error: cannot find type 'NSAttributedString' in scope
        text: NSAttributedString,
              ^~~~~~~~~~~~~~~~~~
/Users/admin/builder/spi-builder-workspace/.dependencies/checkouts/TPPDF/Source/Internal/Utils/PDFCalculations.swift:390:113: error: cannot find type 'CGRect' in scope
    static func calculateCellFrame(generator _: PDFGenerator, origin: CGPoint, width: CGFloat, image: Image) -> CGRect {
                                                                                                                ^~~~~~
/Users/admin/builder/spi-builder-workspace/.dependencies/checkouts/TPPDF/Source/Internal/Utils/PDFCalculations.swift:390:71: error: cannot find type 'CGPoint' in scope
    static func calculateCellFrame(generator _: PDFGenerator, origin: CGPoint, width: CGFloat, image: Image) -> CGRect {
                                                                      ^~~~~~~
/Users/admin/builder/spi-builder-workspace/.dependencies/checkouts/TPPDF/Source/Internal/Utils/PDFCalculations.swift:390:87: error: cannot find type 'CGFloat' in scope; did you mean to use 'CGFloat'?
    static func calculateCellFrame(generator _: PDFGenerator, origin: CGPoint, width: CGFloat, image: Image) -> CGRect {
                                                                                      ^~~~~~~
                                                                                      CGFloat
/Users/admin/builder/spi-builder-workspace/.dependencies/checkouts/TPPDF/Source/Internal/Utils/PDFCalculations.swift:390:103: error: cannot find type 'Image' in scope
    static func calculateCellFrame(generator _: PDFGenerator, origin: CGPoint, width: CGFloat, image: Image) -> CGRect {
                                                                                                      ^~~~~
/Users/admin/builder/spi-builder-workspace/.dependencies/checkouts/TPPDF/Source/Internal/Utils/PDFCalculations.swift:414:11: error: cannot find type 'CGRect' in scope
    ) -> (CGRect, CTFrame, CGSize) {
          ^~~~~~
/Users/admin/builder/spi-builder-workspace/.dependencies/checkouts/TPPDF/Source/Internal/Utils/PDFCalculations.swift:414:19: error: cannot find type 'CTFrame' in scope
    ) -> (CGRect, CTFrame, CGSize) {
                  ^~~~~~~
/Users/admin/builder/spi-builder-workspace/.dependencies/checkouts/TPPDF/Source/Internal/Utils/PDFCalculations.swift:414:28: error: cannot find type 'CGSize' in scope
    ) -> (CGRect, CTFrame, CGSize) {
                           ^~~~~~
/Users/admin/builder/spi-builder-workspace/.dependencies/checkouts/TPPDF/Source/Internal/Utils/PDFCalculations.swift:411:15: error: cannot find type 'CFAttributedString' in scope
        text: CFAttributedString,
              ^~~~~~~~~~~~~~~~~~
/Users/admin/builder/spi-builder-workspace/.dependencies/checkouts/TPPDF/Source/Internal/Utils/PDFCalculations.swift:412:23: error: cannot find type 'CFRange' in scope
        currentRange: CFRange,
                      ^~~~~~~
/Users/admin/builder/spi-builder-workspace/.dependencies/checkouts/TPPDF/Source/Internal/Utils/PDFCalculations.swift:413:23: error: cannot find type 'CGFloat' in scope; did you mean to use 'CGFloat'?
        textMaxWidth: CGFloat
                      ^~~~~~~
                      CGFloat
/Users/admin/builder/spi-builder-workspace/.dependencies/checkouts/TPPDF/Source/Internal/Utils/PDFCalculations.swift:501:11: error: cannot find type 'CGRect' in scope
    ) -> (CGRect, CTFrame, CGSize) {
          ^~~~~~
/Users/admin/builder/spi-builder-workspace/.dependencies/checkouts/TPPDF/Source/Internal/Utils/PDFCalculations.swift:501:19: error: cannot find type 'CTFrame' in scope
    ) -> (CGRect, CTFrame, CGSize) {
                  ^~~~~~~
/Users/admin/builder/spi-builder-workspace/.dependencies/checkouts/TPPDF/Source/Internal/Utils/PDFCalculations.swift:501:28: error: cannot find type 'CGSize' in scope
    ) -> (CGRect, CTFrame, CGSize) {
                           ^~~~~~
/Users/admin/builder/spi-builder-workspace/.dependencies/checkouts/TPPDF/Source/Internal/Utils/PDFCalculations.swift:498:16: error: cannot find type 'CGRect' in scope
        frame: CGRect,
               ^~~~~~
/Users/admin/builder/spi-builder-workspace/.dependencies/checkouts/TPPDF/Source/Internal/Utils/PDFCalculations.swift:499:15: error: cannot find type 'CFAttributedString' in scope
        text: CFAttributedString,
              ^~~~~~~~~~~~~~~~~~
/Users/admin/builder/spi-builder-workspace/.dependencies/checkouts/TPPDF/Source/Internal/Utils/PDFCalculations.swift:500:23: error: cannot find type 'CFRange' in scope
        currentRange: CFRange
                      ^~~~~~~
/Users/admin/builder/spi-builder-workspace/.dependencies/checkouts/TPPDF/Source/Internal/Utils/PDFCalculations.swift:525:11: error: cannot find type 'CGSize' in scope
    ) -> (CGSize, CGSize) {
          ^~~~~~
/Users/admin/builder/spi-builder-workspace/.dependencies/checkouts/TPPDF/Source/Internal/Utils/PDFCalculations.swift:525:19: error: cannot find type 'CGSize' in scope
    ) -> (CGSize, CGSize) {
                  ^~~~~~
/Users/admin/builder/spi-builder-workspace/.dependencies/checkouts/TPPDF/Source/Internal/Utils/PDFCalculations.swift:523:15: error: cannot find type 'CGSize' in scope
        size: CGSize,
              ^~~~~~
/Users/admin/builder/spi-builder-workspace/.dependencies/checkouts/TPPDF/Source/Internal/Utils/PDFCalculations.swift:557:102: error: cannot find type 'CGFloat' in scope; did you mean to use 'CGFloat'?
    static func calculateColumnWrapInset(generator: PDFGenerator, container: PDFContainer) -> (left: CGFloat, right: CGFloat) {
                                                                                                     ^~~~~~~
                                                                                                     CGFloat
/Users/admin/builder/spi-builder-workspace/.dependencies/checkouts/TPPDF/Source/Internal/Utils/PDFCalculations.swift:557:118: error: cannot find type 'CGFloat' in scope; did you mean to use 'CGFloat'?
    static func calculateColumnWrapInset(generator: PDFGenerator, container: PDFContainer) -> (left: CGFloat, right: CGFloat) {
                                                                                                                     ^~~~~~~
                                                                                                                     CGFloat
/Users/admin/builder/spi-builder-workspace/.dependencies/checkouts/TPPDF/Source/Internal/Utils/PDFCalculations.swift:579:104: error: cannot find type 'CGFloat' in scope; did you mean to use 'CGFloat'?
    static func calculateColumnWrapSpacing(generator: PDFGenerator, container: PDFContainer) -> (left: CGFloat, right: CGFloat) {
                                                                                                       ^~~~~~~
                                                                                                       CGFloat
/Users/admin/builder/spi-builder-workspace/.dependencies/checkouts/TPPDF/Source/Internal/Utils/PDFCalculations.swift:579:120: error: cannot find type 'CGFloat' in scope; did you mean to use 'CGFloat'?
    static func calculateColumnWrapSpacing(generator: PDFGenerator, container: PDFContainer) -> (left: CGFloat, right: CGFloat) {
                                                                                                                       ^~~~~~~
                                                                                                                       CGFloat
SwiftDriver SwiftSyntax510 normal arm64 com.apple.xcode.tools.swift.compiler (in target 'SwiftSyntax510' from project 'swift-syntax')
    cd /Users/admin/builder/spi-builder-workspace/.swiftpm/xcode
    builtin-SwiftDriver -- /Applications/Xcode-26.5.0.app/Contents/Developer/Toolchains/XcodeDefault.xctoolchain/usr/bin/swiftc -module-name SwiftSyntax510 -Onone @/Users/admin/builder/spi-builder-workspace/.derivedData/Build/Intermediates.noindex/swift-syntax.build/Debug/SwiftSyntax510.build/Objects-normal/arm64/SwiftSyntax510.SwiftFileList -DSWIFT_PACKAGE -DDEBUG -DSWIFT_MODULE_RESOURCE_BUNDLE_UNAVAILABLE -DXcode -plugin-path /Applications/Xcode-26.5.0.app/Contents/Developer/Toolchains/XcodeDefault.xctoolchain/usr/lib/swift/host/plugins/testing -enable-experimental-feature DebugDescriptionMacro -sdk /Applications/Xcode-26.5.0.app/Contents/Developer/Platforms/MacOSX.platform/Developer/SDKs/MacOSX26.5.sdk -target arm64-apple-macos10.15 -g -module-cache-path /Users/admin/builder/spi-builder-workspace/.derivedData/ModuleCache.noindex -Xfrontend -serialize-debugging-options -profile-coverage-mapping -profile-generate -enable-testing -suppress-warnings -index-store-path /Users/admin/builder/spi-builder-workspace/.derivedData/Index.noindex/DataStore -Xcc -D_LIBCPP_HARDENING_MODE\=_LIBCPP_HARDENING_MODE_DEBUG -swift-version 6 -I /Users/admin/builder/spi-builder-workspace/.derivedData/Build/Products/Debug -Isystem /Applications/Xcode-26.5.0.app/Contents/Developer/Platforms/MacOSX.platform/Developer/usr/lib -F /Users/admin/builder/spi-builder-workspace/.derivedData/Build/Products/Debug -F /Applications/Xcode-26.5.0.app/Contents/Developer/Platforms/MacOSX.platform/Developer/Library/Frameworks -parse-as-library -c -j10 -enable-batch-mode -incremental -Xcc -ivfsstatcache -Xcc /Users/admin/builder/spi-builder-workspace/.derivedData/SDKStatCaches.noindex/macosx26.5-25F70-688ef53f1462e2c8f657fdc38a81448fb3380a6d0eb485eff9a999e8f65be04d.sdkstatcache -output-file-map /Users/admin/builder/spi-builder-workspace/.derivedData/Build/Intermediates.noindex/swift-syntax.build/Debug/SwiftSyntax510.build/Objects-normal/arm64/SwiftSyntax510-OutputFileMap.json -use-frontend-parseable-output -save-temps -no-color-diagnostics -explicit-module-build -module-cache-path /Users/admin/builder/spi-builder-workspace/.derivedData/Build/Intermediates.noindex/SwiftExplicitPrecompiledModules -clang-scanner-module-cache-path /Users/admin/builder/spi-builder-workspace/.derivedData/ModuleCache.noindex -sdk-module-cache-path /Users/admin/builder/spi-builder-workspace/.derivedData/ModuleCache.noindex -serialize-diagnostics -emit-dependencies -emit-module -emit-module-path /Users/admin/builder/spi-builder-workspace/.derivedData/Build/Intermediates.noindex/swift-syntax.build/Debug/SwiftSyntax510.build/Objects-normal/arm64/SwiftSyntax510.swiftmodule -validate-clang-modules-once -clang-build-session-file /Users/admin/builder/spi-builder-workspace/.derivedData/ModuleCache.noindex/Session.modulevalidation -package-name swift_syntax -Xcc -I/Users/admin/builder/spi-builder-workspace/.derivedData/Build/Intermediates.noindex/swift-syntax.build/Debug/SwiftSyntax510.build/swift-overrides.hmap -emit-const-values -Xfrontend -const-gather-protocols-file -Xfrontend /Users/admin/builder/spi-builder-workspace/.derivedData/Build/Intermediates.noindex/swift-syntax.build/Debug/SwiftSyntax510.build/Objects-normal/arm64/SwiftSyntax510_const_extract_protocols.json -Xcc -I/Users/admin/builder/spi-builder-workspace/.derivedData/Build/Products/Debug/include -Xcc -I/Users/admin/builder/spi-builder-workspace/.derivedData/Build/Intermediates.noindex/swift-syntax.build/Debug/SwiftSyntax510.build/DerivedSources-normal/arm64 -Xcc -I/Users/admin/builder/spi-builder-workspace/.derivedData/Build/Intermediates.noindex/swift-syntax.build/Debug/SwiftSyntax510.build/DerivedSources/arm64 -Xcc -I/Users/admin/builder/spi-builder-workspace/.derivedData/Build/Intermediates.noindex/swift-syntax.build/Debug/SwiftSyntax510.build/DerivedSources -Xcc -DSWIFT_PACKAGE -Xcc -DDEBUG\=1 -emit-objc-header -emit-objc-header-path /Users/admin/builder/spi-builder-workspace/.derivedData/Build/Intermediates.noindex/swift-syntax.build/Debug/SwiftSyntax510.build/Objects-normal/arm64/SwiftSyntax510-Swift.h -working-directory /Users/admin/builder/spi-builder-workspace/.swiftpm/xcode -experimental-emit-module-separately -disable-cmo
SwiftEmitModule normal x86_64 Emitting\ module\ for\ SwiftSyntax601 (in target 'SwiftSyntax601' from project 'swift-syntax')
SwiftCompile normal x86_64 /Users/admin/builder/spi-builder-workspace/.dependencies/checkouts/swift-syntax/Sources/VersionMarkerModules/SwiftSyntax601/Empty.swift (in target 'SwiftSyntax601' from project 'swift-syntax')
    cd /Users/admin/builder/spi-builder-workspace/.swiftpm/xcode

SwiftEmitModule normal arm64 Emitting\ module\ for\ SwiftSyntax600 (in target 'SwiftSyntax600' from project 'swift-syntax')
SwiftCompile normal arm64 /Users/admin/builder/spi-builder-workspace/.dependencies/checkouts/swift-syntax/Sources/VersionMarkerModules/SwiftSyntax600/Empty.swift (in target 'SwiftSyntax600' from project 'swift-syntax')
    cd /Users/admin/builder/spi-builder-workspace/.swiftpm/xcode

SwiftDriver SwiftSyntax510 normal x86_64 com.apple.xcode.tools.swift.compiler (in target 'SwiftSyntax510' from project 'swift-syntax')
    cd /Users/admin/builder/spi-builder-workspace/.swiftpm/xcode
    builtin-SwiftDriver -- /Applications/Xcode-26.5.0.app/Contents/Developer/Toolchains/XcodeDefault.xctoolchain/usr/bin/swiftc -module-name SwiftSyntax510 -Onone @/Users/admin/builder/spi-builder-workspace/.derivedData/Build/Intermediates.noindex/swift-syntax.build/Debug/SwiftSyntax510.build/Objects-normal/x86_64/SwiftSyntax510.SwiftFileList -DSWIFT_PACKAGE -DDEBUG -DSWIFT_MODULE_RESOURCE_BUNDLE_UNAVAILABLE -DXcode -plugin-path /Applications/Xcode-26.5.0.app/Contents/Developer/Toolchains/XcodeDefault.xctoolchain/usr/lib/swift/host/plugins/testing -enable-experimental-feature DebugDescriptionMacro -sdk /Applications/Xcode-26.5.0.app/Contents/Developer/Platforms/MacOSX.platform/Developer/SDKs/MacOSX26.5.sdk -target x86_64-apple-macos10.15 -g -module-cache-path /Users/admin/builder/spi-builder-workspace/.derivedData/ModuleCache.noindex -Xfrontend -serialize-debugging-options -profile-coverage-mapping -profile-generate -enable-testing -suppress-warnings -index-store-path /Users/admin/builder/spi-builder-workspace/.derivedData/Index.noindex/DataStore -Xcc -D_LIBCPP_HARDENING_MODE\=_LIBCPP_HARDENING_MODE_DEBUG -swift-version 6 -I /Users/admin/builder/spi-builder-workspace/.derivedData/Build/Products/Debug -Isystem /Applications/Xcode-26.5.0.app/Contents/Developer/Platforms/MacOSX.platform/Developer/usr/lib -F /Users/admin/builder/spi-builder-workspace/.derivedData/Build/Products/Debug -F /Applications/Xcode-26.5.0.app/Contents/Developer/Platforms/MacOSX.platform/Developer/Library/Frameworks -parse-as-library -c -j10 -enable-batch-mode -incremental -Xcc -ivfsstatcache -Xcc /Users/admin/builder/spi-builder-workspace/.derivedData/SDKStatCaches.noindex/macosx26.5-25F70-688ef53f1462e2c8f657fdc38a81448fb3380a6d0eb485eff9a999e8f65be04d.sdkstatcache -output-file-map /Users/admin/builder/spi-builder-workspace/.derivedData/Build/Intermediates.noindex/swift-syntax.build/Debug/SwiftSyntax510.build/Objects-normal/x86_64/SwiftSyntax510-OutputFileMap.json -use-frontend-parseable-output -save-temps -no-color-diagnostics -explicit-module-build -module-cache-path /Users/admin/builder/spi-builder-workspace/.derivedData/Build/Intermediates.noindex/SwiftExplicitPrecompiledModules -clang-scanner-module-cache-path /Users/admin/builder/spi-builder-workspace/.derivedData/ModuleCache.noindex -sdk-module-cache-path /Users/admin/builder/spi-builder-workspace/.derivedData/ModuleCache.noindex -serialize-diagnostics -emit-dependencies -emit-module -emit-module-path /Users/admin/builder/spi-builder-workspace/.derivedData/Build/Intermediates.noindex/swift-syntax.build/Debug/SwiftSyntax510.build/Objects-normal/x86_64/SwiftSyntax510.swiftmodule -validate-clang-modules-once -clang-build-session-file /Users/admin/builder/spi-builder-workspace/.derivedData/ModuleCache.noindex/Session.modulevalidation -package-name swift_syntax -Xcc -I/Users/admin/builder/spi-builder-workspace/.derivedData/Build/Intermediates.noindex/swift-syntax.build/Debug/SwiftSyntax510.build/swift-overrides.hmap -emit-const-values -Xfrontend -const-gather-protocols-file -Xfrontend /Users/admin/builder/spi-builder-workspace/.derivedData/Build/Intermediates.noindex/swift-syntax.build/Debug/SwiftSyntax510.build/Objects-normal/x86_64/SwiftSyntax510_const_extract_protocols.json -Xcc -I/Users/admin/builder/spi-builder-workspace/.derivedData/Build/Products/Debug/include -Xcc -I/Users/admin/builder/spi-builder-workspace/.derivedData/Build/Intermediates.noindex/swift-syntax.build/Debug/SwiftSyntax510.build/DerivedSources-normal/x86_64 -Xcc -I/Users/admin/builder/spi-builder-workspace/.derivedData/Build/Intermediates.noindex/swift-syntax.build/Debug/SwiftSyntax510.build/DerivedSources/x86_64 -Xcc -I/Users/admin/builder/spi-builder-workspace/.derivedData/Build/Intermediates.noindex/swift-syntax.build/Debug/SwiftSyntax510.build/DerivedSources -Xcc -DSWIFT_PACKAGE -Xcc -DDEBUG\=1 -emit-objc-header -emit-objc-header-path /Users/admin/builder/spi-builder-workspace/.derivedData/Build/Intermediates.noindex/swift-syntax.build/Debug/SwiftSyntax510.build/Objects-normal/x86_64/SwiftSyntax510-Swift.h -working-directory /Users/admin/builder/spi-builder-workspace/.swiftpm/xcode -experimental-emit-module-separately -disable-cmo
SwiftEmitModule normal x86_64 Emitting\ module\ for\ SwiftSyntax600 (in target 'SwiftSyntax600' from project 'swift-syntax')
SwiftCompile normal x86_64 /Users/admin/builder/spi-builder-workspace/.dependencies/checkouts/swift-syntax/Sources/VersionMarkerModules/SwiftSyntax600/Empty.swift (in target 'SwiftSyntax600' from project 'swift-syntax')
    cd /Users/admin/builder/spi-builder-workspace/.swiftpm/xcode

SwiftEmitModule normal arm64 Emitting\ module\ for\ SwiftSyntax510 (in target 'SwiftSyntax510' from project 'swift-syntax')
SwiftCompile normal arm64 /Users/admin/builder/spi-builder-workspace/.dependencies/checkouts/swift-syntax/Sources/VersionMarkerModules/SwiftSyntax510/Empty.swift (in target 'SwiftSyntax510' from project 'swift-syntax')
    cd /Users/admin/builder/spi-builder-workspace/.swiftpm/xcode

SwiftDriver SwiftSyntax509 normal arm64 com.apple.xcode.tools.swift.compiler (in target 'SwiftSyntax509' from project 'swift-syntax')
    cd /Users/admin/builder/spi-builder-workspace/.swiftpm/xcode
    builtin-SwiftDriver -- /Applications/Xcode-26.5.0.app/Contents/Developer/Toolchains/XcodeDefault.xctoolchain/usr/bin/swiftc -module-name SwiftSyntax509 -Onone @/Users/admin/builder/spi-builder-workspace/.derivedData/Build/Intermediates.noindex/swift-syntax.build/Debug/SwiftSyntax509.build/Objects-normal/arm64/SwiftSyntax509.SwiftFileList -DSWIFT_PACKAGE -DDEBUG -DSWIFT_MODULE_RESOURCE_BUNDLE_UNAVAILABLE -DXcode -plugin-path /Applications/Xcode-26.5.0.app/Contents/Developer/Toolchains/XcodeDefault.xctoolchain/usr/lib/swift/host/plugins/testing -enable-experimental-feature DebugDescriptionMacro -sdk /Applications/Xcode-26.5.0.app/Contents/Developer/Platforms/MacOSX.platform/Developer/SDKs/MacOSX26.5.sdk -target arm64-apple-macos10.15 -g -module-cache-path /Users/admin/builder/spi-builder-workspace/.derivedData/ModuleCache.noindex -Xfrontend -serialize-debugging-options -profile-coverage-mapping -profile-generate -enable-testing -suppress-warnings -index-store-path /Users/admin/builder/spi-builder-workspace/.derivedData/Index.noindex/DataStore -Xcc -D_LIBCPP_HARDENING_MODE\=_LIBCPP_HARDENING_MODE_DEBUG -swift-version 6 -I /Users/admin/builder/spi-builder-workspace/.derivedData/Build/Products/Debug -Isystem /Applications/Xcode-26.5.0.app/Contents/Developer/Platforms/MacOSX.platform/Developer/usr/lib -F /Users/admin/builder/spi-builder-workspace/.derivedData/Build/Products/Debug -F /Applications/Xcode-26.5.0.app/Contents/Developer/Platforms/MacOSX.platform/Developer/Library/Frameworks -parse-as-library -c -j10 -enable-batch-mode -incremental -Xcc -ivfsstatcache -Xcc /Users/admin/builder/spi-builder-workspace/.derivedData/SDKStatCaches.noindex/macosx26.5-25F70-688ef53f1462e2c8f657fdc38a81448fb3380a6d0eb485eff9a999e8f65be04d.sdkstatcache -output-file-map /Users/admin/builder/spi-builder-workspace/.derivedData/Build/Intermediates.noindex/swift-syntax.build/Debug/SwiftSyntax509.build/Objects-normal/arm64/SwiftSyntax509-OutputFileMap.json -use-frontend-parseable-output -save-temps -no-color-diagnostics -explicit-module-build -module-cache-path /Users/admin/builder/spi-builder-workspace/.derivedData/Build/Intermediates.noindex/SwiftExplicitPrecompiledModules -clang-scanner-module-cache-path /Users/admin/builder/spi-builder-workspace/.derivedData/ModuleCache.noindex -sdk-module-cache-path /Users/admin/builder/spi-builder-workspace/.derivedData/ModuleCache.noindex -serialize-diagnostics -emit-dependencies -emit-module -emit-module-path /Users/admin/builder/spi-builder-workspace/.derivedData/Build/Intermediates.noindex/swift-syntax.build/Debug/SwiftSyntax509.build/Objects-normal/arm64/SwiftSyntax509.swiftmodule -validate-clang-modules-once -clang-build-session-file /Users/admin/builder/spi-builder-workspace/.derivedData/ModuleCache.noindex/Session.modulevalidation -package-name swift_syntax -Xcc -I/Users/admin/builder/spi-builder-workspace/.derivedData/Build/Intermediates.noindex/swift-syntax.build/Debug/SwiftSyntax509.build/swift-overrides.hmap -emit-const-values -Xfrontend -const-gather-protocols-file -Xfrontend /Users/admin/builder/spi-builder-workspace/.derivedData/Build/Intermediates.noindex/swift-syntax.build/Debug/SwiftSyntax509.build/Objects-normal/arm64/SwiftSyntax509_const_extract_protocols.json -Xcc -I/Users/admin/builder/spi-builder-workspace/.derivedData/Build/Products/Debug/include -Xcc -I/Users/admin/builder/spi-builder-workspace/.derivedData/Build/Intermediates.noindex/swift-syntax.build/Debug/SwiftSyntax509.build/DerivedSources-normal/arm64 -Xcc -I/Users/admin/builder/spi-builder-workspace/.derivedData/Build/Intermediates.noindex/swift-syntax.build/Debug/SwiftSyntax509.build/DerivedSources/arm64 -Xcc -I/Users/admin/builder/spi-builder-workspace/.derivedData/Build/Intermediates.noindex/swift-syntax.build/Debug/SwiftSyntax509.build/DerivedSources -Xcc -DSWIFT_PACKAGE -Xcc -DDEBUG\=1 -emit-objc-header -emit-objc-header-path /Users/admin/builder/spi-builder-workspace/.derivedData/Build/Intermediates.noindex/swift-syntax.build/Debug/SwiftSyntax509.build/Objects-normal/arm64/SwiftSyntax509-Swift.h -working-directory /Users/admin/builder/spi-builder-workspace/.swiftpm/xcode -experimental-emit-module-separately -disable-cmo
SwiftEmitModule normal x86_64 Emitting\ module\ for\ SwiftSyntax510 (in target 'SwiftSyntax510' from project 'swift-syntax')
SwiftCompile normal x86_64 /Users/admin/builder/spi-builder-workspace/.dependencies/checkouts/swift-syntax/Sources/VersionMarkerModules/SwiftSyntax510/Empty.swift (in target 'SwiftSyntax510' from project 'swift-syntax')
    cd /Users/admin/builder/spi-builder-workspace/.swiftpm/xcode

SwiftDriverJobDiscovery normal arm64 Emitting module for SwiftSyntax600 (in target 'SwiftSyntax600' from project 'swift-syntax')
SwiftDriver\ Compilation\ Requirements SwiftSyntax600 normal arm64 com.apple.xcode.tools.swift.compiler (in target 'SwiftSyntax600' from project 'swift-syntax')
    cd /Users/admin/builder/spi-builder-workspace/.swiftpm/xcode
    builtin-Swift-Compilation-Requirements -- /Applications/Xcode-26.5.0.app/Contents/Developer/Toolchains/XcodeDefault.xctoolchain/usr/bin/swiftc -module-name SwiftSyntax600 -Onone @/Users/admin/builder/spi-builder-workspace/.derivedData/Build/Intermediates.noindex/swift-syntax.build/Debug/SwiftSyntax600.build/Objects-normal/arm64/SwiftSyntax600.SwiftFileList -DSWIFT_PACKAGE -DDEBUG -DSWIFT_MODULE_RESOURCE_BUNDLE_UNAVAILABLE -DXcode -plugin-path /Applications/Xcode-26.5.0.app/Contents/Developer/Toolchains/XcodeDefault.xctoolchain/usr/lib/swift/host/plugins/testing -enable-experimental-feature DebugDescriptionMacro -sdk /Applications/Xcode-26.5.0.app/Contents/Developer/Platforms/MacOSX.platform/Developer/SDKs/MacOSX26.5.sdk -target arm64-apple-macos10.15 -g -module-cache-path /Users/admin/builder/spi-builder-workspace/.derivedData/ModuleCache.noindex -Xfrontend -serialize-debugging-options -profile-coverage-mapping -profile-generate -enable-testing -suppress-warnings -index-store-path /Users/admin/builder/spi-builder-workspace/.derivedData/Index.noindex/DataStore -Xcc -D_LIBCPP_HARDENING_MODE\=_LIBCPP_HARDENING_MODE_DEBUG -swift-version 6 -I /Users/admin/builder/spi-builder-workspace/.derivedData/Build/Products/Debug -Isystem /Applications/Xcode-26.5.0.app/Contents/Developer/Platforms/MacOSX.platform/Developer/usr/lib -F /Users/admin/builder/spi-builder-workspace/.derivedData/Build/Products/Debug -F /Applications/Xcode-26.5.0.app/Contents/Developer/Platforms/MacOSX.platform/Developer/Library/Frameworks -parse-as-library -c -j10 -enable-batch-mode -incremental -Xcc -ivfsstatcache -Xcc /Users/admin/builder/spi-builder-workspace/.derivedData/SDKStatCaches.noindex/macosx26.5-25F70-688ef53f1462e2c8f657fdc38a81448fb3380a6d0eb485eff9a999e8f65be04d.sdkstatcache -output-file-map /Users/admin/builder/spi-builder-workspace/.derivedData/Build/Intermediates.noindex/swift-syntax.build/Debug/SwiftSyntax600.build/Objects-normal/arm64/SwiftSyntax600-OutputFileMap.json -use-frontend-parseable-output -save-temps -no-color-diagnostics -explicit-module-build -module-cache-path /Users/admin/builder/spi-builder-workspace/.derivedData/Build/Intermediates.noindex/SwiftExplicitPrecompiledModules -clang-scanner-module-cache-path /Users/admin/builder/spi-builder-workspace/.derivedData/ModuleCache.noindex -sdk-module-cache-path /Users/admin/builder/spi-builder-workspace/.derivedData/ModuleCache.noindex -serialize-diagnostics -emit-dependencies -emit-module -emit-module-path /Users/admin/builder/spi-builder-workspace/.derivedData/Build/Intermediates.noindex/swift-syntax.build/Debug/SwiftSyntax600.build/Objects-normal/arm64/SwiftSyntax600.swiftmodule -validate-clang-modules-once -clang-build-session-file /Users/admin/builder/spi-builder-workspace/.derivedData/ModuleCache.noindex/Session.modulevalidation -package-name swift_syntax -Xcc -I/Users/admin/builder/spi-builder-workspace/.derivedData/Build/Intermediates.noindex/swift-syntax.build/Debug/SwiftSyntax600.build/swift-overrides.hmap -emit-const-values -Xfrontend -const-gather-protocols-file -Xfrontend /Users/admin/builder/spi-builder-workspace/.derivedData/Build/Intermediates.noindex/swift-syntax.build/Debug/SwiftSyntax600.build/Objects-normal/arm64/SwiftSyntax600_const_extract_protocols.json -Xcc -I/Users/admin/builder/spi-builder-workspace/.derivedData/Build/Products/Debug/include -Xcc -I/Users/admin/builder/spi-builder-workspace/.derivedData/Build/Intermediates.noindex/swift-syntax.build/Debug/SwiftSyntax600.build/DerivedSources-normal/arm64 -Xcc -I/Users/admin/builder/spi-builder-workspace/.derivedData/Build/Intermediates.noindex/swift-syntax.build/Debug/SwiftSyntax600.build/DerivedSources/arm64 -Xcc -I/Users/admin/builder/spi-builder-workspace/.derivedData/Build/Intermediates.noindex/swift-syntax.build/Debug/SwiftSyntax600.build/DerivedSources -Xcc -DSWIFT_PACKAGE -Xcc -DDEBUG\=1 -emit-objc-header -emit-objc-header-path /Users/admin/builder/spi-builder-workspace/.derivedData/Build/Intermediates.noindex/swift-syntax.build/Debug/SwiftSyntax600.build/Objects-normal/arm64/SwiftSyntax600-Swift.h -working-directory /Users/admin/builder/spi-builder-workspace/.swiftpm/xcode -experimental-emit-module-separately -disable-cmo
SwiftDriver SwiftSyntax509 normal x86_64 com.apple.xcode.tools.swift.compiler (in target 'SwiftSyntax509' from project 'swift-syntax')
    cd /Users/admin/builder/spi-builder-workspace/.swiftpm/xcode
    builtin-SwiftDriver -- /Applications/Xcode-26.5.0.app/Contents/Developer/Toolchains/XcodeDefault.xctoolchain/usr/bin/swiftc -module-name SwiftSyntax509 -Onone @/Users/admin/builder/spi-builder-workspace/.derivedData/Build/Intermediates.noindex/swift-syntax.build/Debug/SwiftSyntax509.build/Objects-normal/x86_64/SwiftSyntax509.SwiftFileList -DSWIFT_PACKAGE -DDEBUG -DSWIFT_MODULE_RESOURCE_BUNDLE_UNAVAILABLE -DXcode -plugin-path /Applications/Xcode-26.5.0.app/Contents/Developer/Toolchains/XcodeDefault.xctoolchain/usr/lib/swift/host/plugins/testing -enable-experimental-feature DebugDescriptionMacro -sdk /Applications/Xcode-26.5.0.app/Contents/Developer/Platforms/MacOSX.platform/Developer/SDKs/MacOSX26.5.sdk -target x86_64-apple-macos10.15 -g -module-cache-path /Users/admin/builder/spi-builder-workspace/.derivedData/ModuleCache.noindex -Xfrontend -serialize-debugging-options -profile-coverage-mapping -profile-generate -enable-testing -suppress-warnings -index-store-path /Users/admin/builder/spi-builder-workspace/.derivedData/Index.noindex/DataStore -Xcc -D_LIBCPP_HARDENING_MODE\=_LIBCPP_HARDENING_MODE_DEBUG -swift-version 6 -I /Users/admin/builder/spi-builder-workspace/.derivedData/Build/Products/Debug -Isystem /Applications/Xcode-26.5.0.app/Contents/Developer/Platforms/MacOSX.platform/Developer/usr/lib -F /Users/admin/builder/spi-builder-workspace/.derivedData/Build/Products/Debug -F /Applications/Xcode-26.5.0.app/Contents/Developer/Platforms/MacOSX.platform/Developer/Library/Frameworks -parse-as-library -c -j10 -enable-batch-mode -incremental -Xcc -ivfsstatcache -Xcc /Users/admin/builder/spi-builder-workspace/.derivedData/SDKStatCaches.noindex/macosx26.5-25F70-688ef53f1462e2c8f657fdc38a81448fb3380a6d0eb485eff9a999e8f65be04d.sdkstatcache -output-file-map /Users/admin/builder/spi-builder-workspace/.derivedData/Build/Intermediates.noindex/swift-syntax.build/Debug/SwiftSyntax509.build/Objects-normal/x86_64/SwiftSyntax509-OutputFileMap.json -use-frontend-parseable-output -save-temps -no-color-diagnostics -explicit-module-build -module-cache-path /Users/admin/builder/spi-builder-workspace/.derivedData/Build/Intermediates.noindex/SwiftExplicitPrecompiledModules -clang-scanner-module-cache-path /Users/admin/builder/spi-builder-workspace/.derivedData/ModuleCache.noindex -sdk-module-cache-path /Users/admin/builder/spi-builder-workspace/.derivedData/ModuleCache.noindex -serialize-diagnostics -emit-dependencies -emit-module -emit-module-path /Users/admin/builder/spi-builder-workspace/.derivedData/Build/Intermediates.noindex/swift-syntax.build/Debug/SwiftSyntax509.build/Objects-normal/x86_64/SwiftSyntax509.swiftmodule -validate-clang-modules-once -clang-build-session-file /Users/admin/builder/spi-builder-workspace/.derivedData/ModuleCache.noindex/Session.modulevalidation -package-name swift_syntax -Xcc -I/Users/admin/builder/spi-builder-workspace/.derivedData/Build/Intermediates.noindex/swift-syntax.build/Debug/SwiftSyntax509.build/swift-overrides.hmap -emit-const-values -Xfrontend -const-gather-protocols-file -Xfrontend /Users/admin/builder/spi-builder-workspace/.derivedData/Build/Intermediates.noindex/swift-syntax.build/Debug/SwiftSyntax509.build/Objects-normal/x86_64/SwiftSyntax509_const_extract_protocols.json -Xcc -I/Users/admin/builder/spi-builder-workspace/.derivedData/Build/Products/Debug/include -Xcc -I/Users/admin/builder/spi-builder-workspace/.derivedData/Build/Intermediates.noindex/swift-syntax.build/Debug/SwiftSyntax509.build/DerivedSources-normal/x86_64 -Xcc -I/Users/admin/builder/spi-builder-workspace/.derivedData/Build/Intermediates.noindex/swift-syntax.build/Debug/SwiftSyntax509.build/DerivedSources/x86_64 -Xcc -I/Users/admin/builder/spi-builder-workspace/.derivedData/Build/Intermediates.noindex/swift-syntax.build/Debug/SwiftSyntax509.build/DerivedSources -Xcc -DSWIFT_PACKAGE -Xcc -DDEBUG\=1 -emit-objc-header -emit-objc-header-path /Users/admin/builder/spi-builder-workspace/.derivedData/Build/Intermediates.noindex/swift-syntax.build/Debug/SwiftSyntax509.build/Objects-normal/x86_64/SwiftSyntax509-Swift.h -working-directory /Users/admin/builder/spi-builder-workspace/.swiftpm/xcode -experimental-emit-module-separately -disable-cmo
Copy /Users/admin/builder/spi-builder-workspace/.derivedData/Build/Products/Debug/SwiftSyntax600.swiftmodule/arm64-apple-macos.swiftmodule /Users/admin/builder/spi-builder-workspace/.derivedData/Build/Intermediates.noindex/swift-syntax.build/Debug/SwiftSyntax600.build/Objects-normal/arm64/SwiftSyntax600.swiftmodule (in target 'SwiftSyntax600' from project 'swift-syntax')
    cd /Users/admin/builder/spi-builder-workspace/.dependencies/checkouts/swift-syntax
    builtin-copy -exclude .DS_Store -exclude CVS -exclude .svn -exclude .git -exclude .hg -resolve-src-symlinks -rename /Users/admin/builder/spi-builder-workspace/.derivedData/Build/Intermediates.noindex/swift-syntax.build/Debug/SwiftSyntax600.build/Objects-normal/arm64/SwiftSyntax600.swiftmodule /Users/admin/builder/spi-builder-workspace/.derivedData/Build/Products/Debug/SwiftSyntax600.swiftmodule/arm64-apple-macos.swiftmodule
SwiftDriverJobDiscovery normal x86_64 Emitting module for SwiftSyntax600 (in target 'SwiftSyntax600' from project 'swift-syntax')
Copy /Users/admin/builder/spi-builder-workspace/.derivedData/Build/Products/Debug/SwiftSyntax600.swiftmodule/arm64-apple-macos.swiftdoc /Users/admin/builder/spi-builder-workspace/.derivedData/Build/Intermediates.noindex/swift-syntax.build/Debug/SwiftSyntax600.build/Objects-normal/arm64/SwiftSyntax600.swiftdoc (in target 'SwiftSyntax600' from project 'swift-syntax')
    cd /Users/admin/builder/spi-builder-workspace/.dependencies/checkouts/swift-syntax
    builtin-copy -exclude .DS_Store -exclude CVS -exclude .svn -exclude .git -exclude .hg -resolve-src-symlinks -rename /Users/admin/builder/spi-builder-workspace/.derivedData/Build/Intermediates.noindex/swift-syntax.build/Debug/SwiftSyntax600.build/Objects-normal/arm64/SwiftSyntax600.swiftdoc /Users/admin/builder/spi-builder-workspace/.derivedData/Build/Products/Debug/SwiftSyntax600.swiftmodule/arm64-apple-macos.swiftdoc
SwiftDriver\ Compilation\ Requirements SwiftSyntax600 normal x86_64 com.apple.xcode.tools.swift.compiler (in target 'SwiftSyntax600' from project 'swift-syntax')
    cd /Users/admin/builder/spi-builder-workspace/.swiftpm/xcode
    builtin-Swift-Compilation-Requirements -- /Applications/Xcode-26.5.0.app/Contents/Developer/Toolchains/XcodeDefault.xctoolchain/usr/bin/swiftc -module-name SwiftSyntax600 -Onone @/Users/admin/builder/spi-builder-workspace/.derivedData/Build/Intermediates.noindex/swift-syntax.build/Debug/SwiftSyntax600.build/Objects-normal/x86_64/SwiftSyntax600.SwiftFileList -DSWIFT_PACKAGE -DDEBUG -DSWIFT_MODULE_RESOURCE_BUNDLE_UNAVAILABLE -DXcode -plugin-path /Applications/Xcode-26.5.0.app/Contents/Developer/Toolchains/XcodeDefault.xctoolchain/usr/lib/swift/host/plugins/testing -enable-experimental-feature DebugDescriptionMacro -sdk /Applications/Xcode-26.5.0.app/Contents/Developer/Platforms/MacOSX.platform/Developer/SDKs/MacOSX26.5.sdk -target x86_64-apple-macos10.15 -g -module-cache-path /Users/admin/builder/spi-builder-workspace/.derivedData/ModuleCache.noindex -Xfrontend -serialize-debugging-options -profile-coverage-mapping -profile-generate -enable-testing -suppress-warnings -index-store-path /Users/admin/builder/spi-builder-workspace/.derivedData/Index.noindex/DataStore -Xcc -D_LIBCPP_HARDENING_MODE\=_LIBCPP_HARDENING_MODE_DEBUG -swift-version 6 -I /Users/admin/builder/spi-builder-workspace/.derivedData/Build/Products/Debug -Isystem /Applications/Xcode-26.5.0.app/Contents/Developer/Platforms/MacOSX.platform/Developer/usr/lib -F /Users/admin/builder/spi-builder-workspace/.derivedData/Build/Products/Debug -F /Applications/Xcode-26.5.0.app/Contents/Developer/Platforms/MacOSX.platform/Developer/Library/Frameworks -parse-as-library -c -j10 -enable-batch-mode -incremental -Xcc -ivfsstatcache -Xcc /Users/admin/builder/spi-builder-workspace/.derivedData/SDKStatCaches.noindex/macosx26.5-25F70-688ef53f1462e2c8f657fdc38a81448fb3380a6d0eb485eff9a999e8f65be04d.sdkstatcache -output-file-map /Users/admin/builder/spi-builder-workspace/.derivedData/Build/Intermediates.noindex/swift-syntax.build/Debug/SwiftSyntax600.build/Objects-normal/x86_64/SwiftSyntax600-OutputFileMap.json -use-frontend-parseable-output -save-temps -no-color-diagnostics -explicit-module-build -module-cache-path /Users/admin/builder/spi-builder-workspace/.derivedData/Build/Intermediates.noindex/SwiftExplicitPrecompiledModules -clang-scanner-module-cache-path /Users/admin/builder/spi-builder-workspace/.derivedData/ModuleCache.noindex -sdk-module-cache-path /Users/admin/builder/spi-builder-workspace/.derivedData/ModuleCache.noindex -serialize-diagnostics -emit-dependencies -emit-module -emit-module-path /Users/admin/builder/spi-builder-workspace/.derivedData/Build/Intermediates.noindex/swift-syntax.build/Debug/SwiftSyntax600.build/Objects-normal/x86_64/SwiftSyntax600.swiftmodule -validate-clang-modules-once -clang-build-session-file /Users/admin/builder/spi-builder-workspace/.derivedData/ModuleCache.noindex/Session.modulevalidation -package-name swift_syntax -Xcc -I/Users/admin/builder/spi-builder-workspace/.derivedData/Build/Intermediates.noindex/swift-syntax.build/Debug/SwiftSyntax600.build/swift-overrides.hmap -emit-const-values -Xfrontend -const-gather-protocols-file -Xfrontend /Users/admin/builder/spi-builder-workspace/.derivedData/Build/Intermediates.noindex/swift-syntax.build/Debug/SwiftSyntax600.build/Objects-normal/x86_64/SwiftSyntax600_const_extract_protocols.json -Xcc -I/Users/admin/builder/spi-builder-workspace/.derivedData/Build/Products/Debug/include -Xcc -I/Users/admin/builder/spi-builder-workspace/.derivedData/Build/Intermediates.noindex/swift-syntax.build/Debug/SwiftSyntax600.build/DerivedSources-normal/x86_64 -Xcc -I/Users/admin/builder/spi-builder-workspace/.derivedData/Build/Intermediates.noindex/swift-syntax.build/Debug/SwiftSyntax600.build/DerivedSources/x86_64 -Xcc -I/Users/admin/builder/spi-builder-workspace/.derivedData/Build/Intermediates.noindex/swift-syntax.build/Debug/SwiftSyntax600.build/DerivedSources -Xcc -DSWIFT_PACKAGE -Xcc -DDEBUG\=1 -emit-objc-header -emit-objc-header-path /Users/admin/builder/spi-builder-workspace/.derivedData/Build/Intermediates.noindex/swift-syntax.build/Debug/SwiftSyntax600.build/Objects-normal/x86_64/SwiftSyntax600-Swift.h -working-directory /Users/admin/builder/spi-builder-workspace/.swiftpm/xcode -experimental-emit-module-separately -disable-cmo
Copy /Users/admin/builder/spi-builder-workspace/.derivedData/Build/Products/Debug/SwiftSyntax600.swiftmodule/arm64-apple-macos.abi.json /Users/admin/builder/spi-builder-workspace/.derivedData/Build/Intermediates.noindex/swift-syntax.build/Debug/SwiftSyntax600.build/Objects-normal/arm64/SwiftSyntax600.abi.json (in target 'SwiftSyntax600' from project 'swift-syntax')
    cd /Users/admin/builder/spi-builder-workspace/.dependencies/checkouts/swift-syntax
    builtin-copy -exclude .DS_Store -exclude CVS -exclude .svn -exclude .git -exclude .hg -resolve-src-symlinks -rename /Users/admin/builder/spi-builder-workspace/.derivedData/Build/Intermediates.noindex/swift-syntax.build/Debug/SwiftSyntax600.build/Objects-normal/arm64/SwiftSyntax600.abi.json /Users/admin/builder/spi-builder-workspace/.derivedData/Build/Products/Debug/SwiftSyntax600.swiftmodule/arm64-apple-macos.abi.json
SwiftMergeGeneratedHeaders /Users/admin/builder/spi-builder-workspace/.derivedData/Build/Intermediates.noindex/GeneratedModuleMaps/SwiftSyntax600-Swift.h /Users/admin/builder/spi-builder-workspace/.derivedData/Build/Intermediates.noindex/swift-syntax.build/Debug/SwiftSyntax600.build/Objects-normal/arm64/SwiftSyntax600-Swift.h /Users/admin/builder/spi-builder-workspace/.derivedData/Build/Intermediates.noindex/swift-syntax.build/Debug/SwiftSyntax600.build/Objects-normal/x86_64/SwiftSyntax600-Swift.h (in target 'SwiftSyntax600' from project 'swift-syntax')
    cd /Users/admin/builder/spi-builder-workspace/.dependencies/checkouts/swift-syntax
    builtin-swiftHeaderTool -arch arm64 /Users/admin/builder/spi-builder-workspace/.derivedData/Build/Intermediates.noindex/swift-syntax.build/Debug/SwiftSyntax600.build/Objects-normal/arm64/SwiftSyntax600-Swift.h -arch x86_64 /Users/admin/builder/spi-builder-workspace/.derivedData/Build/Intermediates.noindex/swift-syntax.build/Debug/SwiftSyntax600.build/Objects-normal/x86_64/SwiftSyntax600-Swift.h -o /Users/admin/builder/spi-builder-workspace/.derivedData/Build/Intermediates.noindex/GeneratedModuleMaps/SwiftSyntax600-Swift.h
Copy /Users/admin/builder/spi-builder-workspace/.derivedData/Build/Products/Debug/SwiftSyntax600.swiftmodule/x86_64-apple-macos.swiftmodule /Users/admin/builder/spi-builder-workspace/.derivedData/Build/Intermediates.noindex/swift-syntax.build/Debug/SwiftSyntax600.build/Objects-normal/x86_64/SwiftSyntax600.swiftmodule (in target 'SwiftSyntax600' from project 'swift-syntax')
    cd /Users/admin/builder/spi-builder-workspace/.dependencies/checkouts/swift-syntax
    builtin-copy -exclude .DS_Store -exclude CVS -exclude .svn -exclude .git -exclude .hg -resolve-src-symlinks -rename /Users/admin/builder/spi-builder-workspace/.derivedData/Build/Intermediates.noindex/swift-syntax.build/Debug/SwiftSyntax600.build/Objects-normal/x86_64/SwiftSyntax600.swiftmodule /Users/admin/builder/spi-builder-workspace/.derivedData/Build/Products/Debug/SwiftSyntax600.swiftmodule/x86_64-apple-macos.swiftmodule
Copy /Users/admin/builder/spi-builder-workspace/.derivedData/Build/Products/Debug/SwiftSyntax600.swiftmodule/x86_64-apple-macos.swiftdoc /Users/admin/builder/spi-builder-workspace/.derivedData/Build/Intermediates.noindex/swift-syntax.build/Debug/SwiftSyntax600.build/Objects-normal/x86_64/SwiftSyntax600.swiftdoc (in target 'SwiftSyntax600' from project 'swift-syntax')
    cd /Users/admin/builder/spi-builder-workspace/.dependencies/checkouts/swift-syntax
    builtin-copy -exclude .DS_Store -exclude CVS -exclude .svn -exclude .git -exclude .hg -resolve-src-symlinks -rename /Users/admin/builder/spi-builder-workspace/.derivedData/Build/Intermediates.noindex/swift-syntax.build/Debug/SwiftSyntax600.build/Objects-normal/x86_64/SwiftSyntax600.swiftdoc /Users/admin/builder/spi-builder-workspace/.derivedData/Build/Products/Debug/SwiftSyntax600.swiftmodule/x86_64-apple-macos.swiftdoc
Copy /Users/admin/builder/spi-builder-workspace/.derivedData/Build/Products/Debug/SwiftSyntax600.swiftmodule/x86_64-apple-macos.abi.json /Users/admin/builder/spi-builder-workspace/.derivedData/Build/Intermediates.noindex/swift-syntax.build/Debug/SwiftSyntax600.build/Objects-normal/x86_64/SwiftSyntax600.abi.json (in target 'SwiftSyntax600' from project 'swift-syntax')
    cd /Users/admin/builder/spi-builder-workspace/.dependencies/checkouts/swift-syntax
    builtin-copy -exclude .DS_Store -exclude CVS -exclude .svn -exclude .git -exclude .hg -resolve-src-symlinks -rename /Users/admin/builder/spi-builder-workspace/.derivedData/Build/Intermediates.noindex/swift-syntax.build/Debug/SwiftSyntax600.build/Objects-normal/x86_64/SwiftSyntax600.abi.json /Users/admin/builder/spi-builder-workspace/.derivedData/Build/Products/Debug/SwiftSyntax600.swiftmodule/x86_64-apple-macos.abi.json
Copy /Users/admin/builder/spi-builder-workspace/.derivedData/Build/Products/Debug/SwiftSyntax600.swiftmodule/Project/x86_64-apple-macos.swiftsourceinfo /Users/admin/builder/spi-builder-workspace/.derivedData/Build/Intermediates.noindex/swift-syntax.build/Debug/SwiftSyntax600.build/Objects-normal/x86_64/SwiftSyntax600.swiftsourceinfo (in target 'SwiftSyntax600' from project 'swift-syntax')
    cd /Users/admin/builder/spi-builder-workspace/.dependencies/checkouts/swift-syntax
    builtin-copy -exclude .DS_Store -exclude CVS -exclude .svn -exclude .git -exclude .hg -resolve-src-symlinks -rename /Users/admin/builder/spi-builder-workspace/.derivedData/Build/Intermediates.noindex/swift-syntax.build/Debug/SwiftSyntax600.build/Objects-normal/x86_64/SwiftSyntax600.swiftsourceinfo /Users/admin/builder/spi-builder-workspace/.derivedData/Build/Products/Debug/SwiftSyntax600.swiftmodule/Project/x86_64-apple-macos.swiftsourceinfo
SwiftDriverJobDiscovery normal arm64 Emitting module for SwiftSyntax510 (in target 'SwiftSyntax510' from project 'swift-syntax')
Copy /Users/admin/builder/spi-builder-workspace/.derivedData/Build/Products/Debug/SwiftSyntax600.swiftmodule/Project/arm64-apple-macos.swiftsourceinfo /Users/admin/builder/spi-builder-workspace/.derivedData/Build/Intermediates.noindex/swift-syntax.build/Debug/SwiftSyntax600.build/Objects-normal/arm64/SwiftSyntax600.swiftsourceinfo (in target 'SwiftSyntax600' from project 'swift-syntax')
    cd /Users/admin/builder/spi-builder-workspace/.dependencies/checkouts/swift-syntax
    builtin-copy -exclude .DS_Store -exclude CVS -exclude .svn -exclude .git -exclude .hg -resolve-src-symlinks -rename /Users/admin/builder/spi-builder-workspace/.derivedData/Build/Intermediates.noindex/swift-syntax.build/Debug/SwiftSyntax600.build/Objects-normal/arm64/SwiftSyntax600.swiftsourceinfo /Users/admin/builder/spi-builder-workspace/.derivedData/Build/Products/Debug/SwiftSyntax600.swiftmodule/Project/arm64-apple-macos.swiftsourceinfo
SwiftDriver\ Compilation\ Requirements SwiftSyntax510 normal arm64 com.apple.xcode.tools.swift.compiler (in target 'SwiftSyntax510' from project 'swift-syntax')
    cd /Users/admin/builder/spi-builder-workspace/.swiftpm/xcode
    builtin-Swift-Compilation-Requirements -- /Applications/Xcode-26.5.0.app/Contents/Developer/Toolchains/XcodeDefault.xctoolchain/usr/bin/swiftc -module-name SwiftSyntax510 -Onone @/Users/admin/builder/spi-builder-workspace/.derivedData/Build/Intermediates.noindex/swift-syntax.build/Debug/SwiftSyntax510.build/Objects-normal/arm64/SwiftSyntax510.SwiftFileList -DSWIFT_PACKAGE -DDEBUG -DSWIFT_MODULE_RESOURCE_BUNDLE_UNAVAILABLE -DXcode -plugin-path /Applications/Xcode-26.5.0.app/Contents/Developer/Toolchains/XcodeDefault.xctoolchain/usr/lib/swift/host/plugins/testing -enable-experimental-feature DebugDescriptionMacro -sdk /Applications/Xcode-26.5.0.app/Contents/Developer/Platforms/MacOSX.platform/Developer/SDKs/MacOSX26.5.sdk -target arm64-apple-macos10.15 -g -module-cache-path /Users/admin/builder/spi-builder-workspace/.derivedData/ModuleCache.noindex -Xfrontend -serialize-debugging-options -profile-coverage-mapping -profile-generate -enable-testing -suppress-warnings -index-store-path /Users/admin/builder/spi-builder-workspace/.derivedData/Index.noindex/DataStore -Xcc -D_LIBCPP_HARDENING_MODE\=_LIBCPP_HARDENING_MODE_DEBUG -swift-version 6 -I /Users/admin/builder/spi-builder-workspace/.derivedData/Build/Products/Debug -Isystem /Applications/Xcode-26.5.0.app/Contents/Developer/Platforms/MacOSX.platform/Developer/usr/lib -F /Users/admin/builder/spi-builder-workspace/.derivedData/Build/Products/Debug -F /Applications/Xcode-26.5.0.app/Contents/Developer/Platforms/MacOSX.platform/Developer/Library/Frameworks -parse-as-library -c -j10 -enable-batch-mode -incremental -Xcc -ivfsstatcache -Xcc /Users/admin/builder/spi-builder-workspace/.derivedData/SDKStatCaches.noindex/macosx26.5-25F70-688ef53f1462e2c8f657fdc38a81448fb3380a6d0eb485eff9a999e8f65be04d.sdkstatcache -output-file-map /Users/admin/builder/spi-builder-workspace/.derivedData/Build/Intermediates.noindex/swift-syntax.build/Debug/SwiftSyntax510.build/Objects-normal/arm64/SwiftSyntax510-OutputFileMap.json -use-frontend-parseable-output -save-temps -no-color-diagnostics -explicit-module-build -module-cache-path /Users/admin/builder/spi-builder-workspace/.derivedData/Build/Intermediates.noindex/SwiftExplicitPrecompiledModules -clang-scanner-module-cache-path /Users/admin/builder/spi-builder-workspace/.derivedData/ModuleCache.noindex -sdk-module-cache-path /Users/admin/builder/spi-builder-workspace/.derivedData/ModuleCache.noindex -serialize-diagnostics -emit-dependencies -emit-module -emit-module-path /Users/admin/builder/spi-builder-workspace/.derivedData/Build/Intermediates.noindex/swift-syntax.build/Debug/SwiftSyntax510.build/Objects-normal/arm64/SwiftSyntax510.swiftmodule -validate-clang-modules-once -clang-build-session-file /Users/admin/builder/spi-builder-workspace/.derivedData/ModuleCache.noindex/Session.modulevalidation -package-name swift_syntax -Xcc -I/Users/admin/builder/spi-builder-workspace/.derivedData/Build/Intermediates.noindex/swift-syntax.build/Debug/SwiftSyntax510.build/swift-overrides.hmap -emit-const-values -Xfrontend -const-gather-protocols-file -Xfrontend /Users/admin/builder/spi-builder-workspace/.derivedData/Build/Intermediates.noindex/swift-syntax.build/Debug/SwiftSyntax510.build/Objects-normal/arm64/SwiftSyntax510_const_extract_protocols.json -Xcc -I/Users/admin/builder/spi-builder-workspace/.derivedData/Build/Products/Debug/include -Xcc -I/Users/admin/builder/spi-builder-workspace/.derivedData/Build/Intermediates.noindex/swift-syntax.build/Debug/SwiftSyntax510.build/DerivedSources-normal/arm64 -Xcc -I/Users/admin/builder/spi-builder-workspace/.derivedData/Build/Intermediates.noindex/swift-syntax.build/Debug/SwiftSyntax510.build/DerivedSources/arm64 -Xcc -I/Users/admin/builder/spi-builder-workspace/.derivedData/Build/Intermediates.noindex/swift-syntax.build/Debug/SwiftSyntax510.build/DerivedSources -Xcc -DSWIFT_PACKAGE -Xcc -DDEBUG\=1 -emit-objc-header -emit-objc-header-path /Users/admin/builder/spi-builder-workspace/.derivedData/Build/Intermediates.noindex/swift-syntax.build/Debug/SwiftSyntax510.build/Objects-normal/arm64/SwiftSyntax510-Swift.h -working-directory /Users/admin/builder/spi-builder-workspace/.swiftpm/xcode -experimental-emit-module-separately -disable-cmo
SwiftEmitModule normal arm64 Emitting\ module\ for\ SwiftSyntax509 (in target 'SwiftSyntax509' from project 'swift-syntax')
SwiftCompile normal arm64 /Users/admin/builder/spi-builder-workspace/.dependencies/checkouts/swift-syntax/Sources/VersionMarkerModules/SwiftSyntax509/Empty.swift (in target 'SwiftSyntax509' from project 'swift-syntax')
    cd /Users/admin/builder/spi-builder-workspace/.swiftpm/xcode

SwiftDriver SwiftPackageList normal armv7k com.apple.xcode.tools.swift.compiler (in target 'SwiftPackageList' from project 'SwiftPackageList')
    cd /Users/admin/builder/spi-builder-workspace/.swiftpm/xcode
    builtin-SwiftDriver -- /Applications/Xcode-26.5.0.app/Contents/Developer/Toolchains/XcodeDefault.xctoolchain/usr/bin/swiftc -module-name SwiftPackageList -Onone @/Users/admin/builder/spi-builder-workspace/.derivedData/Build/Intermediates.noindex/SwiftPackageList.build/Debug-watchos/SwiftPackageList.build/Objects-normal/armv7k/SwiftPackageList.SwiftFileList -DSWIFT_PACKAGE -DDEBUG -DSWIFT_MODULE_RESOURCE_BUNDLE_AVAILABLE -DXcode -plugin-path /Applications/Xcode-26.5.0.app/Contents/Developer/Toolchains/XcodeDefault.xctoolchain/usr/lib/swift/host/plugins/testing -enable-experimental-feature DebugDescriptionMacro -sdk /Applications/Xcode-26.5.0.app/Contents/Developer/Platforms/WatchOS.platform/Developer/SDKs/WatchOS26.5.sdk -target armv7k-apple-watchos6.0 -g -module-cache-path /Users/admin/builder/spi-builder-workspace/.derivedData/ModuleCache.noindex -Xfrontend -serialize-debugging-options -profile-coverage-mapping -profile-generate -enable-testing -suppress-warnings -index-store-path /Users/admin/builder/spi-builder-workspace/.derivedData/Index.noindex/DataStore -Xcc -D_LIBCPP_HARDENING_MODE\=_LIBCPP_HARDENING_MODE_DEBUG -swift-version 5 -I /Users/admin/builder/spi-builder-workspace/.derivedData/Build/Products/Debug-watchos -Isystem /Applications/Xcode-26.5.0.app/Contents/Developer/Platforms/WatchOS.platform/Developer/usr/lib -F /Users/admin/builder/spi-builder-workspace/.derivedData/Build/Products/Debug-watchos -F /Applications/Xcode-26.5.0.app/Contents/Developer/Platforms/WatchOS.platform/Developer/Library/Frameworks -F /Applications/Xcode-26.5.0.app/Contents/Developer/Platforms/WatchOS.platform/Developer/SDKs/WatchOS26.5.sdk/Developer/Library/Frameworks -emit-localized-strings -emit-localized-strings-path /Users/admin/builder/spi-builder-workspace/.derivedData/Build/Intermediates.noindex/SwiftPackageList.build/Debug-watchos/SwiftPackageList.build/Objects-normal/armv7k -c -j10 -enable-batch-mode -incremental -Xcc -ivfsstatcache -Xcc /Users/admin/builder/spi-builder-workspace/.derivedData/SDKStatCaches.noindex/watchos26.5-23T570-688ef53f1462e2c8f657fdc38a81448f7931b973dfc65d9472806dbbc3af9379.sdkstatcache -output-file-map /Users/admin/builder/spi-builder-workspace/.derivedData/Build/Intermediates.noindex/SwiftPackageList.build/Debug-watchos/SwiftPackageList.build/Objects-normal/armv7k/SwiftPackageList-OutputFileMap.json -use-frontend-parseable-output -save-temps -no-color-diagnostics -explicit-module-build -module-cache-path /Users/admin/builder/spi-builder-workspace/.derivedData/Build/Intermediates.noindex/SwiftExplicitPrecompiledModules -clang-scanner-module-cache-path /Users/admin/builder/spi-builder-workspace/.derivedData/ModuleCache.noindex -sdk-module-cache-path /Users/admin/builder/spi-builder-workspace/.derivedData/ModuleCache.noindex -serialize-diagnostics -emit-dependencies -emit-module -emit-module-path /Users/admin/builder/spi-builder-workspace/.derivedData/Build/Intermediates.noindex/SwiftPackageList.build/Debug-watchos/SwiftPackageList.build/Objects-normal/armv7k/SwiftPackageList.swiftmodule -validate-clang-modules-once -clang-build-session-file /Users/admin/builder/spi-builder-workspace/.derivedData/ModuleCache.noindex/Session.modulevalidation -package-name swift_package_list -Xcc -I/Users/admin/builder/spi-builder-workspace/.derivedData/Build/Intermediates.noindex/SwiftPackageList.build/Debug-watchos/SwiftPackageList.build/swift-overrides.hmap -emit-const-values -Xfrontend -const-gather-protocols-file -Xfrontend /Users/admin/builder/spi-builder-workspace/.derivedData/Build/Intermediates.noindex/SwiftPackageList.build/Debug-watchos/SwiftPackageList.build/Objects-normal/armv7k/SwiftPackageList_const_extract_protocols.json -Xcc -I/Users/admin/builder/spi-builder-workspace/.derivedData/Build/Products/Debug-watchos/include -Xcc -I/Users/admin/builder/spi-builder-workspace/.derivedData/Build/Intermediates.noindex/SwiftPackageList.build/Debug-watchos/SwiftPackageList.build/DerivedSources-normal/armv7k -Xcc -I/Users/admin/builder/spi-builder-workspace/.derivedData/Build/Intermediates.noindex/SwiftPackageList.build/Debug-watchos/SwiftPackageList.build/DerivedSources/armv7k -Xcc -I/Users/admin/builder/spi-builder-workspace/.derivedData/Build/Intermediates.noindex/SwiftPackageList.build/Debug-watchos/SwiftPackageList.build/DerivedSources -Xcc -DSWIFT_PACKAGE -Xcc -DDEBUG\=1 -emit-objc-header -emit-objc-header-path /Users/admin/builder/spi-builder-workspace/.derivedData/Build/Intermediates.noindex/SwiftPackageList.build/Debug-watchos/SwiftPackageList.build/Objects-normal/armv7k/SwiftPackageList-Swift.h -working-directory /Users/admin/builder/spi-builder-workspace/.swiftpm/xcode -experimental-emit-module-separately -disable-cmo
SwiftDriver SwiftPackageList normal arm64 com.apple.xcode.tools.swift.compiler (in target 'SwiftPackageList' from project 'SwiftPackageList')
    cd /Users/admin/builder/spi-builder-workspace/.swiftpm/xcode
    builtin-SwiftDriver -- /Applications/Xcode-26.5.0.app/Contents/Developer/Toolchains/XcodeDefault.xctoolchain/usr/bin/swiftc -module-name SwiftPackageList -Onone @/Users/admin/builder/spi-builder-workspace/.derivedData/Build/Intermediates.noindex/SwiftPackageList.build/Debug-watchos/SwiftPackageList.build/Objects-normal/arm64/SwiftPackageList.SwiftFileList -DSWIFT_PACKAGE -DDEBUG -DSWIFT_MODULE_RESOURCE_BUNDLE_AVAILABLE -DXcode -plugin-path /Applications/Xcode-26.5.0.app/Contents/Developer/Toolchains/XcodeDefault.xctoolchain/usr/lib/swift/host/plugins/testing -enable-experimental-feature DebugDescriptionMacro -sdk /Applications/Xcode-26.5.0.app/Contents/Developer/Platforms/WatchOS.platform/Developer/SDKs/WatchOS26.5.sdk -target arm64-apple-watchos6.0 -g -module-cache-path /Users/admin/builder/spi-builder-workspace/.derivedData/ModuleCache.noindex -Xfrontend -serialize-debugging-options -profile-coverage-mapping -profile-generate -enable-testing -suppress-warnings -index-store-path /Users/admin/builder/spi-builder-workspace/.derivedData/Index.noindex/DataStore -Xcc -D_LIBCPP_HARDENING_MODE\=_LIBCPP_HARDENING_MODE_DEBUG -swift-version 5 -I /Users/admin/builder/spi-builder-workspace/.derivedData/Build/Products/Debug-watchos -Isystem /Applications/Xcode-26.5.0.app/Contents/Developer/Platforms/WatchOS.platform/Developer/usr/lib -F /Users/admin/builder/spi-builder-workspace/.derivedData/Build/Products/Debug-watchos -F /Applications/Xcode-26.5.0.app/Contents/Developer/Platforms/WatchOS.platform/Developer/Library/Frameworks -F /Applications/Xcode-26.5.0.app/Contents/Developer/Platforms/WatchOS.platform/Developer/SDKs/WatchOS26.5.sdk/Developer/Library/Frameworks -emit-localized-strings -emit-localized-strings-path /Users/admin/builder/spi-builder-workspace/.derivedData/Build/Intermediates.noindex/SwiftPackageList.build/Debug-watchos/SwiftPackageList.build/Objects-normal/arm64 -c -j10 -enable-batch-mode -incremental -Xcc -ivfsstatcache -Xcc /Users/admin/builder/spi-builder-workspace/.derivedData/SDKStatCaches.noindex/watchos26.5-23T570-688ef53f1462e2c8f657fdc38a81448f7931b973dfc65d9472806dbbc3af9379.sdkstatcache -output-file-map /Users/admin/builder/spi-builder-workspace/.derivedData/Build/Intermediates.noindex/SwiftPackageList.build/Debug-watchos/SwiftPackageList.build/Objects-normal/arm64/SwiftPackageList-OutputFileMap.json -use-frontend-parseable-output -save-temps -no-color-diagnostics -explicit-module-build -module-cache-path /Users/admin/builder/spi-builder-workspace/.derivedData/Build/Intermediates.noindex/SwiftExplicitPrecompiledModules -clang-scanner-module-cache-path /Users/admin/builder/spi-builder-workspace/.derivedData/ModuleCache.noindex -sdk-module-cache-path /Users/admin/builder/spi-builder-workspace/.derivedData/ModuleCache.noindex -serialize-diagnostics -emit-dependencies -emit-module -emit-module-path /Users/admin/builder/spi-builder-workspace/.derivedData/Build/Intermediates.noindex/SwiftPackageList.build/Debug-watchos/SwiftPackageList.build/Objects-normal/arm64/SwiftPackageList.swiftmodule -validate-clang-modules-once -clang-build-session-file /Users/admin/builder/spi-builder-workspace/.derivedData/ModuleCache.noindex/Session.modulevalidation -package-name swift_package_list -Xcc -I/Users/admin/builder/spi-builder-workspace/.derivedData/Build/Intermediates.noindex/SwiftPackageList.build/Debug-watchos/SwiftPackageList.build/swift-overrides.hmap -emit-const-values -Xfrontend -const-gather-protocols-file -Xfrontend /Users/admin/builder/spi-builder-workspace/.derivedData/Build/Intermediates.noindex/SwiftPackageList.build/Debug-watchos/SwiftPackageList.build/Objects-normal/arm64/SwiftPackageList_const_extract_protocols.json -Xcc -I/Users/admin/builder/spi-builder-workspace/.derivedData/Build/Products/Debug-watchos/include -Xcc -I/Users/admin/builder/spi-builder-workspace/.derivedData/Build/Intermediates.noindex/SwiftPackageList.build/Debug-watchos/SwiftPackageList.build/DerivedSources-normal/arm64 -Xcc -I/Users/admin/builder/spi-builder-workspace/.derivedData/Build/Intermediates.noindex/SwiftPackageList.build/Debug-watchos/SwiftPackageList.build/DerivedSources/arm64 -Xcc -I/Users/admin/builder/spi-builder-workspace/.derivedData/Build/Intermediates.noindex/SwiftPackageList.build/Debug-watchos/SwiftPackageList.build/DerivedSources -Xcc -DSWIFT_PACKAGE -Xcc -DDEBUG\=1 -emit-objc-header -emit-objc-header-path /Users/admin/builder/spi-builder-workspace/.derivedData/Build/Intermediates.noindex/SwiftPackageList.build/Debug-watchos/SwiftPackageList.build/Objects-normal/arm64/SwiftPackageList-Swift.h -working-directory /Users/admin/builder/spi-builder-workspace/.swiftpm/xcode -experimental-emit-module-separately -disable-cmo
Copy /Users/admin/builder/spi-builder-workspace/.derivedData/Build/Products/Debug/SwiftSyntax510.swiftmodule/arm64-apple-macos.swiftmodule /Users/admin/builder/spi-builder-workspace/.derivedData/Build/Intermediates.noindex/swift-syntax.build/Debug/SwiftSyntax510.build/Objects-normal/arm64/SwiftSyntax510.swiftmodule (in target 'SwiftSyntax510' from project 'swift-syntax')
    cd /Users/admin/builder/spi-builder-workspace/.dependencies/checkouts/swift-syntax
    builtin-copy -exclude .DS_Store -exclude CVS -exclude .svn -exclude .git -exclude .hg -resolve-src-symlinks -rename /Users/admin/builder/spi-builder-workspace/.derivedData/Build/Intermediates.noindex/swift-syntax.build/Debug/SwiftSyntax510.build/Objects-normal/arm64/SwiftSyntax510.swiftmodule /Users/admin/builder/spi-builder-workspace/.derivedData/Build/Products/Debug/SwiftSyntax510.swiftmodule/arm64-apple-macos.swiftmodule
SwiftDriverJobDiscovery normal x86_64 Emitting module for SwiftSyntax510 (in target 'SwiftSyntax510' from project 'swift-syntax')
SwiftDriver\ Compilation\ Requirements SwiftSyntax510 normal x86_64 com.apple.xcode.tools.swift.compiler (in target 'SwiftSyntax510' from project 'swift-syntax')
    cd /Users/admin/builder/spi-builder-workspace/.swiftpm/xcode
    builtin-Swift-Compilation-Requirements -- /Applications/Xcode-26.5.0.app/Contents/Developer/Toolchains/XcodeDefault.xctoolchain/usr/bin/swiftc -module-name SwiftSyntax510 -Onone @/Users/admin/builder/spi-builder-workspace/.derivedData/Build/Intermediates.noindex/swift-syntax.build/Debug/SwiftSyntax510.build/Objects-normal/x86_64/SwiftSyntax510.SwiftFileList -DSWIFT_PACKAGE -DDEBUG -DSWIFT_MODULE_RESOURCE_BUNDLE_UNAVAILABLE -DXcode -plugin-path /Applications/Xcode-26.5.0.app/Contents/Developer/Toolchains/XcodeDefault.xctoolchain/usr/lib/swift/host/plugins/testing -enable-experimental-feature DebugDescriptionMacro -sdk /Applications/Xcode-26.5.0.app/Contents/Developer/Platforms/MacOSX.platform/Developer/SDKs/MacOSX26.5.sdk -target x86_64-apple-macos10.15 -g -module-cache-path /Users/admin/builder/spi-builder-workspace/.derivedData/ModuleCache.noindex -Xfrontend -serialize-debugging-options -profile-coverage-mapping -profile-generate -enable-testing -suppress-warnings -index-store-path /Users/admin/builder/spi-builder-workspace/.derivedData/Index.noindex/DataStore -Xcc -D_LIBCPP_HARDENING_MODE\=_LIBCPP_HARDENING_MODE_DEBUG -swift-version 6 -I /Users/admin/builder/spi-builder-workspace/.derivedData/Build/Products/Debug -Isystem /Applications/Xcode-26.5.0.app/Contents/Developer/Platforms/MacOSX.platform/Developer/usr/lib -F /Users/admin/builder/spi-builder-workspace/.derivedData/Build/Products/Debug -F /Applications/Xcode-26.5.0.app/Contents/Developer/Platforms/MacOSX.platform/Developer/Library/Frameworks -parse-as-library -c -j10 -enable-batch-mode -incremental -Xcc -ivfsstatcache -Xcc /Users/admin/builder/spi-builder-workspace/.derivedData/SDKStatCaches.noindex/macosx26.5-25F70-688ef53f1462e2c8f657fdc38a81448fb3380a6d0eb485eff9a999e8f65be04d.sdkstatcache -output-file-map /Users/admin/builder/spi-builder-workspace/.derivedData/Build/Intermediates.noindex/swift-syntax.build/Debug/SwiftSyntax510.build/Objects-normal/x86_64/SwiftSyntax510-OutputFileMap.json -use-frontend-parseable-output -save-temps -no-color-diagnostics -explicit-module-build -module-cache-path /Users/admin/builder/spi-builder-workspace/.derivedData/Build/Intermediates.noindex/SwiftExplicitPrecompiledModules -clang-scanner-module-cache-path /Users/admin/builder/spi-builder-workspace/.derivedData/ModuleCache.noindex -sdk-module-cache-path /Users/admin/builder/spi-builder-workspace/.derivedData/ModuleCache.noindex -serialize-diagnostics -emit-dependencies -emit-module -emit-module-path /Users/admin/builder/spi-builder-workspace/.derivedData/Build/Intermediates.noindex/swift-syntax.build/Debug/SwiftSyntax510.build/Objects-normal/x86_64/SwiftSyntax510.swiftmodule -validate-clang-modules-once -clang-build-session-file /Users/admin/builder/spi-builder-workspace/.derivedData/ModuleCache.noindex/Session.modulevalidation -package-name swift_syntax -Xcc -I/Users/admin/builder/spi-builder-workspace/.derivedData/Build/Intermediates.noindex/swift-syntax.build/Debug/SwiftSyntax510.build/swift-overrides.hmap -emit-const-values -Xfrontend -const-gather-protocols-file -Xfrontend /Users/admin/builder/spi-builder-workspace/.derivedData/Build/Intermediates.noindex/swift-syntax.build/Debug/SwiftSyntax510.build/Objects-normal/x86_64/SwiftSyntax510_const_extract_protocols.json -Xcc -I/Users/admin/builder/spi-builder-workspace/.derivedData/Build/Products/Debug/include -Xcc -I/Users/admin/builder/spi-builder-workspace/.derivedData/Build/Intermediates.noindex/swift-syntax.build/Debug/SwiftSyntax510.build/DerivedSources-normal/x86_64 -Xcc -I/Users/admin/builder/spi-builder-workspace/.derivedData/Build/Intermediates.noindex/swift-syntax.build/Debug/SwiftSyntax510.build/DerivedSources/x86_64 -Xcc -I/Users/admin/builder/spi-builder-workspace/.derivedData/Build/Intermediates.noindex/swift-syntax.build/Debug/SwiftSyntax510.build/DerivedSources -Xcc -DSWIFT_PACKAGE -Xcc -DDEBUG\=1 -emit-objc-header -emit-objc-header-path /Users/admin/builder/spi-builder-workspace/.derivedData/Build/Intermediates.noindex/swift-syntax.build/Debug/SwiftSyntax510.build/Objects-normal/x86_64/SwiftSyntax510-Swift.h -working-directory /Users/admin/builder/spi-builder-workspace/.swiftpm/xcode -experimental-emit-module-separately -disable-cmo
Copy /Users/admin/builder/spi-builder-workspace/.derivedData/Build/Products/Debug/SwiftSyntax510.swiftmodule/arm64-apple-macos.swiftdoc /Users/admin/builder/spi-builder-workspace/.derivedData/Build/Intermediates.noindex/swift-syntax.build/Debug/SwiftSyntax510.build/Objects-normal/arm64/SwiftSyntax510.swiftdoc (in target 'SwiftSyntax510' from project 'swift-syntax')
    cd /Users/admin/builder/spi-builder-workspace/.dependencies/checkouts/swift-syntax
    builtin-copy -exclude .DS_Store -exclude CVS -exclude .svn -exclude .git -exclude .hg -resolve-src-symlinks -rename /Users/admin/builder/spi-builder-workspace/.derivedData/Build/Intermediates.noindex/swift-syntax.build/Debug/SwiftSyntax510.build/Objects-normal/arm64/SwiftSyntax510.swiftdoc /Users/admin/builder/spi-builder-workspace/.derivedData/Build/Products/Debug/SwiftSyntax510.swiftmodule/arm64-apple-macos.swiftdoc
SwiftMergeGeneratedHeaders /Users/admin/builder/spi-builder-workspace/.derivedData/Build/Intermediates.noindex/GeneratedModuleMaps/SwiftSyntax510-Swift.h /Users/admin/builder/spi-builder-workspace/.derivedData/Build/Intermediates.noindex/swift-syntax.build/Debug/SwiftSyntax510.build/Objects-normal/arm64/SwiftSyntax510-Swift.h /Users/admin/builder/spi-builder-workspace/.derivedData/Build/Intermediates.noindex/swift-syntax.build/Debug/SwiftSyntax510.build/Objects-normal/x86_64/SwiftSyntax510-Swift.h (in target 'SwiftSyntax510' from project 'swift-syntax')
    cd /Users/admin/builder/spi-builder-workspace/.dependencies/checkouts/swift-syntax
    builtin-swiftHeaderTool -arch arm64 /Users/admin/builder/spi-builder-workspace/.derivedData/Build/Intermediates.noindex/swift-syntax.build/Debug/SwiftSyntax510.build/Objects-normal/arm64/SwiftSyntax510-Swift.h -arch x86_64 /Users/admin/builder/spi-builder-workspace/.derivedData/Build/Intermediates.noindex/swift-syntax.build/Debug/SwiftSyntax510.build/Objects-normal/x86_64/SwiftSyntax510-Swift.h -o /Users/admin/builder/spi-builder-workspace/.derivedData/Build/Intermediates.noindex/GeneratedModuleMaps/SwiftSyntax510-Swift.h
Copy /Users/admin/builder/spi-builder-workspace/.derivedData/Build/Products/Debug/SwiftSyntax510.swiftmodule/x86_64-apple-macos.swiftmodule /Users/admin/builder/spi-builder-workspace/.derivedData/Build/Intermediates.noindex/swift-syntax.build/Debug/SwiftSyntax510.build/Objects-normal/x86_64/SwiftSyntax510.swiftmodule (in target 'SwiftSyntax510' from project 'swift-syntax')
    cd /Users/admin/builder/spi-builder-workspace/.dependencies/checkouts/swift-syntax
    builtin-copy -exclude .DS_Store -exclude CVS -exclude .svn -exclude .git -exclude .hg -resolve-src-symlinks -rename /Users/admin/builder/spi-builder-workspace/.derivedData/Build/Intermediates.noindex/swift-syntax.build/Debug/SwiftSyntax510.build/Objects-normal/x86_64/SwiftSyntax510.swiftmodule /Users/admin/builder/spi-builder-workspace/.derivedData/Build/Products/Debug/SwiftSyntax510.swiftmodule/x86_64-apple-macos.swiftmodule
Copy /Users/admin/builder/spi-builder-workspace/.derivedData/Build/Products/Debug/SwiftSyntax510.swiftmodule/x86_64-apple-macos.swiftdoc /Users/admin/builder/spi-builder-workspace/.derivedData/Build/Intermediates.noindex/swift-syntax.build/Debug/SwiftSyntax510.build/Objects-normal/x86_64/SwiftSyntax510.swiftdoc (in target 'SwiftSyntax510' from project 'swift-syntax')
    cd /Users/admin/builder/spi-builder-workspace/.dependencies/checkouts/swift-syntax
    builtin-copy -exclude .DS_Store -exclude CVS -exclude .svn -exclude .git -exclude .hg -resolve-src-symlinks -rename /Users/admin/builder/spi-builder-workspace/.derivedData/Build/Intermediates.noindex/swift-syntax.build/Debug/SwiftSyntax510.build/Objects-normal/x86_64/SwiftSyntax510.swiftdoc /Users/admin/builder/spi-builder-workspace/.derivedData/Build/Products/Debug/SwiftSyntax510.swiftmodule/x86_64-apple-macos.swiftdoc
Copy /Users/admin/builder/spi-builder-workspace/.derivedData/Build/Products/Debug/SwiftSyntax510.swiftmodule/x86_64-apple-macos.abi.json /Users/admin/builder/spi-builder-workspace/.derivedData/Build/Intermediates.noindex/swift-syntax.build/Debug/SwiftSyntax510.build/Objects-normal/x86_64/SwiftSyntax510.abi.json (in target 'SwiftSyntax510' from project 'swift-syntax')
    cd /Users/admin/builder/spi-builder-workspace/.dependencies/checkouts/swift-syntax
    builtin-copy -exclude .DS_Store -exclude CVS -exclude .svn -exclude .git -exclude .hg -resolve-src-symlinks -rename /Users/admin/builder/spi-builder-workspace/.derivedData/Build/Intermediates.noindex/swift-syntax.build/Debug/SwiftSyntax510.build/Objects-normal/x86_64/SwiftSyntax510.abi.json /Users/admin/builder/spi-builder-workspace/.derivedData/Build/Products/Debug/SwiftSyntax510.swiftmodule/x86_64-apple-macos.abi.json
Copy /Users/admin/builder/spi-builder-workspace/.derivedData/Build/Products/Debug/SwiftSyntax510.swiftmodule/arm64-apple-macos.abi.json /Users/admin/builder/spi-builder-workspace/.derivedData/Build/Intermediates.noindex/swift-syntax.build/Debug/SwiftSyntax510.build/Objects-normal/arm64/SwiftSyntax510.abi.json (in target 'SwiftSyntax510' from project 'swift-syntax')
    cd /Users/admin/builder/spi-builder-workspace/.dependencies/checkouts/swift-syntax
    builtin-copy -exclude .DS_Store -exclude CVS -exclude .svn -exclude .git -exclude .hg -resolve-src-symlinks -rename /Users/admin/builder/spi-builder-workspace/.derivedData/Build/Intermediates.noindex/swift-syntax.build/Debug/SwiftSyntax510.build/Objects-normal/arm64/SwiftSyntax510.abi.json /Users/admin/builder/spi-builder-workspace/.derivedData/Build/Products/Debug/SwiftSyntax510.swiftmodule/arm64-apple-macos.abi.json
Copy /Users/admin/builder/spi-builder-workspace/.derivedData/Build/Products/Debug/SwiftSyntax510.swiftmodule/Project/x86_64-apple-macos.swiftsourceinfo /Users/admin/builder/spi-builder-workspace/.derivedData/Build/Intermediates.noindex/swift-syntax.build/Debug/SwiftSyntax510.build/Objects-normal/x86_64/SwiftSyntax510.swiftsourceinfo (in target 'SwiftSyntax510' from project 'swift-syntax')
    cd /Users/admin/builder/spi-builder-workspace/.dependencies/checkouts/swift-syntax
    builtin-copy -exclude .DS_Store -exclude CVS -exclude .svn -exclude .git -exclude .hg -resolve-src-symlinks -rename /Users/admin/builder/spi-builder-workspace/.derivedData/Build/Intermediates.noindex/swift-syntax.build/Debug/SwiftSyntax510.build/Objects-normal/x86_64/SwiftSyntax510.swiftsourceinfo /Users/admin/builder/spi-builder-workspace/.derivedData/Build/Products/Debug/SwiftSyntax510.swiftmodule/Project/x86_64-apple-macos.swiftsourceinfo
Copy /Users/admin/builder/spi-builder-workspace/.derivedData/Build/Products/Debug/SwiftSyntax510.swiftmodule/Project/arm64-apple-macos.swiftsourceinfo /Users/admin/builder/spi-builder-workspace/.derivedData/Build/Intermediates.noindex/swift-syntax.build/Debug/SwiftSyntax510.build/Objects-normal/arm64/SwiftSyntax510.swiftsourceinfo (in target 'SwiftSyntax510' from project 'swift-syntax')
    cd /Users/admin/builder/spi-builder-workspace/.dependencies/checkouts/swift-syntax
    builtin-copy -exclude .DS_Store -exclude CVS -exclude .svn -exclude .git -exclude .hg -resolve-src-symlinks -rename /Users/admin/builder/spi-builder-workspace/.derivedData/Build/Intermediates.noindex/swift-syntax.build/Debug/SwiftSyntax510.build/Objects-normal/arm64/SwiftSyntax510.swiftsourceinfo /Users/admin/builder/spi-builder-workspace/.derivedData/Build/Products/Debug/SwiftSyntax510.swiftmodule/Project/arm64-apple-macos.swiftsourceinfo
SwiftEmitModule normal x86_64 Emitting\ module\ for\ SwiftSyntax509 (in target 'SwiftSyntax509' from project 'swift-syntax')
SwiftCompile normal x86_64 /Users/admin/builder/spi-builder-workspace/.dependencies/checkouts/swift-syntax/Sources/VersionMarkerModules/SwiftSyntax509/Empty.swift (in target 'SwiftSyntax509' from project 'swift-syntax')
    cd /Users/admin/builder/spi-builder-workspace/.swiftpm/xcode

SwiftDriver SwiftPackageList normal arm64_32 com.apple.xcode.tools.swift.compiler (in target 'SwiftPackageList' from project 'SwiftPackageList')
    cd /Users/admin/builder/spi-builder-workspace/.swiftpm/xcode
    builtin-SwiftDriver -- /Applications/Xcode-26.5.0.app/Contents/Developer/Toolchains/XcodeDefault.xctoolchain/usr/bin/swiftc -module-name SwiftPackageList -Onone @/Users/admin/builder/spi-builder-workspace/.derivedData/Build/Intermediates.noindex/SwiftPackageList.build/Debug-watchos/SwiftPackageList.build/Objects-normal/arm64_32/SwiftPackageList.SwiftFileList -DSWIFT_PACKAGE -DDEBUG -DSWIFT_MODULE_RESOURCE_BUNDLE_AVAILABLE -DXcode -plugin-path /Applications/Xcode-26.5.0.app/Contents/Developer/Toolchains/XcodeDefault.xctoolchain/usr/lib/swift/host/plugins/testing -enable-experimental-feature DebugDescriptionMacro -sdk /Applications/Xcode-26.5.0.app/Contents/Developer/Platforms/WatchOS.platform/Developer/SDKs/WatchOS26.5.sdk -target arm64_32-apple-watchos6.0 -g -module-cache-path /Users/admin/builder/spi-builder-workspace/.derivedData/ModuleCache.noindex -Xfrontend -serialize-debugging-options -profile-coverage-mapping -profile-generate -enable-testing -suppress-warnings -index-store-path /Users/admin/builder/spi-builder-workspace/.derivedData/Index.noindex/DataStore -Xcc -D_LIBCPP_HARDENING_MODE\=_LIBCPP_HARDENING_MODE_DEBUG -swift-version 5 -I /Users/admin/builder/spi-builder-workspace/.derivedData/Build/Products/Debug-watchos -Isystem /Applications/Xcode-26.5.0.app/Contents/Developer/Platforms/WatchOS.platform/Developer/usr/lib -F /Users/admin/builder/spi-builder-workspace/.derivedData/Build/Products/Debug-watchos -F /Applications/Xcode-26.5.0.app/Contents/Developer/Platforms/WatchOS.platform/Developer/Library/Frameworks -F /Applications/Xcode-26.5.0.app/Contents/Developer/Platforms/WatchOS.platform/Developer/SDKs/WatchOS26.5.sdk/Developer/Library/Frameworks -emit-localized-strings -emit-localized-strings-path /Users/admin/builder/spi-builder-workspace/.derivedData/Build/Intermediates.noindex/SwiftPackageList.build/Debug-watchos/SwiftPackageList.build/Objects-normal/arm64_32 -c -j10 -enable-batch-mode -incremental -Xcc -ivfsstatcache -Xcc /Users/admin/builder/spi-builder-workspace/.derivedData/SDKStatCaches.noindex/watchos26.5-23T570-688ef53f1462e2c8f657fdc38a81448f7931b973dfc65d9472806dbbc3af9379.sdkstatcache -output-file-map /Users/admin/builder/spi-builder-workspace/.derivedData/Build/Intermediates.noindex/SwiftPackageList.build/Debug-watchos/SwiftPackageList.build/Objects-normal/arm64_32/SwiftPackageList-OutputFileMap.json -use-frontend-parseable-output -save-temps -no-color-diagnostics -explicit-module-build -module-cache-path /Users/admin/builder/spi-builder-workspace/.derivedData/Build/Intermediates.noindex/SwiftExplicitPrecompiledModules -clang-scanner-module-cache-path /Users/admin/builder/spi-builder-workspace/.derivedData/ModuleCache.noindex -sdk-module-cache-path /Users/admin/builder/spi-builder-workspace/.derivedData/ModuleCache.noindex -serialize-diagnostics -emit-dependencies -emit-module -emit-module-path /Users/admin/builder/spi-builder-workspace/.derivedData/Build/Intermediates.noindex/SwiftPackageList.build/Debug-watchos/SwiftPackageList.build/Objects-normal/arm64_32/SwiftPackageList.swiftmodule -validate-clang-modules-once -clang-build-session-file /Users/admin/builder/spi-builder-workspace/.derivedData/ModuleCache.noindex/Session.modulevalidation -package-name swift_package_list -Xcc -I/Users/admin/builder/spi-builder-workspace/.derivedData/Build/Intermediates.noindex/SwiftPackageList.build/Debug-watchos/SwiftPackageList.build/swift-overrides.hmap -emit-const-values -Xfrontend -const-gather-protocols-file -Xfrontend /Users/admin/builder/spi-builder-workspace/.derivedData/Build/Intermediates.noindex/SwiftPackageList.build/Debug-watchos/SwiftPackageList.build/Objects-normal/arm64_32/SwiftPackageList_const_extract_protocols.json -Xcc -I/Users/admin/builder/spi-builder-workspace/.derivedData/Build/Products/Debug-watchos/include -Xcc -I/Users/admin/builder/spi-builder-workspace/.derivedData/Build/Intermediates.noindex/SwiftPackageList.build/Debug-watchos/SwiftPackageList.build/DerivedSources-normal/arm64_32 -Xcc -I/Users/admin/builder/spi-builder-workspace/.derivedData/Build/Intermediates.noindex/SwiftPackageList.build/Debug-watchos/SwiftPackageList.build/DerivedSources/arm64_32 -Xcc -I/Users/admin/builder/spi-builder-workspace/.derivedData/Build/Intermediates.noindex/SwiftPackageList.build/Debug-watchos/SwiftPackageList.build/DerivedSources -Xcc -DSWIFT_PACKAGE -Xcc -DDEBUG\=1 -emit-objc-header -emit-objc-header-path /Users/admin/builder/spi-builder-workspace/.derivedData/Build/Intermediates.noindex/SwiftPackageList.build/Debug-watchos/SwiftPackageList.build/Objects-normal/arm64_32/SwiftPackageList-Swift.h -working-directory /Users/admin/builder/spi-builder-workspace/.swiftpm/xcode -experimental-emit-module-separately -disable-cmo
SwiftDriver SQLite normal arm64_32 com.apple.xcode.tools.swift.compiler (in target 'SQLite' from project 'SQLite.swift')
    cd /Users/admin/builder/spi-builder-workspace/.swiftpm/xcode
    builtin-SwiftDriver -- /Applications/Xcode-26.5.0.app/Contents/Developer/Toolchains/XcodeDefault.xctoolchain/usr/bin/swiftc -module-name SQLite -Onone @/Users/admin/builder/spi-builder-workspace/.derivedData/Build/Intermediates.noindex/SQLite.swift.build/Debug-watchos/SQLite.build/Objects-normal/arm64_32/SQLite.SwiftFileList -DSWIFT_PACKAGE -DDEBUG -DSWIFT_MODULE_RESOURCE_BUNDLE_AVAILABLE -DSystemSQLite -DXcode -plugin-path /Applications/Xcode-26.5.0.app/Contents/Developer/Toolchains/XcodeDefault.xctoolchain/usr/lib/swift/host/plugins/testing -enable-experimental-feature DebugDescriptionMacro -sdk /Applications/Xcode-26.5.0.app/Contents/Developer/Platforms/WatchOS.platform/Developer/SDKs/WatchOS26.5.sdk -target arm64_32-apple-watchos4.0 -g -module-cache-path /Users/admin/builder/spi-builder-workspace/.derivedData/ModuleCache.noindex -Xfrontend -serialize-debugging-options -profile-coverage-mapping -profile-generate -enable-testing -suppress-warnings -index-store-path /Users/admin/builder/spi-builder-workspace/.derivedData/Index.noindex/DataStore -Xcc -D_LIBCPP_HARDENING_MODE\=_LIBCPP_HARDENING_MODE_DEBUG -swift-version 5 -I /Users/admin/builder/spi-builder-workspace/.derivedData/Build/Products/Debug-watchos -Isystem /Applications/Xcode-26.5.0.app/Contents/Developer/Platforms/WatchOS.platform/Developer/usr/lib -F /Users/admin/builder/spi-builder-workspace/.derivedData/Build/Products/Debug-watchos -F /Applications/Xcode-26.5.0.app/Contents/Developer/Platforms/WatchOS.platform/Developer/Library/Frameworks -F /Applications/Xcode-26.5.0.app/Contents/Developer/Platforms/WatchOS.platform/Developer/SDKs/WatchOS26.5.sdk/Developer/Library/Frameworks -c -j10 -enable-batch-mode -incremental -Xcc -ivfsstatcache -Xcc /Users/admin/builder/spi-builder-workspace/.derivedData/SDKStatCaches.noindex/watchos26.5-23T570-688ef53f1462e2c8f657fdc38a81448f7931b973dfc65d9472806dbbc3af9379.sdkstatcache -output-file-map /Users/admin/builder/spi-builder-workspace/.derivedData/Build/Intermediates.noindex/SQLite.swift.build/Debug-watchos/SQLite.build/Objects-normal/arm64_32/SQLite-OutputFileMap.json -use-frontend-parseable-output -save-temps -no-color-diagnostics -explicit-module-build -module-cache-path /Users/admin/builder/spi-builder-workspace/.derivedData/Build/Intermediates.noindex/SwiftExplicitPrecompiledModules -clang-scanner-module-cache-path /Users/admin/builder/spi-builder-workspace/.derivedData/ModuleCache.noindex -sdk-module-cache-path /Users/admin/builder/spi-builder-workspace/.derivedData/ModuleCache.noindex -serialize-diagnostics -emit-dependencies -emit-module -emit-module-path /Users/admin/builder/spi-builder-workspace/.derivedData/Build/Intermediates.noindex/SQLite.swift.build/Debug-watchos/SQLite.build/Objects-normal/arm64_32/SQLite.swiftmodule -user-module-version 0.16.0 -validate-clang-modules-once -clang-build-session-file /Users/admin/builder/spi-builder-workspace/.derivedData/ModuleCache.noindex/Session.modulevalidation -package-name sqlite_swift -Xcc -I/Users/admin/builder/spi-builder-workspace/.derivedData/Build/Intermediates.noindex/SQLite.swift.build/Debug-watchos/SQLite.build/swift-overrides.hmap -emit-const-values -Xfrontend -const-gather-protocols-file -Xfrontend /Users/admin/builder/spi-builder-workspace/.derivedData/Build/Intermediates.noindex/SQLite.swift.build/Debug-watchos/SQLite.build/Objects-normal/arm64_32/SQLite_const_extract_protocols.json -Xcc -I/Users/admin/builder/spi-builder-workspace/.derivedData/Build/Products/Debug-watchos/include -Xcc -I/Users/admin/builder/spi-builder-workspace/.derivedData/Build/Intermediates.noindex/SQLite.swift.build/Debug-watchos/SQLite.build/DerivedSources-normal/arm64_32 -Xcc -I/Users/admin/builder/spi-builder-workspace/.derivedData/Build/Intermediates.noindex/SQLite.swift.build/Debug-watchos/SQLite.build/DerivedSources/arm64_32 -Xcc -I/Users/admin/builder/spi-builder-workspace/.derivedData/Build/Intermediates.noindex/SQLite.swift.build/Debug-watchos/SQLite.build/DerivedSources -Xcc -DSWIFT_PACKAGE -Xcc -DDEBUG\=1 -emit-objc-header -emit-objc-header-path /Users/admin/builder/spi-builder-workspace/.derivedData/Build/Intermediates.noindex/SQLite.swift.build/Debug-watchos/SQLite.build/Objects-normal/arm64_32/SQLite-Swift.h -working-directory /Users/admin/builder/spi-builder-workspace/.swiftpm/xcode -experimental-emit-module-separately -disable-cmo
SwiftDriver SQLite normal armv7k com.apple.xcode.tools.swift.compiler (in target 'SQLite' from project 'SQLite.swift')
    cd /Users/admin/builder/spi-builder-workspace/.swiftpm/xcode
    builtin-SwiftDriver -- /Applications/Xcode-26.5.0.app/Contents/Developer/Toolchains/XcodeDefault.xctoolchain/usr/bin/swiftc -module-name SQLite -Onone @/Users/admin/builder/spi-builder-workspace/.derivedData/Build/Intermediates.noindex/SQLite.swift.build/Debug-watchos/SQLite.build/Objects-normal/armv7k/SQLite.SwiftFileList -DSWIFT_PACKAGE -DDEBUG -DSWIFT_MODULE_RESOURCE_BUNDLE_AVAILABLE -DSystemSQLite -DXcode -plugin-path /Applications/Xcode-26.5.0.app/Contents/Developer/Toolchains/XcodeDefault.xctoolchain/usr/lib/swift/host/plugins/testing -enable-experimental-feature DebugDescriptionMacro -sdk /Applications/Xcode-26.5.0.app/Contents/Developer/Platforms/WatchOS.platform/Developer/SDKs/WatchOS26.5.sdk -target armv7k-apple-watchos4.0 -g -module-cache-path /Users/admin/builder/spi-builder-workspace/.derivedData/ModuleCache.noindex -Xfrontend -serialize-debugging-options -profile-coverage-mapping -profile-generate -enable-testing -suppress-warnings -index-store-path /Users/admin/builder/spi-builder-workspace/.derivedData/Index.noindex/DataStore -Xcc -D_LIBCPP_HARDENING_MODE\=_LIBCPP_HARDENING_MODE_DEBUG -swift-version 5 -I /Users/admin/builder/spi-builder-workspace/.derivedData/Build/Products/Debug-watchos -Isystem /Applications/Xcode-26.5.0.app/Contents/Developer/Platforms/WatchOS.platform/Developer/usr/lib -F /Users/admin/builder/spi-builder-workspace/.derivedData/Build/Products/Debug-watchos -F /Applications/Xcode-26.5.0.app/Contents/Developer/Platforms/WatchOS.platform/Developer/Library/Frameworks -F /Applications/Xcode-26.5.0.app/Contents/Developer/Platforms/WatchOS.platform/Developer/SDKs/WatchOS26.5.sdk/Developer/Library/Frameworks -c -j10 -enable-batch-mode -incremental -Xcc -ivfsstatcache -Xcc /Users/admin/builder/spi-builder-workspace/.derivedData/SDKStatCaches.noindex/watchos26.5-23T570-688ef53f1462e2c8f657fdc38a81448f7931b973dfc65d9472806dbbc3af9379.sdkstatcache -output-file-map /Users/admin/builder/spi-builder-workspace/.derivedData/Build/Intermediates.noindex/SQLite.swift.build/Debug-watchos/SQLite.build/Objects-normal/armv7k/SQLite-OutputFileMap.json -use-frontend-parseable-output -save-temps -no-color-diagnostics -explicit-module-build -module-cache-path /Users/admin/builder/spi-builder-workspace/.derivedData/Build/Intermediates.noindex/SwiftExplicitPrecompiledModules -clang-scanner-module-cache-path /Users/admin/builder/spi-builder-workspace/.derivedData/ModuleCache.noindex -sdk-module-cache-path /Users/admin/builder/spi-builder-workspace/.derivedData/ModuleCache.noindex -serialize-diagnostics -emit-dependencies -emit-module -emit-module-path /Users/admin/builder/spi-builder-workspace/.derivedData/Build/Intermediates.noindex/SQLite.swift.build/Debug-watchos/SQLite.build/Objects-normal/armv7k/SQLite.swiftmodule -user-module-version 0.16.0 -validate-clang-modules-once -clang-build-session-file /Users/admin/builder/spi-builder-workspace/.derivedData/ModuleCache.noindex/Session.modulevalidation -package-name sqlite_swift -Xcc -I/Users/admin/builder/spi-builder-workspace/.derivedData/Build/Intermediates.noindex/SQLite.swift.build/Debug-watchos/SQLite.build/swift-overrides.hmap -emit-const-values -Xfrontend -const-gather-protocols-file -Xfrontend /Users/admin/builder/spi-builder-workspace/.derivedData/Build/Intermediates.noindex/SQLite.swift.build/Debug-watchos/SQLite.build/Objects-normal/armv7k/SQLite_const_extract_protocols.json -Xcc -I/Users/admin/builder/spi-builder-workspace/.derivedData/Build/Products/Debug-watchos/include -Xcc -I/Users/admin/builder/spi-builder-workspace/.derivedData/Build/Intermediates.noindex/SQLite.swift.build/Debug-watchos/SQLite.build/DerivedSources-normal/armv7k -Xcc -I/Users/admin/builder/spi-builder-workspace/.derivedData/Build/Intermediates.noindex/SQLite.swift.build/Debug-watchos/SQLite.build/DerivedSources/armv7k -Xcc -I/Users/admin/builder/spi-builder-workspace/.derivedData/Build/Intermediates.noindex/SQLite.swift.build/Debug-watchos/SQLite.build/DerivedSources -Xcc -DSWIFT_PACKAGE -Xcc -DDEBUG\=1 -emit-objc-header -emit-objc-header-path /Users/admin/builder/spi-builder-workspace/.derivedData/Build/Intermediates.noindex/SQLite.swift.build/Debug-watchos/SQLite.build/Objects-normal/armv7k/SQLite-Swift.h -working-directory /Users/admin/builder/spi-builder-workspace/.swiftpm/xcode -experimental-emit-module-separately -disable-cmo
SwiftDriverJobDiscovery normal arm64 Emitting module for SwiftSyntax509 (in target 'SwiftSyntax509' from project 'swift-syntax')
SwiftDriver SQLite normal arm64 com.apple.xcode.tools.swift.compiler (in target 'SQLite' from project 'SQLite.swift')
    cd /Users/admin/builder/spi-builder-workspace/.swiftpm/xcode
    builtin-SwiftDriver -- /Applications/Xcode-26.5.0.app/Contents/Developer/Toolchains/XcodeDefault.xctoolchain/usr/bin/swiftc -module-name SQLite -Onone @/Users/admin/builder/spi-builder-workspace/.derivedData/Build/Intermediates.noindex/SQLite.swift.build/Debug-watchos/SQLite.build/Objects-normal/arm64/SQLite.SwiftFileList -DSWIFT_PACKAGE -DDEBUG -DSWIFT_MODULE_RESOURCE_BUNDLE_AVAILABLE -DSystemSQLite -DXcode -plugin-path /Applications/Xcode-26.5.0.app/Contents/Developer/Toolchains/XcodeDefault.xctoolchain/usr/lib/swift/host/plugins/testing -enable-experimental-feature DebugDescriptionMacro -sdk /Applications/Xcode-26.5.0.app/Contents/Developer/Platforms/WatchOS.platform/Developer/SDKs/WatchOS26.5.sdk -target arm64-apple-watchos4.0 -g -module-cache-path /Users/admin/builder/spi-builder-workspace/.derivedData/ModuleCache.noindex -Xfrontend -serialize-debugging-options -profile-coverage-mapping -profile-generate -enable-testing -suppress-warnings -index-store-path /Users/admin/builder/spi-builder-workspace/.derivedData/Index.noindex/DataStore -Xcc -D_LIBCPP_HARDENING_MODE\=_LIBCPP_HARDENING_MODE_DEBUG -swift-version 5 -I /Users/admin/builder/spi-builder-workspace/.derivedData/Build/Products/Debug-watchos -Isystem /Applications/Xcode-26.5.0.app/Contents/Developer/Platforms/WatchOS.platform/Developer/usr/lib -F /Users/admin/builder/spi-builder-workspace/.derivedData/Build/Products/Debug-watchos -F /Applications/Xcode-26.5.0.app/Contents/Developer/Platforms/WatchOS.platform/Developer/Library/Frameworks -F /Applications/Xcode-26.5.0.app/Contents/Developer/Platforms/WatchOS.platform/Developer/SDKs/WatchOS26.5.sdk/Developer/Library/Frameworks -c -j10 -enable-batch-mode -incremental -Xcc -ivfsstatcache -Xcc /Users/admin/builder/spi-builder-workspace/.derivedData/SDKStatCaches.noindex/watchos26.5-23T570-688ef53f1462e2c8f657fdc38a81448f7931b973dfc65d9472806dbbc3af9379.sdkstatcache -output-file-map /Users/admin/builder/spi-builder-workspace/.derivedData/Build/Intermediates.noindex/SQLite.swift.build/Debug-watchos/SQLite.build/Objects-normal/arm64/SQLite-OutputFileMap.json -use-frontend-parseable-output -save-temps -no-color-diagnostics -explicit-module-build -module-cache-path /Users/admin/builder/spi-builder-workspace/.derivedData/Build/Intermediates.noindex/SwiftExplicitPrecompiledModules -clang-scanner-module-cache-path /Users/admin/builder/spi-builder-workspace/.derivedData/ModuleCache.noindex -sdk-module-cache-path /Users/admin/builder/spi-builder-workspace/.derivedData/ModuleCache.noindex -serialize-diagnostics -emit-dependencies -emit-module -emit-module-path /Users/admin/builder/spi-builder-workspace/.derivedData/Build/Intermediates.noindex/SQLite.swift.build/Debug-watchos/SQLite.build/Objects-normal/arm64/SQLite.swiftmodule -user-module-version 0.16.0 -validate-clang-modules-once -clang-build-session-file /Users/admin/builder/spi-builder-workspace/.derivedData/ModuleCache.noindex/Session.modulevalidation -package-name sqlite_swift -Xcc -I/Users/admin/builder/spi-builder-workspace/.derivedData/Build/Intermediates.noindex/SQLite.swift.build/Debug-watchos/SQLite.build/swift-overrides.hmap -emit-const-values -Xfrontend -const-gather-protocols-file -Xfrontend /Users/admin/builder/spi-builder-workspace/.derivedData/Build/Intermediates.noindex/SQLite.swift.build/Debug-watchos/SQLite.build/Objects-normal/arm64/SQLite_const_extract_protocols.json -Xcc -I/Users/admin/builder/spi-builder-workspace/.derivedData/Build/Products/Debug-watchos/include -Xcc -I/Users/admin/builder/spi-builder-workspace/.derivedData/Build/Intermediates.noindex/SQLite.swift.build/Debug-watchos/SQLite.build/DerivedSources-normal/arm64 -Xcc -I/Users/admin/builder/spi-builder-workspace/.derivedData/Build/Intermediates.noindex/SQLite.swift.build/Debug-watchos/SQLite.build/DerivedSources/arm64 -Xcc -I/Users/admin/builder/spi-builder-workspace/.derivedData/Build/Intermediates.noindex/SQLite.swift.build/Debug-watchos/SQLite.build/DerivedSources -Xcc -DSWIFT_PACKAGE -Xcc -DDEBUG\=1 -emit-objc-header -emit-objc-header-path /Users/admin/builder/spi-builder-workspace/.derivedData/Build/Intermediates.noindex/SQLite.swift.build/Debug-watchos/SQLite.build/Objects-normal/arm64/SQLite-Swift.h -working-directory /Users/admin/builder/spi-builder-workspace/.swiftpm/xcode -experimental-emit-module-separately -disable-cmo
SwiftDriverJobDiscovery normal x86_64 Emitting module for SwiftSyntax509 (in target 'SwiftSyntax509' from project 'swift-syntax')
SwiftDriver\ Compilation\ Requirements SwiftSyntax509 normal x86_64 com.apple.xcode.tools.swift.compiler (in target 'SwiftSyntax509' from project 'swift-syntax')
    cd /Users/admin/builder/spi-builder-workspace/.swiftpm/xcode
    builtin-Swift-Compilation-Requirements -- /Applications/Xcode-26.5.0.app/Contents/Developer/Toolchains/XcodeDefault.xctoolchain/usr/bin/swiftc -module-name SwiftSyntax509 -Onone @/Users/admin/builder/spi-builder-workspace/.derivedData/Build/Intermediates.noindex/swift-syntax.build/Debug/SwiftSyntax509.build/Objects-normal/x86_64/SwiftSyntax509.SwiftFileList -DSWIFT_PACKAGE -DDEBUG -DSWIFT_MODULE_RESOURCE_BUNDLE_UNAVAILABLE -DXcode -plugin-path /Applications/Xcode-26.5.0.app/Contents/Developer/Toolchains/XcodeDefault.xctoolchain/usr/lib/swift/host/plugins/testing -enable-experimental-feature DebugDescriptionMacro -sdk /Applications/Xcode-26.5.0.app/Contents/Developer/Platforms/MacOSX.platform/Developer/SDKs/MacOSX26.5.sdk -target x86_64-apple-macos10.15 -g -module-cache-path /Users/admin/builder/spi-builder-workspace/.derivedData/ModuleCache.noindex -Xfrontend -serialize-debugging-options -profile-coverage-mapping -profile-generate -enable-testing -suppress-warnings -index-store-path /Users/admin/builder/spi-builder-workspace/.derivedData/Index.noindex/DataStore -Xcc -D_LIBCPP_HARDENING_MODE\=_LIBCPP_HARDENING_MODE_DEBUG -swift-version 6 -I /Users/admin/builder/spi-builder-workspace/.derivedData/Build/Products/Debug -Isystem /Applications/Xcode-26.5.0.app/Contents/Developer/Platforms/MacOSX.platform/Developer/usr/lib -F /Users/admin/builder/spi-builder-workspace/.derivedData/Build/Products/Debug -F /Applications/Xcode-26.5.0.app/Contents/Developer/Platforms/MacOSX.platform/Developer/Library/Frameworks -parse-as-library -c -j10 -enable-batch-mode -incremental -Xcc -ivfsstatcache -Xcc /Users/admin/builder/spi-builder-workspace/.derivedData/SDKStatCaches.noindex/macosx26.5-25F70-688ef53f1462e2c8f657fdc38a81448fb3380a6d0eb485eff9a999e8f65be04d.sdkstatcache -output-file-map /Users/admin/builder/spi-builder-workspace/.derivedData/Build/Intermediates.noindex/swift-syntax.build/Debug/SwiftSyntax509.build/Objects-normal/x86_64/SwiftSyntax509-OutputFileMap.json -use-frontend-parseable-output -save-temps -no-color-diagnostics -explicit-module-build -module-cache-path /Users/admin/builder/spi-builder-workspace/.derivedData/Build/Intermediates.noindex/SwiftExplicitPrecompiledModules -clang-scanner-module-cache-path /Users/admin/builder/spi-builder-workspace/.derivedData/ModuleCache.noindex -sdk-module-cache-path /Users/admin/builder/spi-builder-workspace/.derivedData/ModuleCache.noindex -serialize-diagnostics -emit-dependencies -emit-module -emit-module-path /Users/admin/builder/spi-builder-workspace/.derivedData/Build/Intermediates.noindex/swift-syntax.build/Debug/SwiftSyntax509.build/Objects-normal/x86_64/SwiftSyntax509.swiftmodule -validate-clang-modules-once -clang-build-session-file /Users/admin/builder/spi-builder-workspace/.derivedData/ModuleCache.noindex/Session.modulevalidation -package-name swift_syntax -Xcc -I/Users/admin/builder/spi-builder-workspace/.derivedData/Build/Intermediates.noindex/swift-syntax.build/Debug/SwiftSyntax509.build/swift-overrides.hmap -emit-const-values -Xfrontend -const-gather-protocols-file -Xfrontend /Users/admin/builder/spi-builder-workspace/.derivedData/Build/Intermediates.noindex/swift-syntax.build/Debug/SwiftSyntax509.build/Objects-normal/x86_64/SwiftSyntax509_const_extract_protocols.json -Xcc -I/Users/admin/builder/spi-builder-workspace/.derivedData/Build/Products/Debug/include -Xcc -I/Users/admin/builder/spi-builder-workspace/.derivedData/Build/Intermediates.noindex/swift-syntax.build/Debug/SwiftSyntax509.build/DerivedSources-normal/x86_64 -Xcc -I/Users/admin/builder/spi-builder-workspace/.derivedData/Build/Intermediates.noindex/swift-syntax.build/Debug/SwiftSyntax509.build/DerivedSources/x86_64 -Xcc -I/Users/admin/builder/spi-builder-workspace/.derivedData/Build/Intermediates.noindex/swift-syntax.build/Debug/SwiftSyntax509.build/DerivedSources -Xcc -DSWIFT_PACKAGE -Xcc -DDEBUG\=1 -emit-objc-header -emit-objc-header-path /Users/admin/builder/spi-builder-workspace/.derivedData/Build/Intermediates.noindex/swift-syntax.build/Debug/SwiftSyntax509.build/Objects-normal/x86_64/SwiftSyntax509-Swift.h -working-directory /Users/admin/builder/spi-builder-workspace/.swiftpm/xcode -experimental-emit-module-separately -disable-cmo
SwiftEmitModule normal arm64 Emitting\ module\ for\ SwiftUIMath (in target 'SwiftUIMath' from project 'swiftui-math')
EmitSwiftModule normal arm64 (in target 'SwiftUIMath' from project 'swiftui-math')
    cd /Users/admin/builder/spi-builder-workspace/.swiftpm/xcode

SwiftDriver\ Compilation\ Requirements SwiftSyntax509 normal arm64 com.apple.xcode.tools.swift.compiler (in target 'SwiftSyntax509' from project 'swift-syntax')
    cd /Users/admin/builder/spi-builder-workspace/.swiftpm/xcode
    builtin-Swift-Compilation-Requirements -- /Applications/Xcode-26.5.0.app/Contents/Developer/Toolchains/XcodeDefault.xctoolchain/usr/bin/swiftc -module-name SwiftSyntax509 -Onone @/Users/admin/builder/spi-builder-workspace/.derivedData/Build/Intermediates.noindex/swift-syntax.build/Debug/SwiftSyntax509.build/Objects-normal/arm64/SwiftSyntax509.SwiftFileList -DSWIFT_PACKAGE -DDEBUG -DSWIFT_MODULE_RESOURCE_BUNDLE_UNAVAILABLE -DXcode -plugin-path /Applications/Xcode-26.5.0.app/Contents/Developer/Toolchains/XcodeDefault.xctoolchain/usr/lib/swift/host/plugins/testing -enable-experimental-feature DebugDescriptionMacro -sdk /Applications/Xcode-26.5.0.app/Contents/Developer/Platforms/MacOSX.platform/Developer/SDKs/MacOSX26.5.sdk -target arm64-apple-macos10.15 -g -module-cache-path /Users/admin/builder/spi-builder-workspace/.derivedData/ModuleCache.noindex -Xfrontend -serialize-debugging-options -profile-coverage-mapping -profile-generate -enable-testing -suppress-warnings -index-store-path /Users/admin/builder/spi-builder-workspace/.derivedData/Index.noindex/DataStore -Xcc -D_LIBCPP_HARDENING_MODE\=_LIBCPP_HARDENING_MODE_DEBUG -swift-version 6 -I /Users/admin/builder/spi-builder-workspace/.derivedData/Build/Products/Debug -Isystem /Applications/Xcode-26.5.0.app/Contents/Developer/Platforms/MacOSX.platform/Developer/usr/lib -F /Users/admin/builder/spi-builder-workspace/.derivedData/Build/Products/Debug -F /Applications/Xcode-26.5.0.app/Contents/Developer/Platforms/MacOSX.platform/Developer/Library/Frameworks -parse-as-library -c -j10 -enable-batch-mode -incremental -Xcc -ivfsstatcache -Xcc /Users/admin/builder/spi-builder-workspace/.derivedData/SDKStatCaches.noindex/macosx26.5-25F70-688ef53f1462e2c8f657fdc38a81448fb3380a6d0eb485eff9a999e8f65be04d.sdkstatcache -output-file-map /Users/admin/builder/spi-builder-workspace/.derivedData/Build/Intermediates.noindex/swift-syntax.build/Debug/SwiftSyntax509.build/Objects-normal/arm64/SwiftSyntax509-OutputFileMap.json -use-frontend-parseable-output -save-temps -no-color-diagnostics -explicit-module-build -module-cache-path /Users/admin/builder/spi-builder-workspace/.derivedData/Build/Intermediates.noindex/SwiftExplicitPrecompiledModules -clang-scanner-module-cache-path /Users/admin/builder/spi-builder-workspace/.derivedData/ModuleCache.noindex -sdk-module-cache-path /Users/admin/builder/spi-builder-workspace/.derivedData/ModuleCache.noindex -serialize-diagnostics -emit-dependencies -emit-module -emit-module-path /Users/admin/builder/spi-builder-workspace/.derivedData/Build/Intermediates.noindex/swift-syntax.build/Debug/SwiftSyntax509.build/Objects-normal/arm64/SwiftSyntax509.swiftmodule -validate-clang-modules-once -clang-build-session-file /Users/admin/builder/spi-builder-workspace/.derivedData/ModuleCache.noindex/Session.modulevalidation -package-name swift_syntax -Xcc -I/Users/admin/builder/spi-builder-workspace/.derivedData/Build/Intermediates.noindex/swift-syntax.build/Debug/SwiftSyntax509.build/swift-overrides.hmap -emit-const-values -Xfrontend -const-gather-protocols-file -Xfrontend /Users/admin/builder/spi-builder-workspace/.derivedData/Build/Intermediates.noindex/swift-syntax.build/Debug/SwiftSyntax509.build/Objects-normal/arm64/SwiftSyntax509_const_extract_protocols.json -Xcc -I/Users/admin/builder/spi-builder-workspace/.derivedData/Build/Products/Debug/include -Xcc -I/Users/admin/builder/spi-builder-workspace/.derivedData/Build/Intermediates.noindex/swift-syntax.build/Debug/SwiftSyntax509.build/DerivedSources-normal/arm64 -Xcc -I/Users/admin/builder/spi-builder-workspace/.derivedData/Build/Intermediates.noindex/swift-syntax.build/Debug/SwiftSyntax509.build/DerivedSources/arm64 -Xcc -I/Users/admin/builder/spi-builder-workspace/.derivedData/Build/Intermediates.noindex/swift-syntax.build/Debug/SwiftSyntax509.build/DerivedSources -Xcc -DSWIFT_PACKAGE -Xcc -DDEBUG\=1 -emit-objc-header -emit-objc-header-path /Users/admin/builder/spi-builder-workspace/.derivedData/Build/Intermediates.noindex/swift-syntax.build/Debug/SwiftSyntax509.build/Objects-normal/arm64/SwiftSyntax509-Swift.h -working-directory /Users/admin/builder/spi-builder-workspace/.swiftpm/xcode -experimental-emit-module-separately -disable-cmo
SwiftEmitModule normal arm64_32 Emitting\ module\ for\ SwiftUIMath (in target 'SwiftUIMath' from project 'swiftui-math')
EmitSwiftModule normal arm64_32 (in target 'SwiftUIMath' from project 'swiftui-math')
    cd /Users/admin/builder/spi-builder-workspace/.swiftpm/xcode

SwiftMergeGeneratedHeaders /Users/admin/builder/spi-builder-workspace/.derivedData/Build/Intermediates.noindex/GeneratedModuleMaps/SwiftSyntax509-Swift.h /Users/admin/builder/spi-builder-workspace/.derivedData/Build/Intermediates.noindex/swift-syntax.build/Debug/SwiftSyntax509.build/Objects-normal/arm64/SwiftSyntax509-Swift.h /Users/admin/builder/spi-builder-workspace/.derivedData/Build/Intermediates.noindex/swift-syntax.build/Debug/SwiftSyntax509.build/Objects-normal/x86_64/SwiftSyntax509-Swift.h (in target 'SwiftSyntax509' from project 'swift-syntax')
    cd /Users/admin/builder/spi-builder-workspace/.dependencies/checkouts/swift-syntax
    builtin-swiftHeaderTool -arch arm64 /Users/admin/builder/spi-builder-workspace/.derivedData/Build/Intermediates.noindex/swift-syntax.build/Debug/SwiftSyntax509.build/Objects-normal/arm64/SwiftSyntax509-Swift.h -arch x86_64 /Users/admin/builder/spi-builder-workspace/.derivedData/Build/Intermediates.noindex/swift-syntax.build/Debug/SwiftSyntax509.build/Objects-normal/x86_64/SwiftSyntax509-Swift.h -o /Users/admin/builder/spi-builder-workspace/.derivedData/Build/Intermediates.noindex/GeneratedModuleMaps/SwiftSyntax509-Swift.h
Copy /Users/admin/builder/spi-builder-workspace/.derivedData/Build/Products/Debug/SwiftSyntax509.swiftmodule/x86_64-apple-macos.swiftmodule /Users/admin/builder/spi-builder-workspace/.derivedData/Build/Intermediates.noindex/swift-syntax.build/Debug/SwiftSyntax509.build/Objects-normal/x86_64/SwiftSyntax509.swiftmodule (in target 'SwiftSyntax509' from project 'swift-syntax')
    cd /Users/admin/builder/spi-builder-workspace/.dependencies/checkouts/swift-syntax
    builtin-copy -exclude .DS_Store -exclude CVS -exclude .svn -exclude .git -exclude .hg -resolve-src-symlinks -rename /Users/admin/builder/spi-builder-workspace/.derivedData/Build/Intermediates.noindex/swift-syntax.build/Debug/SwiftSyntax509.build/Objects-normal/x86_64/SwiftSyntax509.swiftmodule /Users/admin/builder/spi-builder-workspace/.derivedData/Build/Products/Debug/SwiftSyntax509.swiftmodule/x86_64-apple-macos.swiftmodule
Copy /Users/admin/builder/spi-builder-workspace/.derivedData/Build/Products/Debug/SwiftSyntax509.swiftmodule/x86_64-apple-macos.swiftdoc /Users/admin/builder/spi-builder-workspace/.derivedData/Build/Intermediates.noindex/swift-syntax.build/Debug/SwiftSyntax509.build/Objects-normal/x86_64/SwiftSyntax509.swiftdoc (in target 'SwiftSyntax509' from project 'swift-syntax')
    cd /Users/admin/builder/spi-builder-workspace/.dependencies/checkouts/swift-syntax
    builtin-copy -exclude .DS_Store -exclude CVS -exclude .svn -exclude .git -exclude .hg -resolve-src-symlinks -rename /Users/admin/builder/spi-builder-workspace/.derivedData/Build/Intermediates.noindex/swift-syntax.build/Debug/SwiftSyntax509.build/Objects-normal/x86_64/SwiftSyntax509.swiftdoc /Users/admin/builder/spi-builder-workspace/.derivedData/Build/Products/Debug/SwiftSyntax509.swiftmodule/x86_64-apple-macos.swiftdoc
Copy /Users/admin/builder/spi-builder-workspace/.derivedData/Build/Products/Debug/SwiftSyntax509.swiftmodule/x86_64-apple-macos.abi.json /Users/admin/builder/spi-builder-workspace/.derivedData/Build/Intermediates.noindex/swift-syntax.build/Debug/SwiftSyntax509.build/Objects-normal/x86_64/SwiftSyntax509.abi.json (in target 'SwiftSyntax509' from project 'swift-syntax')
    cd /Users/admin/builder/spi-builder-workspace/.dependencies/checkouts/swift-syntax
    builtin-copy -exclude .DS_Store -exclude CVS -exclude .svn -exclude .git -exclude .hg -resolve-src-symlinks -rename /Users/admin/builder/spi-builder-workspace/.derivedData/Build/Intermediates.noindex/swift-syntax.build/Debug/SwiftSyntax509.build/Objects-normal/x86_64/SwiftSyntax509.abi.json /Users/admin/builder/spi-builder-workspace/.derivedData/Build/Products/Debug/SwiftSyntax509.swiftmodule/x86_64-apple-macos.abi.json
Copy /Users/admin/builder/spi-builder-workspace/.derivedData/Build/Products/Debug/SwiftSyntax509.swiftmodule/arm64-apple-macos.swiftmodule /Users/admin/builder/spi-builder-workspace/.derivedData/Build/Intermediates.noindex/swift-syntax.build/Debug/SwiftSyntax509.build/Objects-normal/arm64/SwiftSyntax509.swiftmodule (in target 'SwiftSyntax509' from project 'swift-syntax')
    cd /Users/admin/builder/spi-builder-workspace/.dependencies/checkouts/swift-syntax
    builtin-copy -exclude .DS_Store -exclude CVS -exclude .svn -exclude .git -exclude .hg -resolve-src-symlinks -rename /Users/admin/builder/spi-builder-workspace/.derivedData/Build/Intermediates.noindex/swift-syntax.build/Debug/SwiftSyntax509.build/Objects-normal/arm64/SwiftSyntax509.swiftmodule /Users/admin/builder/spi-builder-workspace/.derivedData/Build/Products/Debug/SwiftSyntax509.swiftmodule/arm64-apple-macos.swiftmodule
Copy /Users/admin/builder/spi-builder-workspace/.derivedData/Build/Products/Debug/SwiftSyntax509.swiftmodule/arm64-apple-macos.swiftdoc /Users/admin/builder/spi-builder-workspace/.derivedData/Build/Intermediates.noindex/swift-syntax.build/Debug/SwiftSyntax509.build/Objects-normal/arm64/SwiftSyntax509.swiftdoc (in target 'SwiftSyntax509' from project 'swift-syntax')
    cd /Users/admin/builder/spi-builder-workspace/.dependencies/checkouts/swift-syntax
    builtin-copy -exclude .DS_Store -exclude CVS -exclude .svn -exclude .git -exclude .hg -resolve-src-symlinks -rename /Users/admin/builder/spi-builder-workspace/.derivedData/Build/Intermediates.noindex/swift-syntax.build/Debug/SwiftSyntax509.build/Objects-normal/arm64/SwiftSyntax509.swiftdoc /Users/admin/builder/spi-builder-workspace/.derivedData/Build/Products/Debug/SwiftSyntax509.swiftmodule/arm64-apple-macos.swiftdoc
Copy /Users/admin/builder/spi-builder-workspace/.derivedData/Build/Products/Debug/SwiftSyntax509.swiftmodule/arm64-apple-macos.abi.json /Users/admin/builder/spi-builder-workspace/.derivedData/Build/Intermediates.noindex/swift-syntax.build/Debug/SwiftSyntax509.build/Objects-normal/arm64/SwiftSyntax509.abi.json (in target 'SwiftSyntax509' from project 'swift-syntax')
    cd /Users/admin/builder/spi-builder-workspace/.dependencies/checkouts/swift-syntax
    builtin-copy -exclude .DS_Store -exclude CVS -exclude .svn -exclude .git -exclude .hg -resolve-src-symlinks -rename /Users/admin/builder/spi-builder-workspace/.derivedData/Build/Intermediates.noindex/swift-syntax.build/Debug/SwiftSyntax509.build/Objects-normal/arm64/SwiftSyntax509.abi.json /Users/admin/builder/spi-builder-workspace/.derivedData/Build/Products/Debug/SwiftSyntax509.swiftmodule/arm64-apple-macos.abi.json
Copy /Users/admin/builder/spi-builder-workspace/.derivedData/Build/Products/Debug/SwiftSyntax509.swiftmodule/Project/x86_64-apple-macos.swiftsourceinfo /Users/admin/builder/spi-builder-workspace/.derivedData/Build/Intermediates.noindex/swift-syntax.build/Debug/SwiftSyntax509.build/Objects-normal/x86_64/SwiftSyntax509.swiftsourceinfo (in target 'SwiftSyntax509' from project 'swift-syntax')
    cd /Users/admin/builder/spi-builder-workspace/.dependencies/checkouts/swift-syntax
    builtin-copy -exclude .DS_Store -exclude CVS -exclude .svn -exclude .git -exclude .hg -resolve-src-symlinks -rename /Users/admin/builder/spi-builder-workspace/.derivedData/Build/Intermediates.noindex/swift-syntax.build/Debug/SwiftSyntax509.build/Objects-normal/x86_64/SwiftSyntax509.swiftsourceinfo /Users/admin/builder/spi-builder-workspace/.derivedData/Build/Products/Debug/SwiftSyntax509.swiftmodule/Project/x86_64-apple-macos.swiftsourceinfo
Copy /Users/admin/builder/spi-builder-workspace/.derivedData/Build/Products/Debug/SwiftSyntax509.swiftmodule/Project/arm64-apple-macos.swiftsourceinfo /Users/admin/builder/spi-builder-workspace/.derivedData/Build/Intermediates.noindex/swift-syntax.build/Debug/SwiftSyntax509.build/Objects-normal/arm64/SwiftSyntax509.swiftsourceinfo (in target 'SwiftSyntax509' from project 'swift-syntax')
    cd /Users/admin/builder/spi-builder-workspace/.dependencies/checkouts/swift-syntax
    builtin-copy -exclude .DS_Store -exclude CVS -exclude .svn -exclude .git -exclude .hg -resolve-src-symlinks -rename /Users/admin/builder/spi-builder-workspace/.derivedData/Build/Intermediates.noindex/swift-syntax.build/Debug/SwiftSyntax509.build/Objects-normal/arm64/SwiftSyntax509.swiftsourceinfo /Users/admin/builder/spi-builder-workspace/.derivedData/Build/Products/Debug/SwiftSyntax509.swiftmodule/Project/arm64-apple-macos.swiftsourceinfo
SwiftEmitModule normal arm64_32 Emitting\ module\ for\ SwiftPackageList (in target 'SwiftPackageList' from project 'SwiftPackageList')
EmitSwiftModule normal arm64_32 (in target 'SwiftPackageList' from project 'SwiftPackageList')
    cd /Users/admin/builder/spi-builder-workspace/.swiftpm/xcode

SwiftEmitModule normal arm64 Emitting\ module\ for\ SwiftPackageList (in target 'SwiftPackageList' from project 'SwiftPackageList')
EmitSwiftModule normal arm64 (in target 'SwiftPackageList' from project 'SwiftPackageList')
    cd /Users/admin/builder/spi-builder-workspace/.swiftpm/xcode

SwiftDriver RuntimeAssertions normal arm64 com.apple.xcode.tools.swift.compiler (in target 'RuntimeAssertions' from project 'Grove')
    cd /Users/admin/builder/spi-builder-workspace/.swiftpm/xcode
    builtin-SwiftDriver -- /Applications/Xcode-26.5.0.app/Contents/Developer/Toolchains/XcodeDefault.xctoolchain/usr/bin/swiftc -module-name RuntimeAssertions -Onone @/Users/admin/builder/spi-builder-workspace/.derivedData/Build/Intermediates.noindex/Grove.build/Debug-watchos/RuntimeAssertions.build/Objects-normal/arm64/RuntimeAssertions.SwiftFileList -DSWIFT_PACKAGE -DDEBUG -DSWIFT_MODULE_RESOURCE_BUNDLE_UNAVAILABLE -DTextual -DXcode -enable-upcoming-feature ExistentialAny -enable-upcoming-feature InternalImportsByDefault -plugin-path /Applications/Xcode-26.5.0.app/Contents/Developer/Toolchains/XcodeDefault.xctoolchain/usr/lib/swift/host/plugins/testing -enable-experimental-feature DebugDescriptionMacro -sdk /Applications/Xcode-26.5.0.app/Contents/Developer/Platforms/WatchOS.platform/Developer/SDKs/WatchOS26.5.sdk -target arm64-apple-watchos11.0 -g -module-cache-path /Users/admin/builder/spi-builder-workspace/.derivedData/ModuleCache.noindex -Xfrontend -serialize-debugging-options -profile-coverage-mapping -profile-generate -enable-testing -index-store-path /Users/admin/builder/spi-builder-workspace/.derivedData/Index.noindex/DataStore -Xcc -D_LIBCPP_HARDENING_MODE\=_LIBCPP_HARDENING_MODE_DEBUG -swift-version 6 -I /Users/admin/builder/spi-builder-workspace/.derivedData/Build/Products/Debug-watchos -Isystem /Applications/Xcode-26.5.0.app/Contents/Developer/Platforms/WatchOS.platform/Developer/usr/lib -F /Users/admin/builder/spi-builder-workspace/.derivedData/Build/Products/Debug-watchos -F /Applications/Xcode-26.5.0.app/Contents/Developer/Platforms/WatchOS.platform/Developer/Library/Frameworks -F /Applications/Xcode-26.5.0.app/Contents/Developer/Platforms/WatchOS.platform/Developer/SDKs/WatchOS26.5.sdk/Developer/Library/Frameworks -emit-localized-strings -emit-localized-strings-path /Users/admin/builder/spi-builder-workspace/.derivedData/Build/Intermediates.noindex/Grove.build/Debug-watchos/RuntimeAssertions.build/Objects-normal/arm64 -c -j10 -enable-batch-mode -incremental -Xcc -ivfsstatcache -Xcc /Users/admin/builder/spi-builder-workspace/.derivedData/SDKStatCaches.noindex/watchos26.5-23T570-688ef53f1462e2c8f657fdc38a81448f7931b973dfc65d9472806dbbc3af9379.sdkstatcache -output-file-map /Users/admin/builder/spi-builder-workspace/.derivedData/Build/Intermediates.noindex/Grove.build/Debug-watchos/RuntimeAssertions.build/Objects-normal/arm64/RuntimeAssertions-OutputFileMap.json -use-frontend-parseable-output -save-temps -no-color-diagnostics -explicit-module-build -module-cache-path /Users/admin/builder/spi-builder-workspace/.derivedData/Build/Intermediates.noindex/SwiftExplicitPrecompiledModules -clang-scanner-module-cache-path /Users/admin/builder/spi-builder-workspace/.derivedData/ModuleCache.noindex -sdk-module-cache-path /Users/admin/builder/spi-builder-workspace/.derivedData/ModuleCache.noindex -serialize-diagnostics -emit-dependencies -emit-module -emit-module-path /Users/admin/builder/spi-builder-workspace/.derivedData/Build/Intermediates.noindex/Grove.build/Debug-watchos/RuntimeAssertions.build/Objects-normal/arm64/RuntimeAssertions.swiftmodule -validate-clang-modules-once -clang-build-session-file /Users/admin/builder/spi-builder-workspace/.derivedData/ModuleCache.noindex/Session.modulevalidation -package-name spi_builder_workspace -Xcc -I/Users/admin/builder/spi-builder-workspace/.derivedData/Build/Intermediates.noindex/Grove.build/Debug-watchos/RuntimeAssertions.build/swift-overrides.hmap -emit-const-values -Xfrontend -const-gather-protocols-file -Xfrontend /Users/admin/builder/spi-builder-workspace/.derivedData/Build/Intermediates.noindex/Grove.build/Debug-watchos/RuntimeAssertions.build/Objects-normal/arm64/RuntimeAssertions_const_extract_protocols.json -Xcc -I/Users/admin/builder/spi-builder-workspace/.derivedData/Build/Products/Debug-watchos/include -Xcc -I/Users/admin/builder/spi-builder-workspace/.derivedData/Build/Intermediates.noindex/Grove.build/Debug-watchos/RuntimeAssertions.build/DerivedSources-normal/arm64 -Xcc -I/Users/admin/builder/spi-builder-workspace/.derivedData/Build/Intermediates.noindex/Grove.build/Debug-watchos/RuntimeAssertions.build/DerivedSources/arm64 -Xcc -I/Users/admin/builder/spi-builder-workspace/.derivedData/Build/Intermediates.noindex/Grove.build/Debug-watchos/RuntimeAssertions.build/DerivedSources -Xcc -DSWIFT_PACKAGE -Xcc -DDEBUG\=1 -emit-objc-header -emit-objc-header-path /Users/admin/builder/spi-builder-workspace/.derivedData/Build/Intermediates.noindex/Grove.build/Debug-watchos/RuntimeAssertions.build/Objects-normal/arm64/RuntimeAssertions-Swift.h -working-directory /Users/admin/builder/spi-builder-workspace/.swiftpm/xcode -experimental-emit-module-separately -disable-cmo
SwiftDriver RuntimeAssertions normal arm64_32 com.apple.xcode.tools.swift.compiler (in target 'RuntimeAssertions' from project 'Grove')
    cd /Users/admin/builder/spi-builder-workspace/.swiftpm/xcode
    builtin-SwiftDriver -- /Applications/Xcode-26.5.0.app/Contents/Developer/Toolchains/XcodeDefault.xctoolchain/usr/bin/swiftc -module-name RuntimeAssertions -Onone @/Users/admin/builder/spi-builder-workspace/.derivedData/Build/Intermediates.noindex/Grove.build/Debug-watchos/RuntimeAssertions.build/Objects-normal/arm64_32/RuntimeAssertions.SwiftFileList -DSWIFT_PACKAGE -DDEBUG -DSWIFT_MODULE_RESOURCE_BUNDLE_UNAVAILABLE -DTextual -DXcode -enable-upcoming-feature ExistentialAny -enable-upcoming-feature InternalImportsByDefault -plugin-path /Applications/Xcode-26.5.0.app/Contents/Developer/Toolchains/XcodeDefault.xctoolchain/usr/lib/swift/host/plugins/testing -enable-experimental-feature DebugDescriptionMacro -sdk /Applications/Xcode-26.5.0.app/Contents/Developer/Platforms/WatchOS.platform/Developer/SDKs/WatchOS26.5.sdk -target arm64_32-apple-watchos11.0 -g -module-cache-path /Users/admin/builder/spi-builder-workspace/.derivedData/ModuleCache.noindex -Xfrontend -serialize-debugging-options -profile-coverage-mapping -profile-generate -enable-testing -index-store-path /Users/admin/builder/spi-builder-workspace/.derivedData/Index.noindex/DataStore -Xcc -D_LIBCPP_HARDENING_MODE\=_LIBCPP_HARDENING_MODE_DEBUG -swift-version 6 -I /Users/admin/builder/spi-builder-workspace/.derivedData/Build/Products/Debug-watchos -Isystem /Applications/Xcode-26.5.0.app/Contents/Developer/Platforms/WatchOS.platform/Developer/usr/lib -F /Users/admin/builder/spi-builder-workspace/.derivedData/Build/Products/Debug-watchos -F /Applications/Xcode-26.5.0.app/Contents/Developer/Platforms/WatchOS.platform/Developer/Library/Frameworks -F /Applications/Xcode-26.5.0.app/Contents/Developer/Platforms/WatchOS.platform/Developer/SDKs/WatchOS26.5.sdk/Developer/Library/Frameworks -emit-localized-strings -emit-localized-strings-path /Users/admin/builder/spi-builder-workspace/.derivedData/Build/Intermediates.noindex/Grove.build/Debug-watchos/RuntimeAssertions.build/Objects-normal/arm64_32 -c -j10 -enable-batch-mode -incremental -Xcc -ivfsstatcache -Xcc /Users/admin/builder/spi-builder-workspace/.derivedData/SDKStatCaches.noindex/watchos26.5-23T570-688ef53f1462e2c8f657fdc38a81448f7931b973dfc65d9472806dbbc3af9379.sdkstatcache -output-file-map /Users/admin/builder/spi-builder-workspace/.derivedData/Build/Intermediates.noindex/Grove.build/Debug-watchos/RuntimeAssertions.build/Objects-normal/arm64_32/RuntimeAssertions-OutputFileMap.json -use-frontend-parseable-output -save-temps -no-color-diagnostics -explicit-module-build -module-cache-path /Users/admin/builder/spi-builder-workspace/.derivedData/Build/Intermediates.noindex/SwiftExplicitPrecompiledModules -clang-scanner-module-cache-path /Users/admin/builder/spi-builder-workspace/.derivedData/ModuleCache.noindex -sdk-module-cache-path /Users/admin/builder/spi-builder-workspace/.derivedData/ModuleCache.noindex -serialize-diagnostics -emit-dependencies -emit-module -emit-module-path /Users/admin/builder/spi-builder-workspace/.derivedData/Build/Intermediates.noindex/Grove.build/Debug-watchos/RuntimeAssertions.build/Objects-normal/arm64_32/RuntimeAssertions.swiftmodule -validate-clang-modules-once -clang-build-session-file /Users/admin/builder/spi-builder-workspace/.derivedData/ModuleCache.noindex/Session.modulevalidation -package-name spi_builder_workspace -Xcc -I/Users/admin/builder/spi-builder-workspace/.derivedData/Build/Intermediates.noindex/Grove.build/Debug-watchos/RuntimeAssertions.build/swift-overrides.hmap -emit-const-values -Xfrontend -const-gather-protocols-file -Xfrontend /Users/admin/builder/spi-builder-workspace/.derivedData/Build/Intermediates.noindex/Grove.build/Debug-watchos/RuntimeAssertions.build/Objects-normal/arm64_32/RuntimeAssertions_const_extract_protocols.json -Xcc -I/Users/admin/builder/spi-builder-workspace/.derivedData/Build/Products/Debug-watchos/include -Xcc -I/Users/admin/builder/spi-builder-workspace/.derivedData/Build/Intermediates.noindex/Grove.build/Debug-watchos/RuntimeAssertions.build/DerivedSources-normal/arm64_32 -Xcc -I/Users/admin/builder/spi-builder-workspace/.derivedData/Build/Intermediates.noindex/Grove.build/Debug-watchos/RuntimeAssertions.build/DerivedSources/arm64_32 -Xcc -I/Users/admin/builder/spi-builder-workspace/.derivedData/Build/Intermediates.noindex/Grove.build/Debug-watchos/RuntimeAssertions.build/DerivedSources -Xcc -DSWIFT_PACKAGE -Xcc -DDEBUG\=1 -emit-objc-header -emit-objc-header-path /Users/admin/builder/spi-builder-workspace/.derivedData/Build/Intermediates.noindex/Grove.build/Debug-watchos/RuntimeAssertions.build/Objects-normal/arm64_32/RuntimeAssertions-Swift.h -working-directory /Users/admin/builder/spi-builder-workspace/.swiftpm/xcode -experimental-emit-module-separately -disable-cmo
SwiftDriver RealModule normal arm64_32 com.apple.xcode.tools.swift.compiler (in target 'RealModule' from project 'swift-numerics')
    cd /Users/admin/builder/spi-builder-workspace/.swiftpm/xcode
    builtin-SwiftDriver -- /Applications/Xcode-26.5.0.app/Contents/Developer/Toolchains/XcodeDefault.xctoolchain/usr/bin/swiftc -module-name RealModule -Onone @/Users/admin/builder/spi-builder-workspace/.derivedData/Build/Intermediates.noindex/swift-numerics.build/Debug-watchos/RealModule.build/Objects-normal/arm64_32/RealModule.SwiftFileList -DSWIFT_PACKAGE -DDEBUG -DSWIFT_MODULE_RESOURCE_BUNDLE_UNAVAILABLE -DXcode -plugin-path /Applications/Xcode-26.5.0.app/Contents/Developer/Toolchains/XcodeDefault.xctoolchain/usr/lib/swift/host/plugins/testing -enable-experimental-feature DebugDescriptionMacro -sdk /Applications/Xcode-26.5.0.app/Contents/Developer/Platforms/WatchOS.platform/Developer/SDKs/WatchOS26.5.sdk -target arm64_32-apple-watchos5.0 -g -module-cache-path /Users/admin/builder/spi-builder-workspace/.derivedData/ModuleCache.noindex -Xfrontend -serialize-debugging-options -profile-coverage-mapping -profile-generate -enable-testing -suppress-warnings -index-store-path /Users/admin/builder/spi-builder-workspace/.derivedData/Index.noindex/DataStore -Xcc -D_LIBCPP_HARDENING_MODE\=_LIBCPP_HARDENING_MODE_DEBUG -swift-version 5 -I /Users/admin/builder/spi-builder-workspace/.derivedData/Build/Products/Debug-watchos -Isystem /Applications/Xcode-26.5.0.app/Contents/Developer/Platforms/WatchOS.platform/Developer/usr/lib -F /Users/admin/builder/spi-builder-workspace/.derivedData/Build/Products/Debug-watchos/PackageFrameworks -F /Users/admin/builder/spi-builder-workspace/.derivedData/Build/Products/Debug-watchos -F /Applications/Xcode-26.5.0.app/Contents/Developer/Platforms/WatchOS.platform/Developer/Library/Frameworks -F /Applications/Xcode-26.5.0.app/Contents/Developer/Platforms/WatchOS.platform/Developer/SDKs/WatchOS26.5.sdk/Developer/Library/Frameworks -c -j10 -enable-batch-mode -incremental -Xcc -ivfsstatcache -Xcc /Users/admin/builder/spi-builder-workspace/.derivedData/SDKStatCaches.noindex/watchos26.5-23T570-688ef53f1462e2c8f657fdc38a81448f7931b973dfc65d9472806dbbc3af9379.sdkstatcache -output-file-map /Users/admin/builder/spi-builder-workspace/.derivedData/Build/Intermediates.noindex/swift-numerics.build/Debug-watchos/RealModule.build/Objects-normal/arm64_32/RealModule-OutputFileMap.json -use-frontend-parseable-output -save-temps -no-color-diagnostics -explicit-module-build -module-cache-path /Users/admin/builder/spi-builder-workspace/.derivedData/Build/Intermediates.noindex/SwiftExplicitPrecompiledModules -clang-scanner-module-cache-path /Users/admin/builder/spi-builder-workspace/.derivedData/ModuleCache.noindex -sdk-module-cache-path /Users/admin/builder/spi-builder-workspace/.derivedData/ModuleCache.noindex -serialize-diagnostics -emit-dependencies -emit-module -emit-module-path /Users/admin/builder/spi-builder-workspace/.derivedData/Build/Intermediates.noindex/swift-numerics.build/Debug-watchos/RealModule.build/Objects-normal/arm64_32/RealModule.swiftmodule -validate-clang-modules-once -clang-build-session-file /Users/admin/builder/spi-builder-workspace/.derivedData/ModuleCache.noindex/Session.modulevalidation -package-name swift_numerics -Xcc -I/Users/admin/builder/spi-builder-workspace/.derivedData/Build/Intermediates.noindex/swift-numerics.build/Debug-watchos/RealModule.build/swift-overrides.hmap -emit-const-values -Xfrontend -const-gather-protocols-file -Xfrontend /Users/admin/builder/spi-builder-workspace/.derivedData/Build/Intermediates.noindex/swift-numerics.build/Debug-watchos/RealModule.build/Objects-normal/arm64_32/RealModule_const_extract_protocols.json -Xcc -I/Users/admin/builder/spi-builder-workspace/.dependencies/checkouts/swift-numerics/Sources/_NumericsShims/include -Xcc -I/Users/admin/builder/spi-builder-workspace/.derivedData/Build/Products/Debug-watchos/include -Xcc -I/Users/admin/builder/spi-builder-workspace/.derivedData/Build/Intermediates.noindex/swift-numerics.build/Debug-watchos/RealModule.build/DerivedSources-normal/arm64_32 -Xcc -I/Users/admin/builder/spi-builder-workspace/.derivedData/Build/Intermediates.noindex/swift-numerics.build/Debug-watchos/RealModule.build/DerivedSources/arm64_32 -Xcc -I/Users/admin/builder/spi-builder-workspace/.derivedData/Build/Intermediates.noindex/swift-numerics.build/Debug-watchos/RealModule.build/DerivedSources -Xcc -DSWIFT_PACKAGE -Xcc -DDEBUG\=1 -emit-objc-header -emit-objc-header-path /Users/admin/builder/spi-builder-workspace/.derivedData/Build/Intermediates.noindex/swift-numerics.build/Debug-watchos/RealModule.build/Objects-normal/arm64_32/RealModule-Swift.h -working-directory /Users/admin/builder/spi-builder-workspace/.swiftpm/xcode -experimental-emit-module-separately -disable-cmo
SwiftDriver RealModule normal armv7k com.apple.xcode.tools.swift.compiler (in target 'RealModule' from project 'swift-numerics')
    cd /Users/admin/builder/spi-builder-workspace/.swiftpm/xcode
    builtin-SwiftDriver -- /Applications/Xcode-26.5.0.app/Contents/Developer/Toolchains/XcodeDefault.xctoolchain/usr/bin/swiftc -module-name RealModule -Onone @/Users/admin/builder/spi-builder-workspace/.derivedData/Build/Intermediates.noindex/swift-numerics.build/Debug-watchos/RealModule.build/Objects-normal/armv7k/RealModule.SwiftFileList -DSWIFT_PACKAGE -DDEBUG -DSWIFT_MODULE_RESOURCE_BUNDLE_UNAVAILABLE -DXcode -plugin-path /Applications/Xcode-26.5.0.app/Contents/Developer/Toolchains/XcodeDefault.xctoolchain/usr/lib/swift/host/plugins/testing -enable-experimental-feature DebugDescriptionMacro -sdk /Applications/Xcode-26.5.0.app/Contents/Developer/Platforms/WatchOS.platform/Developer/SDKs/WatchOS26.5.sdk -target armv7k-apple-watchos5.0 -g -module-cache-path /Users/admin/builder/spi-builder-workspace/.derivedData/ModuleCache.noindex -Xfrontend -serialize-debugging-options -profile-coverage-mapping -profile-generate -enable-testing -suppress-warnings -index-store-path /Users/admin/builder/spi-builder-workspace/.derivedData/Index.noindex/DataStore -Xcc -D_LIBCPP_HARDENING_MODE\=_LIBCPP_HARDENING_MODE_DEBUG -swift-version 5 -I /Users/admin/builder/spi-builder-workspace/.derivedData/Build/Products/Debug-watchos -Isystem /Applications/Xcode-26.5.0.app/Contents/Developer/Platforms/WatchOS.platform/Developer/usr/lib -F /Users/admin/builder/spi-builder-workspace/.derivedData/Build/Products/Debug-watchos/PackageFrameworks -F /Users/admin/builder/spi-builder-workspace/.derivedData/Build/Products/Debug-watchos -F /Applications/Xcode-26.5.0.app/Contents/Developer/Platforms/WatchOS.platform/Developer/Library/Frameworks -F /Applications/Xcode-26.5.0.app/Contents/Developer/Platforms/WatchOS.platform/Developer/SDKs/WatchOS26.5.sdk/Developer/Library/Frameworks -c -j10 -enable-batch-mode -incremental -Xcc -ivfsstatcache -Xcc /Users/admin/builder/spi-builder-workspace/.derivedData/SDKStatCaches.noindex/watchos26.5-23T570-688ef53f1462e2c8f657fdc38a81448f7931b973dfc65d9472806dbbc3af9379.sdkstatcache -output-file-map /Users/admin/builder/spi-builder-workspace/.derivedData/Build/Intermediates.noindex/swift-numerics.build/Debug-watchos/RealModule.build/Objects-normal/armv7k/RealModule-OutputFileMap.json -use-frontend-parseable-output -save-temps -no-color-diagnostics -explicit-module-build -module-cache-path /Users/admin/builder/spi-builder-workspace/.derivedData/Build/Intermediates.noindex/SwiftExplicitPrecompiledModules -clang-scanner-module-cache-path /Users/admin/builder/spi-builder-workspace/.derivedData/ModuleCache.noindex -sdk-module-cache-path /Users/admin/builder/spi-builder-workspace/.derivedData/ModuleCache.noindex -serialize-diagnostics -emit-dependencies -emit-module -emit-module-path /Users/admin/builder/spi-builder-workspace/.derivedData/Build/Intermediates.noindex/swift-numerics.build/Debug-watchos/RealModule.build/Objects-normal/armv7k/RealModule.swiftmodule -validate-clang-modules-once -clang-build-session-file /Users/admin/builder/spi-builder-workspace/.derivedData/ModuleCache.noindex/Session.modulevalidation -package-name swift_numerics -Xcc -I/Users/admin/builder/spi-builder-workspace/.derivedData/Build/Intermediates.noindex/swift-numerics.build/Debug-watchos/RealModule.build/swift-overrides.hmap -emit-const-values -Xfrontend -const-gather-protocols-file -Xfrontend /Users/admin/builder/spi-builder-workspace/.derivedData/Build/Intermediates.noindex/swift-numerics.build/Debug-watchos/RealModule.build/Objects-normal/armv7k/RealModule_const_extract_protocols.json -Xcc -I/Users/admin/builder/spi-builder-workspace/.dependencies/checkouts/swift-numerics/Sources/_NumericsShims/include -Xcc -I/Users/admin/builder/spi-builder-workspace/.derivedData/Build/Products/Debug-watchos/include -Xcc -I/Users/admin/builder/spi-builder-workspace/.derivedData/Build/Intermediates.noindex/swift-numerics.build/Debug-watchos/RealModule.build/DerivedSources-normal/armv7k -Xcc -I/Users/admin/builder/spi-builder-workspace/.derivedData/Build/Intermediates.noindex/swift-numerics.build/Debug-watchos/RealModule.build/DerivedSources/armv7k -Xcc -I/Users/admin/builder/spi-builder-workspace/.derivedData/Build/Intermediates.noindex/swift-numerics.build/Debug-watchos/RealModule.build/DerivedSources -Xcc -DSWIFT_PACKAGE -Xcc -DDEBUG\=1 -emit-objc-header -emit-objc-header-path /Users/admin/builder/spi-builder-workspace/.derivedData/Build/Intermediates.noindex/swift-numerics.build/Debug-watchos/RealModule.build/Objects-normal/armv7k/RealModule-Swift.h -working-directory /Users/admin/builder/spi-builder-workspace/.swiftpm/xcode -experimental-emit-module-separately -disable-cmo
2026-10-02 19:43:40.727 xcodebuild[5112:22227] [MT] IDERunDestination: Supported platforms for the buildables in the current scheme is empty.
2026-10-02 19:43:40.839 xcodebuild[5112:22227] [MT] IDERunDestination: Supported platforms for the buildables in the current scheme is empty.
** BUILD FAILED **
The following build commands failed:
	SwiftEmitModule normal arm64_32 Emitting\ module\ for\ TPPDF (in target 'TPPDF' from project 'TPPDF')
	EmitSwiftModule normal arm64_32 (in target 'TPPDF' from project 'TPPDF')
	Building workspace spi-builder-workspace with scheme Grove-Package
(3 failures)
BUILD FAILURE 6.3 watchOS