The Swift Package Index logo.Swift Package Index

Build Information

Failed to build SmartLogs, reference main (817874), with Swift 6.4 for Wasm on 23 Sep 2026 17:43:17 UTC.

Build Command

bash -c docker run --pull=always --rm -v "checkouts-53886770-0":/host -w "$PWD" -e JAVA_HOME="/root/.sdkman/candidates/java/current" -e SPI_BUILD="1" -e SPI_PROCESSING="1" registry.gitlab.com/saguaro1/spi-images:wasm-6.4-latest swift build --swift-sdk swift-6.4.x-DEVELOPMENT-SNAPSHOT-2026-09-04-a_wasm 2>&1

Build Log

========================================
RunAll
========================================
Builder version: 5.1.0
Interrupt handler set up.
========================================
Checkout
========================================
Clone URL: https://github.com/alima-webdev/SmartLogs-Swift.git
Reference: main
Initialized empty Git repository in /host/spi-builder-workspace/.git/
hint: Using 'master' as the name for the initial branch. This default branch name
hint: is subject to change. To configure the initial branch name to use in all
hint: of your new repositories, which will suppress this warning, call:
hint:
hint: 	git config --global init.defaultBranch <name>
hint:
hint: Names commonly chosen instead of 'master' are 'main', 'trunk' and
hint: 'development'. The just-created branch can be renamed via this command:
hint:
hint: 	git branch -m <name>
From https://github.com/alima-webdev/SmartLogs-Swift
 * branch            main       -> FETCH_HEAD
 * [new branch]      main       -> origin/main
HEAD is now at 8178742 Platform version change to 26
Cloned https://github.com/alima-webdev/SmartLogs-Swift.git
Revision (git rev-parse @):
81787420443874a37680b1d656dd3d05156f8dac
SUCCESS checkout https://github.com/alima-webdev/SmartLogs-Swift.git at main
========================================
Build
========================================
Selected platform:         wasm
Swift version:             6.4
Building package at path:  $PWD
https://github.com/alima-webdev/SmartLogs-Swift.git
Running build ...
bash -c docker run --pull=always --rm -v "checkouts-53886770-0":/host -w "$PWD" -e JAVA_HOME="/root/.sdkman/candidates/java/current" -e SPI_BUILD="1" -e SPI_PROCESSING="1" registry.gitlab.com/saguaro1/spi-images:wasm-6.4-latest swift build --swift-sdk swift-6.4.x-DEVELOPMENT-SNAPSHOT-2026-09-04-a_wasm 2>&1
wasm-6.4-latest: Pulling from saguaro1/spi-images
Digest: sha256:4328fdb43c680d205c1d6761b1e3267aa38277eefdda9ddfb17b6a0f1a77857a
Status: Image is up to date for registry.gitlab.com/saguaro1/spi-images:wasm-6.4-latest
Building for debugging...
[Planning deferred tasks]
error: SwiftCompile normal wasm32 failed with a nonzero exit code. Command line:     cd /host

/host/spi-builder-workspace/Sources/SmartLogs/SmartLogs.swift:25:25: error: cannot find type 'URLSessionWebSocketTask' in scope
 23 |
 24 |     // WebSocket
 25 |     private let socket: URLSessionWebSocketTask?
    |                         `- error: cannot find type 'URLSessionWebSocketTask' in scope
 26 |     private let session: URLSession = .init(configuration: .default)
 27 |
/host/spi-builder-workspace/Sources/SmartLogs/SmartLogs.swift:26:26: error: 'URLSession' is unavailable: This type has moved to the FoundationNetworking module. Import that module to use it.
 24 |     // WebSocket
 25 |     private let socket: URLSessionWebSocketTask?
 26 |     private let session: URLSession = .init(configuration: .default)
    |                          `- error: 'URLSession' is unavailable: This type has moved to the FoundationNetworking module. Import that module to use it.
 27 |
 28 |     // Heartbeat
Foundation.URLSession:2:18: note: 'URLSession' has been explicitly marked unavailable here
1 | @available(*, unavailable, message: "This type has moved to the FoundationNetworking module. Import that module to use it.")
2 | public typealias URLSession = AnyObject
  |                  `- note: 'URLSession' has been explicitly marked unavailable here
/host/spi-builder-workspace/Sources/SmartLogs/SmartLogs.swift:26:40: error: value of type '_' expected to be instance of class or class-constrained type
 24 |     // WebSocket
 25 |     private let socket: URLSessionWebSocketTask?
 26 |     private let session: URLSession = .init(configuration: .default)
    |                                        `- error: value of type '_' expected to be instance of class or class-constrained type
 27 |
 28 |     // Heartbeat
/host/spi-builder-workspace/Sources/SmartLogs/SmartLogs.swift:26:40: error: 'URLSession' (aka 'AnyObject') cannot be constructed because it has no accessible initializers
 24 |     // WebSocket
 25 |     private let socket: URLSessionWebSocketTask?
 26 |     private let session: URLSession = .init(configuration: .default)
    |                                        `- error: 'URLSession' (aka 'AnyObject') cannot be constructed because it has no accessible initializers
 27 |
 28 |     // Heartbeat
/host/spi-builder-workspace/Sources/SmartLogs/SmartLogs.swift:80:44: error: cannot find type 'URLSessionWebSocketTask' in scope
 78 |
 79 |     // Listen for messages
 80 |     private func _handleMessage(_ message: URLSessionWebSocketTask.Message) {
    |                                            `- error: cannot find type 'URLSessionWebSocketTask' in scope
 81 |         do {
 82 |             var msg: [String: Sendable]?
/host/spi-builder-workspace/Sources/SmartLogs/SmartLogs.swift:172:41: error: cannot find type 'URLSessionWebSocketTask' in scope
170 |     // -- Open
171 |     public nonisolated func urlSession(
172 |         _: URLSession, webSocketTask _: URLSessionWebSocketTask, didOpenWithProtocol _: String?
    |                                         `- error: cannot find type 'URLSessionWebSocketTask' in scope
173 |     ) {
174 |         Task {
/host/spi-builder-workspace/Sources/SmartLogs/SmartLogs.swift:172:12: error: 'URLSession' is unavailable: This type has moved to the FoundationNetworking module. Import that module to use it.
170 |     // -- Open
171 |     public nonisolated func urlSession(
172 |         _: URLSession, webSocketTask _: URLSessionWebSocketTask, didOpenWithProtocol _: String?
    |            `- error: 'URLSession' is unavailable: This type has moved to the FoundationNetworking module. Import that module to use it.
173 |     ) {
174 |         Task {
Foundation.URLSession:2:18: note: 'URLSession' has been explicitly marked unavailable here
1 | @available(*, unavailable, message: "This type has moved to the FoundationNetworking module. Import that module to use it.")
2 | public typealias URLSession = AnyObject
  |                  `- note: 'URLSession' has been explicitly marked unavailable here
/host/spi-builder-workspace/Sources/SmartLogs/SmartLogs.swift:183:41: error: cannot find type 'URLSessionWebSocketTask' in scope
181 |     // -- Close
182 |     public nonisolated func urlSession(
183 |         _: URLSession, webSocketTask _: URLSessionWebSocketTask,
    |                                         `- error: cannot find type 'URLSessionWebSocketTask' in scope
184 |         didCloseWith _: URLSessionWebSocketTask.CloseCode, reason _: Data?
185 |     ) {
/host/spi-builder-workspace/Sources/SmartLogs/SmartLogs.swift:184:25: error: cannot find type 'URLSessionWebSocketTask' in scope
182 |     public nonisolated func urlSession(
183 |         _: URLSession, webSocketTask _: URLSessionWebSocketTask,
184 |         didCloseWith _: URLSessionWebSocketTask.CloseCode, reason _: Data?
    |                         `- error: cannot find type 'URLSessionWebSocketTask' in scope
185 |     ) {
186 |         disconnect()
/host/spi-builder-workspace/Sources/SmartLogs/SmartLogs.swift:183:12: error: 'URLSession' is unavailable: This type has moved to the FoundationNetworking module. Import that module to use it.
181 |     // -- Close
182 |     public nonisolated func urlSession(
183 |         _: URLSession, webSocketTask _: URLSessionWebSocketTask,
    |            `- error: 'URLSession' is unavailable: This type has moved to the FoundationNetworking module. Import that module to use it.
184 |         didCloseWith _: URLSessionWebSocketTask.CloseCode, reason _: Data?
185 |     ) {
Foundation.URLSession:2:18: note: 'URLSession' has been explicitly marked unavailable here
1 | @available(*, unavailable, message: "This type has moved to the FoundationNetworking module. Import that module to use it.")
2 | public typealias URLSession = AnyObject
  |                  `- note: 'URLSession' has been explicitly marked unavailable here
/host/spi-builder-workspace/Sources/SmartLogs/SmartLogs.swift:19:45: error: cannot find type 'URLSessionWebSocketDelegate' in scope
 17 | }
 18 |
 19 | public actor SmartLogs: NSObject, Sendable, URLSessionWebSocketDelegate {
    |                                             `- error: cannot find type 'URLSessionWebSocketDelegate' in scope
 20 |     // Params
 21 |     let origin: String
/host/spi-builder-workspace/Sources/SmartLogs/SmartLogs.swift:61:30: error: value of type 'URLSession' (aka 'AnyObject') has no member 'webSocketTask'
 59 |         // Create the socket
 60 |         if let url = self.serverURL {
 61 |             socket = session.webSocketTask(with: url)
    |                              `- error: value of type 'URLSession' (aka 'AnyObject') has no member 'webSocketTask'
 62 |         } else {
 63 |             socket = nil
Failed frontend command:
/usr/bin/swift-frontend -frontend -emit-module -experimental-skip-non-inlinable-function-bodies-without-types /host/spi-builder-workspace/Sources/SmartLogs/SmartLogs.swift /host/spi-builder-workspace/Sources/SmartLogs/Utils.swift -target wasm32-unknown-wasip1 -disable-objc-interop -sdk /root/.swiftpm/swift-sdks/swift-6.4.x-DEVELOPMENT-SNAPSHOT-2026-09-04-a_wasm.artifactbundle/swift-6.4.x-DEVELOPMENT-SNAPSHOT-2026-09-04-a_wasm/wasm32-unknown-wasip1/WASI.sdk -sysroot /root/.swiftpm/swift-sdks/swift-6.4.x-DEVELOPMENT-SNAPSHOT-2026-09-04-a_wasm.artifactbundle/swift-6.4.x-DEVELOPMENT-SNAPSHOT-2026-09-04-a_wasm/wasm32-unknown-wasip1/WASI.sdk -I /host/spi-builder-workspace/.build/out/Products/Debug-webassembly-wasm32 -module-cache-path /host/spi-builder-workspace/.build/out/ModuleCache.noindex -color-diagnostics -Xcc -fcolor-diagnostics -enable-testing -g -debug-info-format\=dwarf -dwarf-version\=4 -swift-version 6 -Onone -D SWIFT_PACKAGE -D DEBUG -D SWIFT_MODULE_RESOURCE_BUNDLE_UNAVAILABLE -D Xcode -serialize-debugging-options -enable-experimental-feature DebugDescriptionMacro -empty-abi-descriptor -external-plugin-path /usr/lib/swift/host/plugins/testing\#/usr/bin/swift-plugin-server -validate-clang-modules-once -clang-build-session-file /host/spi-builder-workspace/.build/out/ModuleCache.noindex/Session.modulevalidation -Xcc -working-directory -Xcc /host -resource-dir /root/.swiftpm/swift-sdks/swift-6.4.x-DEVELOPMENT-SNAPSHOT-2026-09-04-a_wasm.artifactbundle/swift-6.4.x-DEVELOPMENT-SNAPSHOT-2026-09-04-a_wasm/wasm32-unknown-wasip1/swift.xctoolchain/usr/lib/swift_static -use-static-resource-dir -enable-anonymous-context-mangled-names -file-compilation-dir /host -Xcc -resource-dir -Xcc /root/.swiftpm/swift-sdks/swift-6.4.x-DEVELOPMENT-SNAPSHOT-2026-09-04-a_wasm.artifactbundle/swift-6.4.x-DEVELOPMENT-SNAPSHOT-2026-09-04-a_wasm/wasm32-unknown-wasip1/swift.xctoolchain/usr/lib/swift_static/clang -Xcc -D_LIBCPP_HARDENING_MODE\=_LIBCPP_HARDENING_MODE_DEBUG -Xcc -fmodules-prune-interval\=86400 -Xcc -fmodules-prune-after\=345600 -Xcc -I/host/spi-builder-workspace/.build/out/Products/Debug-webassembly-wasm32/include -Xcc -I/host/spi-builder-workspace/.build/out/Intermediates.noindex/SmartLogs.build/Debug-webassembly-wasm32/SmartLogs-t.build/DerivedSources-normal/wasm32 -Xcc -I/host/spi-builder-workspace/.build/out/Intermediates.noindex/SmartLogs.build/Debug-webassembly-wasm32/SmartLogs-t.build/DerivedSources/wasm32 -Xcc -I/host/spi-builder-workspace/.build/out/Intermediates.noindex/SmartLogs.build/Debug-webassembly-wasm32/SmartLogs-t.build/DerivedSources -Xcc -DSWIFT_PACKAGE -Xcc -DDEBUG\=1 -no-auto-bridging-header-chaining -module-name SmartLogs -package-name spi_builder_workspace -const-gather-protocols-file /host/spi-builder-workspace/.build/out/Intermediates.noindex/SmartLogs.build/Debug-webassembly-wasm32/SmartLogs-t.build/Objects-normal/wasm32/SmartLogs_const_extract_protocols.json -in-process-plugin-server-path /usr/lib/swift/host/libSwiftInProcPluginServer.so -plugin-path /usr/lib/swift/host/plugins -plugin-path /usr/local/lib/swift/host/plugins -emit-module-doc-path /host/spi-builder-workspace/.build/out/Intermediates.noindex/SmartLogs.build/Debug-webassembly-wasm32/SmartLogs-t.build/Objects-normal/wasm32/Modules/SmartLogs.swiftdoc -emit-module-source-info-path /host/spi-builder-workspace/.build/out/Intermediates.noindex/SmartLogs.build/Debug-webassembly-wasm32/SmartLogs-t.build/Objects-normal/wasm32/Modules/SmartLogs.swiftsourceinfo -emit-objc-header-path /host/spi-builder-workspace/.build/out/Intermediates.noindex/SmartLogs.build/Debug-webassembly-wasm32/SmartLogs-t.build/Objects-normal/wasm32/SmartLogs-Swift.h -serialize-diagnostics-path /host/spi-builder-workspace/.build/out/Intermediates.noindex/SmartLogs.build/Debug-webassembly-wasm32/SmartLogs-t.build/Objects-normal/wasm32/SmartLogs-primary-emit-module.dia -emit-dependencies-path /host/spi-builder-workspace/.build/out/Intermediates.noindex/SmartLogs.build/Debug-webassembly-wasm32/SmartLogs-t.build/Objects-normal/wasm32/SmartLogs-primary-emit-module.d -parse-as-library -o /host/spi-builder-workspace/.build/out/Intermediates.noindex/SmartLogs.build/Debug-webassembly-wasm32/SmartLogs-t.build/Objects-normal/wasm32/Modules/SmartLogs.swiftmodule
error: Build failed
BUILD FAILURE 6.4 wasm