The Swift Package Index logo.Swift Package Index

Build Information

Successful build of Echo, reference main (486957), with Swift 6.1 for macOS (Xcode) using Xcode 16.3 on 11 Aug 2026 20:55:02 UTC.

Swift 6 data race errors: 0

Build Command

env DEVELOPER_DIR=/Applications/Xcode-16.3.0.app xcrun xcodebuild -IDEClonedSourcePackagesDirPathOverride=$PWD/.dependencies -skipMacroValidation -skipPackagePluginValidation -derivedDataPath $PWD/.derivedData build -scheme Echo-Package -destination platform=macOS,arch=arm64

Build Log

SwiftCompile normal arm64 /Users/admin/builder/spi-builder-workspace/.dependencies/checkouts/swift-atomics/Sources/Atomics/Types/ManagedAtomicLazyReference.swift (in target 'Atomics' from project 'swift-atomics')
    cd /Users/admin/builder/spi-builder-workspace/.swiftpm/xcode

/Users/admin/builder/spi-builder-workspace/.dependencies/checkouts/swift-atomics/Sources/Atomics/Conformances/autogenerated/AtomicBool.swift:21:8: error: no such module 'Builtin'
import Builtin
       ^
SwiftCompile normal arm64 /Users/admin/builder/spi-builder-workspace/.dependencies/checkouts/swift-atomics/Sources/Atomics/Types/UnsafeAtomic.swift (in target 'Atomics' from project 'swift-atomics')
    cd /Users/admin/builder/spi-builder-workspace/.swiftpm/xcode

/Users/admin/builder/spi-builder-workspace/.dependencies/checkouts/swift-atomics/Sources/Atomics/Conformances/autogenerated/AtomicBool.swift:21:8: error: no such module 'Builtin'
import Builtin
       ^
SwiftCompile normal arm64 Compiling\ AtomicReference.swift,\ AtomicStorage.swift /Users/admin/builder/spi-builder-workspace/.dependencies/checkouts/swift-atomics/Sources/Atomics/Protocols/AtomicReference.swift /Users/admin/builder/spi-builder-workspace/.dependencies/checkouts/swift-atomics/Sources/Atomics/Protocols/AtomicStorage.swift (in target 'Atomics' from project 'swift-atomics')
SwiftCompile normal arm64 /Users/admin/builder/spi-builder-workspace/.dependencies/checkouts/swift-atomics/Sources/Atomics/Protocols/AtomicReference.swift (in target 'Atomics' from project 'swift-atomics')
    cd /Users/admin/builder/spi-builder-workspace/.swiftpm/xcode

/Users/admin/builder/spi-builder-workspace/.dependencies/checkouts/swift-atomics/Sources/Atomics/Conformances/autogenerated/AtomicBool.swift:21:8: error: no such module 'Builtin'
import Builtin
       ^
SwiftCompile normal arm64 /Users/admin/builder/spi-builder-workspace/.dependencies/checkouts/swift-atomics/Sources/Atomics/Protocols/AtomicStorage.swift (in target 'Atomics' from project 'swift-atomics')
    cd /Users/admin/builder/spi-builder-workspace/.swiftpm/xcode

/Users/admin/builder/spi-builder-workspace/.dependencies/checkouts/swift-atomics/Sources/Atomics/Conformances/autogenerated/AtomicBool.swift:21:8: error: no such module 'Builtin'
import Builtin
       ^
PrecompileModule /Users/admin/builder/spi-builder-workspace/.derivedData/Build/Intermediates.noindex/ExplicitPrecompiledModules/DarwinFoundation-3YVIVSEBO0L4TCXCKYMP06BWB.scan
    cd /Users/admin/builder/spi-builder-workspace/.swiftpm/xcode
    builtin-precompileModule /Users/admin/builder/spi-builder-workspace/.derivedData/Build/Intermediates.noindex/ExplicitPrecompiledModules/DarwinFoundation-3YVIVSEBO0L4TCXCKYMP06BWB.scan
PrecompileModule /Users/admin/builder/spi-builder-workspace/.derivedData/Build/Intermediates.noindex/ExplicitPrecompiledModules/os_availability_internal-5H34K9YB3EYRB4YGIWBILLWOZ.scan
    cd /Users/admin/builder/spi-builder-workspace/.swiftpm/xcode
    builtin-precompileModule /Users/admin/builder/spi-builder-workspace/.derivedData/Build/Intermediates.noindex/ExplicitPrecompiledModules/os_availability_internal-5H34K9YB3EYRB4YGIWBILLWOZ.scan
PrecompileModule /Users/admin/builder/spi-builder-workspace/.derivedData/Build/Intermediates.noindex/ExplicitPrecompiledModules/_stdint-F4WXFVEZBL8VG849W3UBTN5ZX.scan
    cd /Users/admin/builder/spi-builder-workspace/.swiftpm/xcode
    builtin-precompileModule /Users/admin/builder/spi-builder-workspace/.derivedData/Build/Intermediates.noindex/ExplicitPrecompiledModules/_stdint-F4WXFVEZBL8VG849W3UBTN5ZX.scan
PrecompileModule /Users/admin/builder/spi-builder-workspace/.derivedData/Build/Intermediates.noindex/ExplicitPrecompiledModules/_Builtin_iso646-9CFMMDK7KIRVE5FPC1W3W8OQP.scan
    cd /Users/admin/builder/spi-builder-workspace/.swiftpm/xcode
    builtin-precompileModule /Users/admin/builder/spi-builder-workspace/.derivedData/Build/Intermediates.noindex/ExplicitPrecompiledModules/_Builtin_iso646-9CFMMDK7KIRVE5FPC1W3W8OQP.scan
PrecompileModule /Users/admin/builder/spi-builder-workspace/.derivedData/Build/Intermediates.noindex/ExplicitPrecompiledModules/ptrcheck-2N57N1JMG55UBZRBC2J1X9YXA.scan
    cd /Users/admin/builder/spi-builder-workspace/.swiftpm/xcode
    builtin-precompileModule /Users/admin/builder/spi-builder-workspace/.derivedData/Build/Intermediates.noindex/ExplicitPrecompiledModules/ptrcheck-2N57N1JMG55UBZRBC2J1X9YXA.scan
PrecompileModule /Users/admin/builder/spi-builder-workspace/.derivedData/Build/Intermediates.noindex/ExplicitPrecompiledModules/_Builtin_stdint-78PMK3Q6R8LTX5WXFG3F3E5GW.scan
    cd /Users/admin/builder/spi-builder-workspace/.swiftpm/xcode
    builtin-precompileModule /Users/admin/builder/spi-builder-workspace/.derivedData/Build/Intermediates.noindex/ExplicitPrecompiledModules/_Builtin_stdint-78PMK3Q6R8LTX5WXFG3F3E5GW.scan
PrecompileModule /Users/admin/builder/spi-builder-workspace/.derivedData/Build/Intermediates.noindex/ExplicitPrecompiledModules/_float-6711LB40H0C1KOCB0A3YQA7ZI.scan
    cd /Users/admin/builder/spi-builder-workspace/.swiftpm/xcode
    builtin-precompileModule /Users/admin/builder/spi-builder-workspace/.derivedData/Build/Intermediates.noindex/ExplicitPrecompiledModules/_float-6711LB40H0C1KOCB0A3YQA7ZI.scan
PrecompileModule /Users/admin/builder/spi-builder-workspace/.derivedData/Build/Intermediates.noindex/ExplicitPrecompiledModules/_Builtin_stdarg-1NK37DCK8I2DJPXY8ATN5NGB0.scan
    cd /Users/admin/builder/spi-builder-workspace/.swiftpm/xcode
    builtin-precompileModule /Users/admin/builder/spi-builder-workspace/.derivedData/Build/Intermediates.noindex/ExplicitPrecompiledModules/_Builtin_stdarg-1NK37DCK8I2DJPXY8ATN5NGB0.scan
PrecompileModule /Users/admin/builder/spi-builder-workspace/.derivedData/Build/Intermediates.noindex/ExplicitPrecompiledModules/_fenv-PV5IQD02HFUEABURBL17I4OO.scan
    cd /Users/admin/builder/spi-builder-workspace/.swiftpm/xcode
    builtin-precompileModule /Users/admin/builder/spi-builder-workspace/.derivedData/Build/Intermediates.noindex/ExplicitPrecompiledModules/_fenv-PV5IQD02HFUEABURBL17I4OO.scan
PrecompileModule /Users/admin/builder/spi-builder-workspace/.derivedData/Build/Intermediates.noindex/ExplicitPrecompiledModules/TargetConditionals-EUX6C4YMWTU2CF613SPIIUA7U.scan
    cd /Users/admin/builder/spi-builder-workspace/.swiftpm/xcode
    builtin-precompileModule /Users/admin/builder/spi-builder-workspace/.derivedData/Build/Intermediates.noindex/ExplicitPrecompiledModules/TargetConditionals-EUX6C4YMWTU2CF613SPIIUA7U.scan
--- xcodebuild: WARNING: Using the first of multiple matching destinations:
{ platform:macOS, arch:arm64, id:d61bebb4c4893e1dac9684be68e8f33f40b5e281, name:My Mac }
{ platform:macOS, arch:arm64, variant:Mac Catalyst, id:d61bebb4c4893e1dac9684be68e8f33f40b5e281, name:My Mac }
{ platform:macOS, arch:arm64, variant:DriverKit, id:d61bebb4c4893e1dac9684be68e8f33f40b5e281, name:My Mac }
{ platform:macOS, arch:arm64, variant:Designed for [iPad,iPhone], id:d61bebb4c4893e1dac9684be68e8f33f40b5e281, name:My Mac }
** BUILD FAILED **
The following build commands failed:
	SwiftCompile normal arm64 Compiling\ OptionalRawRepresentable.swift,\ RawRepresentable.swift /Users/admin/builder/spi-builder-workspace/.dependencies/checkouts/swift-atomics/Sources/Atomics/Conformances/OptionalRawRepresentable.swift /Users/admin/builder/spi-builder-workspace/.dependencies/checkouts/swift-atomics/Sources/Atomics/Conformances/RawRepresentable.swift (in target 'Atomics' from project 'swift-atomics')
	SwiftCompile normal arm64 /Users/admin/builder/spi-builder-workspace/.dependencies/checkouts/swift-atomics/Sources/Atomics/Conformances/OptionalRawRepresentable.swift (in target 'Atomics' from project 'swift-atomics')
	SwiftCompile normal arm64 /Users/admin/builder/spi-builder-workspace/.dependencies/checkouts/swift-atomics/Sources/Atomics/Conformances/RawRepresentable.swift (in target 'Atomics' from project 'swift-atomics')
	SwiftCompile normal arm64 /Users/admin/builder/spi-builder-workspace/.dependencies/checkouts/swift-atomics/Sources/Atomics/Unmanaged\ extensions.swift (in target 'Atomics' from project 'swift-atomics')
	SwiftCompile normal arm64 Compiling\ AtomicValue.swift,\ AtomicMemoryOrderings.swift /Users/admin/builder/spi-builder-workspace/.dependencies/checkouts/swift-atomics/Sources/Atomics/Protocols/AtomicValue.swift /Users/admin/builder/spi-builder-workspace/.dependencies/checkouts/swift-atomics/Sources/Atomics/Types/AtomicMemoryOrderings.swift (in target 'Atomics' from project 'swift-atomics')
	SwiftCompile normal arm64 /Users/admin/builder/spi-builder-workspace/.dependencies/checkouts/swift-atomics/Sources/Atomics/Protocols/AtomicValue.swift (in target 'Atomics' from project 'swift-atomics')
	SwiftCompile normal arm64 /Users/admin/builder/spi-builder-workspace/.dependencies/checkouts/swift-atomics/Sources/Atomics/Types/AtomicMemoryOrderings.swift (in target 'Atomics' from project 'swift-atomics')
	SwiftCompile normal arm64 Compiling\ DoubleWord.swift,\ ManagedAtomic.swift /Users/admin/builder/spi-builder-workspace/.dependencies/checkouts/swift-atomics/Sources/Atomics/Types/DoubleWord.swift /Users/admin/builder/spi-builder-workspace/.dependencies/checkouts/swift-atomics/Sources/Atomics/Types/ManagedAtomic.swift (in target 'Atomics' from project 'swift-atomics')
	SwiftCompile normal arm64 /Users/admin/builder/spi-builder-workspace/.dependencies/checkouts/swift-atomics/Sources/Atomics/Types/DoubleWord.swift (in target 'Atomics' from project 'swift-atomics')
	SwiftCompile normal arm64 /Users/admin/builder/spi-builder-workspace/.dependencies/checkouts/swift-atomics/Sources/Atomics/Types/ManagedAtomic.swift (in target 'Atomics' from project 'swift-atomics')
	SwiftCompile normal arm64 Compiling\ ManagedAtomicLazyReference.swift,\ UnsafeAtomic.swift /Users/admin/builder/spi-builder-workspace/.dependencies/checkouts/swift-atomics/Sources/Atomics/Types/ManagedAtomicLazyReference.swift /Users/admin/builder/spi-builder-workspace/.dependencies/checkouts/swift-atomics/Sources/Atomics/Types/UnsafeAtomic.swift (in target 'Atomics' from project 'swift-atomics')
	SwiftCompile normal arm64 /Users/admin/builder/spi-builder-workspace/.dependencies/checkouts/swift-atomics/Sources/Atomics/Types/ManagedAtomicLazyReference.swift (in target 'Atomics' from project 'swift-atomics')
	SwiftCompile normal arm64 /Users/admin/builder/spi-builder-workspace/.dependencies/checkouts/swift-atomics/Sources/Atomics/Types/UnsafeAtomic.swift (in target 'Atomics' from project 'swift-atomics')
	SwiftCompile normal arm64 /Users/admin/builder/spi-builder-workspace/.dependencies/checkouts/swift-atomics/Sources/Atomics/Protocols/AtomicReference.swift (in target 'Atomics' from project 'swift-atomics')
	SwiftCompile normal arm64 /Users/admin/builder/spi-builder-workspace/.dependencies/checkouts/swift-atomics/Sources/Atomics/Protocols/AtomicStorage.swift (in target 'Atomics' from project 'swift-atomics')
	Building workspace spi-builder-workspace with scheme Echo-Package
(16 failures)
Command line invocation:
    /Applications/Xcode-16.3.0.app/Contents/Developer/usr/bin/xcodebuild -IDEClonedSourcePackagesDirPathOverride=/Users/admin/builder/spi-builder-workspace/.dependencies -resolvePackageDependencies
Resolve Package Graph
Resolved source packages:
  swift-atomics: https://github.com/apple/swift-atomics.git @ 1.3.1
  Echo: /Users/admin/builder/spi-builder-workspace
resolved source packages: swift-atomics, Echo
{
  "dependencies" : [
    {
      "identity" : "swift-atomics",
      "requirement" : {
        "range" : [
          {
            "lower_bound" : "1.3.1",
            "upper_bound" : "2.0.0"
          }
        ]
      },
      "type" : "sourceControl",
      "url" : "https://github.com/apple/swift-atomics.git"
    }
  ],
  "manifest_display_name" : "Echo",
  "name" : "Echo",
  "path" : "/Users/admin/builder/spi-builder-workspace",
  "platforms" : [
  ],
  "products" : [
    {
      "name" : "Echo",
      "targets" : [
        "Echo"
      ],
      "type" : {
        "library" : [
          "automatic"
        ]
      }
    },
    {
      "name" : "EchoRuntimeReflection",
      "targets" : [
        "EchoRuntimeReflection"
      ],
      "type" : {
        "library" : [
          "automatic"
        ]
      }
    },
    {
      "name" : "EchoRuntimeSupport",
      "targets" : [
        "EchoRuntimeSupport"
      ],
      "type" : {
        "library" : [
          "automatic"
        ]
      }
    }
  ],
  "swift_languages_versions" : [
    "6"
  ],
  "targets" : [
    {
      "c99name" : "EchoTests",
      "module_type" : "SwiftTarget",
      "name" : "EchoTests",
      "path" : "Tests/EchoTests",
      "sources" : [
        "Context Descriptor/AnonymousDescriptor.swift",
        "Context Descriptor/ClassDescriptor.swift",
        "Context Descriptor/EnumDescriptor.swift",
        "Context Descriptor/ExtensionDescriptor.swift",
        "Context Descriptor/FieldDescriptor.swift",
        "Context Descriptor/GenericContext.swift",
        "Context Descriptor/GenericKinds.swift",
        "Context Descriptor/ModuleDescriptor.swift",
        "Context Descriptor/ProtocolDescriptor.swift",
        "Context Descriptor/StructDescriptor.swift",
        "Context Descriptor/TypeImportInfo.swift",
        "EchoTests.swift",
        "Metadata/ClassMetadata.swift",
        "Metadata/EnumMetadata.swift",
        "Metadata/ExistentialMetadata.swift",
        "Metadata/ExistentialMetatypeMetadata.swift",
        "Metadata/ExtendedExistentialMetadata.swift",
        "Metadata/FunctionMetadata.swift",
        "Metadata/LayoutString.swift",
        "Metadata/MetadataAccessFunction.swift",
        "Metadata/MetadataFlags.swift",
        "Metadata/MetadataPack.swift",
        "Metadata/MetatypeMetadata.swift",
        "Metadata/ObjCClassWrapperMetadata.swift",
        "Metadata/OpaqueMetadata.swift",
        "Metadata/StructMetadata.swift",
        "Metadata/TupleMetadata.swift",
        "ProjectedValueTests.swift",
        "Runtime/AssociatedType.swift",
        "Runtime/Concurrency.swift",
        "Runtime/ConformanceDescriptor.swift",
        "Runtime/Coroutines.swift",
        "Runtime/ExistentialContainer.swift",
        "Runtime/Functions.swift",
        "Runtime/ImageInspection.swift",
        "Runtime/KeyPaths.swift",
        "Runtime/PublicForkAPIs.swift",
        "Utils/Misc.swift"
      ],
      "target_dependencies" : [
        "Echo"
      ],
      "type" : "test"
    },
    {
      "c99name" : "EchoRuntimeSupportTests",
      "module_type" : "SwiftTarget",
      "name" : "EchoRuntimeSupportTests",
      "path" : "Tests/EchoRuntimeSupportTests",
      "sources" : [
        "ValueStorage.swift"
      ],
      "target_dependencies" : [
        "EchoRuntimeSupport"
      ],
      "type" : "test"
    },
    {
      "c99name" : "EchoRuntimeSupport",
      "module_type" : "SwiftTarget",
      "name" : "EchoRuntimeSupport",
      "path" : "Sources/EchoRuntimeSupport",
      "product_memberships" : [
        "EchoRuntimeSupport"
      ],
      "sources" : [
        "ValueOperations.swift",
        "ValueStorage.swift"
      ],
      "target_dependencies" : [
        "Echo"
      ],
      "type" : "library"
    },
    {
      "c99name" : "EchoRuntimeReflectionTests",
      "module_type" : "SwiftTarget",
      "name" : "EchoRuntimeReflectionTests",
      "path" : "Tests/EchoRuntimeReflectionTests",
      "sources" : [
        "FunctionTypeInfo.swift",
        "ValueLayoutInfo.swift"
      ],
      "target_dependencies" : [
        "EchoRuntimeReflection"
      ],
      "type" : "test"
    },
    {
      "c99name" : "EchoRuntimeReflection",
      "module_type" : "SwiftTarget",
      "name" : "EchoRuntimeReflection",
      "path" : "Sources/EchoRuntimeReflection",
      "product_memberships" : [
        "EchoRuntimeReflection"
      ],
      "sources" : [
        "FunctionTypeInfo.swift",
        "ValueLayoutInfo.swift"
      ],
      "target_dependencies" : [
        "Echo"
      ],
      "type" : "library"
    },
    {
      "c99name" : "Echo",
      "module_type" : "SwiftTarget",
      "name" : "Echo",
      "path" : "Sources/Echo",
      "product_dependencies" : [
        "Atomics"
      ],
      "product_memberships" : [
        "Echo",
        "EchoRuntimeReflection",
        "EchoRuntimeSupport"
      ],
      "sources" : [
        "ContextDescriptor/AnonymousDescriptor.swift",
        "ContextDescriptor/ClassDescriptor.swift",
        "ContextDescriptor/ContextDescriptor.swift",
        "ContextDescriptor/ContextDescriptorValues.swift",
        "ContextDescriptor/EnumDescriptor.swift",
        "ContextDescriptor/ExtensionDescriptor.swift",
        "ContextDescriptor/FieldDescriptor.swift",
        "ContextDescriptor/GenericContext.swift",
        "ContextDescriptor/ModuleDescriptor.swift",
        "ContextDescriptor/OpaqueDescriptor.swift",
        "ContextDescriptor/ProtocolDescriptor.swift",
        "ContextDescriptor/StructDescriptor.swift",
        "ContextDescriptor/TypeContextDescriptor.swift",
        "ContextDescriptor/TypeImportInfo.swift",
        "ContextDescriptor/ValueTypeDescriptorTrailing.swift",
        "Echo.swift",
        "Metadata/ClassMetadata.swift",
        "Metadata/EnumMetadata.swift",
        "Metadata/EnumValueWitnessTable.swift",
        "Metadata/ExistentialMetadata.swift",
        "Metadata/ExistentialMetatypeMetadata.swift",
        "Metadata/ExtendedExistentialMetadata.swift",
        "Metadata/ForeignClassMetadata.swift",
        "Metadata/FunctionMetadata.swift",
        "Metadata/HeapGenericLocalVariableMetadata.swift",
        "Metadata/HeapLocalVariableMetadata.swift",
        "Metadata/Metadata.swift",
        "Metadata/MetadataAccessFunction.swift",
        "Metadata/MetadataRequest.swift",
        "Metadata/MetadataValues.swift",
        "Metadata/MetatypeMetadata.swift",
        "Metadata/ObjCClassWrapperMetadata.swift",
        "Metadata/OpaqueMetadata.swift",
        "Metadata/StructMetadata.swift",
        "Metadata/TupleMetadata.swift",
        "Metadata/TypeMetadata.swift",
        "Metadata/ValueWitnessTable.swift",
        "Runtime/AssociatedType.swift",
        "Runtime/Casting.swift",
        "Runtime/Concurrency.swift",
        "Runtime/ConformanceDescriptor.swift",
        "Runtime/Coroutines.swift",
        "Runtime/ExistentialContainer.swift",
        "Runtime/Functions.swift",
        "Runtime/HeapObject.swift",
        "Runtime/ImageInspection.swift",
        "Runtime/ImageRecords.swift",
        "Runtime/KeyPaths.swift",
        "Runtime/KnownMetadata.swift",
        "Runtime/RuntimeValues.swift",
        "Runtime/WitnessTable.swift",
        "Utils/FieldType.swift",
        "Utils/Misc.swift",
        "Utils/RelativeDirectPointer.swift",
        "Utils/RelativeIndirectPointer.swift",
        "Utils/RelativeIndirectablePointer.swift",
        "Utils/RelativeIndirectablePointerIntPair.swift",
        "Utils/RelativePointer.swift",
        "Utils/SignedPointer.swift"
      ],
      "target_dependencies" : [
        "CEcho"
      ],
      "type" : "library"
    },
    {
      "c99name" : "CEcho",
      "module_type" : "ClangTarget",
      "name" : "CEcho",
      "path" : "Sources/CEcho",
      "product_memberships" : [
        "Echo",
        "EchoRuntimeReflection",
        "EchoRuntimeSupport"
      ],
      "sources" : [
        "CallAccessor.c",
        "Functions.c",
        "ImageInspectionELF.c",
        "ImageInspectionMachO.c",
        "KnownMetadata.c",
        "ValueWitnessTable.c"
      ],
      "type" : "library"
    }
  ],
  "tools_version" : "6.0"
}
{
  "workspace" : {
    "name" : "spi-builder-workspace",
    "schemes" : [
      "Echo",
      "Echo-Package",
      "EchoRuntimeReflection",
      "EchoRuntimeSupport"
    ]
  }
}
Running build ...
env DEVELOPER_DIR=/Applications/Xcode-16.3.0.app xcrun xcodebuild -IDEClonedSourcePackagesDirPathOverride=$PWD/.dependencies -skipMacroValidation -skipPackagePluginValidation -derivedDataPath $PWD/.derivedData build -scheme Echo-Package -destination platform=macOS,arch=arm64
Command line invocation:
    /Applications/Xcode-16.3.0.app/Contents/Developer/usr/bin/xcodebuild -IDEClonedSourcePackagesDirPathOverride=/Users/admin/builder/spi-builder-workspace/.dependencies -skipMacroValidation -skipPackagePluginValidation -derivedDataPath /Users/admin/builder/spi-builder-workspace/.derivedData build -scheme Echo-Package -destination platform=macOS,arch=arm64
Resolve Package Graph
Resolved source packages:
  Echo: /Users/admin/builder/spi-builder-workspace
  swift-atomics: https://github.com/apple/swift-atomics.git @ 1.3.1
ComputePackagePrebuildTargetDependencyGraph
Prepare packages
CreateBuildRequest
SendProjectDescription
CreateBuildOperation
ComputeTargetDependencyGraph
note: Building targets in dependency order
note: Target dependency graph (10 targets)
    Target 'EchoRuntimeSupport' in project 'Echo'
        ➜ Explicit dependency on target 'EchoRuntimeSupport' in project 'Echo'
        ➜ Explicit dependency on target 'CEcho' in project 'Echo'
        ➜ Explicit dependency on target 'Echo' in project 'Echo'
        ➜ Explicit dependency on target 'Atomics' in project 'swift-atomics'
    Target 'EchoRuntimeSupport' in project 'Echo'
        ➜ Explicit dependency on target 'CEcho' in project 'Echo'
        ➜ Explicit dependency on target 'Echo' in project 'Echo'
        ➜ Explicit dependency on target 'Atomics' in project 'swift-atomics'
    Target 'EchoRuntimeReflection' in project 'Echo'
        ➜ Explicit dependency on target 'EchoRuntimeReflection' in project 'Echo'
        ➜ Explicit dependency on target 'CEcho' in project 'Echo'
        ➜ Explicit dependency on target 'Echo' in project 'Echo'
        ➜ Explicit dependency on target 'Atomics' in project 'swift-atomics'
    Target 'EchoRuntimeReflection' in project 'Echo'
        ➜ Explicit dependency on target 'CEcho' in project 'Echo'
        ➜ Explicit dependency on target 'Echo' in project 'Echo'
        ➜ Explicit dependency on target 'Atomics' in project 'swift-atomics'
    Target 'Echo' in project 'Echo'
        ➜ Explicit dependency on target 'Echo' in project 'Echo'
        ➜ Explicit dependency on target 'CEcho' in project 'Echo'
        ➜ Explicit dependency on target 'Atomics' in project 'swift-atomics'
    Target 'Echo' in project 'Echo'
        ➜ Explicit dependency on target 'CEcho' in project 'Echo'
        ➜ Explicit dependency on target 'Atomics' in project 'swift-atomics'
    Target 'Atomics' in project 'swift-atomics'
        ➜ Explicit dependency on target 'Atomics' in project 'swift-atomics'
        ➜ Explicit dependency on target '_AtomicsShims' in project 'swift-atomics'
    Target 'Atomics' in project 'swift-atomics'
        ➜ Explicit dependency on target '_AtomicsShims' in project 'swift-atomics'
    Target '_AtomicsShims' in project 'swift-atomics' (no dependencies)
    Target 'CEcho' in project 'Echo' (no dependencies)
GatherProvisioningInputs
CreateBuildDescription
ExecuteExternalTool /Applications/Xcode-16.3.0.app/Contents/Developer/Toolchains/XcodeDefault.xctoolchain/usr/bin/clang -v -E -dM -arch arm64 -isysroot /Applications/Xcode-16.3.0.app/Contents/Developer/Platforms/MacOSX.platform/Developer/SDKs/MacOSX15.4.sdk -x c -c /dev/null
ExecuteExternalTool /Applications/Xcode-16.3.0.app/Contents/Developer/Toolchains/XcodeDefault.xctoolchain/usr/bin/swiftc --version
ExecuteExternalTool /Applications/Xcode-16.3.0.app/Contents/Developer/Toolchains/XcodeDefault.xctoolchain/usr/bin/clang -v -E -dM -isysroot /Applications/Xcode-16.3.0.app/Contents/Developer/Platforms/MacOSX.platform/Developer/SDKs/MacOSX15.4.sdk -x c -c /dev/null
ExecuteExternalTool /Applications/Xcode-16.3.0.app/Contents/Developer/Toolchains/XcodeDefault.xctoolchain/usr/bin/ld -version_details
ReadFileContents /Applications/Xcode-16.3.0.app/Contents/Developer/Toolchains/XcodeDefault.xctoolchain/usr/share/docc/features.json
Build description signature: 9bc4afdc704d7adf308f68aa79d0936a
Build description path: /Users/admin/builder/spi-builder-workspace/.derivedData/Build/Intermediates.noindex/XCBuildData/9bc4afdc704d7adf308f68aa79d0936a.xcbuilddata
ClangStatCache /Applications/Xcode-16.3.0.app/Contents/Developer/Toolchains/XcodeDefault.xctoolchain/usr/bin/clang-stat-cache /Applications/Xcode-16.3.0.app/Contents/Developer/Platforms/MacOSX.platform/Developer/SDKs/MacOSX15.4.sdk /Users/admin/builder/spi-builder-workspace/.derivedData/SDKStatCaches.noindex/macosx15.4-24E241-8287b8f5db97e746a1562fbca0c9d29b.sdkstatcache
    cd /Users/admin/builder/spi-builder-workspace/.swiftpm/xcode
    /Applications/Xcode-16.3.0.app/Contents/Developer/Toolchains/XcodeDefault.xctoolchain/usr/bin/clang-stat-cache /Applications/Xcode-16.3.0.app/Contents/Developer/Platforms/MacOSX.platform/Developer/SDKs/MacOSX15.4.sdk -o /Users/admin/builder/spi-builder-workspace/.derivedData/SDKStatCaches.noindex/macosx15.4-24E241-8287b8f5db97e746a1562fbca0c9d29b.sdkstatcache
SwiftDriver Atomics normal arm64 com.apple.xcode.tools.swift.compiler (in target 'Atomics' from project 'swift-atomics')
    cd /Users/admin/builder/spi-builder-workspace/.swiftpm/xcode
    builtin-SwiftDriver -- /Applications/Xcode-16.3.0.app/Contents/Developer/Toolchains/XcodeDefault.xctoolchain/usr/bin/swiftc -module-name Atomics -Onone -enforce-exclusivity\=checked @/Users/admin/builder/spi-builder-workspace/.derivedData/Build/Intermediates.noindex/swift-atomics.build/Debug/Atomics.build/Objects-normal/arm64/Atomics.SwiftFileList -DSWIFT_PACKAGE -DDEBUG -DXcode -enable-experimental-feature BuiltinModule -plugin-path /Applications/Xcode-16.3.0.app/Contents/Developer/Toolchains/XcodeDefault.xctoolchain/usr/lib/swift/host/plugins/testing -enable-experimental-feature DebugDescriptionMacro -sdk /Applications/Xcode-16.3.0.app/Contents/Developer/Platforms/MacOSX.platform/Developer/SDKs/MacOSX15.4.sdk -target arm64-apple-macos10.13 -g -module-cache-path /Users/admin/builder/spi-builder-workspace/.derivedData/ModuleCache.noindex -Xfrontend -serialize-debugging-options -profile-coverage-mapping -profile-generate -enable-testing -suppress-warnings -index-store-path /Users/admin/builder/spi-builder-workspace/.derivedData/Index.noindex/DataStore -swift-version 5 -I /Users/admin/builder/spi-builder-workspace/.derivedData/Build/Products/Debug -I /Applications/Xcode-16.3.0.app/Contents/Developer/Platforms/MacOSX.platform/Developer/usr/lib -F /Users/admin/builder/spi-builder-workspace/.derivedData/Build/Products/Debug/PackageFrameworks -F /Users/admin/builder/spi-builder-workspace/.derivedData/Build/Products/Debug -F /Applications/Xcode-16.3.0.app/Contents/Developer/Platforms/MacOSX.platform/Developer/Library/Frameworks -c -j10 -enable-batch-mode -incremental -Xcc -ivfsstatcache -Xcc /Users/admin/builder/spi-builder-workspace/.derivedData/SDKStatCaches.noindex/macosx15.4-24E241-8287b8f5db97e746a1562fbca0c9d29b.sdkstatcache -output-file-map /Users/admin/builder/spi-builder-workspace/.derivedData/Build/Intermediates.noindex/swift-atomics.build/Debug/Atomics.build/Objects-normal/arm64/Atomics-OutputFileMap.json -use-frontend-parseable-output -save-temps -no-color-diagnostics -serialize-diagnostics -emit-dependencies -emit-module -emit-module-path /Users/admin/builder/spi-builder-workspace/.derivedData/Build/Intermediates.noindex/swift-atomics.build/Debug/Atomics.build/Objects-normal/arm64/Atomics.swiftmodule -validate-clang-modules-once -clang-build-session-file /Users/admin/builder/spi-builder-workspace/.derivedData/ModuleCache.noindex/Session.modulevalidation -package-name swift_atomics -Xcc -I/Users/admin/builder/spi-builder-workspace/.derivedData/Build/Intermediates.noindex/swift-atomics.build/Debug/Atomics.build/swift-overrides.hmap -emit-const-values -Xfrontend -const-gather-protocols-file -Xfrontend /Users/admin/builder/spi-builder-workspace/.derivedData/Build/Intermediates.noindex/swift-atomics.build/Debug/Atomics.build/Objects-normal/arm64/Atomics_const_extract_protocols.json -Xcc -I/Users/admin/builder/spi-builder-workspace/.dependencies/checkouts/swift-atomics/Sources/_AtomicsShims/include -Xcc -I/Users/admin/builder/spi-builder-workspace/.derivedData/Build/Products/Debug/include -Xcc -I/Users/admin/builder/spi-builder-workspace/.derivedData/Build/Intermediates.noindex/swift-atomics.build/Debug/Atomics.build/DerivedSources-normal/arm64 -Xcc -I/Users/admin/builder/spi-builder-workspace/.derivedData/Build/Intermediates.noindex/swift-atomics.build/Debug/Atomics.build/DerivedSources/arm64 -Xcc -I/Users/admin/builder/spi-builder-workspace/.derivedData/Build/Intermediates.noindex/swift-atomics.build/Debug/Atomics.build/DerivedSources -Xcc -DSWIFT_PACKAGE -Xcc -DDEBUG\=1 -emit-objc-header -emit-objc-header-path /Users/admin/builder/spi-builder-workspace/.derivedData/Build/Intermediates.noindex/swift-atomics.build/Debug/Atomics.build/Objects-normal/arm64/Atomics-Swift.h -working-directory /Users/admin/builder/spi-builder-workspace/.swiftpm/xcode -experimental-emit-module-separately -disable-cmo
PrecompileModule /Users/admin/builder/spi-builder-workspace/.derivedData/Build/Intermediates.noindex/ExplicitPrecompiledModules/TargetConditionals-EUX6C4YMWTU2CF613SPIIUA7U.scan
    cd /Users/admin/builder/spi-builder-workspace/.swiftpm/xcode
    builtin-precompileModule /Users/admin/builder/spi-builder-workspace/.derivedData/Build/Intermediates.noindex/ExplicitPrecompiledModules/TargetConditionals-EUX6C4YMWTU2CF613SPIIUA7U.scan
PrecompileModule /Users/admin/builder/spi-builder-workspace/.derivedData/Build/Intermediates.noindex/ExplicitPrecompiledModules/_fenv-PV5IQD02HFUEABURBL17I4OO.scan
    cd /Users/admin/builder/spi-builder-workspace/.swiftpm/xcode
    builtin-precompileModule /Users/admin/builder/spi-builder-workspace/.derivedData/Build/Intermediates.noindex/ExplicitPrecompiledModules/_fenv-PV5IQD02HFUEABURBL17I4OO.scan
PrecompileModule /Users/admin/builder/spi-builder-workspace/.derivedData/Build/Intermediates.noindex/ExplicitPrecompiledModules/os_availability-6JKKVIMP36T16421CM173RK71.scan
    cd /Users/admin/builder/spi-builder-workspace/.swiftpm/xcode
    builtin-precompileModule /Users/admin/builder/spi-builder-workspace/.derivedData/Build/Intermediates.noindex/ExplicitPrecompiledModules/os_availability-6JKKVIMP36T16421CM173RK71.scan
PrecompileModule /Users/admin/builder/spi-builder-workspace/.derivedData/Build/Intermediates.noindex/ExplicitPrecompiledModules/_Builtin_float-1U8P5J8BRL0FMZ8ZJCJ0Y025.scan
    cd /Users/admin/builder/spi-builder-workspace/.swiftpm/xcode
    builtin-precompileModule /Users/admin/builder/spi-builder-workspace/.derivedData/Build/Intermediates.noindex/ExplicitPrecompiledModules/_Builtin_float-1U8P5J8BRL0FMZ8ZJCJ0Y025.scan
PrecompileModule /Users/admin/builder/spi-builder-workspace/.derivedData/Build/Intermediates.noindex/ExplicitPrecompiledModules/_assert-37G8NTFUQ2KMHQ8I1738KDIX5.scan
    cd /Users/admin/builder/spi-builder-workspace/.swiftpm/xcode
    builtin-precompileModule /Users/admin/builder/spi-builder-workspace/.derivedData/Build/Intermediates.noindex/ExplicitPrecompiledModules/_assert-37G8NTFUQ2KMHQ8I1738KDIX5.scan
PrecompileModule /Users/admin/builder/spi-builder-workspace/.derivedData/Build/Intermediates.noindex/ExplicitPrecompiledModules/DarwinFoundation-7K01H3NXA163FQT0CKS0VLLYA.scan
    cd /Users/admin/builder/spi-builder-workspace/.swiftpm/xcode
    builtin-precompileModule /Users/admin/builder/spi-builder-workspace/.derivedData/Build/Intermediates.noindex/ExplicitPrecompiledModules/DarwinFoundation-7K01H3NXA163FQT0CKS0VLLYA.scan
PrecompileModule /Users/admin/builder/spi-builder-workspace/.derivedData/Build/Intermediates.noindex/ExplicitPrecompiledModules/AvailabilityMacros-XNF2SKKROZAO9P0FFOKDASO2.scan
    cd /Users/admin/builder/spi-builder-workspace/.swiftpm/xcode
    builtin-precompileModule /Users/admin/builder/spi-builder-workspace/.derivedData/Build/Intermediates.noindex/ExplicitPrecompiledModules/AvailabilityMacros-XNF2SKKROZAO9P0FFOKDASO2.scan
CompileC /Users/admin/builder/spi-builder-workspace/.derivedData/Build/Intermediates.noindex/swift-atomics.build/Debug/_AtomicsShims.build/Objects-normal/arm64/_AtomicsShims.o /Users/admin/builder/spi-builder-workspace/.dependencies/checkouts/swift-atomics/Sources/_AtomicsShims/src/_AtomicsShims.c normal arm64 c com.apple.compilers.llvm.clang.1_0.compiler (in target '_AtomicsShims' from project 'swift-atomics')
    cd /Users/admin/builder/spi-builder-workspace/.swiftpm/xcode

    Using response file: /Users/admin/builder/spi-builder-workspace/.derivedData/Build/Intermediates.noindex/swift-atomics.build/Debug/_AtomicsShims.build/Objects-normal/arm64/7187679823f38a2a940e0043cdf9d637-common-args.resp

    /Applications/Xcode-16.3.0.app/Contents/Developer/Toolchains/XcodeDefault.xctoolchain/usr/bin/clang -x c -ivfsstatcache /Users/admin/builder/spi-builder-workspace/.derivedData/SDKStatCaches.noindex/macosx15.4-24E241-8287b8f5db97e746a1562fbca0c9d29b.sdkstatcache -fmessage-length\=0 -fdiagnostics-show-note-include-stack -fmacro-backtrace-limit\=0 -fno-color-diagnostics -fmodules-prune-interval\=86400 -fmodules-prune-after\=345600 -fbuild-session-file\=/Users/admin/builder/spi-builder-workspace/.derivedData/ModuleCache.noindex/Session.modulevalidation -fmodules-validate-once-per-build-session -Wnon-modular-include-in-framework-module -Werror\=non-modular-include-in-framework-module -Wno-trigraphs -Wno-missing-field-initializers -Wno-missing-prototypes -Wno-return-type -Wno-missing-braces -Wparentheses -Wswitch -Wno-unused-function -Wno-unused-label -Wno-unused-parameter -Wno-unused-variable -Wunused-value -Wno-empty-body -Wno-uninitialized -Wno-unknown-pragmas -w -Wno-shadow -Wno-four-char-constants -Wno-conversion -Wno-constant-conversion -Wno-int-conversion -Wno-bool-conversion -Wno-enum-conversion -Wno-float-conversion -Wno-non-literal-null-conversion -Wno-objc-literal-conversion -Wshorten-64-to-32 -Wpointer-sign -Wno-newline-eof -Wno-implicit-fallthrough -fstrict-aliasing -Wdeprecated-declarations -Wno-sign-conversion -Wno-infinite-recursion -Wno-comma -Wno-block-capture-autoreleasing -Wno-strict-prototypes -Wno-semicolon-before-method-body -index-store-path /Users/admin/builder/spi-builder-workspace/.derivedData/Index.noindex/DataStore @/Users/admin/builder/spi-builder-workspace/.derivedData/Build/Intermediates.noindex/swift-atomics.build/Debug/_AtomicsShims.build/Objects-normal/arm64/7187679823f38a2a940e0043cdf9d637-common-args.resp -MMD -MT dependencies -MF /Users/admin/builder/spi-builder-workspace/.derivedData/Build/Intermediates.noindex/swift-atomics.build/Debug/_AtomicsShims.build/Objects-normal/arm64/_AtomicsShims.d --serialize-diagnostics /Users/admin/builder/spi-builder-workspace/.derivedData/Build/Intermediates.noindex/swift-atomics.build/Debug/_AtomicsShims.build/Objects-normal/arm64/_AtomicsShims.dia -c /Users/admin/builder/spi-builder-workspace/.dependencies/checkouts/swift-atomics/Sources/_AtomicsShims/src/_AtomicsShims.c -o /Users/admin/builder/spi-builder-workspace/.derivedData/Build/Intermediates.noindex/swift-atomics.build/Debug/_AtomicsShims.build/Objects-normal/arm64/_AtomicsShims.o -index-unit-output-path /swift-atomics.build/Debug/_AtomicsShims.build/Objects-normal/arm64/_AtomicsShims.o
Ld /Users/admin/builder/spi-builder-workspace/.derivedData/Build/Products/Debug/_AtomicsShims.o normal (in target '_AtomicsShims' from project 'swift-atomics')
    cd /Users/admin/builder/spi-builder-workspace/.dependencies/checkouts/swift-atomics
    /Applications/Xcode-16.3.0.app/Contents/Developer/Toolchains/XcodeDefault.xctoolchain/usr/bin/clang -Xlinker -reproducible -target arm64-apple-macos10.13 -r -isysroot /Applications/Xcode-16.3.0.app/Contents/Developer/Platforms/MacOSX.platform/Developer/SDKs/MacOSX15.4.sdk -O0 -w -L/Users/admin/builder/spi-builder-workspace/.derivedData/Build/Intermediates.noindex/EagerLinkingTBDs/Debug -L/Users/admin/builder/spi-builder-workspace/.derivedData/Build/Products/Debug -L/Applications/Xcode-16.3.0.app/Contents/Developer/Platforms/MacOSX.platform/Developer/usr/lib -F/Users/admin/builder/spi-builder-workspace/.derivedData/Build/Intermediates.noindex/EagerLinkingTBDs/Debug -F/Users/admin/builder/spi-builder-workspace/.derivedData/Build/Products/Debug -iframework /Applications/Xcode-16.3.0.app/Contents/Developer/Platforms/MacOSX.platform/Developer/Library/Frameworks -filelist /Users/admin/builder/spi-builder-workspace/.derivedData/Build/Intermediates.noindex/swift-atomics.build/Debug/_AtomicsShims.build/Objects-normal/arm64/_AtomicsShims.LinkFileList -nostdlib -Xlinker -object_path_lto -Xlinker /Users/admin/builder/spi-builder-workspace/.derivedData/Build/Intermediates.noindex/swift-atomics.build/Debug/_AtomicsShims.build/Objects-normal/arm64/_AtomicsShims_lto.o -rdynamic -Xlinker -no_deduplicate -Xlinker -debug_variant -Xlinker -dependency_info -Xlinker /Users/admin/builder/spi-builder-workspace/.derivedData/Build/Intermediates.noindex/swift-atomics.build/Debug/_AtomicsShims.build/Objects-normal/arm64/_AtomicsShims_dependency_info.dat -o /Users/admin/builder/spi-builder-workspace/.derivedData/Build/Products/Debug/_AtomicsShims.o
PrecompileModule /Users/admin/builder/spi-builder-workspace/.derivedData/Build/Intermediates.noindex/ExplicitPrecompiledModules/_useconds_t-2RGO7S4JBHD65BDZEHE1Q27EF.scan
    cd /Users/admin/builder/spi-builder-workspace/.swiftpm/xcode
    builtin-precompileModule /Users/admin/builder/spi-builder-workspace/.derivedData/Build/Intermediates.noindex/ExplicitPrecompiledModules/_useconds_t-2RGO7S4JBHD65BDZEHE1Q27EF.scan
PrecompileModule /Users/admin/builder/spi-builder-workspace/.derivedData/Build/Intermediates.noindex/ExplicitPrecompiledModules/_strings-5EFLIP89Z30QYOJAPKBD3KNJT.scan
    cd /Users/admin/builder/spi-builder-workspace/.swiftpm/xcode
    builtin-precompileModule /Users/admin/builder/spi-builder-workspace/.derivedData/Build/Intermediates.noindex/ExplicitPrecompiledModules/_strings-5EFLIP89Z30QYOJAPKBD3KNJT.scan
PrecompileModule /Users/admin/builder/spi-builder-workspace/.derivedData/Build/Intermediates.noindex/ExplicitPrecompiledModules/netinet_in-51CAHN7ETJV241FZL3ZE6967X.scan
    cd /Users/admin/builder/spi-builder-workspace/.swiftpm/xcode
    builtin-precompileModule /Users/admin/builder/spi-builder-workspace/.derivedData/Build/Intermediates.noindex/ExplicitPrecompiledModules/netinet_in-51CAHN7ETJV241FZL3ZE6967X.scan
PrecompileModule /Users/admin/builder/spi-builder-workspace/.derivedData/Build/Intermediates.noindex/ExplicitPrecompiledModules/_limits-EJHWN4ODK4NM8BIJBHQ2KOU74.scan
    cd /Users/admin/builder/spi-builder-workspace/.swiftpm/xcode
    builtin-precompileModule /Users/admin/builder/spi-builder-workspace/.derivedData/Build/Intermediates.noindex/ExplicitPrecompiledModules/_limits-EJHWN4ODK4NM8BIJBHQ2KOU74.scan
PrecompileModule /Users/admin/builder/spi-builder-workspace/.derivedData/Build/Intermediates.noindex/ExplicitPrecompiledModules/mach-3QI4T9P7Y69E0FI38QI2S8NZC.scan
    cd /Users/admin/builder/spi-builder-workspace/.swiftpm/xcode
    builtin-precompileModule /Users/admin/builder/spi-builder-workspace/.derivedData/Build/Intermediates.noindex/ExplicitPrecompiledModules/mach-3QI4T9P7Y69E0FI38QI2S8NZC.scan
PrecompileModule /Users/admin/builder/spi-builder-workspace/.derivedData/Build/Intermediates.noindex/ExplicitPrecompiledModules/_locale-1RIS2BGUZL94CISHUW4ST05GX.scan
    cd /Users/admin/builder/spi-builder-workspace/.swiftpm/xcode
    builtin-precompileModule /Users/admin/builder/spi-builder-workspace/.derivedData/Build/Intermediates.noindex/ExplicitPrecompiledModules/_locale-1RIS2BGUZL94CISHUW4ST05GX.scan
PrecompileModule /Users/admin/builder/spi-builder-workspace/.derivedData/Build/Intermediates.noindex/ExplicitPrecompiledModules/_assert-63J1ZVO9NG3SXBZWPHGPNZPJS.scan
    cd /Users/admin/builder/spi-builder-workspace/.swiftpm/xcode
    builtin-precompileModule /Users/admin/builder/spi-builder-workspace/.derivedData/Build/Intermediates.noindex/ExplicitPrecompiledModules/_assert-63J1ZVO9NG3SXBZWPHGPNZPJS.scan
PrecompileModule /Users/admin/builder/spi-builder-workspace/.derivedData/Build/Intermediates.noindex/ExplicitPrecompiledModules/uuid-78V5HLXVR2P19TVUCZ36ZNB0T.scan
    cd /Users/admin/builder/spi-builder-workspace/.swiftpm/xcode
    builtin-precompileModule /Users/admin/builder/spi-builder-workspace/.derivedData/Build/Intermediates.noindex/ExplicitPrecompiledModules/uuid-78V5HLXVR2P19TVUCZ36ZNB0T.scan
PrecompileModule /Users/admin/builder/spi-builder-workspace/.derivedData/Build/Intermediates.noindex/ExplicitPrecompiledModules/_complex-CIN05U62JCWKL1CF7JG5QBWIJ.scan
    cd /Users/admin/builder/spi-builder-workspace/.swiftpm/xcode
    builtin-precompileModule /Users/admin/builder/spi-builder-workspace/.derivedData/Build/Intermediates.noindex/ExplicitPrecompiledModules/_complex-CIN05U62JCWKL1CF7JG5QBWIJ.scan
PrecompileModule /Users/admin/builder/spi-builder-workspace/.derivedData/Build/Intermediates.noindex/ExplicitPrecompiledModules/_math-BHZM6Z2JZUQI7WR4FJKJ0RZK6.scan
    cd /Users/admin/builder/spi-builder-workspace/.swiftpm/xcode
    builtin-precompileModule /Users/admin/builder/spi-builder-workspace/.derivedData/Build/Intermediates.noindex/ExplicitPrecompiledModules/_math-BHZM6Z2JZUQI7WR4FJKJ0RZK6.scan
PrecompileModule /Users/admin/builder/spi-builder-workspace/.derivedData/Build/Intermediates.noindex/ExplicitPrecompiledModules/_setjmp-1BBH79QAHR320S23DQJM0FPII.scan
    cd /Users/admin/builder/spi-builder-workspace/.swiftpm/xcode
    builtin-precompileModule /Users/admin/builder/spi-builder-workspace/.derivedData/Build/Intermediates.noindex/ExplicitPrecompiledModules/_setjmp-1BBH79QAHR320S23DQJM0FPII.scan
PrecompileModule /Users/admin/builder/spi-builder-workspace/.derivedData/Build/Intermediates.noindex/ExplicitPrecompiledModules/_stdint-2ERPWHQGL4KIL5WKQDIFC698.scan
    cd /Users/admin/builder/spi-builder-workspace/.swiftpm/xcode
    builtin-precompileModule /Users/admin/builder/spi-builder-workspace/.derivedData/Build/Intermediates.noindex/ExplicitPrecompiledModules/_stdint-2ERPWHQGL4KIL5WKQDIFC698.scan
PrecompileModule /Users/admin/builder/spi-builder-workspace/.derivedData/Build/Intermediates.noindex/ExplicitPrecompiledModules/alloca-A3UU0GL5DAUM4AB2EM6RIQMDQ.scan
    cd /Users/admin/builder/spi-builder-workspace/.swiftpm/xcode
    builtin-precompileModule /Users/admin/builder/spi-builder-workspace/.derivedData/Build/Intermediates.noindex/ExplicitPrecompiledModules/alloca-A3UU0GL5DAUM4AB2EM6RIQMDQ.scan
PrecompileModule /Users/admin/builder/spi-builder-workspace/.derivedData/Build/Intermediates.noindex/ExplicitPrecompiledModules/runetype-C2LGSW529EDFFUEYLZEGHWYD0.scan
    cd /Users/admin/builder/spi-builder-workspace/.swiftpm/xcode
    builtin-precompileModule /Users/admin/builder/spi-builder-workspace/.derivedData/Build/Intermediates.noindex/ExplicitPrecompiledModules/runetype-C2LGSW529EDFFUEYLZEGHWYD0.scan
PrecompileModule /Users/admin/builder/spi-builder-workspace/.derivedData/Build/Intermediates.noindex/ExplicitPrecompiledModules/_sys_select-392AMN978KR0ZN2NTUOAISIA.scan
    cd /Users/admin/builder/spi-builder-workspace/.swiftpm/xcode
    builtin-precompileModule /Users/admin/builder/spi-builder-workspace/.derivedData/Build/Intermediates.noindex/ExplicitPrecompiledModules/_sys_select-392AMN978KR0ZN2NTUOAISIA.scan
PrecompileModule /Users/admin/builder/spi-builder-workspace/.derivedData/Build/Intermediates.noindex/ExplicitPrecompiledModules/sys_time-7G0D0ENFTFABBUF51JZ1CXGP9.scan
    cd /Users/admin/builder/spi-builder-workspace/.swiftpm/xcode
    builtin-precompileModule /Users/admin/builder/spi-builder-workspace/.derivedData/Build/Intermediates.noindex/ExplicitPrecompiledModules/sys_time-7G0D0ENFTFABBUF51JZ1CXGP9.scan
PrecompileModule /Users/admin/builder/spi-builder-workspace/.derivedData/Build/Intermediates.noindex/ExplicitPrecompiledModules/_Builtin_limits-6C6E68ZHFO29JE4GAYLR5URF3.scan
    cd /Users/admin/builder/spi-builder-workspace/.swiftpm/xcode
    builtin-precompileModule /Users/admin/builder/spi-builder-workspace/.derivedData/Build/Intermediates.noindex/ExplicitPrecompiledModules/_Builtin_limits-6C6E68ZHFO29JE4GAYLR5URF3.scan
PrecompileModule /Users/admin/builder/spi-builder-workspace/.derivedData/Build/Intermediates.noindex/ExplicitPrecompiledModules/_errno-98UJ7F96E9OVAKIZ8GCVQCABW.scan
    cd /Users/admin/builder/spi-builder-workspace/.swiftpm/xcode
    builtin-precompileModule /Users/admin/builder/spi-builder-workspace/.derivedData/Build/Intermediates.noindex/ExplicitPrecompiledModules/_errno-98UJ7F96E9OVAKIZ8GCVQCABW.scan
SwiftEmitModule normal arm64 Emitting\ module\ for\ Atomics (in target 'Atomics' from project 'swift-atomics')
EmitSwiftModule normal arm64 (in target 'Atomics' from project 'swift-atomics')
    cd /Users/admin/builder/spi-builder-workspace/.swiftpm/xcode

PrecompileModule /Users/admin/builder/spi-builder-workspace/.derivedData/Build/Intermediates.noindex/ExplicitPrecompiledModules/xlocale-EP9TKROP2T2IUIS19YTC6EOKH.scan
    cd /Users/admin/builder/spi-builder-workspace/.swiftpm/xcode
    builtin-precompileModule /Users/admin/builder/spi-builder-workspace/.derivedData/Build/Intermediates.noindex/ExplicitPrecompiledModules/xlocale-EP9TKROP2T2IUIS19YTC6EOKH.scan
PrecompileModule /Users/admin/builder/spi-builder-workspace/.derivedData/Build/Intermediates.noindex/ExplicitPrecompiledModules/_Builtin_stdint-70JXDRWTOXIS7N4CC659TT62.scan
    cd /Users/admin/builder/spi-builder-workspace/.swiftpm/xcode
    builtin-precompileModule /Users/admin/builder/spi-builder-workspace/.derivedData/Build/Intermediates.noindex/ExplicitPrecompiledModules/_Builtin_stdint-70JXDRWTOXIS7N4CC659TT62.scan
SwiftCompile normal arm64 Compiling\ PointerConformances.swift,\ Primitives.native.swift /Users/admin/builder/spi-builder-workspace/.dependencies/checkouts/swift-atomics/Sources/Atomics/Conformances/autogenerated/PointerConformances.swift /Users/admin/builder/spi-builder-workspace/.dependencies/checkouts/swift-atomics/Sources/Atomics/Primitives/autogenerated/Primitives.native.swift (in target 'Atomics' from project 'swift-atomics')
SwiftCompile normal arm64 /Users/admin/builder/spi-builder-workspace/.dependencies/checkouts/swift-atomics/Sources/Atomics/Conformances/autogenerated/PointerConformances.swift (in target 'Atomics' from project 'swift-atomics')
    cd /Users/admin/builder/spi-builder-workspace/.swiftpm/xcode

SwiftCompile normal arm64 /Users/admin/builder/spi-builder-workspace/.dependencies/checkouts/swift-atomics/Sources/Atomics/Primitives/autogenerated/Primitives.native.swift (in target 'Atomics' from project 'swift-atomics')
    cd /Users/admin/builder/spi-builder-workspace/.swiftpm/xcode

SwiftCompile normal arm64 Compiling\ AtomicInteger.swift,\ AtomicOptionalWrappable.swift /Users/admin/builder/spi-builder-workspace/.dependencies/checkouts/swift-atomics/Sources/Atomics/Protocols/AtomicInteger.swift /Users/admin/builder/spi-builder-workspace/.dependencies/checkouts/swift-atomics/Sources/Atomics/Protocols/AtomicOptionalWrappable.swift (in target 'Atomics' from project 'swift-atomics')
SwiftCompile normal arm64 /Users/admin/builder/spi-builder-workspace/.dependencies/checkouts/swift-atomics/Sources/Atomics/Protocols/AtomicInteger.swift (in target 'Atomics' from project 'swift-atomics')
    cd /Users/admin/builder/spi-builder-workspace/.swiftpm/xcode

SwiftCompile normal arm64 /Users/admin/builder/spi-builder-workspace/.dependencies/checkouts/swift-atomics/Sources/Atomics/Protocols/AtomicOptionalWrappable.swift (in target 'Atomics' from project 'swift-atomics')
    cd /Users/admin/builder/spi-builder-workspace/.swiftpm/xcode

SwiftCompile normal arm64 Compiling\ AtomicValue.swift,\ AtomicMemoryOrderings.swift /Users/admin/builder/spi-builder-workspace/.dependencies/checkouts/swift-atomics/Sources/Atomics/Protocols/AtomicValue.swift /Users/admin/builder/spi-builder-workspace/.dependencies/checkouts/swift-atomics/Sources/Atomics/Types/AtomicMemoryOrderings.swift (in target 'Atomics' from project 'swift-atomics')
SwiftCompile normal arm64 /Users/admin/builder/spi-builder-workspace/.dependencies/checkouts/swift-atomics/Sources/Atomics/Protocols/AtomicValue.swift (in target 'Atomics' from project 'swift-atomics')
    cd /Users/admin/builder/spi-builder-workspace/.swiftpm/xcode

SwiftCompile normal arm64 /Users/admin/builder/spi-builder-workspace/.dependencies/checkouts/swift-atomics/Sources/Atomics/Types/AtomicMemoryOrderings.swift (in target 'Atomics' from project 'swift-atomics')
    cd /Users/admin/builder/spi-builder-workspace/.swiftpm/xcode

PrecompileModule /Users/admin/builder/spi-builder-workspace/.derivedData/Build/Intermediates.noindex/ExplicitPrecompiledModules/_ctype-D7ZL4FG6IC1Y3GAMDR83TK3UX.scan
    cd /Users/admin/builder/spi-builder-workspace/.swiftpm/xcode
    builtin-precompileModule /Users/admin/builder/spi-builder-workspace/.derivedData/Build/Intermediates.noindex/ExplicitPrecompiledModules/_ctype-D7ZL4FG6IC1Y3GAMDR83TK3UX.scan
PrecompileModule /Users/admin/builder/spi-builder-workspace/.derivedData/Build/Intermediates.noindex/ExplicitPrecompiledModules/_tgmath-BCE8UWUU3LTCXIVTF9WP2IO7B.scan
    cd /Users/admin/builder/spi-builder-workspace/.swiftpm/xcode
    builtin-precompileModule /Users/admin/builder/spi-builder-workspace/.derivedData/Build/Intermediates.noindex/ExplicitPrecompiledModules/_tgmath-BCE8UWUU3LTCXIVTF9WP2IO7B.scan
SwiftCompile normal arm64 Compiling\ ManagedAtomicLazyReference.swift,\ UnsafeAtomic.swift /Users/admin/builder/spi-builder-workspace/.dependencies/checkouts/swift-atomics/Sources/Atomics/Types/ManagedAtomicLazyReference.swift /Users/admin/builder/spi-builder-workspace/.dependencies/checkouts/swift-atomics/Sources/Atomics/Types/UnsafeAtomic.swift (in target 'Atomics' from project 'swift-atomics')
SwiftCompile normal arm64 /Users/admin/builder/spi-builder-workspace/.dependencies/checkouts/swift-atomics/Sources/Atomics/Types/ManagedAtomicLazyReference.swift (in target 'Atomics' from project 'swift-atomics')
    cd /Users/admin/builder/spi-builder-workspace/.swiftpm/xcode

SwiftCompile normal arm64 /Users/admin/builder/spi-builder-workspace/.dependencies/checkouts/swift-atomics/Sources/Atomics/Types/UnsafeAtomic.swift (in target 'Atomics' from project 'swift-atomics')
    cd /Users/admin/builder/spi-builder-workspace/.swiftpm/xcode

PrecompileModule /Users/admin/builder/spi-builder-workspace/.derivedData/Build/Intermediates.noindex/ExplicitPrecompiledModules/sys_types-8S6V8DQOMI4LV44HLASLM3EML.scan
    cd /Users/admin/builder/spi-builder-workspace/.swiftpm/xcode
    builtin-precompileModule /Users/admin/builder/spi-builder-workspace/.derivedData/Build/Intermediates.noindex/ExplicitPrecompiledModules/sys_types-8S6V8DQOMI4LV44HLASLM3EML.scan
SwiftCompile normal arm64 Compiling\ DoubleWord.swift,\ ManagedAtomic.swift /Users/admin/builder/spi-builder-workspace/.dependencies/checkouts/swift-atomics/Sources/Atomics/Types/DoubleWord.swift /Users/admin/builder/spi-builder-workspace/.dependencies/checkouts/swift-atomics/Sources/Atomics/Types/ManagedAtomic.swift (in target 'Atomics' from project 'swift-atomics')
SwiftCompile normal arm64 /Users/admin/builder/spi-builder-workspace/.dependencies/checkouts/swift-atomics/Sources/Atomics/Types/DoubleWord.swift (in target 'Atomics' from project 'swift-atomics')
    cd /Users/admin/builder/spi-builder-workspace/.swiftpm/xcode

SwiftCompile normal arm64 /Users/admin/builder/spi-builder-workspace/.dependencies/checkouts/swift-atomics/Sources/Atomics/Types/ManagedAtomic.swift (in target 'Atomics' from project 'swift-atomics')
    cd /Users/admin/builder/spi-builder-workspace/.swiftpm/xcode

SwiftCompile normal arm64 Compiling\ Unmanaged\ extensions.swift /Users/admin/builder/spi-builder-workspace/.dependencies/checkouts/swift-atomics/Sources/Atomics/Unmanaged\ extensions.swift (in target 'Atomics' from project 'swift-atomics')
SwiftCompile normal arm64 /Users/admin/builder/spi-builder-workspace/.dependencies/checkouts/swift-atomics/Sources/Atomics/Unmanaged\ extensions.swift (in target 'Atomics' from project 'swift-atomics')
    cd /Users/admin/builder/spi-builder-workspace/.swiftpm/xcode

PrecompileModule /Users/admin/builder/spi-builder-workspace/.derivedData/Build/Intermediates.noindex/ExplicitPrecompiledModules/_Builtin_stdatomic-3SDG6EFB2CZW1YI6B42RK9L3P.scan
    cd /Users/admin/builder/spi-builder-workspace/.swiftpm/xcode
    builtin-precompileModule /Users/admin/builder/spi-builder-workspace/.derivedData/Build/Intermediates.noindex/ExplicitPrecompiledModules/_Builtin_stdatomic-3SDG6EFB2CZW1YI6B42RK9L3P.scan
PrecompileModule /Users/admin/builder/spi-builder-workspace/.derivedData/Build/Intermediates.noindex/ExplicitPrecompiledModules/__wctype-CLQMM642E5O3IHCGCZFAY5880.scan
    cd /Users/admin/builder/spi-builder-workspace/.swiftpm/xcode
    builtin-precompileModule /Users/admin/builder/spi-builder-workspace/.derivedData/Build/Intermediates.noindex/ExplicitPrecompiledModules/__wctype-CLQMM642E5O3IHCGCZFAY5880.scan
PrecompileModule /Users/admin/builder/spi-builder-workspace/.derivedData/Build/Intermediates.noindex/ExplicitPrecompiledModules/_Builtin_tgmath-3K3TBPKCEZ501BS22XP5WMRPX.scan
    cd /Users/admin/builder/spi-builder-workspace/.swiftpm/xcode
    builtin-precompileModule /Users/admin/builder/spi-builder-workspace/.derivedData/Build/Intermediates.noindex/ExplicitPrecompiledModules/_Builtin_tgmath-3K3TBPKCEZ501BS22XP5WMRPX.scan
PrecompileModule /Users/admin/builder/spi-builder-workspace/.derivedData/Build/Intermediates.noindex/ExplicitPrecompiledModules/_stdio-3PHSS1VU2P9O6GMDFOIGYSO0H.scan
    cd /Users/admin/builder/spi-builder-workspace/.swiftpm/xcode
    builtin-precompileModule /Users/admin/builder/spi-builder-workspace/.derivedData/Build/Intermediates.noindex/ExplicitPrecompiledModules/_stdio-3PHSS1VU2P9O6GMDFOIGYSO0H.scan
PrecompileModule /Users/admin/builder/spi-builder-workspace/.derivedData/Build/Intermediates.noindex/ExplicitPrecompiledModules/sys_resource-21ZQ93KPA7SYOH6822MTGWS88.scan
    cd /Users/admin/builder/spi-builder-workspace/.swiftpm/xcode
    builtin-precompileModule /Users/admin/builder/spi-builder-workspace/.derivedData/Build/Intermediates.noindex/ExplicitPrecompiledModules/sys_resource-21ZQ93KPA7SYOH6822MTGWS88.scan
PrecompileModule /Users/admin/builder/spi-builder-workspace/.derivedData/Build/Intermediates.noindex/ExplicitPrecompiledModules/_signal-MX4KB38X6HSA16VDL23YA6CW.scan
    cd /Users/admin/builder/spi-builder-workspace/.swiftpm/xcode
    builtin-precompileModule /Users/admin/builder/spi-builder-workspace/.derivedData/Build/Intermediates.noindex/ExplicitPrecompiledModules/_signal-MX4KB38X6HSA16VDL23YA6CW.scan
PrecompileModule /Users/admin/builder/spi-builder-workspace/.derivedData/Build/Intermediates.noindex/ExplicitPrecompiledModules/_time-BCHP08DXCUCI175I2OUFXR4TE.scan
    cd /Users/admin/builder/spi-builder-workspace/.swiftpm/xcode
    builtin-precompileModule /Users/admin/builder/spi-builder-workspace/.derivedData/Build/Intermediates.noindex/ExplicitPrecompiledModules/_time-BCHP08DXCUCI175I2OUFXR4TE.scan
PrecompileModule /Users/admin/builder/spi-builder-workspace/.derivedData/Build/Intermediates.noindex/ExplicitPrecompiledModules/nl_types-1158Z5MYDTZ0KLRSYCHWG6WM.scan
    cd /Users/admin/builder/spi-builder-workspace/.swiftpm/xcode
    builtin-precompileModule /Users/admin/builder/spi-builder-workspace/.derivedData/Build/Intermediates.noindex/ExplicitPrecompiledModules/nl_types-1158Z5MYDTZ0KLRSYCHWG6WM.scan
PrecompileModule /Users/admin/builder/spi-builder-workspace/.derivedData/Build/Intermediates.noindex/ExplicitPrecompiledModules/_string-6T3HJ42BUGIMWEI00JM6HGYFG.scan
    cd /Users/admin/builder/spi-builder-workspace/.swiftpm/xcode
    builtin-precompileModule /Users/admin/builder/spi-builder-workspace/.derivedData/Build/Intermediates.noindex/ExplicitPrecompiledModules/_string-6T3HJ42BUGIMWEI00JM6HGYFG.scan
PrecompileModule /Users/admin/builder/spi-builder-workspace/.derivedData/Build/Intermediates.noindex/ExplicitPrecompiledModules/sys_wait-DHR399PRBL9L1LRC24VZMUHBJ.scan
    cd /Users/admin/builder/spi-builder-workspace/.swiftpm/xcode
    builtin-precompileModule /Users/admin/builder/spi-builder-workspace/.derivedData/Build/Intermediates.noindex/ExplicitPrecompiledModules/sys_wait-DHR399PRBL9L1LRC24VZMUHBJ.scan
PrecompileModule /Users/admin/builder/spi-builder-workspace/.derivedData/Build/Intermediates.noindex/ExplicitPrecompiledModules/_inttypes-4L8CF2VS7G6OLVJOK5J3J16B2.scan
    cd /Users/admin/builder/spi-builder-workspace/.swiftpm/xcode
    builtin-precompileModule /Users/admin/builder/spi-builder-workspace/.derivedData/Build/Intermediates.noindex/ExplicitPrecompiledModules/_inttypes-4L8CF2VS7G6OLVJOK5J3J16B2.scan
SwiftDriverJobDiscovery normal arm64 Compiling AtomicInteger.swift, AtomicOptionalWrappable.swift (in target 'Atomics' from project 'swift-atomics')
PrecompileModule /Users/admin/builder/spi-builder-workspace/.derivedData/Build/Intermediates.noindex/ExplicitPrecompiledModules/gethostuuid-6PFNIVVB3QX4OOHYTDZFK8PL6.scan
    cd /Users/admin/builder/spi-builder-workspace/.swiftpm/xcode
    builtin-precompileModule /Users/admin/builder/spi-builder-workspace/.derivedData/Build/Intermediates.noindex/ExplicitPrecompiledModules/gethostuuid-6PFNIVVB3QX4OOHYTDZFK8PL6.scan
PrecompileModule /Users/admin/builder/spi-builder-workspace/.derivedData/Build/Intermediates.noindex/ExplicitPrecompiledModules/pthread-2RWO2P55XK6O3XUV9UBXWTRDJ.scan
    cd /Users/admin/builder/spi-builder-workspace/.swiftpm/xcode
    builtin-precompileModule /Users/admin/builder/spi-builder-workspace/.derivedData/Build/Intermediates.noindex/ExplicitPrecompiledModules/pthread-2RWO2P55XK6O3XUV9UBXWTRDJ.scan
PrecompileModule /Users/admin/builder/spi-builder-workspace/.derivedData/Build/Intermediates.noindex/ExplicitPrecompiledModules/sys_select-1XJEQAQI65QZSXXW1Y8V7YP8X.scan
    cd /Users/admin/builder/spi-builder-workspace/.swiftpm/xcode
    builtin-precompileModule /Users/admin/builder/spi-builder-workspace/.derivedData/Build/Intermediates.noindex/ExplicitPrecompiledModules/sys_select-1XJEQAQI65QZSXXW1Y8V7YP8X.scan
SwiftDriverJobDiscovery normal arm64 Compiling Unmanaged extensions.swift (in target 'Atomics' from project 'swift-atomics')
PrecompileModule /Users/admin/builder/spi-builder-workspace/.derivedData/Build/Intermediates.noindex/ExplicitPrecompiledModules/_wctype-EA1MU8FKTO0HTGIF4KRAYXE40.scan
    cd /Users/admin/builder/spi-builder-workspace/.swiftpm/xcode
    builtin-precompileModule /Users/admin/builder/spi-builder-workspace/.derivedData/Build/Intermediates.noindex/ExplicitPrecompiledModules/_wctype-EA1MU8FKTO0HTGIF4KRAYXE40.scan
PrecompileModule /Users/admin/builder/spi-builder-workspace/.derivedData/Build/Intermediates.noindex/ExplicitPrecompiledModules/_Builtin_inttypes-56V376QLAHF1JSA78M0TDSS0T.scan
    cd /Users/admin/builder/spi-builder-workspace/.swiftpm/xcode
    builtin-precompileModule /Users/admin/builder/spi-builder-workspace/.derivedData/Build/Intermediates.noindex/ExplicitPrecompiledModules/_Builtin_inttypes-56V376QLAHF1JSA78M0TDSS0T.scan
PrecompileModule /Users/admin/builder/spi-builder-workspace/.derivedData/Build/Intermediates.noindex/ExplicitPrecompiledModules/_stdlib-BYZCWF3J2RQ5O1JJWJQXJIWUZ.scan
    cd /Users/admin/builder/spi-builder-workspace/.swiftpm/xcode
    builtin-precompileModule /Users/admin/builder/spi-builder-workspace/.derivedData/Build/Intermediates.noindex/ExplicitPrecompiledModules/_stdlib-BYZCWF3J2RQ5O1JJWJQXJIWUZ.scan
PrecompileModule /Users/admin/builder/spi-builder-workspace/.derivedData/Build/Intermediates.noindex/ExplicitPrecompiledModules/_wchar-AKECJ1J2J273GJLV6YNHKHH1Y.scan
    cd /Users/admin/builder/spi-builder-workspace/.swiftpm/xcode
    builtin-precompileModule /Users/admin/builder/spi-builder-workspace/.derivedData/Build/Intermediates.noindex/ExplicitPrecompiledModules/_wchar-AKECJ1J2J273GJLV6YNHKHH1Y.scan
SwiftDriverJobDiscovery normal arm64 Compiling AtomicValue.swift, AtomicMemoryOrderings.swift (in target 'Atomics' from project 'swift-atomics')
SwiftCompile normal arm64 Compiling\ AtomicReference.swift,\ AtomicStorage.swift /Users/admin/builder/spi-builder-workspace/.dependencies/checkouts/swift-atomics/Sources/Atomics/Protocols/AtomicReference.swift /Users/admin/builder/spi-builder-workspace/.dependencies/checkouts/swift-atomics/Sources/Atomics/Protocols/AtomicStorage.swift (in target 'Atomics' from project 'swift-atomics')
SwiftCompile normal arm64 /Users/admin/builder/spi-builder-workspace/.dependencies/checkouts/swift-atomics/Sources/Atomics/Protocols/AtomicReference.swift (in target 'Atomics' from project 'swift-atomics')
    cd /Users/admin/builder/spi-builder-workspace/.swiftpm/xcode

SwiftCompile normal arm64 /Users/admin/builder/spi-builder-workspace/.dependencies/checkouts/swift-atomics/Sources/Atomics/Protocols/AtomicStorage.swift (in target 'Atomics' from project 'swift-atomics')
    cd /Users/admin/builder/spi-builder-workspace/.swiftpm/xcode

SwiftDriverJobDiscovery normal arm64 Compiling ManagedAtomicLazyReference.swift, UnsafeAtomic.swift (in target 'Atomics' from project 'swift-atomics')
SwiftCompile normal arm64 Compiling\ UnsafeAtomicLazyReference.swift,\ IntegerOperations.swift /Users/admin/builder/spi-builder-workspace/.dependencies/checkouts/swift-atomics/Sources/Atomics/Types/UnsafeAtomicLazyReference.swift /Users/admin/builder/spi-builder-workspace/.dependencies/checkouts/swift-atomics/Sources/Atomics/Types/autogenerated/IntegerOperations.swift (in target 'Atomics' from project 'swift-atomics')
SwiftCompile normal arm64 /Users/admin/builder/spi-builder-workspace/.dependencies/checkouts/swift-atomics/Sources/Atomics/Types/UnsafeAtomicLazyReference.swift (in target 'Atomics' from project 'swift-atomics')
    cd /Users/admin/builder/spi-builder-workspace/.swiftpm/xcode

SwiftCompile normal arm64 /Users/admin/builder/spi-builder-workspace/.dependencies/checkouts/swift-atomics/Sources/Atomics/Types/autogenerated/IntegerOperations.swift (in target 'Atomics' from project 'swift-atomics')
    cd /Users/admin/builder/spi-builder-workspace/.swiftpm/xcode

PrecompileModule /Users/admin/builder/spi-builder-workspace/.derivedData/Build/Intermediates.noindex/ExplicitPrecompiledModules/unistd-7Y1OFDIKP52J7BS9XOMZCCXFT.scan
    cd /Users/admin/builder/spi-builder-workspace/.swiftpm/xcode
    builtin-precompileModule /Users/admin/builder/spi-builder-workspace/.derivedData/Build/Intermediates.noindex/ExplicitPrecompiledModules/unistd-7Y1OFDIKP52J7BS9XOMZCCXFT.scan
SwiftCompile normal arm64 Compiling\ OptionalRawRepresentable.swift,\ RawRepresentable.swift /Users/admin/builder/spi-builder-workspace/.dependencies/checkouts/swift-atomics/Sources/Atomics/Conformances/OptionalRawRepresentable.swift /Users/admin/builder/spi-builder-workspace/.dependencies/checkouts/swift-atomics/Sources/Atomics/Conformances/RawRepresentable.swift (in target 'Atomics' from project 'swift-atomics')
SwiftCompile normal arm64 /Users/admin/builder/spi-builder-workspace/.dependencies/checkouts/swift-atomics/Sources/Atomics/Conformances/OptionalRawRepresentable.swift (in target 'Atomics' from project 'swift-atomics')
    cd /Users/admin/builder/spi-builder-workspace/.swiftpm/xcode

SwiftCompile normal arm64 /Users/admin/builder/spi-builder-workspace/.dependencies/checkouts/swift-atomics/Sources/Atomics/Conformances/RawRepresentable.swift (in target 'Atomics' from project 'swift-atomics')
    cd /Users/admin/builder/spi-builder-workspace/.swiftpm/xcode

SwiftCompile normal arm64 Compiling\ AtomicBool.swift,\ IntegerConformances.swift /Users/admin/builder/spi-builder-workspace/.dependencies/checkouts/swift-atomics/Sources/Atomics/Conformances/autogenerated/AtomicBool.swift /Users/admin/builder/spi-builder-workspace/.dependencies/checkouts/swift-atomics/Sources/Atomics/Conformances/autogenerated/IntegerConformances.swift (in target 'Atomics' from project 'swift-atomics')
SwiftCompile normal arm64 /Users/admin/builder/spi-builder-workspace/.dependencies/checkouts/swift-atomics/Sources/Atomics/Conformances/autogenerated/AtomicBool.swift (in target 'Atomics' from project 'swift-atomics')
    cd /Users/admin/builder/spi-builder-workspace/.swiftpm/xcode

SwiftCompile normal arm64 /Users/admin/builder/spi-builder-workspace/.dependencies/checkouts/swift-atomics/Sources/Atomics/Conformances/autogenerated/IntegerConformances.swift (in target 'Atomics' from project 'swift-atomics')
    cd /Users/admin/builder/spi-builder-workspace/.swiftpm/xcode

SwiftDriverJobDiscovery normal arm64 Compiling DoubleWord.swift, ManagedAtomic.swift (in target 'Atomics' from project 'swift-atomics')
RegisterExecutionPolicyException /Users/admin/builder/spi-builder-workspace/.derivedData/Build/Products/Debug/_AtomicsShims.o (in target '_AtomicsShims' from project 'swift-atomics')
    cd /Users/admin/builder/spi-builder-workspace/.dependencies/checkouts/swift-atomics
    builtin-RegisterExecutionPolicyException /Users/admin/builder/spi-builder-workspace/.derivedData/Build/Products/Debug/_AtomicsShims.o
PrecompileModule /Users/admin/builder/spi-builder-workspace/.derivedData/Build/Intermediates.noindex/ExplicitPrecompiledModules/Darwin-7DUHOMVBVR3BC9SOWJH6OO7LD.scan
    cd /Users/admin/builder/spi-builder-workspace/.swiftpm/xcode
    builtin-precompileModule /Users/admin/builder/spi-builder-workspace/.derivedData/Build/Intermediates.noindex/ExplicitPrecompiledModules/Darwin-7DUHOMVBVR3BC9SOWJH6OO7LD.scan
SwiftDriverJobDiscovery normal arm64 Compiling UnsafeAtomicLazyReference.swift, IntegerOperations.swift (in target 'Atomics' from project 'swift-atomics')
SwiftDriverJobDiscovery normal arm64 Compiling OptionalRawRepresentable.swift, RawRepresentable.swift (in target 'Atomics' from project 'swift-atomics')
SwiftDriverJobDiscovery normal arm64 Compiling AtomicReference.swift, AtomicStorage.swift (in target 'Atomics' from project 'swift-atomics')
PrecompileModule /Users/admin/builder/spi-builder-workspace/.derivedData/Build/Intermediates.noindex/ExplicitPrecompiledModules/MachO-3B1D11U2HMV7QRRKB97Q5P2MY.scan
    cd /Users/admin/builder/spi-builder-workspace/.swiftpm/xcode
    builtin-precompileModule /Users/admin/builder/spi-builder-workspace/.derivedData/Build/Intermediates.noindex/ExplicitPrecompiledModules/MachO-3B1D11U2HMV7QRRKB97Q5P2MY.scan
SwiftDriverJobDiscovery normal arm64 Compiling AtomicBool.swift, IntegerConformances.swift (in target 'Atomics' from project 'swift-atomics')
CompileC /Users/admin/builder/spi-builder-workspace/.derivedData/Build/Intermediates.noindex/Echo.build/Debug/CEcho.build/Objects-normal/arm64/ImageInspectionMachO.o /Users/admin/builder/spi-builder-workspace/Sources/CEcho/ImageInspectionMachO.c normal arm64 c com.apple.compilers.llvm.clang.1_0.compiler (in target 'CEcho' from project 'Echo')
    cd /Users/admin/builder/spi-builder-workspace/.swiftpm/xcode

    Using response file: /Users/admin/builder/spi-builder-workspace/.derivedData/Build/Intermediates.noindex/Echo.build/Debug/CEcho.build/Objects-normal/arm64/7187679823f38a2a940e0043cdf9d637-common-args.resp

    /Applications/Xcode-16.3.0.app/Contents/Developer/Toolchains/XcodeDefault.xctoolchain/usr/bin/clang -x c -ivfsstatcache /Users/admin/builder/spi-builder-workspace/.derivedData/SDKStatCaches.noindex/macosx15.4-24E241-8287b8f5db97e746a1562fbca0c9d29b.sdkstatcache -fmessage-length\=0 -fdiagnostics-show-note-include-stack -fmacro-backtrace-limit\=0 -fno-color-diagnostics -fmodules-prune-interval\=86400 -fmodules-prune-after\=345600 -fbuild-session-file\=/Users/admin/builder/spi-builder-workspace/.derivedData/ModuleCache.noindex/Session.modulevalidation -fmodules-validate-once-per-build-session -Wnon-modular-include-in-framework-module -Werror\=non-modular-include-in-framework-module -Wno-trigraphs -Wno-missing-field-initializers -Wno-missing-prototypes -Wno-return-type -Wno-missing-braces -Wparentheses -Wswitch -Wno-unused-function -Wno-unused-label -Wno-unused-parameter -Wno-unused-variable -Wunused-value -Wno-empty-body -Wno-uninitialized -Wno-unknown-pragmas -Wno-shadow -Wno-four-char-constants -Wno-conversion -Wno-constant-conversion -Wno-int-conversion -Wno-bool-conversion -Wno-enum-conversion -Wno-float-conversion -Wno-non-literal-null-conversion -Wno-objc-literal-conversion -Wshorten-64-to-32 -Wpointer-sign -Wno-newline-eof -Wno-implicit-fallthrough -fstrict-aliasing -Wdeprecated-declarations -Wno-sign-conversion -Wno-infinite-recursion -Wno-comma -Wno-block-capture-autoreleasing -Wno-strict-prototypes -Wno-semicolon-before-method-body -index-store-path /Users/admin/builder/spi-builder-workspace/.derivedData/Index.noindex/DataStore @/Users/admin/builder/spi-builder-workspace/.derivedData/Build/Intermediates.noindex/Echo.build/Debug/CEcho.build/Objects-normal/arm64/7187679823f38a2a940e0043cdf9d637-common-args.resp -MMD -MT dependencies -MF /Users/admin/builder/spi-builder-workspace/.derivedData/Build/Intermediates.noindex/Echo.build/Debug/CEcho.build/Objects-normal/arm64/ImageInspectionMachO.d --serialize-diagnostics /Users/admin/builder/spi-builder-workspace/.derivedData/Build/Intermediates.noindex/Echo.build/Debug/CEcho.build/Objects-normal/arm64/ImageInspectionMachO.dia -c /Users/admin/builder/spi-builder-workspace/Sources/CEcho/ImageInspectionMachO.c -o /Users/admin/builder/spi-builder-workspace/.derivedData/Build/Intermediates.noindex/Echo.build/Debug/CEcho.build/Objects-normal/arm64/ImageInspectionMachO.o -index-unit-output-path /Echo.build/Debug/CEcho.build/Objects-normal/arm64/ImageInspectionMachO.o
Ld /Users/admin/builder/spi-builder-workspace/.derivedData/Build/Products/Debug/CEcho.o normal (in target 'CEcho' from project 'Echo')
    cd /Users/admin/builder/spi-builder-workspace
    /Applications/Xcode-16.3.0.app/Contents/Developer/Toolchains/XcodeDefault.xctoolchain/usr/bin/clang -Xlinker -reproducible -target arm64-apple-macos10.13 -r -isysroot /Applications/Xcode-16.3.0.app/Contents/Developer/Platforms/MacOSX.platform/Developer/SDKs/MacOSX15.4.sdk -O0 -L/Users/admin/builder/spi-builder-workspace/.derivedData/Build/Intermediates.noindex/EagerLinkingTBDs/Debug -L/Users/admin/builder/spi-builder-workspace/.derivedData/Build/Products/Debug -L/Applications/Xcode-16.3.0.app/Contents/Developer/Platforms/MacOSX.platform/Developer/usr/lib -F/Users/admin/builder/spi-builder-workspace/.derivedData/Build/Intermediates.noindex/EagerLinkingTBDs/Debug -F/Users/admin/builder/spi-builder-workspace/.derivedData/Build/Products/Debug -iframework /Applications/Xcode-16.3.0.app/Contents/Developer/Platforms/MacOSX.platform/Developer/Library/Frameworks -filelist /Users/admin/builder/spi-builder-workspace/.derivedData/Build/Intermediates.noindex/Echo.build/Debug/CEcho.build/Objects-normal/arm64/CEcho.LinkFileList -nostdlib -Xlinker -object_path_lto -Xlinker /Users/admin/builder/spi-builder-workspace/.derivedData/Build/Intermediates.noindex/Echo.build/Debug/CEcho.build/Objects-normal/arm64/CEcho_lto.o -rdynamic -Xlinker -no_deduplicate -Xlinker -debug_variant -Xlinker -dependency_info -Xlinker /Users/admin/builder/spi-builder-workspace/.derivedData/Build/Intermediates.noindex/Echo.build/Debug/CEcho.build/Objects-normal/arm64/CEcho_dependency_info.dat -o /Users/admin/builder/spi-builder-workspace/.derivedData/Build/Products/Debug/CEcho.o
SwiftDriverJobDiscovery normal arm64 Compiling PointerConformances.swift, Primitives.native.swift (in target 'Atomics' from project 'swift-atomics')
RegisterExecutionPolicyException /Users/admin/builder/spi-builder-workspace/.derivedData/Build/Products/Debug/CEcho.o (in target 'CEcho' from project 'Echo')
    cd /Users/admin/builder/spi-builder-workspace
    builtin-RegisterExecutionPolicyException /Users/admin/builder/spi-builder-workspace/.derivedData/Build/Products/Debug/CEcho.o
SwiftDriverJobDiscovery normal arm64 Emitting module for Atomics (in target 'Atomics' from project 'swift-atomics')
SwiftDriver\ Compilation\ Requirements Atomics normal arm64 com.apple.xcode.tools.swift.compiler (in target 'Atomics' from project 'swift-atomics')
    cd /Users/admin/builder/spi-builder-workspace/.swiftpm/xcode
    builtin-Swift-Compilation-Requirements -- /Applications/Xcode-16.3.0.app/Contents/Developer/Toolchains/XcodeDefault.xctoolchain/usr/bin/swiftc -module-name Atomics -Onone -enforce-exclusivity\=checked @/Users/admin/builder/spi-builder-workspace/.derivedData/Build/Intermediates.noindex/swift-atomics.build/Debug/Atomics.build/Objects-normal/arm64/Atomics.SwiftFileList -DSWIFT_PACKAGE -DDEBUG -DXcode -enable-experimental-feature BuiltinModule -plugin-path /Applications/Xcode-16.3.0.app/Contents/Developer/Toolchains/XcodeDefault.xctoolchain/usr/lib/swift/host/plugins/testing -enable-experimental-feature DebugDescriptionMacro -sdk /Applications/Xcode-16.3.0.app/Contents/Developer/Platforms/MacOSX.platform/Developer/SDKs/MacOSX15.4.sdk -target arm64-apple-macos10.13 -g -module-cache-path /Users/admin/builder/spi-builder-workspace/.derivedData/ModuleCache.noindex -Xfrontend -serialize-debugging-options -profile-coverage-mapping -profile-generate -enable-testing -suppress-warnings -index-store-path /Users/admin/builder/spi-builder-workspace/.derivedData/Index.noindex/DataStore -swift-version 5 -I /Users/admin/builder/spi-builder-workspace/.derivedData/Build/Products/Debug -I /Applications/Xcode-16.3.0.app/Contents/Developer/Platforms/MacOSX.platform/Developer/usr/lib -F /Users/admin/builder/spi-builder-workspace/.derivedData/Build/Products/Debug/PackageFrameworks -F /Users/admin/builder/spi-builder-workspace/.derivedData/Build/Products/Debug -F /Applications/Xcode-16.3.0.app/Contents/Developer/Platforms/MacOSX.platform/Developer/Library/Frameworks -c -j10 -enable-batch-mode -incremental -Xcc -ivfsstatcache -Xcc /Users/admin/builder/spi-builder-workspace/.derivedData/SDKStatCaches.noindex/macosx15.4-24E241-8287b8f5db97e746a1562fbca0c9d29b.sdkstatcache -output-file-map /Users/admin/builder/spi-builder-workspace/.derivedData/Build/Intermediates.noindex/swift-atomics.build/Debug/Atomics.build/Objects-normal/arm64/Atomics-OutputFileMap.json -use-frontend-parseable-output -save-temps -no-color-diagnostics -serialize-diagnostics -emit-dependencies -emit-module -emit-module-path /Users/admin/builder/spi-builder-workspace/.derivedData/Build/Intermediates.noindex/swift-atomics.build/Debug/Atomics.build/Objects-normal/arm64/Atomics.swiftmodule -validate-clang-modules-once -clang-build-session-file /Users/admin/builder/spi-builder-workspace/.derivedData/ModuleCache.noindex/Session.modulevalidation -package-name swift_atomics -Xcc -I/Users/admin/builder/spi-builder-workspace/.derivedData/Build/Intermediates.noindex/swift-atomics.build/Debug/Atomics.build/swift-overrides.hmap -emit-const-values -Xfrontend -const-gather-protocols-file -Xfrontend /Users/admin/builder/spi-builder-workspace/.derivedData/Build/Intermediates.noindex/swift-atomics.build/Debug/Atomics.build/Objects-normal/arm64/Atomics_const_extract_protocols.json -Xcc -I/Users/admin/builder/spi-builder-workspace/.dependencies/checkouts/swift-atomics/Sources/_AtomicsShims/include -Xcc -I/Users/admin/builder/spi-builder-workspace/.derivedData/Build/Products/Debug/include -Xcc -I/Users/admin/builder/spi-builder-workspace/.derivedData/Build/Intermediates.noindex/swift-atomics.build/Debug/Atomics.build/DerivedSources-normal/arm64 -Xcc -I/Users/admin/builder/spi-builder-workspace/.derivedData/Build/Intermediates.noindex/swift-atomics.build/Debug/Atomics.build/DerivedSources/arm64 -Xcc -I/Users/admin/builder/spi-builder-workspace/.derivedData/Build/Intermediates.noindex/swift-atomics.build/Debug/Atomics.build/DerivedSources -Xcc -DSWIFT_PACKAGE -Xcc -DDEBUG\=1 -emit-objc-header -emit-objc-header-path /Users/admin/builder/spi-builder-workspace/.derivedData/Build/Intermediates.noindex/swift-atomics.build/Debug/Atomics.build/Objects-normal/arm64/Atomics-Swift.h -working-directory /Users/admin/builder/spi-builder-workspace/.swiftpm/xcode -experimental-emit-module-separately -disable-cmo
SwiftDriver\ Compilation Atomics normal arm64 com.apple.xcode.tools.swift.compiler (in target 'Atomics' from project 'swift-atomics')
    cd /Users/admin/builder/spi-builder-workspace/.swiftpm/xcode
    builtin-Swift-Compilation -- /Applications/Xcode-16.3.0.app/Contents/Developer/Toolchains/XcodeDefault.xctoolchain/usr/bin/swiftc -module-name Atomics -Onone -enforce-exclusivity\=checked @/Users/admin/builder/spi-builder-workspace/.derivedData/Build/Intermediates.noindex/swift-atomics.build/Debug/Atomics.build/Objects-normal/arm64/Atomics.SwiftFileList -DSWIFT_PACKAGE -DDEBUG -DXcode -enable-experimental-feature BuiltinModule -plugin-path /Applications/Xcode-16.3.0.app/Contents/Developer/Toolchains/XcodeDefault.xctoolchain/usr/lib/swift/host/plugins/testing -enable-experimental-feature DebugDescriptionMacro -sdk /Applications/Xcode-16.3.0.app/Contents/Developer/Platforms/MacOSX.platform/Developer/SDKs/MacOSX15.4.sdk -target arm64-apple-macos10.13 -g -module-cache-path /Users/admin/builder/spi-builder-workspace/.derivedData/ModuleCache.noindex -Xfrontend -serialize-debugging-options -profile-coverage-mapping -profile-generate -enable-testing -suppress-warnings -index-store-path /Users/admin/builder/spi-builder-workspace/.derivedData/Index.noindex/DataStore -swift-version 5 -I /Users/admin/builder/spi-builder-workspace/.derivedData/Build/Products/Debug -I /Applications/Xcode-16.3.0.app/Contents/Developer/Platforms/MacOSX.platform/Developer/usr/lib -F /Users/admin/builder/spi-builder-workspace/.derivedData/Build/Products/Debug/PackageFrameworks -F /Users/admin/builder/spi-builder-workspace/.derivedData/Build/Products/Debug -F /Applications/Xcode-16.3.0.app/Contents/Developer/Platforms/MacOSX.platform/Developer/Library/Frameworks -c -j10 -enable-batch-mode -incremental -Xcc -ivfsstatcache -Xcc /Users/admin/builder/spi-builder-workspace/.derivedData/SDKStatCaches.noindex/macosx15.4-24E241-8287b8f5db97e746a1562fbca0c9d29b.sdkstatcache -output-file-map /Users/admin/builder/spi-builder-workspace/.derivedData/Build/Intermediates.noindex/swift-atomics.build/Debug/Atomics.build/Objects-normal/arm64/Atomics-OutputFileMap.json -use-frontend-parseable-output -save-temps -no-color-diagnostics -serialize-diagnostics -emit-dependencies -emit-module -emit-module-path /Users/admin/builder/spi-builder-workspace/.derivedData/Build/Intermediates.noindex/swift-atomics.build/Debug/Atomics.build/Objects-normal/arm64/Atomics.swiftmodule -validate-clang-modules-once -clang-build-session-file /Users/admin/builder/spi-builder-workspace/.derivedData/ModuleCache.noindex/Session.modulevalidation -package-name swift_atomics -Xcc -I/Users/admin/builder/spi-builder-workspace/.derivedData/Build/Intermediates.noindex/swift-atomics.build/Debug/Atomics.build/swift-overrides.hmap -emit-const-values -Xfrontend -const-gather-protocols-file -Xfrontend /Users/admin/builder/spi-builder-workspace/.derivedData/Build/Intermediates.noindex/swift-atomics.build/Debug/Atomics.build/Objects-normal/arm64/Atomics_const_extract_protocols.json -Xcc -I/Users/admin/builder/spi-builder-workspace/.dependencies/checkouts/swift-atomics/Sources/_AtomicsShims/include -Xcc -I/Users/admin/builder/spi-builder-workspace/.derivedData/Build/Products/Debug/include -Xcc -I/Users/admin/builder/spi-builder-workspace/.derivedData/Build/Intermediates.noindex/swift-atomics.build/Debug/Atomics.build/DerivedSources-normal/arm64 -Xcc -I/Users/admin/builder/spi-builder-workspace/.derivedData/Build/Intermediates.noindex/swift-atomics.build/Debug/Atomics.build/DerivedSources/arm64 -Xcc -I/Users/admin/builder/spi-builder-workspace/.derivedData/Build/Intermediates.noindex/swift-atomics.build/Debug/Atomics.build/DerivedSources -Xcc -DSWIFT_PACKAGE -Xcc -DDEBUG\=1 -emit-objc-header -emit-objc-header-path /Users/admin/builder/spi-builder-workspace/.derivedData/Build/Intermediates.noindex/swift-atomics.build/Debug/Atomics.build/Objects-normal/arm64/Atomics-Swift.h -working-directory /Users/admin/builder/spi-builder-workspace/.swiftpm/xcode -experimental-emit-module-separately -disable-cmo
SwiftMergeGeneratedHeaders /Users/admin/builder/spi-builder-workspace/.derivedData/Build/Intermediates.noindex/GeneratedModuleMaps/Atomics-Swift.h /Users/admin/builder/spi-builder-workspace/.derivedData/Build/Intermediates.noindex/swift-atomics.build/Debug/Atomics.build/Objects-normal/arm64/Atomics-Swift.h (in target 'Atomics' from project 'swift-atomics')
    cd /Users/admin/builder/spi-builder-workspace/.dependencies/checkouts/swift-atomics
    builtin-swiftHeaderTool -arch arm64 /Users/admin/builder/spi-builder-workspace/.derivedData/Build/Intermediates.noindex/swift-atomics.build/Debug/Atomics.build/Objects-normal/arm64/Atomics-Swift.h -o /Users/admin/builder/spi-builder-workspace/.derivedData/Build/Intermediates.noindex/GeneratedModuleMaps/Atomics-Swift.h
Copy /Users/admin/builder/spi-builder-workspace/.derivedData/Build/Products/Debug/Atomics.swiftmodule/arm64-apple-macos.swiftdoc /Users/admin/builder/spi-builder-workspace/.derivedData/Build/Intermediates.noindex/swift-atomics.build/Debug/Atomics.build/Objects-normal/arm64/Atomics.swiftdoc (in target 'Atomics' from project 'swift-atomics')
    cd /Users/admin/builder/spi-builder-workspace/.dependencies/checkouts/swift-atomics
    builtin-copy -exclude .DS_Store -exclude CVS -exclude .svn -exclude .git -exclude .hg -resolve-src-symlinks -rename /Users/admin/builder/spi-builder-workspace/.derivedData/Build/Intermediates.noindex/swift-atomics.build/Debug/Atomics.build/Objects-normal/arm64/Atomics.swiftdoc /Users/admin/builder/spi-builder-workspace/.derivedData/Build/Products/Debug/Atomics.swiftmodule/arm64-apple-macos.swiftdoc
Copy /Users/admin/builder/spi-builder-workspace/.derivedData/Build/Products/Debug/Atomics.swiftmodule/arm64-apple-macos.swiftmodule /Users/admin/builder/spi-builder-workspace/.derivedData/Build/Intermediates.noindex/swift-atomics.build/Debug/Atomics.build/Objects-normal/arm64/Atomics.swiftmodule (in target 'Atomics' from project 'swift-atomics')
    cd /Users/admin/builder/spi-builder-workspace/.dependencies/checkouts/swift-atomics
    builtin-copy -exclude .DS_Store -exclude CVS -exclude .svn -exclude .git -exclude .hg -resolve-src-symlinks -rename /Users/admin/builder/spi-builder-workspace/.derivedData/Build/Intermediates.noindex/swift-atomics.build/Debug/Atomics.build/Objects-normal/arm64/Atomics.swiftmodule /Users/admin/builder/spi-builder-workspace/.derivedData/Build/Products/Debug/Atomics.swiftmodule/arm64-apple-macos.swiftmodule
Copy /Users/admin/builder/spi-builder-workspace/.derivedData/Build/Products/Debug/Atomics.swiftmodule/arm64-apple-macos.abi.json /Users/admin/builder/spi-builder-workspace/.derivedData/Build/Intermediates.noindex/swift-atomics.build/Debug/Atomics.build/Objects-normal/arm64/Atomics.abi.json (in target 'Atomics' from project 'swift-atomics')
    cd /Users/admin/builder/spi-builder-workspace/.dependencies/checkouts/swift-atomics
    builtin-copy -exclude .DS_Store -exclude CVS -exclude .svn -exclude .git -exclude .hg -resolve-src-symlinks -rename /Users/admin/builder/spi-builder-workspace/.derivedData/Build/Intermediates.noindex/swift-atomics.build/Debug/Atomics.build/Objects-normal/arm64/Atomics.abi.json /Users/admin/builder/spi-builder-workspace/.derivedData/Build/Products/Debug/Atomics.swiftmodule/arm64-apple-macos.abi.json
Copy /Users/admin/builder/spi-builder-workspace/.derivedData/Build/Products/Debug/Atomics.swiftmodule/Project/arm64-apple-macos.swiftsourceinfo /Users/admin/builder/spi-builder-workspace/.derivedData/Build/Intermediates.noindex/swift-atomics.build/Debug/Atomics.build/Objects-normal/arm64/Atomics.swiftsourceinfo (in target 'Atomics' from project 'swift-atomics')
    cd /Users/admin/builder/spi-builder-workspace/.dependencies/checkouts/swift-atomics
    builtin-copy -exclude .DS_Store -exclude CVS -exclude .svn -exclude .git -exclude .hg -resolve-src-symlinks -rename /Users/admin/builder/spi-builder-workspace/.derivedData/Build/Intermediates.noindex/swift-atomics.build/Debug/Atomics.build/Objects-normal/arm64/Atomics.swiftsourceinfo /Users/admin/builder/spi-builder-workspace/.derivedData/Build/Products/Debug/Atomics.swiftmodule/Project/arm64-apple-macos.swiftsourceinfo
Ld /Users/admin/builder/spi-builder-workspace/.derivedData/Build/Products/Debug/Atomics.o normal (in target 'Atomics' from project 'swift-atomics')
    cd /Users/admin/builder/spi-builder-workspace/.dependencies/checkouts/swift-atomics
    /Applications/Xcode-16.3.0.app/Contents/Developer/Toolchains/XcodeDefault.xctoolchain/usr/bin/clang -Xlinker -reproducible -target arm64-apple-macos10.13 -r -isysroot /Applications/Xcode-16.3.0.app/Contents/Developer/Platforms/MacOSX.platform/Developer/SDKs/MacOSX15.4.sdk -O0 -w -L/Users/admin/builder/spi-builder-workspace/.derivedData/Build/Intermediates.noindex/EagerLinkingTBDs/Debug -L/Users/admin/builder/spi-builder-workspace/.derivedData/Build/Products/Debug -L/Applications/Xcode-16.3.0.app/Contents/Developer/Platforms/MacOSX.platform/Developer/usr/lib -F/Users/admin/builder/spi-builder-workspace/.derivedData/Build/Intermediates.noindex/EagerLinkingTBDs/Debug -F/Users/admin/builder/spi-builder-workspace/.derivedData/Build/Products/Debug/PackageFrameworks -F/Users/admin/builder/spi-builder-workspace/.derivedData/Build/Products/Debug -iframework /Applications/Xcode-16.3.0.app/Contents/Developer/Platforms/MacOSX.platform/Developer/Library/Frameworks -filelist /Users/admin/builder/spi-builder-workspace/.derivedData/Build/Intermediates.noindex/swift-atomics.build/Debug/Atomics.build/Objects-normal/arm64/Atomics.LinkFileList -nostdlib -Xlinker -object_path_lto -Xlinker /Users/admin/builder/spi-builder-workspace/.derivedData/Build/Intermediates.noindex/swift-atomics.build/Debug/Atomics.build/Objects-normal/arm64/Atomics_lto.o -rdynamic -Xlinker -no_deduplicate -Xlinker -debug_variant -Xlinker -dependency_info -Xlinker /Users/admin/builder/spi-builder-workspace/.derivedData/Build/Intermediates.noindex/swift-atomics.build/Debug/Atomics.build/Objects-normal/arm64/Atomics_dependency_info.dat -fobjc-link-runtime -L/Applications/Xcode-16.3.0.app/Contents/Developer/Toolchains/XcodeDefault.xctoolchain/usr/lib/swift/macosx -L/usr/lib/swift -Xlinker -add_ast_path -Xlinker /Users/admin/builder/spi-builder-workspace/.derivedData/Build/Intermediates.noindex/swift-atomics.build/Debug/Atomics.build/Objects-normal/arm64/Atomics.swiftmodule -o /Users/admin/builder/spi-builder-workspace/.derivedData/Build/Products/Debug/Atomics.o
SwiftDriver Echo normal arm64 com.apple.xcode.tools.swift.compiler (in target 'Echo' from project 'Echo')
    cd /Users/admin/builder/spi-builder-workspace/.swiftpm/xcode
    builtin-SwiftDriver -- /Applications/Xcode-16.3.0.app/Contents/Developer/Toolchains/XcodeDefault.xctoolchain/usr/bin/swiftc -module-name Echo -Onone -enforce-exclusivity\=checked @/Users/admin/builder/spi-builder-workspace/.derivedData/Build/Intermediates.noindex/Echo.build/Debug/Echo.build/Objects-normal/arm64/Echo.SwiftFileList -DSWIFT_PACKAGE -DDEBUG -Xcc -fmodule-map-file\=/Users/admin/builder/spi-builder-workspace/.derivedData/Build/Intermediates.noindex/GeneratedModuleMaps/CEcho.modulemap -DXcode -plugin-path /Applications/Xcode-16.3.0.app/Contents/Developer/Toolchains/XcodeDefault.xctoolchain/usr/lib/swift/host/plugins/testing -enable-experimental-feature DebugDescriptionMacro -sdk /Applications/Xcode-16.3.0.app/Contents/Developer/Platforms/MacOSX.platform/Developer/SDKs/MacOSX15.4.sdk -target arm64-apple-macos10.13 -g -module-cache-path /Users/admin/builder/spi-builder-workspace/.derivedData/ModuleCache.noindex -Xfrontend -serialize-debugging-options -profile-coverage-mapping -profile-generate -enable-testing -index-store-path /Users/admin/builder/spi-builder-workspace/.derivedData/Index.noindex/DataStore -swift-version 6 -I /Users/admin/builder/spi-builder-workspace/.derivedData/Build/Products/Debug -I /Applications/Xcode-16.3.0.app/Contents/Developer/Platforms/MacOSX.platform/Developer/usr/lib -F /Users/admin/builder/spi-builder-workspace/.derivedData/Build/Products/Debug/PackageFrameworks -F /Users/admin/builder/spi-builder-workspace/.derivedData/Build/Products/Debug/PackageFrameworks -F /Users/admin/builder/spi-builder-workspace/.derivedData/Build/Products/Debug/PackageFrameworks -F /Users/admin/builder/spi-builder-workspace/.derivedData/Build/Products/Debug -F /Applications/Xcode-16.3.0.app/Contents/Developer/Platforms/MacOSX.platform/Developer/Library/Frameworks -c -j10 -enable-batch-mode -incremental -Xcc -ivfsstatcache -Xcc /Users/admin/builder/spi-builder-workspace/.derivedData/SDKStatCaches.noindex/macosx15.4-24E241-8287b8f5db97e746a1562fbca0c9d29b.sdkstatcache -output-file-map /Users/admin/builder/spi-builder-workspace/.derivedData/Build/Intermediates.noindex/Echo.build/Debug/Echo.build/Objects-normal/arm64/Echo-OutputFileMap.json -use-frontend-parseable-output -save-temps -no-color-diagnostics -serialize-diagnostics -emit-dependencies -emit-module -emit-module-path /Users/admin/builder/spi-builder-workspace/.derivedData/Build/Intermediates.noindex/Echo.build/Debug/Echo.build/Objects-normal/arm64/Echo.swiftmodule -validate-clang-modules-once -clang-build-session-file /Users/admin/builder/spi-builder-workspace/.derivedData/ModuleCache.noindex/Session.modulevalidation -package-name spi_builder_workspace -Xcc -I/Users/admin/builder/spi-builder-workspace/.derivedData/Build/Intermediates.noindex/Echo.build/Debug/Echo.build/swift-overrides.hmap -emit-const-values -Xfrontend -const-gather-protocols-file -Xfrontend /Users/admin/builder/spi-builder-workspace/.derivedData/Build/Intermediates.noindex/Echo.build/Debug/Echo.build/Objects-normal/arm64/Echo_const_extract_protocols.json -Xcc -I/Users/admin/builder/spi-builder-workspace/.dependencies/checkouts/swift-atomics/Sources/_AtomicsShims/include -Xcc -I/Users/admin/builder/spi-builder-workspace/Sources/CEcho/include -Xcc -I/Users/admin/builder/spi-builder-workspace/.derivedData/Build/Products/Debug/include -Xcc -I/Users/admin/builder/spi-builder-workspace/.derivedData/Build/Intermediates.noindex/Echo.build/Debug/Echo.build/DerivedSources-normal/arm64 -Xcc -I/Users/admin/builder/spi-builder-workspace/.derivedData/Build/Intermediates.noindex/Echo.build/Debug/Echo.build/DerivedSources/arm64 -Xcc -I/Users/admin/builder/spi-builder-workspace/.derivedData/Build/Intermediates.noindex/Echo.build/Debug/Echo.build/DerivedSources -Xcc -DSWIFT_PACKAGE -Xcc -DDEBUG\=1 -emit-objc-header -emit-objc-header-path /Users/admin/builder/spi-builder-workspace/.derivedData/Build/Intermediates.noindex/Echo.build/Debug/Echo.build/Objects-normal/arm64/Echo-Swift.h -working-directory /Users/admin/builder/spi-builder-workspace/.swiftpm/xcode -experimental-emit-module-separately -disable-cmo
ExtractAppIntentsMetadata (in target 'Atomics' from project 'swift-atomics')
    cd /Users/admin/builder/spi-builder-workspace/.dependencies/checkouts/swift-atomics
    /Applications/Xcode-16.3.0.app/Contents/Developer/Toolchains/XcodeDefault.xctoolchain/usr/bin/appintentsmetadataprocessor --toolchain-dir /Applications/Xcode-16.3.0.app/Contents/Developer/Toolchains/XcodeDefault.xctoolchain --module-name Atomics --sdk-root /Applications/Xcode-16.3.0.app/Contents/Developer/Platforms/MacOSX.platform/Developer/SDKs/MacOSX15.4.sdk --xcode-version 16E140 --platform-family macOS --deployment-target 10.13 --bundle-identifier swift-atomics.Atomics --output /Users/admin/builder/spi-builder-workspace/.derivedData/Build/Products/Debug/Atomics.appintents --target-triple arm64-apple-macos10.13 --binary-file /Users/admin/builder/spi-builder-workspace/.derivedData/Build/Products/Debug/Atomics.o --dependency-file /Users/admin/builder/spi-builder-workspace/.derivedData/Build/Intermediates.noindex/swift-atomics.build/Debug/Atomics.build/Objects-normal/arm64/Atomics_dependency_info.dat --stringsdata-file /Users/admin/builder/spi-builder-workspace/.derivedData/Build/Intermediates.noindex/swift-atomics.build/Debug/Atomics.build/Objects-normal/arm64/ExtractedAppShortcutsMetadata.stringsdata --source-file-list /Users/admin/builder/spi-builder-workspace/.derivedData/Build/Intermediates.noindex/swift-atomics.build/Debug/Atomics.build/Objects-normal/arm64/Atomics.SwiftFileList --metadata-file-list /Users/admin/builder/spi-builder-workspace/.derivedData/Build/Intermediates.noindex/swift-atomics.build/Debug/Atomics.build/Atomics.DependencyMetadataFileList --static-metadata-file-list /Users/admin/builder/spi-builder-workspace/.derivedData/Build/Intermediates.noindex/swift-atomics.build/Debug/Atomics.build/Atomics.DependencyStaticMetadataFileList --swift-const-vals-list /Users/admin/builder/spi-builder-workspace/.derivedData/Build/Intermediates.noindex/swift-atomics.build/Debug/Atomics.build/Objects-normal/arm64/Atomics.SwiftConstValuesFileList --force --compile-time-extraction --deployment-aware-processing --validate-assistant-intents --no-app-shortcuts-localization
2026-08-11 13:54:58.103 appintentsmetadataprocessor[893:4871] Starting appintentsmetadataprocessor export
2026-08-11 13:54:58.145 appintentsmetadataprocessor[893:4871] Extracted no relevant App Intents symbols, skipping writing output
SwiftCompile normal arm64 Compiling\ AnonymousDescriptor.swift,\ ClassDescriptor.swift,\ ContextDescriptor.swift,\ ContextDescriptorValues.swift,\ EnumDescriptor.swift,\ ExtensionDescriptor.swift /Users/admin/builder/spi-builder-workspace/Sources/Echo/ContextDescriptor/AnonymousDescriptor.swift /Users/admin/builder/spi-builder-workspace/Sources/Echo/ContextDescriptor/ClassDescriptor.swift /Users/admin/builder/spi-builder-workspace/Sources/Echo/ContextDescriptor/ContextDescriptor.swift /Users/admin/builder/spi-builder-workspace/Sources/Echo/ContextDescriptor/ContextDescriptorValues.swift /Users/admin/builder/spi-builder-workspace/Sources/Echo/ContextDescriptor/EnumDescriptor.swift /Users/admin/builder/spi-builder-workspace/Sources/Echo/ContextDescriptor/ExtensionDescriptor.swift (in target 'Echo' from project 'Echo')
SwiftCompile normal arm64 /Users/admin/builder/spi-builder-workspace/Sources/Echo/ContextDescriptor/AnonymousDescriptor.swift (in target 'Echo' from project 'Echo')
    cd /Users/admin/builder/spi-builder-workspace/.swiftpm/xcode

SwiftCompile normal arm64 /Users/admin/builder/spi-builder-workspace/Sources/Echo/ContextDescriptor/ClassDescriptor.swift (in target 'Echo' from project 'Echo')
    cd /Users/admin/builder/spi-builder-workspace/.swiftpm/xcode

SwiftCompile normal arm64 /Users/admin/builder/spi-builder-workspace/Sources/Echo/ContextDescriptor/ContextDescriptor.swift (in target 'Echo' from project 'Echo')
    cd /Users/admin/builder/spi-builder-workspace/.swiftpm/xcode

SwiftCompile normal arm64 /Users/admin/builder/spi-builder-workspace/Sources/Echo/ContextDescriptor/ContextDescriptorValues.swift (in target 'Echo' from project 'Echo')
    cd /Users/admin/builder/spi-builder-workspace/.swiftpm/xcode

SwiftCompile normal arm64 /Users/admin/builder/spi-builder-workspace/Sources/Echo/ContextDescriptor/EnumDescriptor.swift (in target 'Echo' from project 'Echo')
    cd /Users/admin/builder/spi-builder-workspace/.swiftpm/xcode

SwiftCompile normal arm64 /Users/admin/builder/spi-builder-workspace/Sources/Echo/ContextDescriptor/ExtensionDescriptor.swift (in target 'Echo' from project 'Echo')
    cd /Users/admin/builder/spi-builder-workspace/.swiftpm/xcode

SwiftCompile normal arm64 Compiling\ TypeContextDescriptor.swift,\ TypeImportInfo.swift,\ ValueTypeDescriptorTrailing.swift,\ Echo.swift,\ ClassMetadata.swift,\ EnumMetadata.swift /Users/admin/builder/spi-builder-workspace/Sources/Echo/ContextDescriptor/TypeContextDescriptor.swift /Users/admin/builder/spi-builder-workspace/Sources/Echo/ContextDescriptor/TypeImportInfo.swift /Users/admin/builder/spi-builder-workspace/Sources/Echo/ContextDescriptor/ValueTypeDescriptorTrailing.swift /Users/admin/builder/spi-builder-workspace/Sources/Echo/Echo.swift /Users/admin/builder/spi-builder-workspace/Sources/Echo/Metadata/ClassMetadata.swift /Users/admin/builder/spi-builder-workspace/Sources/Echo/Metadata/EnumMetadata.swift (in target 'Echo' from project 'Echo')
SwiftCompile normal arm64 /Users/admin/builder/spi-builder-workspace/Sources/Echo/ContextDescriptor/TypeContextDescriptor.swift (in target 'Echo' from project 'Echo')
    cd /Users/admin/builder/spi-builder-workspace/.swiftpm/xcode

SwiftCompile normal arm64 /Users/admin/builder/spi-builder-workspace/Sources/Echo/ContextDescriptor/TypeImportInfo.swift (in target 'Echo' from project 'Echo')
    cd /Users/admin/builder/spi-builder-workspace/.swiftpm/xcode

SwiftCompile normal arm64 /Users/admin/builder/spi-builder-workspace/Sources/Echo/ContextDescriptor/ValueTypeDescriptorTrailing.swift (in target 'Echo' from project 'Echo')
    cd /Users/admin/builder/spi-builder-workspace/.swiftpm/xcode

SwiftCompile normal arm64 /Users/admin/builder/spi-builder-workspace/Sources/Echo/Echo.swift (in target 'Echo' from project 'Echo')
    cd /Users/admin/builder/spi-builder-workspace/.swiftpm/xcode

SwiftCompile normal arm64 /Users/admin/builder/spi-builder-workspace/Sources/Echo/Metadata/ClassMetadata.swift (in target 'Echo' from project 'Echo')
    cd /Users/admin/builder/spi-builder-workspace/.swiftpm/xcode

SwiftCompile normal arm64 /Users/admin/builder/spi-builder-workspace/Sources/Echo/Metadata/EnumMetadata.swift (in target 'Echo' from project 'Echo')
    cd /Users/admin/builder/spi-builder-workspace/.swiftpm/xcode

SwiftCompile normal arm64 Compiling\ HeapGenericLocalVariableMetadata.swift,\ HeapLocalVariableMetadata.swift,\ Metadata.swift,\ MetadataAccessFunction.swift,\ MetadataRequest.swift,\ MetadataValues.swift /Users/admin/builder/spi-builder-workspace/Sources/Echo/Metadata/HeapGenericLocalVariableMetadata.swift /Users/admin/builder/spi-builder-workspace/Sources/Echo/Metadata/HeapLocalVariableMetadata.swift /Users/admin/builder/spi-builder-workspace/Sources/Echo/Metadata/Metadata.swift /Users/admin/builder/spi-builder-workspace/Sources/Echo/Metadata/MetadataAccessFunction.swift /Users/admin/builder/spi-builder-workspace/Sources/Echo/Metadata/MetadataRequest.swift /Users/admin/builder/spi-builder-workspace/Sources/Echo/Metadata/MetadataValues.swift (in target 'Echo' from project 'Echo')
SwiftCompile normal arm64 /Users/admin/builder/spi-builder-workspace/Sources/Echo/Metadata/HeapGenericLocalVariableMetadata.swift (in target 'Echo' from project 'Echo')
    cd /Users/admin/builder/spi-builder-workspace/.swiftpm/xcode

SwiftCompile normal arm64 /Users/admin/builder/spi-builder-workspace/Sources/Echo/Metadata/HeapLocalVariableMetadata.swift (in target 'Echo' from project 'Echo')
    cd /Users/admin/builder/spi-builder-workspace/.swiftpm/xcode

SwiftCompile normal arm64 /Users/admin/builder/spi-builder-workspace/Sources/Echo/Metadata/Metadata.swift (in target 'Echo' from project 'Echo')
    cd /Users/admin/builder/spi-builder-workspace/.swiftpm/xcode

SwiftCompile normal arm64 /Users/admin/builder/spi-builder-workspace/Sources/Echo/Metadata/MetadataAccessFunction.swift (in target 'Echo' from project 'Echo')
    cd /Users/admin/builder/spi-builder-workspace/.swiftpm/xcode

SwiftCompile normal arm64 /Users/admin/builder/spi-builder-workspace/Sources/Echo/Metadata/MetadataRequest.swift (in target 'Echo' from project 'Echo')
    cd /Users/admin/builder/spi-builder-workspace/.swiftpm/xcode

SwiftCompile normal arm64 /Users/admin/builder/spi-builder-workspace/Sources/Echo/Metadata/MetadataValues.swift (in target 'Echo' from project 'Echo')
    cd /Users/admin/builder/spi-builder-workspace/.swiftpm/xcode

SwiftCompile normal arm64 Compiling\ EnumValueWitnessTable.swift,\ ExistentialMetadata.swift,\ ExistentialMetatypeMetadata.swift,\ ExtendedExistentialMetadata.swift,\ ForeignClassMetadata.swift,\ FunctionMetadata.swift /Users/admin/builder/spi-builder-workspace/Sources/Echo/Metadata/EnumValueWitnessTable.swift /Users/admin/builder/spi-builder-workspace/Sources/Echo/Metadata/ExistentialMetadata.swift /Users/admin/builder/spi-builder-workspace/Sources/Echo/Metadata/ExistentialMetatypeMetadata.swift /Users/admin/builder/spi-builder-workspace/Sources/Echo/Metadata/ExtendedExistentialMetadata.swift /Users/admin/builder/spi-builder-workspace/Sources/Echo/Metadata/ForeignClassMetadata.swift /Users/admin/builder/spi-builder-workspace/Sources/Echo/Metadata/FunctionMetadata.swift (in target 'Echo' from project 'Echo')
SwiftCompile normal arm64 /Users/admin/builder/spi-builder-workspace/Sources/Echo/Metadata/EnumValueWitnessTable.swift (in target 'Echo' from project 'Echo')
    cd /Users/admin/builder/spi-builder-workspace/.swiftpm/xcode

SwiftCompile normal arm64 /Users/admin/builder/spi-builder-workspace/Sources/Echo/Metadata/ExistentialMetadata.swift (in target 'Echo' from project 'Echo')
    cd /Users/admin/builder/spi-builder-workspace/.swiftpm/xcode

SwiftCompile normal arm64 /Users/admin/builder/spi-builder-workspace/Sources/Echo/Metadata/ExistentialMetatypeMetadata.swift (in target 'Echo' from project 'Echo')
    cd /Users/admin/builder/spi-builder-workspace/.swiftpm/xcode

SwiftCompile normal arm64 /Users/admin/builder/spi-builder-workspace/Sources/Echo/Metadata/ExtendedExistentialMetadata.swift (in target 'Echo' from project 'Echo')
    cd /Users/admin/builder/spi-builder-workspace/.swiftpm/xcode

SwiftCompile normal arm64 /Users/admin/builder/spi-builder-workspace/Sources/Echo/Metadata/ForeignClassMetadata.swift (in target 'Echo' from project 'Echo')
    cd /Users/admin/builder/spi-builder-workspace/.swiftpm/xcode

SwiftCompile normal arm64 /Users/admin/builder/spi-builder-workspace/Sources/Echo/Metadata/FunctionMetadata.swift (in target 'Echo' from project 'Echo')
    cd /Users/admin/builder/spi-builder-workspace/.swiftpm/xcode

SwiftCompile normal arm64 Compiling\ ValueWitnessTable.swift,\ AssociatedType.swift,\ Casting.swift,\ Concurrency.swift,\ ConformanceDescriptor.swift,\ Coroutines.swift /Users/admin/builder/spi-builder-workspace/Sources/Echo/Metadata/ValueWitnessTable.swift /Users/admin/builder/spi-builder-workspace/Sources/Echo/Runtime/AssociatedType.swift /Users/admin/builder/spi-builder-workspace/Sources/Echo/Runtime/Casting.swift /Users/admin/builder/spi-builder-workspace/Sources/Echo/Runtime/Concurrency.swift /Users/admin/builder/spi-builder-workspace/Sources/Echo/Runtime/ConformanceDescriptor.swift /Users/admin/builder/spi-builder-workspace/Sources/Echo/Runtime/Coroutines.swift (in target 'Echo' from project 'Echo')
SwiftCompile normal arm64 /Users/admin/builder/spi-builder-workspace/Sources/Echo/Metadata/ValueWitnessTable.swift (in target 'Echo' from project 'Echo')
    cd /Users/admin/builder/spi-builder-workspace/.swiftpm/xcode

SwiftCompile normal arm64 /Users/admin/builder/spi-builder-workspace/Sources/Echo/Runtime/AssociatedType.swift (in target 'Echo' from project 'Echo')
    cd /Users/admin/builder/spi-builder-workspace/.swiftpm/xcode

SwiftCompile normal arm64 /Users/admin/builder/spi-builder-workspace/Sources/Echo/Runtime/Casting.swift (in target 'Echo' from project 'Echo')
    cd /Users/admin/builder/spi-builder-workspace/.swiftpm/xcode

SwiftCompile normal arm64 /Users/admin/builder/spi-builder-workspace/Sources/Echo/Runtime/Concurrency.swift (in target 'Echo' from project 'Echo')
    cd /Users/admin/builder/spi-builder-workspace/.swiftpm/xcode

SwiftCompile normal arm64 /Users/admin/builder/spi-builder-workspace/Sources/Echo/Runtime/ConformanceDescriptor.swift (in target 'Echo' from project 'Echo')
    cd /Users/admin/builder/spi-builder-workspace/.swiftpm/xcode

SwiftCompile normal arm64 /Users/admin/builder/spi-builder-workspace/Sources/Echo/Runtime/Coroutines.swift (in target 'Echo' from project 'Echo')
    cd /Users/admin/builder/spi-builder-workspace/.swiftpm/xcode

SwiftCompile normal arm64 Compiling\ ExistentialContainer.swift,\ Functions.swift,\ HeapObject.swift,\ ImageInspection.swift,\ ImageRecords.swift,\ KeyPaths.swift /Users/admin/builder/spi-builder-workspace/Sources/Echo/Runtime/ExistentialContainer.swift /Users/admin/builder/spi-builder-workspace/Sources/Echo/Runtime/Functions.swift /Users/admin/builder/spi-builder-workspace/Sources/Echo/Runtime/HeapObject.swift /Users/admin/builder/spi-builder-workspace/Sources/Echo/Runtime/ImageInspection.swift /Users/admin/builder/spi-builder-workspace/Sources/Echo/Runtime/ImageRecords.swift /Users/admin/builder/spi-builder-workspace/Sources/Echo/Runtime/KeyPaths.swift (in target 'Echo' from project 'Echo')
SwiftCompile normal arm64 /Users/admin/builder/spi-builder-workspace/Sources/Echo/Runtime/ExistentialContainer.swift (in target 'Echo' from project 'Echo')
    cd /Users/admin/builder/spi-builder-workspace/.swiftpm/xcode

SwiftCompile normal arm64 /Users/admin/builder/spi-builder-workspace/Sources/Echo/Runtime/Functions.swift (in target 'Echo' from project 'Echo')
    cd /Users/admin/builder/spi-builder-workspace/.swiftpm/xcode

SwiftCompile normal arm64 /Users/admin/builder/spi-builder-workspace/Sources/Echo/Runtime/HeapObject.swift (in target 'Echo' from project 'Echo')
    cd /Users/admin/builder/spi-builder-workspace/.swiftpm/xcode

SwiftCompile normal arm64 /Users/admin/builder/spi-builder-workspace/Sources/Echo/Runtime/ImageInspection.swift (in target 'Echo' from project 'Echo')
    cd /Users/admin/builder/spi-builder-workspace/.swiftpm/xcode

SwiftCompile normal arm64 /Users/admin/builder/spi-builder-workspace/Sources/Echo/Runtime/ImageRecords.swift (in target 'Echo' from project 'Echo')
    cd /Users/admin/builder/spi-builder-workspace/.swiftpm/xcode

SwiftCompile normal arm64 /Users/admin/builder/spi-builder-workspace/Sources/Echo/Runtime/KeyPaths.swift (in target 'Echo' from project 'Echo')
    cd /Users/admin/builder/spi-builder-workspace/.swiftpm/xcode

SwiftCompile normal arm64 Compiling\ FieldDescriptor.swift,\ GenericContext.swift,\ ModuleDescriptor.swift,\ OpaqueDescriptor.swift,\ ProtocolDescriptor.swift,\ StructDescriptor.swift /Users/admin/builder/spi-builder-workspace/Sources/Echo/ContextDescriptor/FieldDescriptor.swift /Users/admin/builder/spi-builder-workspace/Sources/Echo/ContextDescriptor/GenericContext.swift /Users/admin/builder/spi-builder-workspace/Sources/Echo/ContextDescriptor/ModuleDescriptor.swift /Users/admin/builder/spi-builder-workspace/Sources/Echo/ContextDescriptor/OpaqueDescriptor.swift /Users/admin/builder/spi-builder-workspace/Sources/Echo/ContextDescriptor/ProtocolDescriptor.swift /Users/admin/builder/spi-builder-workspace/Sources/Echo/ContextDescriptor/StructDescriptor.swift (in target 'Echo' from project 'Echo')
SwiftCompile normal arm64 /Users/admin/builder/spi-builder-workspace/Sources/Echo/ContextDescriptor/FieldDescriptor.swift (in target 'Echo' from project 'Echo')
    cd /Users/admin/builder/spi-builder-workspace/.swiftpm/xcode

SwiftCompile normal arm64 /Users/admin/builder/spi-builder-workspace/Sources/Echo/ContextDescriptor/GenericContext.swift (in target 'Echo' from project 'Echo')
    cd /Users/admin/builder/spi-builder-workspace/.swiftpm/xcode

SwiftCompile normal arm64 /Users/admin/builder/spi-builder-workspace/Sources/Echo/ContextDescriptor/ModuleDescriptor.swift (in target 'Echo' from project 'Echo')
    cd /Users/admin/builder/spi-builder-workspace/.swiftpm/xcode

SwiftCompile normal arm64 /Users/admin/builder/spi-builder-workspace/Sources/Echo/ContextDescriptor/OpaqueDescriptor.swift (in target 'Echo' from project 'Echo')
    cd /Users/admin/builder/spi-builder-workspace/.swiftpm/xcode

SwiftCompile normal arm64 /Users/admin/builder/spi-builder-workspace/Sources/Echo/ContextDescriptor/ProtocolDescriptor.swift (in target 'Echo' from project 'Echo')
    cd /Users/admin/builder/spi-builder-workspace/.swiftpm/xcode

SwiftCompile normal arm64 /Users/admin/builder/spi-builder-workspace/Sources/Echo/ContextDescriptor/StructDescriptor.swift (in target 'Echo' from project 'Echo')
    cd /Users/admin/builder/spi-builder-workspace/.swiftpm/xcode

SwiftCompile normal arm64 Compiling\ MetatypeMetadata.swift,\ ObjCClassWrapperMetadata.swift,\ OpaqueMetadata.swift,\ StructMetadata.swift,\ TupleMetadata.swift,\ TypeMetadata.swift /Users/admin/builder/spi-builder-workspace/Sources/Echo/Metadata/MetatypeMetadata.swift /Users/admin/builder/spi-builder-workspace/Sources/Echo/Metadata/ObjCClassWrapperMetadata.swift /Users/admin/builder/spi-builder-workspace/Sources/Echo/Metadata/OpaqueMetadata.swift /Users/admin/builder/spi-builder-workspace/Sources/Echo/Metadata/StructMetadata.swift /Users/admin/builder/spi-builder-workspace/Sources/Echo/Metadata/TupleMetadata.swift /Users/admin/builder/spi-builder-workspace/Sources/Echo/Metadata/TypeMetadata.swift (in target 'Echo' from project 'Echo')
SwiftCompile normal arm64 /Users/admin/builder/spi-builder-workspace/Sources/Echo/Metadata/MetatypeMetadata.swift (in target 'Echo' from project 'Echo')
    cd /Users/admin/builder/spi-builder-workspace/.swiftpm/xcode

SwiftCompile normal arm64 /Users/admin/builder/spi-builder-workspace/Sources/Echo/Metadata/ObjCClassWrapperMetadata.swift (in target 'Echo' from project 'Echo')
    cd /Users/admin/builder/spi-builder-workspace/.swiftpm/xcode

SwiftCompile normal arm64 /Users/admin/builder/spi-builder-workspace/Sources/Echo/Metadata/OpaqueMetadata.swift (in target 'Echo' from project 'Echo')
    cd /Users/admin/builder/spi-builder-workspace/.swiftpm/xcode

SwiftCompile normal arm64 /Users/admin/builder/spi-builder-workspace/Sources/Echo/Metadata/StructMetadata.swift (in target 'Echo' from project 'Echo')
    cd /Users/admin/builder/spi-builder-workspace/.swiftpm/xcode

SwiftCompile normal arm64 /Users/admin/builder/spi-builder-workspace/Sources/Echo/Metadata/TupleMetadata.swift (in target 'Echo' from project 'Echo')
    cd /Users/admin/builder/spi-builder-workspace/.swiftpm/xcode

SwiftCompile normal arm64 /Users/admin/builder/spi-builder-workspace/Sources/Echo/Metadata/TypeMetadata.swift (in target 'Echo' from project 'Echo')
    cd /Users/admin/builder/spi-builder-workspace/.swiftpm/xcode

SwiftCompile normal arm64 Compiling\ KnownMetadata.swift,\ RuntimeValues.swift,\ WitnessTable.swift,\ FieldType.swift,\ Misc.swift,\ RelativeDirectPointer.swift /Users/admin/builder/spi-builder-workspace/Sources/Echo/Runtime/KnownMetadata.swift /Users/admin/builder/spi-builder-workspace/Sources/Echo/Runtime/RuntimeValues.swift /Users/admin/builder/spi-builder-workspace/Sources/Echo/Runtime/WitnessTable.swift /Users/admin/builder/spi-builder-workspace/Sources/Echo/Utils/FieldType.swift /Users/admin/builder/spi-builder-workspace/Sources/Echo/Utils/Misc.swift /Users/admin/builder/spi-builder-workspace/Sources/Echo/Utils/RelativeDirectPointer.swift (in target 'Echo' from project 'Echo')
SwiftCompile normal arm64 /Users/admin/builder/spi-builder-workspace/Sources/Echo/Runtime/KnownMetadata.swift (in target 'Echo' from project 'Echo')
    cd /Users/admin/builder/spi-builder-workspace/.swiftpm/xcode

SwiftCompile normal arm64 /Users/admin/builder/spi-builder-workspace/Sources/Echo/Runtime/RuntimeValues.swift (in target 'Echo' from project 'Echo')
    cd /Users/admin/builder/spi-builder-workspace/.swiftpm/xcode

SwiftCompile normal arm64 /Users/admin/builder/spi-builder-workspace/Sources/Echo/Runtime/WitnessTable.swift (in target 'Echo' from project 'Echo')
    cd /Users/admin/builder/spi-builder-workspace/.swiftpm/xcode

SwiftCompile normal arm64 /Users/admin/builder/spi-builder-workspace/Sources/Echo/Utils/FieldType.swift (in target 'Echo' from project 'Echo')
    cd /Users/admin/builder/spi-builder-workspace/.swiftpm/xcode

SwiftCompile normal arm64 /Users/admin/builder/spi-builder-workspace/Sources/Echo/Utils/Misc.swift (in target 'Echo' from project 'Echo')
    cd /Users/admin/builder/spi-builder-workspace/.swiftpm/xcode

SwiftCompile normal arm64 /Users/admin/builder/spi-builder-workspace/Sources/Echo/Utils/RelativeDirectPointer.swift (in target 'Echo' from project 'Echo')
    cd /Users/admin/builder/spi-builder-workspace/.swiftpm/xcode

SwiftEmitModule normal arm64 Emitting\ module\ for\ Echo (in target 'Echo' from project 'Echo')
EmitSwiftModule normal arm64 (in target 'Echo' from project 'Echo')
    cd /Users/admin/builder/spi-builder-workspace/.swiftpm/xcode

SwiftCompile normal arm64 Compiling\ RelativeIndirectPointer.swift,\ RelativeIndirectablePointer.swift,\ RelativeIndirectablePointerIntPair.swift,\ RelativePointer.swift,\ SignedPointer.swift /Users/admin/builder/spi-builder-workspace/Sources/Echo/Utils/RelativeIndirectPointer.swift /Users/admin/builder/spi-builder-workspace/Sources/Echo/Utils/RelativeIndirectablePointer.swift /Users/admin/builder/spi-builder-workspace/Sources/Echo/Utils/RelativeIndirectablePointerIntPair.swift /Users/admin/builder/spi-builder-workspace/Sources/Echo/Utils/RelativePointer.swift /Users/admin/builder/spi-builder-workspace/Sources/Echo/Utils/SignedPointer.swift (in target 'Echo' from project 'Echo')
SwiftCompile normal arm64 /Users/admin/builder/spi-builder-workspace/Sources/Echo/Utils/RelativeIndirectPointer.swift (in target 'Echo' from project 'Echo')
    cd /Users/admin/builder/spi-builder-workspace/.swiftpm/xcode

SwiftCompile normal arm64 /Users/admin/builder/spi-builder-workspace/Sources/Echo/Utils/RelativeIndirectablePointer.swift (in target 'Echo' from project 'Echo')
    cd /Users/admin/builder/spi-builder-workspace/.swiftpm/xcode

SwiftCompile normal arm64 /Users/admin/builder/spi-builder-workspace/Sources/Echo/Utils/RelativeIndirectablePointerIntPair.swift (in target 'Echo' from project 'Echo')
    cd /Users/admin/builder/spi-builder-workspace/.swiftpm/xcode

SwiftCompile normal arm64 /Users/admin/builder/spi-builder-workspace/Sources/Echo/Utils/RelativePointer.swift (in target 'Echo' from project 'Echo')
    cd /Users/admin/builder/spi-builder-workspace/.swiftpm/xcode

SwiftCompile normal arm64 /Users/admin/builder/spi-builder-workspace/Sources/Echo/Utils/SignedPointer.swift (in target 'Echo' from project 'Echo')
    cd /Users/admin/builder/spi-builder-workspace/.swiftpm/xcode

SwiftDriverJobDiscovery normal arm64 Compiling TypeContextDescriptor.swift, TypeImportInfo.swift, ValueTypeDescriptorTrailing.swift, Echo.swift, ClassMetadata.swift, EnumMetadata.swift (in target 'Echo' from project 'Echo')
SwiftDriverJobDiscovery normal arm64 Compiling EnumValueWitnessTable.swift, ExistentialMetadata.swift, ExistentialMetatypeMetadata.swift, ExtendedExistentialMetadata.swift, ForeignClassMetadata.swift, FunctionMetadata.swift (in target 'Echo' from project 'Echo')
RegisterExecutionPolicyException /Users/admin/builder/spi-builder-workspace/.derivedData/Build/Products/Debug/Atomics.o (in target 'Atomics' from project 'swift-atomics')
    cd /Users/admin/builder/spi-builder-workspace/.dependencies/checkouts/swift-atomics
    builtin-RegisterExecutionPolicyException /Users/admin/builder/spi-builder-workspace/.derivedData/Build/Products/Debug/Atomics.o
SwiftDriverJobDiscovery normal arm64 Compiling FieldDescriptor.swift, GenericContext.swift, ModuleDescriptor.swift, OpaqueDescriptor.swift, ProtocolDescriptor.swift, StructDescriptor.swift (in target 'Echo' from project 'Echo')
SwiftDriverJobDiscovery normal arm64 Emitting module for Echo (in target 'Echo' from project 'Echo')
SwiftDriver\ Compilation\ Requirements Echo normal arm64 com.apple.xcode.tools.swift.compiler (in target 'Echo' from project 'Echo')
    cd /Users/admin/builder/spi-builder-workspace/.swiftpm/xcode
    builtin-Swift-Compilation-Requirements -- /Applications/Xcode-16.3.0.app/Contents/Developer/Toolchains/XcodeDefault.xctoolchain/usr/bin/swiftc -module-name Echo -Onone -enforce-exclusivity\=checked @/Users/admin/builder/spi-builder-workspace/.derivedData/Build/Intermediates.noindex/Echo.build/Debug/Echo.build/Objects-normal/arm64/Echo.SwiftFileList -DSWIFT_PACKAGE -DDEBUG -Xcc -fmodule-map-file\=/Users/admin/builder/spi-builder-workspace/.derivedData/Build/Intermediates.noindex/GeneratedModuleMaps/CEcho.modulemap -DXcode -plugin-path /Applications/Xcode-16.3.0.app/Contents/Developer/Toolchains/XcodeDefault.xctoolchain/usr/lib/swift/host/plugins/testing -enable-experimental-feature DebugDescriptionMacro -sdk /Applications/Xcode-16.3.0.app/Contents/Developer/Platforms/MacOSX.platform/Developer/SDKs/MacOSX15.4.sdk -target arm64-apple-macos10.13 -g -module-cache-path /Users/admin/builder/spi-builder-workspace/.derivedData/ModuleCache.noindex -Xfrontend -serialize-debugging-options -profile-coverage-mapping -profile-generate -enable-testing -index-store-path /Users/admin/builder/spi-builder-workspace/.derivedData/Index.noindex/DataStore -swift-version 6 -I /Users/admin/builder/spi-builder-workspace/.derivedData/Build/Products/Debug -I /Applications/Xcode-16.3.0.app/Contents/Developer/Platforms/MacOSX.platform/Developer/usr/lib -F /Users/admin/builder/spi-builder-workspace/.derivedData/Build/Products/Debug/PackageFrameworks -F /Users/admin/builder/spi-builder-workspace/.derivedData/Build/Products/Debug/PackageFrameworks -F /Users/admin/builder/spi-builder-workspace/.derivedData/Build/Products/Debug/PackageFrameworks -F /Users/admin/builder/spi-builder-workspace/.derivedData/Build/Products/Debug -F /Applications/Xcode-16.3.0.app/Contents/Developer/Platforms/MacOSX.platform/Developer/Library/Frameworks -c -j10 -enable-batch-mode -incremental -Xcc -ivfsstatcache -Xcc /Users/admin/builder/spi-builder-workspace/.derivedData/SDKStatCaches.noindex/macosx15.4-24E241-8287b8f5db97e746a1562fbca0c9d29b.sdkstatcache -output-file-map /Users/admin/builder/spi-builder-workspace/.derivedData/Build/Intermediates.noindex/Echo.build/Debug/Echo.build/Objects-normal/arm64/Echo-OutputFileMap.json -use-frontend-parseable-output -save-temps -no-color-diagnostics -serialize-diagnostics -emit-dependencies -emit-module -emit-module-path /Users/admin/builder/spi-builder-workspace/.derivedData/Build/Intermediates.noindex/Echo.build/Debug/Echo.build/Objects-normal/arm64/Echo.swiftmodule -validate-clang-modules-once -clang-build-session-file /Users/admin/builder/spi-builder-workspace/.derivedData/ModuleCache.noindex/Session.modulevalidation -package-name spi_builder_workspace -Xcc -I/Users/admin/builder/spi-builder-workspace/.derivedData/Build/Intermediates.noindex/Echo.build/Debug/Echo.build/swift-overrides.hmap -emit-const-values -Xfrontend -const-gather-protocols-file -Xfrontend /Users/admin/builder/spi-builder-workspace/.derivedData/Build/Intermediates.noindex/Echo.build/Debug/Echo.build/Objects-normal/arm64/Echo_const_extract_protocols.json -Xcc -I/Users/admin/builder/spi-builder-workspace/.dependencies/checkouts/swift-atomics/Sources/_AtomicsShims/include -Xcc -I/Users/admin/builder/spi-builder-workspace/Sources/CEcho/include -Xcc -I/Users/admin/builder/spi-builder-workspace/.derivedData/Build/Products/Debug/include -Xcc -I/Users/admin/builder/spi-builder-workspace/.derivedData/Build/Intermediates.noindex/Echo.build/Debug/Echo.build/DerivedSources-normal/arm64 -Xcc -I/Users/admin/builder/spi-builder-workspace/.derivedData/Build/Intermediates.noindex/Echo.build/Debug/Echo.build/DerivedSources/arm64 -Xcc -I/Users/admin/builder/spi-builder-workspace/.derivedData/Build/Intermediates.noindex/Echo.build/Debug/Echo.build/DerivedSources -Xcc -DSWIFT_PACKAGE -Xcc -DDEBUG\=1 -emit-objc-header -emit-objc-header-path /Users/admin/builder/spi-builder-workspace/.derivedData/Build/Intermediates.noindex/Echo.build/Debug/Echo.build/Objects-normal/arm64/Echo-Swift.h -working-directory /Users/admin/builder/spi-builder-workspace/.swiftpm/xcode -experimental-emit-module-separately -disable-cmo
SwiftMergeGeneratedHeaders /Users/admin/builder/spi-builder-workspace/.derivedData/Build/Intermediates.noindex/GeneratedModuleMaps/Echo-Swift.h /Users/admin/builder/spi-builder-workspace/.derivedData/Build/Intermediates.noindex/Echo.build/Debug/Echo.build/Objects-normal/arm64/Echo-Swift.h (in target 'Echo' from project 'Echo')
    cd /Users/admin/builder/spi-builder-workspace
    builtin-swiftHeaderTool -arch arm64 /Users/admin/builder/spi-builder-workspace/.derivedData/Build/Intermediates.noindex/Echo.build/Debug/Echo.build/Objects-normal/arm64/Echo-Swift.h -o /Users/admin/builder/spi-builder-workspace/.derivedData/Build/Intermediates.noindex/GeneratedModuleMaps/Echo-Swift.h
Copy /Users/admin/builder/spi-builder-workspace/.derivedData/Build/Products/Debug/Echo.swiftmodule/arm64-apple-macos.swiftmodule /Users/admin/builder/spi-builder-workspace/.derivedData/Build/Intermediates.noindex/Echo.build/Debug/Echo.build/Objects-normal/arm64/Echo.swiftmodule (in target 'Echo' from project 'Echo')
    cd /Users/admin/builder/spi-builder-workspace
    builtin-copy -exclude .DS_Store -exclude CVS -exclude .svn -exclude .git -exclude .hg -resolve-src-symlinks -rename /Users/admin/builder/spi-builder-workspace/.derivedData/Build/Intermediates.noindex/Echo.build/Debug/Echo.build/Objects-normal/arm64/Echo.swiftmodule /Users/admin/builder/spi-builder-workspace/.derivedData/Build/Products/Debug/Echo.swiftmodule/arm64-apple-macos.swiftmodule
Copy /Users/admin/builder/spi-builder-workspace/.derivedData/Build/Products/Debug/Echo.swiftmodule/arm64-apple-macos.swiftdoc /Users/admin/builder/spi-builder-workspace/.derivedData/Build/Intermediates.noindex/Echo.build/Debug/Echo.build/Objects-normal/arm64/Echo.swiftdoc (in target 'Echo' from project 'Echo')
    cd /Users/admin/builder/spi-builder-workspace
    builtin-copy -exclude .DS_Store -exclude CVS -exclude .svn -exclude .git -exclude .hg -resolve-src-symlinks -rename /Users/admin/builder/spi-builder-workspace/.derivedData/Build/Intermediates.noindex/Echo.build/Debug/Echo.build/Objects-normal/arm64/Echo.swiftdoc /Users/admin/builder/spi-builder-workspace/.derivedData/Build/Products/Debug/Echo.swiftmodule/arm64-apple-macos.swiftdoc
Copy /Users/admin/builder/spi-builder-workspace/.derivedData/Build/Products/Debug/Echo.swiftmodule/arm64-apple-macos.abi.json /Users/admin/builder/spi-builder-workspace/.derivedData/Build/Intermediates.noindex/Echo.build/Debug/Echo.build/Objects-normal/arm64/Echo.abi.json (in target 'Echo' from project 'Echo')
    cd /Users/admin/builder/spi-builder-workspace
    builtin-copy -exclude .DS_Store -exclude CVS -exclude .svn -exclude .git -exclude .hg -resolve-src-symlinks -rename /Users/admin/builder/spi-builder-workspace/.derivedData/Build/Intermediates.noindex/Echo.build/Debug/Echo.build/Objects-normal/arm64/Echo.abi.json /Users/admin/builder/spi-builder-workspace/.derivedData/Build/Products/Debug/Echo.swiftmodule/arm64-apple-macos.abi.json
Copy /Users/admin/builder/spi-builder-workspace/.derivedData/Build/Products/Debug/Echo.swiftmodule/Project/arm64-apple-macos.swiftsourceinfo /Users/admin/builder/spi-builder-workspace/.derivedData/Build/Intermediates.noindex/Echo.build/Debug/Echo.build/Objects-normal/arm64/Echo.swiftsourceinfo (in target 'Echo' from project 'Echo')
    cd /Users/admin/builder/spi-builder-workspace
    builtin-copy -exclude .DS_Store -exclude CVS -exclude .svn -exclude .git -exclude .hg -resolve-src-symlinks -rename /Users/admin/builder/spi-builder-workspace/.derivedData/Build/Intermediates.noindex/Echo.build/Debug/Echo.build/Objects-normal/arm64/Echo.swiftsourceinfo /Users/admin/builder/spi-builder-workspace/.derivedData/Build/Products/Debug/Echo.swiftmodule/Project/arm64-apple-macos.swiftsourceinfo
SwiftDriver EchoRuntimeSupport normal arm64 com.apple.xcode.tools.swift.compiler (in target 'EchoRuntimeSupport' from project 'Echo')
    cd /Users/admin/builder/spi-builder-workspace/.swiftpm/xcode
    builtin-SwiftDriver -- /Applications/Xcode-16.3.0.app/Contents/Developer/Toolchains/XcodeDefault.xctoolchain/usr/bin/swiftc -module-name EchoRuntimeSupport -Onone -enforce-exclusivity\=checked @/Users/admin/builder/spi-builder-workspace/.derivedData/Build/Intermediates.noindex/Echo.build/Debug/EchoRuntimeSupport.build/Objects-normal/arm64/EchoRuntimeSupport.SwiftFileList -DSWIFT_PACKAGE -DDEBUG -Xcc -fmodule-map-file\=/Users/admin/builder/spi-builder-workspace/.derivedData/Build/Intermediates.noindex/GeneratedModuleMaps/CEcho.modulemap -DXcode -plugin-path /Applications/Xcode-16.3.0.app/Contents/Developer/Toolchains/XcodeDefault.xctoolchain/usr/lib/swift/host/plugins/testing -enable-experimental-feature DebugDescriptionMacro -sdk /Applications/Xcode-16.3.0.app/Contents/Developer/Platforms/MacOSX.platform/Developer/SDKs/MacOSX15.4.sdk -target arm64-apple-macos10.13 -g -module-cache-path /Users/admin/builder/spi-builder-workspace/.derivedData/ModuleCache.noindex -Xfrontend -serialize-debugging-options -profile-coverage-mapping -profile-generate -enable-testing -index-store-path /Users/admin/builder/spi-builder-workspace/.derivedData/Index.noindex/DataStore -swift-version 6 -I /Users/admin/builder/spi-builder-workspace/.derivedData/Build/Products/Debug -I /Applications/Xcode-16.3.0.app/Contents/Developer/Platforms/MacOSX.platform/Developer/usr/lib -F /Users/admin/builder/spi-builder-workspace/.derivedData/Build/Products/Debug/PackageFrameworks -F /Users/admin/builder/spi-builder-workspace/.derivedData/Build/Products/Debug/PackageFrameworks -F /Users/admin/builder/spi-builder-workspace/.derivedData/Build/Products/Debug/PackageFrameworks -F /Users/admin/builder/spi-builder-workspace/.derivedData/Build/Products/Debug/PackageFrameworks -F /Users/admin/builder/spi-builder-workspace/.derivedData/Build/Products/Debug -F /Applications/Xcode-16.3.0.app/Contents/Developer/Platforms/MacOSX.platform/Developer/Library/Frameworks -c -j10 -enable-batch-mode -incremental -Xcc -ivfsstatcache -Xcc /Users/admin/builder/spi-builder-workspace/.derivedData/SDKStatCaches.noindex/macosx15.4-24E241-8287b8f5db97e746a1562fbca0c9d29b.sdkstatcache -output-file-map /Users/admin/builder/spi-builder-workspace/.derivedData/Build/Intermediates.noindex/Echo.build/Debug/EchoRuntimeSupport.build/Objects-normal/arm64/EchoRuntimeSupport-OutputFileMap.json -use-frontend-parseable-output -save-temps -no-color-diagnostics -serialize-diagnostics -emit-dependencies -emit-module -emit-module-path /Users/admin/builder/spi-builder-workspace/.derivedData/Build/Intermediates.noindex/Echo.build/Debug/EchoRuntimeSupport.build/Objects-normal/arm64/EchoRuntimeSupport.swiftmodule -validate-clang-modules-once -clang-build-session-file /Users/admin/builder/spi-builder-workspace/.derivedData/ModuleCache.noindex/Session.modulevalidation -package-name spi_builder_workspace -Xcc -I/Users/admin/builder/spi-builder-workspace/.derivedData/Build/Intermediates.noindex/Echo.build/Debug/EchoRuntimeSupport.build/swift-overrides.hmap -emit-const-values -Xfrontend -const-gather-protocols-file -Xfrontend /Users/admin/builder/spi-builder-workspace/.derivedData/Build/Intermediates.noindex/Echo.build/Debug/EchoRuntimeSupport.build/Objects-normal/arm64/EchoRuntimeSupport_const_extract_protocols.json -Xcc -I/Users/admin/builder/spi-builder-workspace/.dependencies/checkouts/swift-atomics/Sources/_AtomicsShims/include -Xcc -I/Users/admin/builder/spi-builder-workspace/Sources/CEcho/include -Xcc -I/Users/admin/builder/spi-builder-workspace/.derivedData/Build/Products/Debug/include -Xcc -I/Users/admin/builder/spi-builder-workspace/.derivedData/Build/Intermediates.noindex/Echo.build/Debug/EchoRuntimeSupport.build/DerivedSources-normal/arm64 -Xcc -I/Users/admin/builder/spi-builder-workspace/.derivedData/Build/Intermediates.noindex/Echo.build/Debug/EchoRuntimeSupport.build/DerivedSources/arm64 -Xcc -I/Users/admin/builder/spi-builder-workspace/.derivedData/Build/Intermediates.noindex/Echo.build/Debug/EchoRuntimeSupport.build/DerivedSources -Xcc -DSWIFT_PACKAGE -Xcc -DDEBUG\=1 -emit-objc-header -emit-objc-header-path /Users/admin/builder/spi-builder-workspace/.derivedData/Build/Intermediates.noindex/Echo.build/Debug/EchoRuntimeSupport.build/Objects-normal/arm64/EchoRuntimeSupport-Swift.h -working-directory /Users/admin/builder/spi-builder-workspace/.swiftpm/xcode -experimental-emit-module-separately -disable-cmo
SwiftDriver EchoRuntimeReflection normal arm64 com.apple.xcode.tools.swift.compiler (in target 'EchoRuntimeReflection' from project 'Echo')
    cd /Users/admin/builder/spi-builder-workspace/.swiftpm/xcode
    builtin-SwiftDriver -- /Applications/Xcode-16.3.0.app/Contents/Developer/Toolchains/XcodeDefault.xctoolchain/usr/bin/swiftc -module-name EchoRuntimeReflection -Onone -enforce-exclusivity\=checked @/Users/admin/builder/spi-builder-workspace/.derivedData/Build/Intermediates.noindex/Echo.build/Debug/EchoRuntimeReflection.build/Objects-normal/arm64/EchoRuntimeReflection.SwiftFileList -DSWIFT_PACKAGE -DDEBUG -Xcc -fmodule-map-file\=/Users/admin/builder/spi-builder-workspace/.derivedData/Build/Intermediates.noindex/GeneratedModuleMaps/CEcho.modulemap -DXcode -plugin-path /Applications/Xcode-16.3.0.app/Contents/Developer/Toolchains/XcodeDefault.xctoolchain/usr/lib/swift/host/plugins/testing -enable-experimental-feature DebugDescriptionMacro -sdk /Applications/Xcode-16.3.0.app/Contents/Developer/Platforms/MacOSX.platform/Developer/SDKs/MacOSX15.4.sdk -target arm64-apple-macos10.13 -g -module-cache-path /Users/admin/builder/spi-builder-workspace/.derivedData/ModuleCache.noindex -Xfrontend -serialize-debugging-options -profile-coverage-mapping -profile-generate -enable-testing -index-store-path /Users/admin/builder/spi-builder-workspace/.derivedData/Index.noindex/DataStore -swift-version 6 -I /Users/admin/builder/spi-builder-workspace/.derivedData/Build/Products/Debug -I /Applications/Xcode-16.3.0.app/Contents/Developer/Platforms/MacOSX.platform/Developer/usr/lib -F /Users/admin/builder/spi-builder-workspace/.derivedData/Build/Products/Debug/PackageFrameworks -F /Users/admin/builder/spi-builder-workspace/.derivedData/Build/Products/Debug/PackageFrameworks -F /Users/admin/builder/spi-builder-workspace/.derivedData/Build/Products/Debug/PackageFrameworks -F /Users/admin/builder/spi-builder-workspace/.derivedData/Build/Products/Debug/PackageFrameworks -F /Users/admin/builder/spi-builder-workspace/.derivedData/Build/Products/Debug -F /Applications/Xcode-16.3.0.app/Contents/Developer/Platforms/MacOSX.platform/Developer/Library/Frameworks -c -j10 -enable-batch-mode -incremental -Xcc -ivfsstatcache -Xcc /Users/admin/builder/spi-builder-workspace/.derivedData/SDKStatCaches.noindex/macosx15.4-24E241-8287b8f5db97e746a1562fbca0c9d29b.sdkstatcache -output-file-map /Users/admin/builder/spi-builder-workspace/.derivedData/Build/Intermediates.noindex/Echo.build/Debug/EchoRuntimeReflection.build/Objects-normal/arm64/EchoRuntimeReflection-OutputFileMap.json -use-frontend-parseable-output -save-temps -no-color-diagnostics -serialize-diagnostics -emit-dependencies -emit-module -emit-module-path /Users/admin/builder/spi-builder-workspace/.derivedData/Build/Intermediates.noindex/Echo.build/Debug/EchoRuntimeReflection.build/Objects-normal/arm64/EchoRuntimeReflection.swiftmodule -validate-clang-modules-once -clang-build-session-file /Users/admin/builder/spi-builder-workspace/.derivedData/ModuleCache.noindex/Session.modulevalidation -package-name spi_builder_workspace -Xcc -I/Users/admin/builder/spi-builder-workspace/.derivedData/Build/Intermediates.noindex/Echo.build/Debug/EchoRuntimeReflection.build/swift-overrides.hmap -emit-const-values -Xfrontend -const-gather-protocols-file -Xfrontend /Users/admin/builder/spi-builder-workspace/.derivedData/Build/Intermediates.noindex/Echo.build/Debug/EchoRuntimeReflection.build/Objects-normal/arm64/EchoRuntimeReflection_const_extract_protocols.json -Xcc -I/Users/admin/builder/spi-builder-workspace/.dependencies/checkouts/swift-atomics/Sources/_AtomicsShims/include -Xcc -I/Users/admin/builder/spi-builder-workspace/Sources/CEcho/include -Xcc -I/Users/admin/builder/spi-builder-workspace/.derivedData/Build/Products/Debug/include -Xcc -I/Users/admin/builder/spi-builder-workspace/.derivedData/Build/Intermediates.noindex/Echo.build/Debug/EchoRuntimeReflection.build/DerivedSources-normal/arm64 -Xcc -I/Users/admin/builder/spi-builder-workspace/.derivedData/Build/Intermediates.noindex/Echo.build/Debug/EchoRuntimeReflection.build/DerivedSources/arm64 -Xcc -I/Users/admin/builder/spi-builder-workspace/.derivedData/Build/Intermediates.noindex/Echo.build/Debug/EchoRuntimeReflection.build/DerivedSources -Xcc -DSWIFT_PACKAGE -Xcc -DDEBUG\=1 -emit-objc-header -emit-objc-header-path /Users/admin/builder/spi-builder-workspace/.derivedData/Build/Intermediates.noindex/Echo.build/Debug/EchoRuntimeReflection.build/Objects-normal/arm64/EchoRuntimeReflection-Swift.h -working-directory /Users/admin/builder/spi-builder-workspace/.swiftpm/xcode -experimental-emit-module-separately -disable-cmo
SwiftDriverJobDiscovery normal arm64 Compiling HeapGenericLocalVariableMetadata.swift, HeapLocalVariableMetadata.swift, Metadata.swift, MetadataAccessFunction.swift, MetadataRequest.swift, MetadataValues.swift (in target 'Echo' from project 'Echo')
SwiftEmitModule normal arm64 Emitting\ module\ for\ EchoRuntimeReflection (in target 'EchoRuntimeReflection' from project 'Echo')
EmitSwiftModule normal arm64 (in target 'EchoRuntimeReflection' from project 'Echo')
    cd /Users/admin/builder/spi-builder-workspace/.swiftpm/xcode

SwiftEmitModule normal arm64 Emitting\ module\ for\ EchoRuntimeSupport (in target 'EchoRuntimeSupport' from project 'Echo')
EmitSwiftModule normal arm64 (in target 'EchoRuntimeSupport' from project 'Echo')
    cd /Users/admin/builder/spi-builder-workspace/.swiftpm/xcode

SwiftCompile normal arm64 Compiling\ ValueOperations.swift /Users/admin/builder/spi-builder-workspace/Sources/EchoRuntimeSupport/ValueOperations.swift (in target 'EchoRuntimeSupport' from project 'Echo')
SwiftCompile normal arm64 /Users/admin/builder/spi-builder-workspace/Sources/EchoRuntimeSupport/ValueOperations.swift (in target 'EchoRuntimeSupport' from project 'Echo')
    cd /Users/admin/builder/spi-builder-workspace/.swiftpm/xcode

SwiftCompile normal arm64 Compiling\ ValueStorage.swift /Users/admin/builder/spi-builder-workspace/Sources/EchoRuntimeSupport/ValueStorage.swift (in target 'EchoRuntimeSupport' from project 'Echo')
SwiftCompile normal arm64 /Users/admin/builder/spi-builder-workspace/Sources/EchoRuntimeSupport/ValueStorage.swift (in target 'EchoRuntimeSupport' from project 'Echo')
    cd /Users/admin/builder/spi-builder-workspace/.swiftpm/xcode

SwiftCompile normal arm64 Compiling\ ValueLayoutInfo.swift /Users/admin/builder/spi-builder-workspace/Sources/EchoRuntimeReflection/ValueLayoutInfo.swift (in target 'EchoRuntimeReflection' from project 'Echo')
SwiftCompile normal arm64 /Users/admin/builder/spi-builder-workspace/Sources/EchoRuntimeReflection/ValueLayoutInfo.swift (in target 'EchoRuntimeReflection' from project 'Echo')
    cd /Users/admin/builder/spi-builder-workspace/.swiftpm/xcode

SwiftDriverJobDiscovery normal arm64 Compiling ValueWitnessTable.swift, AssociatedType.swift, Casting.swift, Concurrency.swift, ConformanceDescriptor.swift, Coroutines.swift (in target 'Echo' from project 'Echo')
SwiftCompile normal arm64 Compiling\ FunctionTypeInfo.swift /Users/admin/builder/spi-builder-workspace/Sources/EchoRuntimeReflection/FunctionTypeInfo.swift (in target 'EchoRuntimeReflection' from project 'Echo')
SwiftCompile normal arm64 /Users/admin/builder/spi-builder-workspace/Sources/EchoRuntimeReflection/FunctionTypeInfo.swift (in target 'EchoRuntimeReflection' from project 'Echo')
    cd /Users/admin/builder/spi-builder-workspace/.swiftpm/xcode

SwiftDriverJobDiscovery normal arm64 Compiling AnonymousDescriptor.swift, ClassDescriptor.swift, ContextDescriptor.swift, ContextDescriptorValues.swift, EnumDescriptor.swift, ExtensionDescriptor.swift (in target 'Echo' from project 'Echo')
SwiftDriverJobDiscovery normal arm64 Compiling RelativeIndirectPointer.swift, RelativeIndirectablePointer.swift, RelativeIndirectablePointerIntPair.swift, RelativePointer.swift, SignedPointer.swift (in target 'Echo' from project 'Echo')
SwiftDriverJobDiscovery normal arm64 Emitting module for EchoRuntimeSupport (in target 'EchoRuntimeSupport' from project 'Echo')
SwiftDriver\ Compilation\ Requirements EchoRuntimeSupport normal arm64 com.apple.xcode.tools.swift.compiler (in target 'EchoRuntimeSupport' from project 'Echo')
    cd /Users/admin/builder/spi-builder-workspace/.swiftpm/xcode
    builtin-Swift-Compilation-Requirements -- /Applications/Xcode-16.3.0.app/Contents/Developer/Toolchains/XcodeDefault.xctoolchain/usr/bin/swiftc -module-name EchoRuntimeSupport -Onone -enforce-exclusivity\=checked @/Users/admin/builder/spi-builder-workspace/.derivedData/Build/Intermediates.noindex/Echo.build/Debug/EchoRuntimeSupport.build/Objects-normal/arm64/EchoRuntimeSupport.SwiftFileList -DSWIFT_PACKAGE -DDEBUG -Xcc -fmodule-map-file\=/Users/admin/builder/spi-builder-workspace/.derivedData/Build/Intermediates.noindex/GeneratedModuleMaps/CEcho.modulemap -DXcode -plugin-path /Applications/Xcode-16.3.0.app/Contents/Developer/Toolchains/XcodeDefault.xctoolchain/usr/lib/swift/host/plugins/testing -enable-experimental-feature DebugDescriptionMacro -sdk /Applications/Xcode-16.3.0.app/Contents/Developer/Platforms/MacOSX.platform/Developer/SDKs/MacOSX15.4.sdk -target arm64-apple-macos10.13 -g -module-cache-path /Users/admin/builder/spi-builder-workspace/.derivedData/ModuleCache.noindex -Xfrontend -serialize-debugging-options -profile-coverage-mapping -profile-generate -enable-testing -index-store-path /Users/admin/builder/spi-builder-workspace/.derivedData/Index.noindex/DataStore -swift-version 6 -I /Users/admin/builder/spi-builder-workspace/.derivedData/Build/Products/Debug -I /Applications/Xcode-16.3.0.app/Contents/Developer/Platforms/MacOSX.platform/Developer/usr/lib -F /Users/admin/builder/spi-builder-workspace/.derivedData/Build/Products/Debug/PackageFrameworks -F /Users/admin/builder/spi-builder-workspace/.derivedData/Build/Products/Debug/PackageFrameworks -F /Users/admin/builder/spi-builder-workspace/.derivedData/Build/Products/Debug/PackageFrameworks -F /Users/admin/builder/spi-builder-workspace/.derivedData/Build/Products/Debug/PackageFrameworks -F /Users/admin/builder/spi-builder-workspace/.derivedData/Build/Products/Debug -F /Applications/Xcode-16.3.0.app/Contents/Developer/Platforms/MacOSX.platform/Developer/Library/Frameworks -c -j10 -enable-batch-mode -incremental -Xcc -ivfsstatcache -Xcc /Users/admin/builder/spi-builder-workspace/.derivedData/SDKStatCaches.noindex/macosx15.4-24E241-8287b8f5db97e746a1562fbca0c9d29b.sdkstatcache -output-file-map /Users/admin/builder/spi-builder-workspace/.derivedData/Build/Intermediates.noindex/Echo.build/Debug/EchoRuntimeSupport.build/Objects-normal/arm64/EchoRuntimeSupport-OutputFileMap.json -use-frontend-parseable-output -save-temps -no-color-diagnostics -serialize-diagnostics -emit-dependencies -emit-module -emit-module-path /Users/admin/builder/spi-builder-workspace/.derivedData/Build/Intermediates.noindex/Echo.build/Debug/EchoRuntimeSupport.build/Objects-normal/arm64/EchoRuntimeSupport.swiftmodule -validate-clang-modules-once -clang-build-session-file /Users/admin/builder/spi-builder-workspace/.derivedData/ModuleCache.noindex/Session.modulevalidation -package-name spi_builder_workspace -Xcc -I/Users/admin/builder/spi-builder-workspace/.derivedData/Build/Intermediates.noindex/Echo.build/Debug/EchoRuntimeSupport.build/swift-overrides.hmap -emit-const-values -Xfrontend -const-gather-protocols-file -Xfrontend /Users/admin/builder/spi-builder-workspace/.derivedData/Build/Intermediates.noindex/Echo.build/Debug/EchoRuntimeSupport.build/Objects-normal/arm64/EchoRuntimeSupport_const_extract_protocols.json -Xcc -I/Users/admin/builder/spi-builder-workspace/.dependencies/checkouts/swift-atomics/Sources/_AtomicsShims/include -Xcc -I/Users/admin/builder/spi-builder-workspace/Sources/CEcho/include -Xcc -I/Users/admin/builder/spi-builder-workspace/.derivedData/Build/Products/Debug/include -Xcc -I/Users/admin/builder/spi-builder-workspace/.derivedData/Build/Intermediates.noindex/Echo.build/Debug/EchoRuntimeSupport.build/DerivedSources-normal/arm64 -Xcc -I/Users/admin/builder/spi-builder-workspace/.derivedData/Build/Intermediates.noindex/Echo.build/Debug/EchoRuntimeSupport.build/DerivedSources/arm64 -Xcc -I/Users/admin/builder/spi-builder-workspace/.derivedData/Build/Intermediates.noindex/Echo.build/Debug/EchoRuntimeSupport.build/DerivedSources -Xcc -DSWIFT_PACKAGE -Xcc -DDEBUG\=1 -emit-objc-header -emit-objc-header-path /Users/admin/builder/spi-builder-workspace/.derivedData/Build/Intermediates.noindex/Echo.build/Debug/EchoRuntimeSupport.build/Objects-normal/arm64/EchoRuntimeSupport-Swift.h -working-directory /Users/admin/builder/spi-builder-workspace/.swiftpm/xcode -experimental-emit-module-separately -disable-cmo
SwiftMergeGeneratedHeaders /Users/admin/builder/spi-builder-workspace/.derivedData/Build/Intermediates.noindex/GeneratedModuleMaps/EchoRuntimeSupport-Swift.h /Users/admin/builder/spi-builder-workspace/.derivedData/Build/Intermediates.noindex/Echo.build/Debug/EchoRuntimeSupport.build/Objects-normal/arm64/EchoRuntimeSupport-Swift.h (in target 'EchoRuntimeSupport' from project 'Echo')
    cd /Users/admin/builder/spi-builder-workspace
    builtin-swiftHeaderTool -arch arm64 /Users/admin/builder/spi-builder-workspace/.derivedData/Build/Intermediates.noindex/Echo.build/Debug/EchoRuntimeSupport.build/Objects-normal/arm64/EchoRuntimeSupport-Swift.h -o /Users/admin/builder/spi-builder-workspace/.derivedData/Build/Intermediates.noindex/GeneratedModuleMaps/EchoRuntimeSupport-Swift.h
Copy /Users/admin/builder/spi-builder-workspace/.derivedData/Build/Products/Debug/EchoRuntimeSupport.swiftmodule/arm64-apple-macos.swiftmodule /Users/admin/builder/spi-builder-workspace/.derivedData/Build/Intermediates.noindex/Echo.build/Debug/EchoRuntimeSupport.build/Objects-normal/arm64/EchoRuntimeSupport.swiftmodule (in target 'EchoRuntimeSupport' from project 'Echo')
    cd /Users/admin/builder/spi-builder-workspace
    builtin-copy -exclude .DS_Store -exclude CVS -exclude .svn -exclude .git -exclude .hg -resolve-src-symlinks -rename /Users/admin/builder/spi-builder-workspace/.derivedData/Build/Intermediates.noindex/Echo.build/Debug/EchoRuntimeSupport.build/Objects-normal/arm64/EchoRuntimeSupport.swiftmodule /Users/admin/builder/spi-builder-workspace/.derivedData/Build/Products/Debug/EchoRuntimeSupport.swiftmodule/arm64-apple-macos.swiftmodule
Copy /Users/admin/builder/spi-builder-workspace/.derivedData/Build/Products/Debug/EchoRuntimeSupport.swiftmodule/arm64-apple-macos.swiftdoc /Users/admin/builder/spi-builder-workspace/.derivedData/Build/Intermediates.noindex/Echo.build/Debug/EchoRuntimeSupport.build/Objects-normal/arm64/EchoRuntimeSupport.swiftdoc (in target 'EchoRuntimeSupport' from project 'Echo')
    cd /Users/admin/builder/spi-builder-workspace
    builtin-copy -exclude .DS_Store -exclude CVS -exclude .svn -exclude .git -exclude .hg -resolve-src-symlinks -rename /Users/admin/builder/spi-builder-workspace/.derivedData/Build/Intermediates.noindex/Echo.build/Debug/EchoRuntimeSupport.build/Objects-normal/arm64/EchoRuntimeSupport.swiftdoc /Users/admin/builder/spi-builder-workspace/.derivedData/Build/Products/Debug/EchoRuntimeSupport.swiftmodule/arm64-apple-macos.swiftdoc
Copy /Users/admin/builder/spi-builder-workspace/.derivedData/Build/Products/Debug/EchoRuntimeSupport.swiftmodule/arm64-apple-macos.abi.json /Users/admin/builder/spi-builder-workspace/.derivedData/Build/Intermediates.noindex/Echo.build/Debug/EchoRuntimeSupport.build/Objects-normal/arm64/EchoRuntimeSupport.abi.json (in target 'EchoRuntimeSupport' from project 'Echo')
    cd /Users/admin/builder/spi-builder-workspace
    builtin-copy -exclude .DS_Store -exclude CVS -exclude .svn -exclude .git -exclude .hg -resolve-src-symlinks -rename /Users/admin/builder/spi-builder-workspace/.derivedData/Build/Intermediates.noindex/Echo.build/Debug/EchoRuntimeSupport.build/Objects-normal/arm64/EchoRuntimeSupport.abi.json /Users/admin/builder/spi-builder-workspace/.derivedData/Build/Products/Debug/EchoRuntimeSupport.swiftmodule/arm64-apple-macos.abi.json
SwiftDriverJobDiscovery normal arm64 Compiling ValueOperations.swift (in target 'EchoRuntimeSupport' from project 'Echo')
Copy /Users/admin/builder/spi-builder-workspace/.derivedData/Build/Products/Debug/EchoRuntimeSupport.swiftmodule/Project/arm64-apple-macos.swiftsourceinfo /Users/admin/builder/spi-builder-workspace/.derivedData/Build/Intermediates.noindex/Echo.build/Debug/EchoRuntimeSupport.build/Objects-normal/arm64/EchoRuntimeSupport.swiftsourceinfo (in target 'EchoRuntimeSupport' from project 'Echo')
    cd /Users/admin/builder/spi-builder-workspace
    builtin-copy -exclude .DS_Store -exclude CVS -exclude .svn -exclude .git -exclude .hg -resolve-src-symlinks -rename /Users/admin/builder/spi-builder-workspace/.derivedData/Build/Intermediates.noindex/Echo.build/Debug/EchoRuntimeSupport.build/Objects-normal/arm64/EchoRuntimeSupport.swiftsourceinfo /Users/admin/builder/spi-builder-workspace/.derivedData/Build/Products/Debug/EchoRuntimeSupport.swiftmodule/Project/arm64-apple-macos.swiftsourceinfo
SwiftDriverJobDiscovery normal arm64 Emitting module for EchoRuntimeReflection (in target 'EchoRuntimeReflection' from project 'Echo')
SwiftDriver\ Compilation\ Requirements EchoRuntimeReflection normal arm64 com.apple.xcode.tools.swift.compiler (in target 'EchoRuntimeReflection' from project 'Echo')
    cd /Users/admin/builder/spi-builder-workspace/.swiftpm/xcode
    builtin-Swift-Compilation-Requirements -- /Applications/Xcode-16.3.0.app/Contents/Developer/Toolchains/XcodeDefault.xctoolchain/usr/bin/swiftc -module-name EchoRuntimeReflection -Onone -enforce-exclusivity\=checked @/Users/admin/builder/spi-builder-workspace/.derivedData/Build/Intermediates.noindex/Echo.build/Debug/EchoRuntimeReflection.build/Objects-normal/arm64/EchoRuntimeReflection.SwiftFileList -DSWIFT_PACKAGE -DDEBUG -Xcc -fmodule-map-file\=/Users/admin/builder/spi-builder-workspace/.derivedData/Build/Intermediates.noindex/GeneratedModuleMaps/CEcho.modulemap -DXcode -plugin-path /Applications/Xcode-16.3.0.app/Contents/Developer/Toolchains/XcodeDefault.xctoolchain/usr/lib/swift/host/plugins/testing -enable-experimental-feature DebugDescriptionMacro -sdk /Applications/Xcode-16.3.0.app/Contents/Developer/Platforms/MacOSX.platform/Developer/SDKs/MacOSX15.4.sdk -target arm64-apple-macos10.13 -g -module-cache-path /Users/admin/builder/spi-builder-workspace/.derivedData/ModuleCache.noindex -Xfrontend -serialize-debugging-options -profile-coverage-mapping -profile-generate -enable-testing -index-store-path /Users/admin/builder/spi-builder-workspace/.derivedData/Index.noindex/DataStore -swift-version 6 -I /Users/admin/builder/spi-builder-workspace/.derivedData/Build/Products/Debug -I /Applications/Xcode-16.3.0.app/Contents/Developer/Platforms/MacOSX.platform/Developer/usr/lib -F /Users/admin/builder/spi-builder-workspace/.derivedData/Build/Products/Debug/PackageFrameworks -F /Users/admin/builder/spi-builder-workspace/.derivedData/Build/Products/Debug/PackageFrameworks -F /Users/admin/builder/spi-builder-workspace/.derivedData/Build/Products/Debug/PackageFrameworks -F /Users/admin/builder/spi-builder-workspace/.derivedData/Build/Products/Debug/PackageFrameworks -F /Users/admin/builder/spi-builder-workspace/.derivedData/Build/Products/Debug -F /Applications/Xcode-16.3.0.app/Contents/Developer/Platforms/MacOSX.platform/Developer/Library/Frameworks -c -j10 -enable-batch-mode -incremental -Xcc -ivfsstatcache -Xcc /Users/admin/builder/spi-builder-workspace/.derivedData/SDKStatCaches.noindex/macosx15.4-24E241-8287b8f5db97e746a1562fbca0c9d29b.sdkstatcache -output-file-map /Users/admin/builder/spi-builder-workspace/.derivedData/Build/Intermediates.noindex/Echo.build/Debug/EchoRuntimeReflection.build/Objects-normal/arm64/EchoRuntimeReflection-OutputFileMap.json -use-frontend-parseable-output -save-temps -no-color-diagnostics -serialize-diagnostics -emit-dependencies -emit-module -emit-module-path /Users/admin/builder/spi-builder-workspace/.derivedData/Build/Intermediates.noindex/Echo.build/Debug/EchoRuntimeReflection.build/Objects-normal/arm64/EchoRuntimeReflection.swiftmodule -validate-clang-modules-once -clang-build-session-file /Users/admin/builder/spi-builder-workspace/.derivedData/ModuleCache.noindex/Session.modulevalidation -package-name spi_builder_workspace -Xcc -I/Users/admin/builder/spi-builder-workspace/.derivedData/Build/Intermediates.noindex/Echo.build/Debug/EchoRuntimeReflection.build/swift-overrides.hmap -emit-const-values -Xfrontend -const-gather-protocols-file -Xfrontend /Users/admin/builder/spi-builder-workspace/.derivedData/Build/Intermediates.noindex/Echo.build/Debug/EchoRuntimeReflection.build/Objects-normal/arm64/EchoRuntimeReflection_const_extract_protocols.json -Xcc -I/Users/admin/builder/spi-builder-workspace/.dependencies/checkouts/swift-atomics/Sources/_AtomicsShims/include -Xcc -I/Users/admin/builder/spi-builder-workspace/Sources/CEcho/include -Xcc -I/Users/admin/builder/spi-builder-workspace/.derivedData/Build/Products/Debug/include -Xcc -I/Users/admin/builder/spi-builder-workspace/.derivedData/Build/Intermediates.noindex/Echo.build/Debug/EchoRuntimeReflection.build/DerivedSources-normal/arm64 -Xcc -I/Users/admin/builder/spi-builder-workspace/.derivedData/Build/Intermediates.noindex/Echo.build/Debug/EchoRuntimeReflection.build/DerivedSources/arm64 -Xcc -I/Users/admin/builder/spi-builder-workspace/.derivedData/Build/Intermediates.noindex/Echo.build/Debug/EchoRuntimeReflection.build/DerivedSources -Xcc -DSWIFT_PACKAGE -Xcc -DDEBUG\=1 -emit-objc-header -emit-objc-header-path /Users/admin/builder/spi-builder-workspace/.derivedData/Build/Intermediates.noindex/Echo.build/Debug/EchoRuntimeReflection.build/Objects-normal/arm64/EchoRuntimeReflection-Swift.h -working-directory /Users/admin/builder/spi-builder-workspace/.swiftpm/xcode -experimental-emit-module-separately -disable-cmo
SwiftMergeGeneratedHeaders /Users/admin/builder/spi-builder-workspace/.derivedData/Build/Intermediates.noindex/GeneratedModuleMaps/EchoRuntimeReflection-Swift.h /Users/admin/builder/spi-builder-workspace/.derivedData/Build/Intermediates.noindex/Echo.build/Debug/EchoRuntimeReflection.build/Objects-normal/arm64/EchoRuntimeReflection-Swift.h (in target 'EchoRuntimeReflection' from project 'Echo')
    cd /Users/admin/builder/spi-builder-workspace
    builtin-swiftHeaderTool -arch arm64 /Users/admin/builder/spi-builder-workspace/.derivedData/Build/Intermediates.noindex/Echo.build/Debug/EchoRuntimeReflection.build/Objects-normal/arm64/EchoRuntimeReflection-Swift.h -o /Users/admin/builder/spi-builder-workspace/.derivedData/Build/Intermediates.noindex/GeneratedModuleMaps/EchoRuntimeReflection-Swift.h
Copy /Users/admin/builder/spi-builder-workspace/.derivedData/Build/Products/Debug/EchoRuntimeReflection.swiftmodule/arm64-apple-macos.abi.json /Users/admin/builder/spi-builder-workspace/.derivedData/Build/Intermediates.noindex/Echo.build/Debug/EchoRuntimeReflection.build/Objects-normal/arm64/EchoRuntimeReflection.abi.json (in target 'EchoRuntimeReflection' from project 'Echo')
    cd /Users/admin/builder/spi-builder-workspace
    builtin-copy -exclude .DS_Store -exclude CVS -exclude .svn -exclude .git -exclude .hg -resolve-src-symlinks -rename /Users/admin/builder/spi-builder-workspace/.derivedData/Build/Intermediates.noindex/Echo.build/Debug/EchoRuntimeReflection.build/Objects-normal/arm64/EchoRuntimeReflection.abi.json /Users/admin/builder/spi-builder-workspace/.derivedData/Build/Products/Debug/EchoRuntimeReflection.swiftmodule/arm64-apple-macos.abi.json
Copy /Users/admin/builder/spi-builder-workspace/.derivedData/Build/Products/Debug/EchoRuntimeReflection.swiftmodule/arm64-apple-macos.swiftdoc /Users/admin/builder/spi-builder-workspace/.derivedData/Build/Intermediates.noindex/Echo.build/Debug/EchoRuntimeReflection.build/Objects-normal/arm64/EchoRuntimeReflection.swiftdoc (in target 'EchoRuntimeReflection' from project 'Echo')
    cd /Users/admin/builder/spi-builder-workspace
    builtin-copy -exclude .DS_Store -exclude CVS -exclude .svn -exclude .git -exclude .hg -resolve-src-symlinks -rename /Users/admin/builder/spi-builder-workspace/.derivedData/Build/Intermediates.noindex/Echo.build/Debug/EchoRuntimeReflection.build/Objects-normal/arm64/EchoRuntimeReflection.swiftdoc /Users/admin/builder/spi-builder-workspace/.derivedData/Build/Products/Debug/EchoRuntimeReflection.swiftmodule/arm64-apple-macos.swiftdoc
Copy /Users/admin/builder/spi-builder-workspace/.derivedData/Build/Products/Debug/EchoRuntimeReflection.swiftmodule/arm64-apple-macos.swiftmodule /Users/admin/builder/spi-builder-workspace/.derivedData/Build/Intermediates.noindex/Echo.build/Debug/EchoRuntimeReflection.build/Objects-normal/arm64/EchoRuntimeReflection.swiftmodule (in target 'EchoRuntimeReflection' from project 'Echo')
    cd /Users/admin/builder/spi-builder-workspace
    builtin-copy -exclude .DS_Store -exclude CVS -exclude .svn -exclude .git -exclude .hg -resolve-src-symlinks -rename /Users/admin/builder/spi-builder-workspace/.derivedData/Build/Intermediates.noindex/Echo.build/Debug/EchoRuntimeReflection.build/Objects-normal/arm64/EchoRuntimeReflection.swiftmodule /Users/admin/builder/spi-builder-workspace/.derivedData/Build/Products/Debug/EchoRuntimeReflection.swiftmodule/arm64-apple-macos.swiftmodule
Copy /Users/admin/builder/spi-builder-workspace/.derivedData/Build/Products/Debug/EchoRuntimeReflection.swiftmodule/Project/arm64-apple-macos.swiftsourceinfo /Users/admin/builder/spi-builder-workspace/.derivedData/Build/Intermediates.noindex/Echo.build/Debug/EchoRuntimeReflection.build/Objects-normal/arm64/EchoRuntimeReflection.swiftsourceinfo (in target 'EchoRuntimeReflection' from project 'Echo')
    cd /Users/admin/builder/spi-builder-workspace
    builtin-copy -exclude .DS_Store -exclude CVS -exclude .svn -exclude .git -exclude .hg -resolve-src-symlinks -rename /Users/admin/builder/spi-builder-workspace/.derivedData/Build/Intermediates.noindex/Echo.build/Debug/EchoRuntimeReflection.build/Objects-normal/arm64/EchoRuntimeReflection.swiftsourceinfo /Users/admin/builder/spi-builder-workspace/.derivedData/Build/Products/Debug/EchoRuntimeReflection.swiftmodule/Project/arm64-apple-macos.swiftsourceinfo
SwiftDriverJobDiscovery normal arm64 Compiling ValueLayoutInfo.swift (in target 'EchoRuntimeReflection' from project 'Echo')
SwiftDriverJobDiscovery normal arm64 Compiling ValueStorage.swift (in target 'EchoRuntimeSupport' from project 'Echo')
SwiftDriver\ Compilation EchoRuntimeSupport normal arm64 com.apple.xcode.tools.swift.compiler (in target 'EchoRuntimeSupport' from project 'Echo')
    cd /Users/admin/builder/spi-builder-workspace/.swiftpm/xcode
    builtin-Swift-Compilation -- /Applications/Xcode-16.3.0.app/Contents/Developer/Toolchains/XcodeDefault.xctoolchain/usr/bin/swiftc -module-name EchoRuntimeSupport -Onone -enforce-exclusivity\=checked @/Users/admin/builder/spi-builder-workspace/.derivedData/Build/Intermediates.noindex/Echo.build/Debug/EchoRuntimeSupport.build/Objects-normal/arm64/EchoRuntimeSupport.SwiftFileList -DSWIFT_PACKAGE -DDEBUG -Xcc -fmodule-map-file\=/Users/admin/builder/spi-builder-workspace/.derivedData/Build/Intermediates.noindex/GeneratedModuleMaps/CEcho.modulemap -DXcode -plugin-path /Applications/Xcode-16.3.0.app/Contents/Developer/Toolchains/XcodeDefault.xctoolchain/usr/lib/swift/host/plugins/testing -enable-experimental-feature DebugDescriptionMacro -sdk /Applications/Xcode-16.3.0.app/Contents/Developer/Platforms/MacOSX.platform/Developer/SDKs/MacOSX15.4.sdk -target arm64-apple-macos10.13 -g -module-cache-path /Users/admin/builder/spi-builder-workspace/.derivedData/ModuleCache.noindex -Xfrontend -serialize-debugging-options -profile-coverage-mapping -profile-generate -enable-testing -index-store-path /Users/admin/builder/spi-builder-workspace/.derivedData/Index.noindex/DataStore -swift-version 6 -I /Users/admin/builder/spi-builder-workspace/.derivedData/Build/Products/Debug -I /Applications/Xcode-16.3.0.app/Contents/Developer/Platforms/MacOSX.platform/Developer/usr/lib -F /Users/admin/builder/spi-builder-workspace/.derivedData/Build/Products/Debug/PackageFrameworks -F /Users/admin/builder/spi-builder-workspace/.derivedData/Build/Products/Debug/PackageFrameworks -F /Users/admin/builder/spi-builder-workspace/.derivedData/Build/Products/Debug/PackageFrameworks -F /Users/admin/builder/spi-builder-workspace/.derivedData/Build/Products/Debug/PackageFrameworks -F /Users/admin/builder/spi-builder-workspace/.derivedData/Build/Products/Debug -F /Applications/Xcode-16.3.0.app/Contents/Developer/Platforms/MacOSX.platform/Developer/Library/Frameworks -c -j10 -enable-batch-mode -incremental -Xcc -ivfsstatcache -Xcc /Users/admin/builder/spi-builder-workspace/.derivedData/SDKStatCaches.noindex/macosx15.4-24E241-8287b8f5db97e746a1562fbca0c9d29b.sdkstatcache -output-file-map /Users/admin/builder/spi-builder-workspace/.derivedData/Build/Intermediates.noindex/Echo.build/Debug/EchoRuntimeSupport.build/Objects-normal/arm64/EchoRuntimeSupport-OutputFileMap.json -use-frontend-parseable-output -save-temps -no-color-diagnostics -serialize-diagnostics -emit-dependencies -emit-module -emit-module-path /Users/admin/builder/spi-builder-workspace/.derivedData/Build/Intermediates.noindex/Echo.build/Debug/EchoRuntimeSupport.build/Objects-normal/arm64/EchoRuntimeSupport.swiftmodule -validate-clang-modules-once -clang-build-session-file /Users/admin/builder/spi-builder-workspace/.derivedData/ModuleCache.noindex/Session.modulevalidation -package-name spi_builder_workspace -Xcc -I/Users/admin/builder/spi-builder-workspace/.derivedData/Build/Intermediates.noindex/Echo.build/Debug/EchoRuntimeSupport.build/swift-overrides.hmap -emit-const-values -Xfrontend -const-gather-protocols-file -Xfrontend /Users/admin/builder/spi-builder-workspace/.derivedData/Build/Intermediates.noindex/Echo.build/Debug/EchoRuntimeSupport.build/Objects-normal/arm64/EchoRuntimeSupport_const_extract_protocols.json -Xcc -I/Users/admin/builder/spi-builder-workspace/.dependencies/checkouts/swift-atomics/Sources/_AtomicsShims/include -Xcc -I/Users/admin/builder/spi-builder-workspace/Sources/CEcho/include -Xcc -I/Users/admin/builder/spi-builder-workspace/.derivedData/Build/Products/Debug/include -Xcc -I/Users/admin/builder/spi-builder-workspace/.derivedData/Build/Intermediates.noindex/Echo.build/Debug/EchoRuntimeSupport.build/DerivedSources-normal/arm64 -Xcc -I/Users/admin/builder/spi-builder-workspace/.derivedData/Build/Intermediates.noindex/Echo.build/Debug/EchoRuntimeSupport.build/DerivedSources/arm64 -Xcc -I/Users/admin/builder/spi-builder-workspace/.derivedData/Build/Intermediates.noindex/Echo.build/Debug/EchoRuntimeSupport.build/DerivedSources -Xcc -DSWIFT_PACKAGE -Xcc -DDEBUG\=1 -emit-objc-header -emit-objc-header-path /Users/admin/builder/spi-builder-workspace/.derivedData/Build/Intermediates.noindex/Echo.build/Debug/EchoRuntimeSupport.build/Objects-normal/arm64/EchoRuntimeSupport-Swift.h -working-directory /Users/admin/builder/spi-builder-workspace/.swiftpm/xcode -experimental-emit-module-separately -disable-cmo
SwiftDriverJobDiscovery normal arm64 Compiling FunctionTypeInfo.swift (in target 'EchoRuntimeReflection' from project 'Echo')
SwiftDriver\ Compilation EchoRuntimeReflection normal arm64 com.apple.xcode.tools.swift.compiler (in target 'EchoRuntimeReflection' from project 'Echo')
    cd /Users/admin/builder/spi-builder-workspace/.swiftpm/xcode
    builtin-Swift-Compilation -- /Applications/Xcode-16.3.0.app/Contents/Developer/Toolchains/XcodeDefault.xctoolchain/usr/bin/swiftc -module-name EchoRuntimeReflection -Onone -enforce-exclusivity\=checked @/Users/admin/builder/spi-builder-workspace/.derivedData/Build/Intermediates.noindex/Echo.build/Debug/EchoRuntimeReflection.build/Objects-normal/arm64/EchoRuntimeReflection.SwiftFileList -DSWIFT_PACKAGE -DDEBUG -Xcc -fmodule-map-file\=/Users/admin/builder/spi-builder-workspace/.derivedData/Build/Intermediates.noindex/GeneratedModuleMaps/CEcho.modulemap -DXcode -plugin-path /Applications/Xcode-16.3.0.app/Contents/Developer/Toolchains/XcodeDefault.xctoolchain/usr/lib/swift/host/plugins/testing -enable-experimental-feature DebugDescriptionMacro -sdk /Applications/Xcode-16.3.0.app/Contents/Developer/Platforms/MacOSX.platform/Developer/SDKs/MacOSX15.4.sdk -target arm64-apple-macos10.13 -g -module-cache-path /Users/admin/builder/spi-builder-workspace/.derivedData/ModuleCache.noindex -Xfrontend -serialize-debugging-options -profile-coverage-mapping -profile-generate -enable-testing -index-store-path /Users/admin/builder/spi-builder-workspace/.derivedData/Index.noindex/DataStore -swift-version 6 -I /Users/admin/builder/spi-builder-workspace/.derivedData/Build/Products/Debug -I /Applications/Xcode-16.3.0.app/Contents/Developer/Platforms/MacOSX.platform/Developer/usr/lib -F /Users/admin/builder/spi-builder-workspace/.derivedData/Build/Products/Debug/PackageFrameworks -F /Users/admin/builder/spi-builder-workspace/.derivedData/Build/Products/Debug/PackageFrameworks -F /Users/admin/builder/spi-builder-workspace/.derivedData/Build/Products/Debug/PackageFrameworks -F /Users/admin/builder/spi-builder-workspace/.derivedData/Build/Products/Debug/PackageFrameworks -F /Users/admin/builder/spi-builder-workspace/.derivedData/Build/Products/Debug -F /Applications/Xcode-16.3.0.app/Contents/Developer/Platforms/MacOSX.platform/Developer/Library/Frameworks -c -j10 -enable-batch-mode -incremental -Xcc -ivfsstatcache -Xcc /Users/admin/builder/spi-builder-workspace/.derivedData/SDKStatCaches.noindex/macosx15.4-24E241-8287b8f5db97e746a1562fbca0c9d29b.sdkstatcache -output-file-map /Users/admin/builder/spi-builder-workspace/.derivedData/Build/Intermediates.noindex/Echo.build/Debug/EchoRuntimeReflection.build/Objects-normal/arm64/EchoRuntimeReflection-OutputFileMap.json -use-frontend-parseable-output -save-temps -no-color-diagnostics -serialize-diagnostics -emit-dependencies -emit-module -emit-module-path /Users/admin/builder/spi-builder-workspace/.derivedData/Build/Intermediates.noindex/Echo.build/Debug/EchoRuntimeReflection.build/Objects-normal/arm64/EchoRuntimeReflection.swiftmodule -validate-clang-modules-once -clang-build-session-file /Users/admin/builder/spi-builder-workspace/.derivedData/ModuleCache.noindex/Session.modulevalidation -package-name spi_builder_workspace -Xcc -I/Users/admin/builder/spi-builder-workspace/.derivedData/Build/Intermediates.noindex/Echo.build/Debug/EchoRuntimeReflection.build/swift-overrides.hmap -emit-const-values -Xfrontend -const-gather-protocols-file -Xfrontend /Users/admin/builder/spi-builder-workspace/.derivedData/Build/Intermediates.noindex/Echo.build/Debug/EchoRuntimeReflection.build/Objects-normal/arm64/EchoRuntimeReflection_const_extract_protocols.json -Xcc -I/Users/admin/builder/spi-builder-workspace/.dependencies/checkouts/swift-atomics/Sources/_AtomicsShims/include -Xcc -I/Users/admin/builder/spi-builder-workspace/Sources/CEcho/include -Xcc -I/Users/admin/builder/spi-builder-workspace/.derivedData/Build/Products/Debug/include -Xcc -I/Users/admin/builder/spi-builder-workspace/.derivedData/Build/Intermediates.noindex/Echo.build/Debug/EchoRuntimeReflection.build/DerivedSources-normal/arm64 -Xcc -I/Users/admin/builder/spi-builder-workspace/.derivedData/Build/Intermediates.noindex/Echo.build/Debug/EchoRuntimeReflection.build/DerivedSources/arm64 -Xcc -I/Users/admin/builder/spi-builder-workspace/.derivedData/Build/Intermediates.noindex/Echo.build/Debug/EchoRuntimeReflection.build/DerivedSources -Xcc -DSWIFT_PACKAGE -Xcc -DDEBUG\=1 -emit-objc-header -emit-objc-header-path /Users/admin/builder/spi-builder-workspace/.derivedData/Build/Intermediates.noindex/Echo.build/Debug/EchoRuntimeReflection.build/Objects-normal/arm64/EchoRuntimeReflection-Swift.h -working-directory /Users/admin/builder/spi-builder-workspace/.swiftpm/xcode -experimental-emit-module-separately -disable-cmo
SwiftDriverJobDiscovery normal arm64 Compiling KnownMetadata.swift, RuntimeValues.swift, WitnessTable.swift, FieldType.swift, Misc.swift, RelativeDirectPointer.swift (in target 'Echo' from project 'Echo')
SwiftDriverJobDiscovery normal arm64 Compiling MetatypeMetadata.swift, ObjCClassWrapperMetadata.swift, OpaqueMetadata.swift, StructMetadata.swift, TupleMetadata.swift, TypeMetadata.swift (in target 'Echo' from project 'Echo')
SwiftDriverJobDiscovery normal arm64 Compiling ExistentialContainer.swift, Functions.swift, HeapObject.swift, ImageInspection.swift, ImageRecords.swift, KeyPaths.swift (in target 'Echo' from project 'Echo')
SwiftDriver\ Compilation Echo normal arm64 com.apple.xcode.tools.swift.compiler (in target 'Echo' from project 'Echo')
    cd /Users/admin/builder/spi-builder-workspace/.swiftpm/xcode
    builtin-Swift-Compilation -- /Applications/Xcode-16.3.0.app/Contents/Developer/Toolchains/XcodeDefault.xctoolchain/usr/bin/swiftc -module-name Echo -Onone -enforce-exclusivity\=checked @/Users/admin/builder/spi-builder-workspace/.derivedData/Build/Intermediates.noindex/Echo.build/Debug/Echo.build/Objects-normal/arm64/Echo.SwiftFileList -DSWIFT_PACKAGE -DDEBUG -Xcc -fmodule-map-file\=/Users/admin/builder/spi-builder-workspace/.derivedData/Build/Intermediates.noindex/GeneratedModuleMaps/CEcho.modulemap -DXcode -plugin-path /Applications/Xcode-16.3.0.app/Contents/Developer/Toolchains/XcodeDefault.xctoolchain/usr/lib/swift/host/plugins/testing -enable-experimental-feature DebugDescriptionMacro -sdk /Applications/Xcode-16.3.0.app/Contents/Developer/Platforms/MacOSX.platform/Developer/SDKs/MacOSX15.4.sdk -target arm64-apple-macos10.13 -g -module-cache-path /Users/admin/builder/spi-builder-workspace/.derivedData/ModuleCache.noindex -Xfrontend -serialize-debugging-options -profile-coverage-mapping -profile-generate -enable-testing -index-store-path /Users/admin/builder/spi-builder-workspace/.derivedData/Index.noindex/DataStore -swift-version 6 -I /Users/admin/builder/spi-builder-workspace/.derivedData/Build/Products/Debug -I /Applications/Xcode-16.3.0.app/Contents/Developer/Platforms/MacOSX.platform/Developer/usr/lib -F /Users/admin/builder/spi-builder-workspace/.derivedData/Build/Products/Debug/PackageFrameworks -F /Users/admin/builder/spi-builder-workspace/.derivedData/Build/Products/Debug/PackageFrameworks -F /Users/admin/builder/spi-builder-workspace/.derivedData/Build/Products/Debug/PackageFrameworks -F /Users/admin/builder/spi-builder-workspace/.derivedData/Build/Products/Debug -F /Applications/Xcode-16.3.0.app/Contents/Developer/Platforms/MacOSX.platform/Developer/Library/Frameworks -c -j10 -enable-batch-mode -incremental -Xcc -ivfsstatcache -Xcc /Users/admin/builder/spi-builder-workspace/.derivedData/SDKStatCaches.noindex/macosx15.4-24E241-8287b8f5db97e746a1562fbca0c9d29b.sdkstatcache -output-file-map /Users/admin/builder/spi-builder-workspace/.derivedData/Build/Intermediates.noindex/Echo.build/Debug/Echo.build/Objects-normal/arm64/Echo-OutputFileMap.json -use-frontend-parseable-output -save-temps -no-color-diagnostics -serialize-diagnostics -emit-dependencies -emit-module -emit-module-path /Users/admin/builder/spi-builder-workspace/.derivedData/Build/Intermediates.noindex/Echo.build/Debug/Echo.build/Objects-normal/arm64/Echo.swiftmodule -validate-clang-modules-once -clang-build-session-file /Users/admin/builder/spi-builder-workspace/.derivedData/ModuleCache.noindex/Session.modulevalidation -package-name spi_builder_workspace -Xcc -I/Users/admin/builder/spi-builder-workspace/.derivedData/Build/Intermediates.noindex/Echo.build/Debug/Echo.build/swift-overrides.hmap -emit-const-values -Xfrontend -const-gather-protocols-file -Xfrontend /Users/admin/builder/spi-builder-workspace/.derivedData/Build/Intermediates.noindex/Echo.build/Debug/Echo.build/Objects-normal/arm64/Echo_const_extract_protocols.json -Xcc -I/Users/admin/builder/spi-builder-workspace/.dependencies/checkouts/swift-atomics/Sources/_AtomicsShims/include -Xcc -I/Users/admin/builder/spi-builder-workspace/Sources/CEcho/include -Xcc -I/Users/admin/builder/spi-builder-workspace/.derivedData/Build/Products/Debug/include -Xcc -I/Users/admin/builder/spi-builder-workspace/.derivedData/Build/Intermediates.noindex/Echo.build/Debug/Echo.build/DerivedSources-normal/arm64 -Xcc -I/Users/admin/builder/spi-builder-workspace/.derivedData/Build/Intermediates.noindex/Echo.build/Debug/Echo.build/DerivedSources/arm64 -Xcc -I/Users/admin/builder/spi-builder-workspace/.derivedData/Build/Intermediates.noindex/Echo.build/Debug/Echo.build/DerivedSources -Xcc -DSWIFT_PACKAGE -Xcc -DDEBUG\=1 -emit-objc-header -emit-objc-header-path /Users/admin/builder/spi-builder-workspace/.derivedData/Build/Intermediates.noindex/Echo.build/Debug/Echo.build/Objects-normal/arm64/Echo-Swift.h -working-directory /Users/admin/builder/spi-builder-workspace/.swiftpm/xcode -experimental-emit-module-separately -disable-cmo
Ld /Users/admin/builder/spi-builder-workspace/.derivedData/Build/Products/Debug/Echo.o normal (in target 'Echo' from project 'Echo')
    cd /Users/admin/builder/spi-builder-workspace
    /Applications/Xcode-16.3.0.app/Contents/Developer/Toolchains/XcodeDefault.xctoolchain/usr/bin/clang -Xlinker -reproducible -target arm64-apple-macos10.13 -r -isysroot /Applications/Xcode-16.3.0.app/Contents/Developer/Platforms/MacOSX.platform/Developer/SDKs/MacOSX15.4.sdk -O0 -L/Users/admin/builder/spi-builder-workspace/.derivedData/Build/Intermediates.noindex/EagerLinkingTBDs/Debug -L/Users/admin/builder/spi-builder-workspace/.derivedData/Build/Products/Debug -L/Applications/Xcode-16.3.0.app/Contents/Developer/Platforms/MacOSX.platform/Developer/usr/lib -F/Users/admin/builder/spi-builder-workspace/.derivedData/Build/Intermediates.noindex/EagerLinkingTBDs/Debug -F/Users/admin/builder/spi-builder-workspace/.derivedData/Build/Products/Debug/PackageFrameworks -F/Users/admin/builder/spi-builder-workspace/.derivedData/Build/Products/Debug/PackageFrameworks -F/Users/admin/builder/spi-builder-workspace/.derivedData/Build/Products/Debug/PackageFrameworks -F/Users/admin/builder/spi-builder-workspace/.derivedData/Build/Products/Debug -iframework /Applications/Xcode-16.3.0.app/Contents/Developer/Platforms/MacOSX.platform/Developer/Library/Frameworks -filelist /Users/admin/builder/spi-builder-workspace/.derivedData/Build/Intermediates.noindex/Echo.build/Debug/Echo.build/Objects-normal/arm64/Echo.LinkFileList -nostdlib -Xlinker -object_path_lto -Xlinker /Users/admin/builder/spi-builder-workspace/.derivedData/Build/Intermediates.noindex/Echo.build/Debug/Echo.build/Objects-normal/arm64/Echo_lto.o -rdynamic -Xlinker -no_deduplicate -Xlinker -debug_variant -Xlinker -dependency_info -Xlinker /Users/admin/builder/spi-builder-workspace/.derivedData/Build/Intermediates.noindex/Echo.build/Debug/Echo.build/Objects-normal/arm64/Echo_dependency_info.dat -fobjc-link-runtime -L/Applications/Xcode-16.3.0.app/Contents/Developer/Toolchains/XcodeDefault.xctoolchain/usr/lib/swift/macosx -L/usr/lib/swift -Xlinker -add_ast_path -Xlinker /Users/admin/builder/spi-builder-workspace/.derivedData/Build/Intermediates.noindex/Echo.build/Debug/Echo.build/Objects-normal/arm64/Echo.swiftmodule -o /Users/admin/builder/spi-builder-workspace/.derivedData/Build/Products/Debug/Echo.o
ExtractAppIntentsMetadata (in target 'Echo' from project 'Echo')
    cd /Users/admin/builder/spi-builder-workspace
    /Applications/Xcode-16.3.0.app/Contents/Developer/Toolchains/XcodeDefault.xctoolchain/usr/bin/appintentsmetadataprocessor --toolchain-dir /Applications/Xcode-16.3.0.app/Contents/Developer/Toolchains/XcodeDefault.xctoolchain --module-name Echo --sdk-root /Applications/Xcode-16.3.0.app/Contents/Developer/Platforms/MacOSX.platform/Developer/SDKs/MacOSX15.4.sdk --xcode-version 16E140 --platform-family macOS --deployment-target 10.13 --bundle-identifier spi-builder-workspace.Echo --output /Users/admin/builder/spi-builder-workspace/.derivedData/Build/Products/Debug/Echo.appintents --target-triple arm64-apple-macos10.13 --binary-file /Users/admin/builder/spi-builder-workspace/.derivedData/Build/Products/Debug/Echo.o --dependency-file /Users/admin/builder/spi-builder-workspace/.derivedData/Build/Intermediates.noindex/Echo.build/Debug/Echo.build/Objects-normal/arm64/Echo_dependency_info.dat --stringsdata-file /Users/admin/builder/spi-builder-workspace/.derivedData/Build/Intermediates.noindex/Echo.build/Debug/Echo.build/Objects-normal/arm64/ExtractedAppShortcutsMetadata.stringsdata --source-file-list /Users/admin/builder/spi-builder-workspace/.derivedData/Build/Intermediates.noindex/Echo.build/Debug/Echo.build/Objects-normal/arm64/Echo.SwiftFileList --metadata-file-list /Users/admin/builder/spi-builder-workspace/.derivedData/Build/Intermediates.noindex/Echo.build/Debug/Echo.build/Echo.DependencyMetadataFileList --static-metadata-file-list /Users/admin/builder/spi-builder-workspace/.derivedData/Build/Intermediates.noindex/Echo.build/Debug/Echo.build/Echo.DependencyStaticMetadataFileList --swift-const-vals-list /Users/admin/builder/spi-builder-workspace/.derivedData/Build/Intermediates.noindex/Echo.build/Debug/Echo.build/Objects-normal/arm64/Echo.SwiftConstValuesFileList --force --compile-time-extraction --deployment-aware-processing --validate-assistant-intents --no-app-shortcuts-localization
2026-08-11 13:55:01.593 appintentsmetadataprocessor[913:5068] Starting appintentsmetadataprocessor export
2026-08-11 13:55:01.626 appintentsmetadataprocessor[913:5068] Extracted no relevant App Intents symbols, skipping writing output
RegisterExecutionPolicyException /Users/admin/builder/spi-builder-workspace/.derivedData/Build/Products/Debug/Echo.o (in target 'Echo' from project 'Echo')
    cd /Users/admin/builder/spi-builder-workspace
    builtin-RegisterExecutionPolicyException /Users/admin/builder/spi-builder-workspace/.derivedData/Build/Products/Debug/Echo.o
Ld /Users/admin/builder/spi-builder-workspace/.derivedData/Build/Products/Debug/EchoRuntimeSupport.o normal (in target 'EchoRuntimeSupport' from project 'Echo')
    cd /Users/admin/builder/spi-builder-workspace
    /Applications/Xcode-16.3.0.app/Contents/Developer/Toolchains/XcodeDefault.xctoolchain/usr/bin/clang -Xlinker -reproducible -target arm64-apple-macos10.13 -r -isysroot /Applications/Xcode-16.3.0.app/Contents/Developer/Platforms/MacOSX.platform/Developer/SDKs/MacOSX15.4.sdk -O0 -L/Users/admin/builder/spi-builder-workspace/.derivedData/Build/Intermediates.noindex/EagerLinkingTBDs/Debug -L/Users/admin/builder/spi-builder-workspace/.derivedData/Build/Products/Debug -L/Applications/Xcode-16.3.0.app/Contents/Developer/Platforms/MacOSX.platform/Developer/usr/lib -F/Users/admin/builder/spi-builder-workspace/.derivedData/Build/Intermediates.noindex/EagerLinkingTBDs/Debug -F/Users/admin/builder/spi-builder-workspace/.derivedData/Build/Products/Debug/PackageFrameworks -F/Users/admin/builder/spi-builder-workspace/.derivedData/Build/Products/Debug/PackageFrameworks -F/Users/admin/builder/spi-builder-workspace/.derivedData/Build/Products/Debug/PackageFrameworks -F/Users/admin/builder/spi-builder-workspace/.derivedData/Build/Products/Debug/PackageFrameworks -F/Users/admin/builder/spi-builder-workspace/.derivedData/Build/Products/Debug -iframework /Applications/Xcode-16.3.0.app/Contents/Developer/Platforms/MacOSX.platform/Developer/Library/Frameworks -filelist /Users/admin/builder/spi-builder-workspace/.derivedData/Build/Intermediates.noindex/Echo.build/Debug/EchoRuntimeSupport.build/Objects-normal/arm64/EchoRuntimeSupport.LinkFileList -nostdlib -Xlinker -object_path_lto -Xlinker /Users/admin/builder/spi-builder-workspace/.derivedData/Build/Intermediates.noindex/Echo.build/Debug/EchoRuntimeSupport.build/Objects-normal/arm64/EchoRuntimeSupport_lto.o -rdynamic -Xlinker -no_deduplicate -Xlinker -debug_variant -Xlinker -dependency_info -Xlinker /Users/admin/builder/spi-builder-workspace/.derivedData/Build/Intermediates.noindex/Echo.build/Debug/EchoRuntimeSupport.build/Objects-normal/arm64/EchoRuntimeSupport_dependency_info.dat -fobjc-link-runtime -L/Applications/Xcode-16.3.0.app/Contents/Developer/Toolchains/XcodeDefault.xctoolchain/usr/lib/swift/macosx -L/usr/lib/swift -Xlinker -add_ast_path -Xlinker /Users/admin/builder/spi-builder-workspace/.derivedData/Build/Intermediates.noindex/Echo.build/Debug/EchoRuntimeSupport.build/Objects-normal/arm64/EchoRuntimeSupport.swiftmodule -o /Users/admin/builder/spi-builder-workspace/.derivedData/Build/Products/Debug/EchoRuntimeSupport.o
Ld /Users/admin/builder/spi-builder-workspace/.derivedData/Build/Products/Debug/EchoRuntimeReflection.o normal (in target 'EchoRuntimeReflection' from project 'Echo')
    cd /Users/admin/builder/spi-builder-workspace
    /Applications/Xcode-16.3.0.app/Contents/Developer/Toolchains/XcodeDefault.xctoolchain/usr/bin/clang -Xlinker -reproducible -target arm64-apple-macos10.13 -r -isysroot /Applications/Xcode-16.3.0.app/Contents/Developer/Platforms/MacOSX.platform/Developer/SDKs/MacOSX15.4.sdk -O0 -L/Users/admin/builder/spi-builder-workspace/.derivedData/Build/Intermediates.noindex/EagerLinkingTBDs/Debug -L/Users/admin/builder/spi-builder-workspace/.derivedData/Build/Products/Debug -L/Applications/Xcode-16.3.0.app/Contents/Developer/Platforms/MacOSX.platform/Developer/usr/lib -F/Users/admin/builder/spi-builder-workspace/.derivedData/Build/Intermediates.noindex/EagerLinkingTBDs/Debug -F/Users/admin/builder/spi-builder-workspace/.derivedData/Build/Products/Debug/PackageFrameworks -F/Users/admin/builder/spi-builder-workspace/.derivedData/Build/Products/Debug/PackageFrameworks -F/Users/admin/builder/spi-builder-workspace/.derivedData/Build/Products/Debug/PackageFrameworks -F/Users/admin/builder/spi-builder-workspace/.derivedData/Build/Products/Debug/PackageFrameworks -F/Users/admin/builder/spi-builder-workspace/.derivedData/Build/Products/Debug -iframework /Applications/Xcode-16.3.0.app/Contents/Developer/Platforms/MacOSX.platform/Developer/Library/Frameworks -filelist /Users/admin/builder/spi-builder-workspace/.derivedData/Build/Intermediates.noindex/Echo.build/Debug/EchoRuntimeReflection.build/Objects-normal/arm64/EchoRuntimeReflection.LinkFileList -nostdlib -Xlinker -object_path_lto -Xlinker /Users/admin/builder/spi-builder-workspace/.derivedData/Build/Intermediates.noindex/Echo.build/Debug/EchoRuntimeReflection.build/Objects-normal/arm64/EchoRuntimeReflection_lto.o -rdynamic -Xlinker -no_deduplicate -Xlinker -debug_variant -Xlinker -dependency_info -Xlinker /Users/admin/builder/spi-builder-workspace/.derivedData/Build/Intermediates.noindex/Echo.build/Debug/EchoRuntimeReflection.build/Objects-normal/arm64/EchoRuntimeReflection_dependency_info.dat -fobjc-link-runtime -L/Applications/Xcode-16.3.0.app/Contents/Developer/Toolchains/XcodeDefault.xctoolchain/usr/lib/swift/macosx -L/usr/lib/swift -Xlinker -add_ast_path -Xlinker /Users/admin/builder/spi-builder-workspace/.derivedData/Build/Intermediates.noindex/Echo.build/Debug/EchoRuntimeReflection.build/Objects-normal/arm64/EchoRuntimeReflection.swiftmodule -o /Users/admin/builder/spi-builder-workspace/.derivedData/Build/Products/Debug/EchoRuntimeReflection.o
ExtractAppIntentsMetadata (in target 'EchoRuntimeSupport' from project 'Echo')
    cd /Users/admin/builder/spi-builder-workspace
    /Applications/Xcode-16.3.0.app/Contents/Developer/Toolchains/XcodeDefault.xctoolchain/usr/bin/appintentsmetadataprocessor --toolchain-dir /Applications/Xcode-16.3.0.app/Contents/Developer/Toolchains/XcodeDefault.xctoolchain --module-name EchoRuntimeSupport --sdk-root /Applications/Xcode-16.3.0.app/Contents/Developer/Platforms/MacOSX.platform/Developer/SDKs/MacOSX15.4.sdk --xcode-version 16E140 --platform-family macOS --deployment-target 10.13 --bundle-identifier spi-builder-workspace.EchoRuntimeSupport --output /Users/admin/builder/spi-builder-workspace/.derivedData/Build/Products/Debug/EchoRuntimeSupport.appintents --target-triple arm64-apple-macos10.13 --binary-file /Users/admin/builder/spi-builder-workspace/.derivedData/Build/Products/Debug/EchoRuntimeSupport.o --dependency-file /Users/admin/builder/spi-builder-workspace/.derivedData/Build/Intermediates.noindex/Echo.build/Debug/EchoRuntimeSupport.build/Objects-normal/arm64/EchoRuntimeSupport_dependency_info.dat --stringsdata-file /Users/admin/builder/spi-builder-workspace/.derivedData/Build/Intermediates.noindex/Echo.build/Debug/EchoRuntimeSupport.build/Objects-normal/arm64/ExtractedAppShortcutsMetadata.stringsdata --source-file-list /Users/admin/builder/spi-builder-workspace/.derivedData/Build/Intermediates.noindex/Echo.build/Debug/EchoRuntimeSupport.build/Objects-normal/arm64/EchoRuntimeSupport.SwiftFileList --metadata-file-list /Users/admin/builder/spi-builder-workspace/.derivedData/Build/Intermediates.noindex/Echo.build/Debug/EchoRuntimeSupport.build/EchoRuntimeSupport.DependencyMetadataFileList --static-metadata-file-list /Users/admin/builder/spi-builder-workspace/.derivedData/Build/Intermediates.noindex/Echo.build/Debug/EchoRuntimeSupport.build/EchoRuntimeSupport.DependencyStaticMetadataFileList --swift-const-vals-list /Users/admin/builder/spi-builder-workspace/.derivedData/Build/Intermediates.noindex/Echo.build/Debug/EchoRuntimeSupport.build/Objects-normal/arm64/EchoRuntimeSupport.SwiftConstValuesFileList --force --compile-time-extraction --deployment-aware-processing --validate-assistant-intents --no-app-shortcuts-localization
2026-08-11 13:55:01.673 appintentsmetadataprocessor[918:5095] Starting appintentsmetadataprocessor export
2026-08-11 13:55:01.706 appintentsmetadataprocessor[918:5095] Extracted no relevant App Intents symbols, skipping writing output
ExtractAppIntentsMetadata (in target 'EchoRuntimeReflection' from project 'Echo')
    cd /Users/admin/builder/spi-builder-workspace
    /Applications/Xcode-16.3.0.app/Contents/Developer/Toolchains/XcodeDefault.xctoolchain/usr/bin/appintentsmetadataprocessor --toolchain-dir /Applications/Xcode-16.3.0.app/Contents/Developer/Toolchains/XcodeDefault.xctoolchain --module-name EchoRuntimeReflection --sdk-root /Applications/Xcode-16.3.0.app/Contents/Developer/Platforms/MacOSX.platform/Developer/SDKs/MacOSX15.4.sdk --xcode-version 16E140 --platform-family macOS --deployment-target 10.13 --bundle-identifier spi-builder-workspace.EchoRuntimeReflection --output /Users/admin/builder/spi-builder-workspace/.derivedData/Build/Products/Debug/EchoRuntimeReflection.appintents --target-triple arm64-apple-macos10.13 --binary-file /Users/admin/builder/spi-builder-workspace/.derivedData/Build/Products/Debug/EchoRuntimeReflection.o --dependency-file /Users/admin/builder/spi-builder-workspace/.derivedData/Build/Intermediates.noindex/Echo.build/Debug/EchoRuntimeReflection.build/Objects-normal/arm64/EchoRuntimeReflection_dependency_info.dat --stringsdata-file /Users/admin/builder/spi-builder-workspace/.derivedData/Build/Intermediates.noindex/Echo.build/Debug/EchoRuntimeReflection.build/Objects-normal/arm64/ExtractedAppShortcutsMetadata.stringsdata --source-file-list /Users/admin/builder/spi-builder-workspace/.derivedData/Build/Intermediates.noindex/Echo.build/Debug/EchoRuntimeReflection.build/Objects-normal/arm64/EchoRuntimeReflection.SwiftFileList --metadata-file-list /Users/admin/builder/spi-builder-workspace/.derivedData/Build/Intermediates.noindex/Echo.build/Debug/EchoRuntimeReflection.build/EchoRuntimeReflection.DependencyMetadataFileList --static-metadata-file-list /Users/admin/builder/spi-builder-workspace/.derivedData/Build/Intermediates.noindex/Echo.build/Debug/EchoRuntimeReflection.build/EchoRuntimeReflection.DependencyStaticMetadataFileList --swift-const-vals-list /Users/admin/builder/spi-builder-workspace/.derivedData/Build/Intermediates.noindex/Echo.build/Debug/EchoRuntimeReflection.build/Objects-normal/arm64/EchoRuntimeReflection.SwiftConstValuesFileList --force --compile-time-extraction --deployment-aware-processing --validate-assistant-intents --no-app-shortcuts-localization
2026-08-11 13:55:01.673 appintentsmetadataprocessor[919:5096] Starting appintentsmetadataprocessor export
2026-08-11 13:55:01.706 appintentsmetadataprocessor[919:5096] Extracted no relevant App Intents symbols, skipping writing output
RegisterExecutionPolicyException /Users/admin/builder/spi-builder-workspace/.derivedData/Build/Products/Debug/EchoRuntimeReflection.o (in target 'EchoRuntimeReflection' from project 'Echo')
    cd /Users/admin/builder/spi-builder-workspace
    builtin-RegisterExecutionPolicyException /Users/admin/builder/spi-builder-workspace/.derivedData/Build/Products/Debug/EchoRuntimeReflection.o
RegisterExecutionPolicyException /Users/admin/builder/spi-builder-workspace/.derivedData/Build/Products/Debug/EchoRuntimeSupport.o (in target 'EchoRuntimeSupport' from project 'Echo')
    cd /Users/admin/builder/spi-builder-workspace
    builtin-RegisterExecutionPolicyException /Users/admin/builder/spi-builder-workspace/.derivedData/Build/Products/Debug/EchoRuntimeSupport.o
** BUILD SUCCEEDED **
--- xcodebuild: WARNING: Using the first of multiple matching destinations:
{ platform:macOS, arch:arm64, id:d61bebb4c4893e1dac9684be68e8f33f40b5e281, name:My Mac }
{ platform:macOS, arch:arm64, variant:Mac Catalyst, id:d61bebb4c4893e1dac9684be68e8f33f40b5e281, name:My Mac }
{ platform:macOS, arch:arm64, variant:DriverKit, id:d61bebb4c4893e1dac9684be68e8f33f40b5e281, name:My Mac }
{ platform:macOS, arch:arm64, variant:Designed for [iPad,iPhone], id:d61bebb4c4893e1dac9684be68e8f33f40b5e281, name:My Mac }
Build complete.
{
  "dependencies" : [
    {
      "identity" : "swift-atomics",
      "requirement" : {
        "range" : [
          {
            "lower_bound" : "1.3.1",
            "upper_bound" : "2.0.0"
          }
        ]
      },
      "type" : "sourceControl",
      "url" : "https://github.com/apple/swift-atomics.git"
    }
  ],
  "manifest_display_name" : "Echo",
  "name" : "Echo",
  "path" : "/Users/admin/builder/spi-builder-workspace",
  "platforms" : [
  ],
  "products" : [
    {
      "name" : "Echo",
      "targets" : [
        "Echo"
      ],
      "type" : {
        "library" : [
          "automatic"
        ]
      }
    },
    {
      "name" : "EchoRuntimeReflection",
      "targets" : [
        "EchoRuntimeReflection"
      ],
      "type" : {
        "library" : [
          "automatic"
        ]
      }
    },
    {
      "name" : "EchoRuntimeSupport",
      "targets" : [
        "EchoRuntimeSupport"
      ],
      "type" : {
        "library" : [
          "automatic"
        ]
      }
    }
  ],
  "swift_languages_versions" : [
    "6"
  ],
  "targets" : [
    {
      "c99name" : "EchoTests",
      "module_type" : "SwiftTarget",
      "name" : "EchoTests",
      "path" : "Tests/EchoTests",
      "sources" : [
        "Context Descriptor/AnonymousDescriptor.swift",
        "Context Descriptor/ClassDescriptor.swift",
        "Context Descriptor/EnumDescriptor.swift",
        "Context Descriptor/ExtensionDescriptor.swift",
        "Context Descriptor/FieldDescriptor.swift",
        "Context Descriptor/GenericContext.swift",
        "Context Descriptor/GenericKinds.swift",
        "Context Descriptor/ModuleDescriptor.swift",
        "Context Descriptor/ProtocolDescriptor.swift",
        "Context Descriptor/StructDescriptor.swift",
        "Context Descriptor/TypeImportInfo.swift",
        "EchoTests.swift",
        "Metadata/ClassMetadata.swift",
        "Metadata/EnumMetadata.swift",
        "Metadata/ExistentialMetadata.swift",
        "Metadata/ExistentialMetatypeMetadata.swift",
        "Metadata/ExtendedExistentialMetadata.swift",
        "Metadata/FunctionMetadata.swift",
        "Metadata/LayoutString.swift",
        "Metadata/MetadataAccessFunction.swift",
        "Metadata/MetadataFlags.swift",
        "Metadata/MetadataPack.swift",
        "Metadata/MetatypeMetadata.swift",
        "Metadata/ObjCClassWrapperMetadata.swift",
        "Metadata/OpaqueMetadata.swift",
        "Metadata/StructMetadata.swift",
        "Metadata/TupleMetadata.swift",
        "ProjectedValueTests.swift",
        "Runtime/AssociatedType.swift",
        "Runtime/Concurrency.swift",
        "Runtime/ConformanceDescriptor.swift",
        "Runtime/Coroutines.swift",
        "Runtime/ExistentialContainer.swift",
        "Runtime/Functions.swift",
        "Runtime/ImageInspection.swift",
        "Runtime/KeyPaths.swift",
        "Runtime/PublicForkAPIs.swift",
        "Utils/Misc.swift"
      ],
      "target_dependencies" : [
        "Echo"
      ],
      "type" : "test"
    },
    {
      "c99name" : "EchoRuntimeSupportTests",
      "module_type" : "SwiftTarget",
      "name" : "EchoRuntimeSupportTests",
      "path" : "Tests/EchoRuntimeSupportTests",
      "sources" : [
        "ValueStorage.swift"
      ],
      "target_dependencies" : [
        "EchoRuntimeSupport"
      ],
      "type" : "test"
    },
    {
      "c99name" : "EchoRuntimeSupport",
      "module_type" : "SwiftTarget",
      "name" : "EchoRuntimeSupport",
      "path" : "Sources/EchoRuntimeSupport",
      "product_memberships" : [
        "EchoRuntimeSupport"
      ],
      "sources" : [
        "ValueOperations.swift",
        "ValueStorage.swift"
      ],
      "target_dependencies" : [
        "Echo"
      ],
      "type" : "library"
    },
    {
      "c99name" : "EchoRuntimeReflectionTests",
      "module_type" : "SwiftTarget",
      "name" : "EchoRuntimeReflectionTests",
      "path" : "Tests/EchoRuntimeReflectionTests",
      "sources" : [
        "FunctionTypeInfo.swift",
        "ValueLayoutInfo.swift"
      ],
      "target_dependencies" : [
        "EchoRuntimeReflection"
      ],
      "type" : "test"
    },
    {
      "c99name" : "EchoRuntimeReflection",
      "module_type" : "SwiftTarget",
      "name" : "EchoRuntimeReflection",
      "path" : "Sources/EchoRuntimeReflection",
      "product_memberships" : [
        "EchoRuntimeReflection"
      ],
      "sources" : [
        "FunctionTypeInfo.swift",
        "ValueLayoutInfo.swift"
      ],
      "target_dependencies" : [
        "Echo"
      ],
      "type" : "library"
    },
    {
      "c99name" : "Echo",
      "module_type" : "SwiftTarget",
      "name" : "Echo",
      "path" : "Sources/Echo",
      "product_dependencies" : [
        "Atomics"
      ],
      "product_memberships" : [
        "Echo",
        "EchoRuntimeReflection",
        "EchoRuntimeSupport"
      ],
      "sources" : [
        "ContextDescriptor/AnonymousDescriptor.swift",
        "ContextDescriptor/ClassDescriptor.swift",
        "ContextDescriptor/ContextDescriptor.swift",
        "ContextDescriptor/ContextDescriptorValues.swift",
        "ContextDescriptor/EnumDescriptor.swift",
        "ContextDescriptor/ExtensionDescriptor.swift",
        "ContextDescriptor/FieldDescriptor.swift",
        "ContextDescriptor/GenericContext.swift",
        "ContextDescriptor/ModuleDescriptor.swift",
        "ContextDescriptor/OpaqueDescriptor.swift",
        "ContextDescriptor/ProtocolDescriptor.swift",
        "ContextDescriptor/StructDescriptor.swift",
        "ContextDescriptor/TypeContextDescriptor.swift",
        "ContextDescriptor/TypeImportInfo.swift",
        "ContextDescriptor/ValueTypeDescriptorTrailing.swift",
        "Echo.swift",
        "Metadata/ClassMetadata.swift",
        "Metadata/EnumMetadata.swift",
        "Metadata/EnumValueWitnessTable.swift",
        "Metadata/ExistentialMetadata.swift",
        "Metadata/ExistentialMetatypeMetadata.swift",
        "Metadata/ExtendedExistentialMetadata.swift",
        "Metadata/ForeignClassMetadata.swift",
        "Metadata/FunctionMetadata.swift",
        "Metadata/HeapGenericLocalVariableMetadata.swift",
        "Metadata/HeapLocalVariableMetadata.swift",
        "Metadata/Metadata.swift",
        "Metadata/MetadataAccessFunction.swift",
        "Metadata/MetadataRequest.swift",
        "Metadata/MetadataValues.swift",
        "Metadata/MetatypeMetadata.swift",
        "Metadata/ObjCClassWrapperMetadata.swift",
        "Metadata/OpaqueMetadata.swift",
        "Metadata/StructMetadata.swift",
        "Metadata/TupleMetadata.swift",
        "Metadata/TypeMetadata.swift",
        "Metadata/ValueWitnessTable.swift",
        "Runtime/AssociatedType.swift",
        "Runtime/Casting.swift",
        "Runtime/Concurrency.swift",
        "Runtime/ConformanceDescriptor.swift",
        "Runtime/Coroutines.swift",
        "Runtime/ExistentialContainer.swift",
        "Runtime/Functions.swift",
        "Runtime/HeapObject.swift",
        "Runtime/ImageInspection.swift",
        "Runtime/ImageRecords.swift",
        "Runtime/KeyPaths.swift",
        "Runtime/KnownMetadata.swift",
        "Runtime/RuntimeValues.swift",
        "Runtime/WitnessTable.swift",
        "Utils/FieldType.swift",
        "Utils/Misc.swift",
        "Utils/RelativeDirectPointer.swift",
        "Utils/RelativeIndirectPointer.swift",
        "Utils/RelativeIndirectablePointer.swift",
        "Utils/RelativeIndirectablePointerIntPair.swift",
        "Utils/RelativePointer.swift",
        "Utils/SignedPointer.swift"
      ],
      "target_dependencies" : [
        "CEcho"
      ],
      "type" : "library"
    },
    {
      "c99name" : "CEcho",
      "module_type" : "ClangTarget",
      "name" : "CEcho",
      "path" : "Sources/CEcho",
      "product_memberships" : [
        "Echo",
        "EchoRuntimeReflection",
        "EchoRuntimeSupport"
      ],
      "sources" : [
        "CallAccessor.c",
        "Functions.c",
        "ImageInspectionELF.c",
        "ImageInspectionMachO.c",
        "KnownMetadata.c",
        "ValueWitnessTable.c"
      ],
      "type" : "library"
    }
  ],
  "tools_version" : "6.0"
}
Done.