The Swift Package Index logo.Swift Package Index

Build Information

Failed to build GoogleCloudLustreV1, reference main (b3315b), with Swift 6.2 for Android on 11 Oct 2026 14:36:42 UTC.

Build Command

bash -c docker run --pull=always --rm -v "checkouts-54344845-1":/host -w "$PWD" -e JAVA_HOME="/root/.sdkman/candidates/java/current" -e SPI_BUILD="1" -e SPI_PROCESSING="1" registry.gitlab.com/saguaro1/spi-images:android-6.2-latest swift build --swift-sdk aarch64-unknown-linux-android28 2>&1

Build Log

========================================
RunAll
========================================
Builder version: 5.1.1
Interrupt handler set up.
========================================
Checkout
========================================
Clone URL: https://github.com/googleapis/swift-google-cloud-lustre-v1.git
Reference: main
Initialized empty Git repository in /host/spi-builder-workspace/.git/
hint: Using 'master' as the name for the initial branch. This default branch name
hint: is subject to change. To configure the initial branch name to use in all
hint: of your new repositories, which will suppress this warning, call:
hint:
hint: 	git config --global init.defaultBranch <name>
hint:
hint: Names commonly chosen instead of 'master' are 'main', 'trunk' and
hint: 'development'. The just-created branch can be renamed via this command:
hint:
hint: 	git branch -m <name>
From https://github.com/googleapis/swift-google-cloud-lustre-v1
 * branch            main       -> FETCH_HEAD
 * [new branch]      main       -> origin/main
HEAD is now at b3315bb chore: release circa 2026-10-07 (#1382)
Cloned https://github.com/googleapis/swift-google-cloud-lustre-v1.git
Revision (git rev-parse @):
b3315bb15039553293000c722bf4591111a5a9bb
SPI manifest file found: $PWD/.spi.yml
SUCCESS checkout https://github.com/googleapis/swift-google-cloud-lustre-v1.git at main
========================================
Build
========================================
Selected platform:         android
Swift version:             6.2
Building package at path:  $PWD
https://github.com/googleapis/swift-google-cloud-lustre-v1.git
Running build ...
bash -c docker run --pull=always --rm -v "checkouts-54344845-1":/host -w "$PWD" -e JAVA_HOME="/root/.sdkman/candidates/java/current" -e SPI_BUILD="1" -e SPI_PROCESSING="1" registry.gitlab.com/saguaro1/spi-images:android-6.2-latest swift build --swift-sdk aarch64-unknown-linux-android28 2>&1
android-6.2-latest: Pulling from saguaro1/spi-images
Digest: sha256:a839c9ce201f1dacc8eb056626ec7ab0a1c6d53d7b77c83feda395f4507c51be
Status: Image is up to date for registry.gitlab.com/saguaro1/spi-images:android-6.2-latest
Fetching https://github.com/googleapis/swift-google-longrunning
Fetching https://github.com/apple/swift-log
Fetching https://github.com/googleapis/swift-google-rpc
Fetching https://github.com/googleapis/swift-google-wkt
Fetching https://github.com/googleapis/swift-google-iam-v1
Fetching https://github.com/googleapis/swift-google-type
[1/422] Fetching swift-google-rpc
[99/1041] Fetching swift-google-rpc, swift-google-longrunning
[161/1747] Fetching swift-google-rpc, swift-google-longrunning, swift-google-iam-v1
[275/10004] Fetching swift-google-rpc, swift-google-longrunning, swift-google-iam-v1, swift-log
[276/11027] Fetching swift-google-rpc, swift-google-longrunning, swift-google-iam-v1, swift-log, swift-google-wkt
[1356/11464] Fetching swift-google-rpc, swift-google-longrunning, swift-google-iam-v1, swift-log, swift-google-wkt, swift-google-type
Fetched https://github.com/googleapis/swift-google-longrunning from cache (0.37s)
[2049/10845] Fetching swift-google-rpc, swift-google-iam-v1, swift-log, swift-google-wkt, swift-google-type
Fetching https://github.com/googleapis/swift-google-gax
Fetched https://github.com/googleapis/swift-google-type from cache (0.40s)
Fetching https://github.com/googleapis/swift-google-cloud-location
[5124/10408] Fetching swift-google-rpc, swift-google-iam-v1, swift-log, swift-google-wkt
Fetched https://github.com/googleapis/swift-google-rpc from cache (0.49s)
Fetched https://github.com/googleapis/swift-google-wkt from cache (0.49s)
Fetched https://github.com/googleapis/swift-google-iam-v1 from cache (0.49s)
Fetched https://github.com/apple/swift-log from cache (0.49s)
Fetching https://github.com/googleapis/swift-google-auth
[1/1748] Fetching swift-google-gax
[1749/2300] Fetching swift-google-gax, swift-google-cloud-location
Fetched https://github.com/googleapis/swift-google-gax from cache (0.41s)
[78/552] Fetching swift-google-cloud-location
Fetched https://github.com/googleapis/swift-google-cloud-location from cache (0.41s)
[1/1023] Fetching swift-google-auth
Fetched https://github.com/googleapis/swift-google-auth from cache (0.41s)
Computing version for https://github.com/googleapis/swift-google-wkt
Computed https://github.com/googleapis/swift-google-wkt at 0.5.0 (1.05s)
Fetching https://github.com/swift-extras/swift-extras-base64
[1/954] Fetching swift-extras-base64
Fetched https://github.com/swift-extras/swift-extras-base64 from cache (0.92s)
Computing version for https://github.com/googleapis/swift-google-type
Computed https://github.com/googleapis/swift-google-type at 0.5.0 (1.08s)
Computing version for https://github.com/googleapis/swift-google-rpc
Computed https://github.com/googleapis/swift-google-rpc at 0.5.0 (0.15s)
Computing version for https://github.com/googleapis/swift-google-longrunning
Computed https://github.com/googleapis/swift-google-longrunning at 0.5.0 (0.15s)
Computing version for https://github.com/googleapis/swift-google-iam-v1
Computed https://github.com/googleapis/swift-google-iam-v1 at 0.5.0 (0.15s)
Computing version for https://github.com/googleapis/swift-google-gax
Computed https://github.com/googleapis/swift-google-gax at 0.5.0 (0.16s)
Fetching https://github.com/swift-server/async-http-client.git
Fetching https://github.com/apple/swift-nio
[1/16464] Fetching async-http-client
[16465/102838] Fetching async-http-client, swift-nio
Fetched https://github.com/swift-server/async-http-client.git from cache (0.96s)
[5183/86374] Fetching swift-nio
Fetched https://github.com/apple/swift-nio from cache (3.15s)
Computing version for https://github.com/googleapis/swift-google-cloud-location
Computed https://github.com/googleapis/swift-google-cloud-location at 0.5.0 (3.41s)
Computing version for https://github.com/googleapis/swift-google-auth
Computed https://github.com/googleapis/swift-google-auth at 0.5.0 (0.22s)
Fetching https://github.com/apple/swift-system.git
Fetching https://github.com/vapor/jwt-kit.git
[1/7241] Fetching swift-system
[7242/17495] Fetching swift-system, jwt-kit
Fetched https://github.com/apple/swift-system.git from cache (0.71s)
[821/10254] Fetching jwt-kit
Fetched https://github.com/vapor/jwt-kit.git from cache (1.14s)
Computing version for https://github.com/swift-extras/swift-extras-base64
Computed https://github.com/swift-extras/swift-extras-base64 at 1.2.0 (1.40s)
Computing version for https://github.com/swift-server/async-http-client.git
Computed https://github.com/swift-server/async-http-client.git at 1.36.2 (0.32s)
Fetching https://github.com/apple/swift-nio-extras.git
Fetching https://github.com/apple/swift-algorithms.git
Fetching https://github.com/apple/swift-service-context.git
Fetching https://github.com/apple/swift-distributed-tracing.git
Fetching https://github.com/apple/swift-atomics.git
[1/1889] Fetching swift-atomics
[20/3389] Fetching swift-atomics, swift-service-context
[2433/10092] Fetching swift-atomics, swift-service-context, swift-nio-extras
[5066/16643] Fetching swift-atomics, swift-service-context, swift-nio-extras, swift-distributed-tracing
[6006/22807] Fetching swift-atomics, swift-service-context, swift-nio-extras, swift-distributed-tracing, swift-algorithms
Fetching https://github.com/apple/swift-configuration.git
Fetched https://github.com/apple/swift-nio-extras.git from cache (0.66s)
Fetching https://github.com/apple/swift-nio-transport-services.git
Fetched https://github.com/apple/swift-atomics.git from cache (0.69s)
Fetched https://github.com/apple/swift-algorithms.git from cache (0.69s)
Fetching https://github.com/apple/swift-nio-ssl.git
Fetched https://github.com/apple/swift-service-context.git from cache (0.70s)
Fetching https://github.com/apple/swift-nio-http2.git
Fetched https://github.com/apple/swift-distributed-tracing.git from cache (0.71s)
[1/3928] Fetching swift-configuration
[316/6795] Fetching swift-configuration, swift-nio-transport-services
[6796/23666] Fetching swift-configuration, swift-nio-transport-services, swift-nio-ssl
Fetched https://github.com/apple/swift-nio-transport-services.git from cache (0.55s)
[4603/20799] Fetching swift-configuration, swift-nio-ssl
Fetched https://github.com/apple/swift-configuration.git from cache (0.58s)
[844/16871] Fetching swift-nio-ssl
[1182/29165] Fetching swift-nio-ssl, swift-nio-http2
Fetched https://github.com/apple/swift-nio-http2.git from cache (1.36s)
Fetched https://github.com/apple/swift-nio-ssl.git from cache (1.86s)
Computing version for https://github.com/apple/swift-service-context.git
Computed https://github.com/apple/swift-service-context.git at 1.3.0 (2.78s)
Computing version for https://github.com/apple/swift-algorithms.git
Computed https://github.com/apple/swift-algorithms.git at 1.2.1 (1.36s)
Fetching https://github.com/apple/swift-numerics.git
[1/6733] Fetching swift-numerics
Fetched https://github.com/apple/swift-numerics.git from cache (0.59s)
Computing version for https://github.com/apple/swift-log
Computed https://github.com/apple/swift-log at 1.16.1 (0.90s)
Computing version for https://github.com/apple/swift-distributed-tracing.git
Computed https://github.com/apple/swift-distributed-tracing.git at 1.5.0 (0.25s)
Computing version for https://github.com/apple/swift-atomics.git
Computed https://github.com/apple/swift-atomics.git at 1.3.1 (0.27s)
Computing version for https://github.com/apple/swift-numerics.git
Computed https://github.com/apple/swift-numerics.git at 1.1.1 (0.27s)
Computing version for https://github.com/apple/swift-nio
Computed https://github.com/apple/swift-nio at 2.104.0 (0.55s)
Fetching https://github.com/apple/swift-collections.git
[1/28703] Fetching swift-collections
Fetched https://github.com/apple/swift-collections.git from cache (1.86s)
Computing version for https://github.com/apple/swift-configuration.git
Computed https://github.com/apple/swift-configuration.git at 1.2.2 (3.75s)
Fetching https://github.com/swift-server/swift-service-lifecycle
[1/2867] Fetching swift-service-lifecycle
Fetched https://github.com/swift-server/swift-service-lifecycle from cache (1.94s)
Computing version for https://github.com/apple/swift-nio-transport-services.git
Computed https://github.com/apple/swift-nio-transport-services.git at 1.28.0 (3.12s)
Computing version for https://github.com/swift-server/swift-service-lifecycle
Computed https://github.com/swift-server/swift-service-lifecycle at 2.12.1 (1.10s)
Fetching https://github.com/apple/swift-async-algorithms.git
[1/6820] Fetching swift-async-algorithms
Fetched https://github.com/apple/swift-async-algorithms.git from cache (1.37s)
Computing version for https://github.com/apple/swift-async-algorithms.git
Computed https://github.com/apple/swift-async-algorithms.git at 1.1.7 (2.12s)
Computing version for https://github.com/apple/swift-collections.git
Computed https://github.com/apple/swift-collections.git at 1.7.2 (0.98s)
Computing version for https://github.com/apple/swift-nio-http2.git
Computed https://github.com/apple/swift-nio-http2.git at 1.46.0 (0.65s)
Computing version for https://github.com/vapor/jwt-kit.git
Computed https://github.com/vapor/jwt-kit.git at 5.7.1 (0.65s)
Fetching https://github.com/apple/swift-crypto.git
Fetching https://github.com/apple/swift-certificates.git
[1/7609] Fetching swift-certificates
[7610/26238] Fetching swift-certificates, swift-crypto
Fetched https://github.com/apple/swift-certificates.git from cache (1.25s)
[932/18629] Fetching swift-crypto
Fetched https://github.com/apple/swift-crypto.git from cache (2.68s)
Computing version for https://github.com/apple/swift-crypto.git
Computed https://github.com/apple/swift-crypto.git at 4.5.2 (3.93s)
Fetching https://github.com/apple/swift-asn1.git
[1/2009] Fetching swift-asn1
Fetched https://github.com/apple/swift-asn1.git from cache (1.47s)
Computing version for https://github.com/apple/swift-asn1.git
Computed https://github.com/apple/swift-asn1.git at 1.7.3 (1.97s)
Computing version for https://github.com/apple/swift-certificates.git
Computed https://github.com/apple/swift-certificates.git at 1.21.0 (0.97s)
Computing version for https://github.com/apple/swift-nio-ssl.git
Computed https://github.com/apple/swift-nio-ssl.git at 2.37.5 (0.80s)
Computing version for https://github.com/apple/swift-system.git
Computed https://github.com/apple/swift-system.git at 1.8.1 (0.85s)
Computing version for https://github.com/apple/swift-nio-extras.git
Computed https://github.com/apple/swift-nio-extras.git at 1.35.1 (0.91s)
Fetching https://github.com/apple/swift-http-types.git
Fetching https://github.com/apple/swift-http-structured-headers.git
[1/1253] Fetching swift-http-structured-headers
[39/3192] Fetching swift-http-structured-headers, swift-http-types
Fetched https://github.com/apple/swift-http-structured-headers.git from cache (1.06s)
Fetched https://github.com/apple/swift-http-types.git from cache (1.29s)
Computing version for https://github.com/apple/swift-http-structured-headers.git
Computed https://github.com/apple/swift-http-structured-headers.git at 1.7.0 (2.17s)
Computing version for https://github.com/apple/swift-http-types.git
Computed https://github.com/apple/swift-http-types.git at 1.8.0 (1.08s)
Creating working copy for https://github.com/apple/swift-http-structured-headers.git
Working copy of https://github.com/apple/swift-http-structured-headers.git resolved at 1.7.0
Creating working copy for https://github.com/swift-server/async-http-client.git
Working copy of https://github.com/swift-server/async-http-client.git resolved at 1.36.2
Creating working copy for https://github.com/apple/swift-nio-ssl.git
Working copy of https://github.com/apple/swift-nio-ssl.git resolved at 2.37.5
Creating working copy for https://github.com/apple/swift-asn1.git
Working copy of https://github.com/apple/swift-asn1.git resolved at 1.7.3
Creating working copy for https://github.com/googleapis/swift-google-longrunning
Working copy of https://github.com/googleapis/swift-google-longrunning resolved at 0.5.0
Creating working copy for https://github.com/googleapis/swift-google-gax
Working copy of https://github.com/googleapis/swift-google-gax resolved at 0.5.0
Creating working copy for https://github.com/googleapis/swift-google-auth
Working copy of https://github.com/googleapis/swift-google-auth resolved at 0.5.0
Creating working copy for https://github.com/apple/swift-nio-extras.git
Working copy of https://github.com/apple/swift-nio-extras.git resolved at 1.35.1
Creating working copy for https://github.com/googleapis/swift-google-type
Working copy of https://github.com/googleapis/swift-google-type resolved at 0.5.0
Creating working copy for https://github.com/apple/swift-service-context.git
Working copy of https://github.com/apple/swift-service-context.git resolved at 1.3.0
Creating working copy for https://github.com/googleapis/swift-google-rpc
Working copy of https://github.com/googleapis/swift-google-rpc resolved at 0.5.0
Creating working copy for https://github.com/googleapis/swift-google-iam-v1
Working copy of https://github.com/googleapis/swift-google-iam-v1 resolved at 0.5.0
Creating working copy for https://github.com/apple/swift-log
Working copy of https://github.com/apple/swift-log resolved at 1.16.1
Creating working copy for https://github.com/googleapis/swift-google-wkt
Working copy of https://github.com/googleapis/swift-google-wkt resolved at 0.5.0
Creating working copy for https://github.com/apple/swift-nio-transport-services.git
Working copy of https://github.com/apple/swift-nio-transport-services.git resolved at 1.28.0
Creating working copy for https://github.com/apple/swift-algorithms.git
Working copy of https://github.com/apple/swift-algorithms.git resolved at 1.2.1
Creating working copy for https://github.com/googleapis/swift-google-cloud-location
Working copy of https://github.com/googleapis/swift-google-cloud-location resolved at 0.5.0
Creating working copy for https://github.com/swift-server/swift-service-lifecycle
Working copy of https://github.com/swift-server/swift-service-lifecycle resolved at 2.12.1
Creating working copy for https://github.com/apple/swift-certificates.git
Working copy of https://github.com/apple/swift-certificates.git resolved at 1.21.0
Creating working copy for https://github.com/apple/swift-atomics.git
Working copy of https://github.com/apple/swift-atomics.git resolved at 1.3.1
Creating working copy for https://github.com/apple/swift-http-types.git
Working copy of https://github.com/apple/swift-http-types.git resolved at 1.8.0
Creating working copy for https://github.com/apple/swift-numerics.git
Working copy of https://github.com/apple/swift-numerics.git resolved at 1.1.1
Creating working copy for https://github.com/swift-extras/swift-extras-base64
Working copy of https://github.com/swift-extras/swift-extras-base64 resolved at 1.2.0
Creating working copy for https://github.com/apple/swift-async-algorithms.git
Working copy of https://github.com/apple/swift-async-algorithms.git resolved at 1.1.7
Creating working copy for https://github.com/apple/swift-nio
Working copy of https://github.com/apple/swift-nio resolved at 2.104.0
Creating working copy for https://github.com/apple/swift-collections.git
Working copy of https://github.com/apple/swift-collections.git resolved at 1.7.2
Creating working copy for https://github.com/apple/swift-distributed-tracing.git
Working copy of https://github.com/apple/swift-distributed-tracing.git resolved at 1.5.0
Creating working copy for https://github.com/apple/swift-nio-http2.git
Working copy of https://github.com/apple/swift-nio-http2.git resolved at 1.46.0
Creating working copy for https://github.com/vapor/jwt-kit.git
Working copy of https://github.com/vapor/jwt-kit.git resolved at 5.7.1
Creating working copy for https://github.com/apple/swift-crypto.git
Working copy of https://github.com/apple/swift-crypto.git resolved at 4.5.2
Creating working copy for https://github.com/apple/swift-configuration.git
Working copy of https://github.com/apple/swift-configuration.git resolved at 1.2.2
Creating working copy for https://github.com/apple/swift-system.git
Working copy of https://github.com/apple/swift-system.git resolved at 1.8.1
Building for debugging...
[0/998] Write sources
[36/998] Compiling sha256-armv8-apple.S
[37/998] Compiling aesni-x86_64-apple.S
[38/998] Write sources
[42/998] Compiling _NumericsShims _NumericsShims.c
[43/998] Write sources
[47/998] Compiling _AtomicsShims.c
[48/998] Compiling aesni-x86-apple.S
[49/998] Write sources
[75/998] Compiling aes-gcm-avx2-x86_64-linux.S
[76/998] Write swift-version--11D90AFD9DD3AB2.txt
[77/998] Compiling CXKCPShims shims.c
[78/998] Compiling SimpleFIPS202.c
[78/998] Compiling KeccakSponge.c
[80/1023] Compiling e_aesctrhmac.cc
[82/1023] Emitting module _NIOBase64
[82/1026] Compiling KeccakP-1600-opt64.c
[83/1037] Compiling pool.cc
[85/1048] Emitting module _NIODataStructures
[85/1048] Compiling v3_skey.cc
[87/1076] Emitting module Logging
[88/1077] Compiling _NIOBase64 Base64.swift
[90/1078] Compiling InternalCollectionsUtilities Strideable+LimitHelpers.swift
[91/1078] Compiling InternalCollectionsUtilities String+Padding.swift
[92/1078] Compiling InternalCollectionsUtilities TemporaryAllocation.swift
[93/1078] Compiling InternalCollectionsUtilities _UnsafeBitSet+Index.swift
[94/1081] Compiling InternalCollectionsUtilities MutableSpan+Extras.swift
[95/1081] Compiling InternalCollectionsUtilities OutputSpan+Extras.swift
[96/1081] Compiling InternalCollectionsUtilities RandomAccessCollection+Offsets.swift
[97/1081] Compiling InternalCollectionsUtilities Span+Extras.swift
[98/1081] Compiling InternalCollectionsUtilities Iterable+CopyContents.swift
[99/1081] Compiling InternalCollectionsUtilities Iterable+Equality.swift
[100/1081] Compiling InternalCollectionsUtilities LifetimeOverride.swift
[101/1081] Compiling InternalCollectionsUtilities MutableRef.swift
[102/1081] Compiling RealModule Float80+Real.swift
[103/1082] Compiling RealModule Real.swift
[104/1082] Compiling Logging Logger+With.swift
[105/1082] Compiling ServiceContextModule ServiceContextKey.swift
[106/1082] Compiling InternalCollectionsUtilities FixedWidthInteger+roundUpToPowerOfTwo.swift
[107/1082] Compiling InternalCollectionsUtilities Integer rank.swift
[109/1085] Compiling InternalCollectionsUtilities UInt+first and last set bit.swift
[110/1085] Compiling InternalCollectionsUtilities Descriptions.swift
[114/1086] Compiling RealModule RealFunctions.swift
[115/1089] Compiling InternalCollectionsUtilities UnsafeMutablePointer+Extras.swift
[116/1089] Compiling InternalCollectionsUtilities UnsafeMutableRawBufferPointer+Extras.swift
[117/1089] Compiling InternalCollectionsUtilities UnsafePointer+Extras.swift
[118/1089] Compiling InternalCollectionsUtilities _UnsafeBitSet+_Word.swift
[119/1089] Compiling InternalCollectionsUtilities _UnsafeBitSet.swift
[120/1089] Compiling InternalCollectionsUtilities UnsafeBufferPointer+Extras.swift
[121/1089] Compiling InternalCollectionsUtilities UnsafeMutableBufferPointer+Extras.swift
[122/1089] Compiling _NIODataStructures PriorityQueue.swift
[126/1089] Compiling InternalCollectionsUtilities UInt+reversed.swift
[127/1089] Emitting module InternalCollectionsUtilities
[128/1089] Compiling InternalCollectionsUtilities BorrowingIteratorProtocol+Equality.swift
[129/1089] Compiling InternalCollectionsUtilities BorrowingIteratorProtocol+Extras.swift
[130/1089] Compiling InternalCollectionsUtilities Debugging.swift
[134/1089] Emitting module RealModule
[137/1089] Compiling Logging Logger.swift
[138/1089] Compiling RealModule RelaxedArithmetic.swift
[139/1089] Compiling RealModule Float16+Real.swift
[140/1090] Emitting module ServiceContextModule
[141/1090] Compiling ServiceContextModule ServiceContext.swift
[143/1091] Compiling Logging LoggingSystem.swift
[146/1091] Compiling Logging Logger+Attributes.swift
[147/1091] Compiling InternalCollectionsUtilities UnsafeRawBufferPointer+Extras.swift
[148/1091] Compiling InternalCollectionsUtilities _SortedCollection.swift
[149/1091] Compiling InternalCollectionsUtilities _UniqueCollection.swift
[151/1092] Compiling _NIODataStructures _TinyArray.swift
[152/1092] Compiling _NIODataStructures Heap.swift
[153/1092] Wrapping AST for _NIOBase64 for debugging
[157/1097] Wrapping AST for ServiceContextModule for debugging
[159/1099] Emitting module _CertificateInternals
[160/1099] Compiling _CertificateInternals _TinyArray.swift
[160/1099] Wrapping AST for RealModule for debugging
[162/1100] Wrapping AST for InternalCollectionsUtilities for debugging
[163/1100] Wrapping AST for _NIODataStructures for debugging
[168/1100] Compiling Instrumentation MultiplexInstrument.swift
[168/1104] Compiling KeccakHash.c
[169/1104] Wrapping AST for _CertificateInternals for debugging
[170/1104] Compiling CSystem shims.c
[171/1104] Compiling CNIOWindows WSAStartup.c
[172/1104] Compiling CNIOWindows shim.c
[174/1104] Compiling ExtrasBase64 Base32+Span.swift
[175/1104] Compiling SpanPreview InputSpan.swift
[176/1104] Compiling SpanPreview MutableSpan+InputSpanHelpers.swift
[177/1104] Compiling SpanPreview OutputSpan+InputSpanHelpers.swift
[177/1104] Compiling CNIOWASI CNIOWASI.c
[178/1104] Compiling CNIOPosix event_loop_id.c
[180/1104] Emitting module SpanPreview
[181/1104] Compiling Instrumentation NoOpInstrument.swift
[181/1105] Compiling CNIOOpenBSD shim.c
[182/1105] Compiling CNIOLinux liburing_shims.c
[185/1105] Emitting module Instrumentation
[185/1121] Compiling CNIOLinux shim.c
[186/1142] Wrapping AST for SpanPreview for debugging
[188/1184] Compiling Instrumentation InstrumentationSystem.swift
[188/1184] Compiling CNIOLLHTTP c_nio_http.c
[190/1184] Emitting module SwiftASN1
[190/1184] Compiling CNIOLLHTTP c_nio_llhttp.c
[191/1184] Compiling CNIOLLHTTP c_nio_api.c
[192/1184] Compiling CNIOFreeBSD shim.c
[193/1184] Compiling CNIOExtrasZlib zutil.c
[195/1184] Compiling DequeModule UniqueDeque+Consumption.swift
[196/1184] Compiling DequeModule UniqueDeque+ContainerOperations.swift
[197/1184] Compiling DequeModule UniqueDeque+Deprecations.swift
[198/1184] Compiling DequeModule UniqueDeque+Descriptions.swift
[199/1184] Compiling DequeModule UniqueDeque+Equatable.swift
[200/1184] Compiling DequeModule UniqueDeque+Hashable.swift
[200/1189] Compiling CNIOExtrasZlib trees.c
[201/1189] Compiling CNIOExtrasZlib inftrees.c
[202/1189] Compiling CNIOExtrasZlib inflate.c
[204/1189] Compiling DequeModule UniqueDeque+Initializers.swift
[205/1189] Compiling DequeModule UniqueDeque+Insertions.swift
[206/1189] Compiling DequeModule UniqueDeque+Iterable.swift
[207/1189] Compiling DequeModule UniqueDeque+Prepend.swift
[208/1189] Compiling DequeModule UniqueDeque+Removals.swift
[208/1189] Compiling CNIOExtrasZlib inffast.c
[209/1189] Compiling CNIOExtrasZlib crc32.c
[211/1189] Compiling DequeModule RigidDeque+Descriptions.swift
[212/1189] Compiling DequeModule RigidDeque+Equatable.swift
[213/1189] Compiling DequeModule RigidDeque+Hashable.swift
[214/1189] Compiling DequeModule RigidDeque+Initializers.swift
[215/1189] Compiling DequeModule RigidDeque+Insertions.swift
[216/1189] Compiling DequeModule RigidDeque+Iterable.swift
[217/1189] Compiling DequeModule RigidDeque+Prepend.swift
[218/1189] Compiling DequeModule RigidDeque+Removals.swift
[219/1189] Compiling DequeModule RigidDeque+Replacements.swift
[220/1189] Compiling DequeModule RigidDeque+Testing.swift
[221/1189] Compiling DequeModule RigidDeque.swift
[222/1189] Compiling DequeModule UniqueDeque+Append.swift
[222/1189] Compiling CNIOExtrasZlib deflate.c
[224/1189] Compiling DequeModule RigidDeque+ContainerOperations.swift
[225/1189] Compiling DequeModule RigidDeque+Deprecations.swift
[225/1189] Compiling CNIODarwin shim.c
[226/1189] Compiling CNIOExtrasZlib adler32.c
[228/1189] Compiling DequeModule _DequeBuffer.swift
[229/1189] Compiling DequeModule _DequeBufferHeader.swift
[230/1189] Compiling DequeModule RigidDeque+Append.swift
[231/1189] Compiling DequeModule RigidDeque+Consumption.swift
[233/1189] Compiling fiat_p256_adx_sqr.S
[235/1189] Compiling DequeModule Deque+Codable.swift
[236/1189] Compiling DequeModule Deque+Collection.swift
[237/1189] Compiling DequeModule Deque+CustomReflectable.swift
[237/1189] Compiling fiat_p256_adx_mul.S
[238/1189] Compiling fiat_curve25519_adx_square.S
[239/1189] Compiling fiat_curve25519_adx_mul.S
[240/1189] Compiling CNIOBoringSSLShims shims.c
[245/1189] Compiling DequeModule Deque+Descriptions.swift
[246/1189] Compiling DequeModule Deque+Equatable.swift
[247/1189] Compiling DequeModule Deque+ExpressibleByArrayLiteral.swift
[248/1189] Compiling ExtrasBase64 Base32.swift
[249/1189] Compiling DequeModule Deque.swift
[254/1194] Compiling DequeModule Deque+Extras.swift
[255/1194] Compiling DequeModule Deque+Hashable.swift
[256/1194] Compiling DequeModule Deque+Testing.swift
[257/1194] Compiling DequeModule Deque._Storage.swift
[258/1194] Compiling DequeModule Deque._UnsafeHandle.swift
[260/1194] Compiling Logging MetadataProvider.swift
[265/1195] Compiling Instrumentation Locks.swift
[266/1195] Compiling Instrumentation Instrument.swift
[281/1197] Wrapping AST for Logging for debugging
[282/1205] Wrapping AST for SwiftASN1 for debugging
[283/1205] Wrapping AST for Instrumentation for debugging
[295/1205] Compiling Tracing InstrumentationSystem+Tracing.swift
[296/1206] Compiling Tracing TracingTime.swift
[297/1206] Emitting module Tracing
[297/1206] Compiling tls_method.cc
[299/1206] Compiling Tracing TracerProtocol.swift
[300/1206] Compiling Tracing WithTracer.swift
[301/1206] Compiling Tracing Tracer.swift
[302/1206] Compiling Tracing TracerProtocol+Legacy.swift
[309/1206] Emitting module SystemPackage
[314/1206] Compiling tls_record.cc
[316/1206] Compiling SystemPackage SystemString.swift
[317/1206] Compiling SystemPackage Util+StringArray.swift
[318/1206] Compiling SystemPackage Util.swift
[319/1206] Compiling SystemPackage UtilConsumers.swift
[320/1206] Compiling SystemPackage WinSDK+Overlay.swift
[322/1207] Compiling Tracing SpanProtocol.swift
[323/1207] Compiling Tracing NoOpTracer.swift
[324/1208] Wrapping AST for SystemPackage for debugging
[325/1208] Compiling tls13_server.cc
[326/1208] Wrapping AST for Tracing for debugging
[327/1208] Compiling tls13_client.cc
[328/1208] Compiling tls13_enc.cc
[329/1208] Compiling t1_enc.cc
[331/1208] Compiling DequeModule UniqueDeque+Replacements.swift
[332/1208] Compiling DequeModule UniqueDeque.swift
[333/1208] Compiling DequeModule _DequeSlot.swift
[334/1208] Compiling DequeModule _UnsafeDequeHandle.swift
[335/1208] Compiling DequeModule _UnsafeDequeSegments.swift
[335/1208] Compiling tls13_both.cc
[337/1208] Emitting module DequeModule
[338/1209] Compiling ssl_versions.cc
[339/1209] Compiling ssl_x509.cc
[340/1225] Wrapping AST for DequeModule for debugging
[342/1252] Compiling Configuration JSONSnapshot.swift
[343/1252] Compiling Configuration PropertyListSnapshot.swift
[344/1252] Compiling Configuration ReloadingFileProvider.swift
[345/1252] Compiling Configuration ReloadingFileProviderMetrics.swift
[346/1252] Compiling Configuration YAMLSnapshot.swift
[347/1252] Compiling Configuration InMemoryProvider.swift
[347/1254] Compiling ssl_stat.cc
[349/1257] Compiling Configuration Deprecations.swift
[350/1257] Compiling Configuration ExpressibleByConfigInt.swift
[351/1257] Compiling Configuration ExpressibleByConfigString.swift
[352/1257] Compiling Configuration CLIKeyEncoder.swift
[353/1257] Compiling Configuration ConfigKeyEncoder.swift
[354/1257] Compiling Configuration DotSeparatorKeyDecoder.swift
[354/1257] Compiling ssl_session.cc
[356/1257] Emitting module Configuration
[356/1257] Compiling ssl_transcript.cc
[357/1257] Compiling ssl_key_share.cc
[358/1257] Compiling ssl_privkey.cc
[359/1257] Compiling ssl_lib.cc
[361/1257] Compiling ExtrasBase64 Base64+Span.swift
[362/1257] Compiling ExtrasBase64 Base64.swift
[362/1257] Compiling ssl_file.cc
[363/1257] Compiling ssl_credential.cc
[365/1257] Emitting module ExtrasBase64
[366/1258] Compiling ssl_cipher.cc
[367/1289] Compiling ssl_cert.cc
[368/1289] Wrapping AST for ExtrasBase64 for debugging
[369/1289] Compiling ssl_asn1.cc
[370/1289] Compiling ssl_buffer.cc
[371/1289] Compiling ssl_aead_ctx.cc
[372/1289] Compiling s3_lib.cc
[373/1289] Compiling s3_pkt.cc
[375/1289] Compiling GoogleWKT WKTStringValue.swift
[376/1289] Compiling GoogleWKT WKTTimestamp.swift
[377/1289] Compiling GoogleWKT WKTUInt32Value.swift
[378/1289] Compiling GoogleWKT WKTUInt64Value.swift
[379/1289] Compiling GoogleWKT WKTValue.swift
[380/1289] Compiling GoogleWKT WKTApi.swift
[381/1289] Compiling GoogleWKT WKTEnum.swift
[382/1289] Compiling GoogleWKT WKTEnumValue.swift
[383/1289] Compiling GoogleWKT WKTField.swift
[384/1289] Compiling GoogleWKT WKTMethod.swift
[385/1289] Compiling GoogleWKT WKTMixin.swift
[386/1289] Compiling GoogleWKT WKTOption.swift
[387/1289] Compiling Configuration MutableInMemoryProvider.swift
[388/1289] Compiling Configuration ConfigProvider+Operators.swift
[389/1289] Compiling Configuration KeyMappingProvider.swift
[390/1289] Compiling Configuration SecretsSpecifier.swift
[391/1289] Compiling Configuration AsyncCombineLatestManySequence.swift
[392/1289] Compiling Configuration CombineLatestManyStateMachine.swift
[393/1289] Compiling Configuration CombineLatestManyStorage.swift
[394/1289] Compiling Configuration AsyncSequences.swift
[395/1289] Compiling Configuration FoundationExtensions.swift
[396/1289] Compiling Configuration Span.swift
[397/1289] Compiling Configuration ConfigBytesFromStringDecoder.swift
[397/1289] Compiling s3_both.cc
[399/1289] Compiling GoogleWKT WKTFloatValue.swift
[400/1289] Compiling GoogleWKT WKTInt32Value.swift
[401/1289] Compiling GoogleWKT WKTInt64Value.swift
[402/1289] Compiling GoogleWKT WKTRecursive.swift
[403/1289] Compiling GoogleWKT WKTDoubleValue.swift
[404/1289] Compiling GoogleWKT WKTDuration.swift
[405/1289] Compiling GoogleWKT WKTEmpty.swift
[406/1289] Compiling GoogleWKT WKTFieldMask.swift
[406/1293] Compiling handshake_server.cc
[408/1293] Compiling GoogleWKT UnknownFields.swift
[409/1293] Compiling GoogleWKT WKTAny.swift
[410/1293] Compiling GoogleWKT WKTAnyError.swift
[411/1293] Compiling GoogleWKT WKTBoolValue.swift
[412/1293] Compiling GoogleWKT WKTBytesValue.swift
[415/1293] Compiling GoogleWKT AnyPackable.swift
[416/1293] Compiling GoogleWKT DecodeToDefault.swift
[417/1293] Compiling GoogleWKT DiscoveryBase64.swift
[418/1293] Compiling GoogleWKT ProtoJSONDecoder.swift
[419/1293] Compiling GoogleWKT ProtoJSONEncoder.swift
[438/1294] Emitting module GoogleWKT
[443/1294] Compiling handshake_client.cc
[444/1294] Compiling handoff.cc
[445/1294] Wrapping AST for Configuration for debugging
[446/1294] Compiling handshake.cc
[448/1294] Compiling GoogleWKT WKTSourceContext.swift
[449/1294] Compiling GoogleWKT WKTSyntax.swift
[450/1294] Compiling GoogleWKT WKTType.swift
[451/1294] Compiling GoogleWKT PackageVersion.swift
[452/1295] Compiling extensions.cc
[453/1313] Compiling dtls_record.cc
[454/1328] Compiling encrypted_client_hello.cc
[456/1328] Emitting module GoogleType
[456/1330] Wrapping AST for GoogleWKT for debugging
[458/1330] Compiling GoogleRpc PackageVersion.swift
[459/1330] Compiling GoogleRpc PreconditionFailure.swift
[460/1330] Emitting module GoogleRpc
[460/1332] Compiling dtls_method.cc
[461/1332] Compiling d1_pkt.cc
[462/1332] Compiling md5-x86_64-linux.S
[464/1332] Compiling GoogleRpc Help.swift
[465/1332] Compiling GoogleRpc HttpHeader.swift
[465/1332] Compiling md5-586-linux.S
[466/1332] Compiling md5-x86_64-apple.S
[469/1332] Compiling GoogleRpc QuotaFailure.swift
[470/1332] Compiling GoogleRpc RequestInfo.swift
[471/1332] Compiling GoogleRpc ResourceInfo.swift
[472/1332] Compiling GoogleRpc LocalizedMessage.swift
[476/1332] Compiling GoogleRpc Status.swift
[477/1332] Compiling GoogleType PhoneNumber.swift
[479/1332] Compiling GoogleRpc RetryInfo.swift
[479/1332] Compiling md5-586-apple.S
[481/1332] Compiling GoogleRpc HttpRequest.swift
[482/1332] Compiling GoogleRpc HttpResponse.swift
[486/1332] Compiling GoogleRpc BadRequest.swift
[486/1332] Compiling d1_lib.cc
[486/1332] Compiling d1_srtp.cc
[489/1332] Compiling GoogleType TimeOfDay.swift
[490/1332] Compiling GoogleType TimeZone.swift
[491/1332] Compiling GoogleRpc DebugInfo.swift
[492/1332] Compiling GoogleRpc ErrorInfo.swift
[494/1332] Compiling chacha20_poly1305_x86_64-linux.S
[497/1332] Compiling GoogleRpc Code.swift
[497/1332] Compiling chacha20_poly1305_x86_64-apple.S
[498/1332] Compiling chacha20_poly1305_armv8-win.S
[499/1332] Compiling chacha20_poly1305_armv8-apple.S
[503/1333] Compiling chacha-x86_64-apple.S
[504/1333] Compiling chacha-x86_64-linux.S
[505/1333] Compiling chacha20_poly1305_armv8-linux.S
[507/1333] Compiling bio_ssl.cc
[508/1333] Compiling chacha-x86-linux.S
[509/1333] Compiling chacha-x86-apple.S
[510/1333] Compiling chacha-armv8-win.S
[511/1333] Wrapping AST for GoogleType for debugging
[512/1333] Compiling chacha-armv8-linux.S
[513/1333] Compiling chacha-armv8-apple.S
[514/1333] Compiling aes128gcmsiv-x86_64-linux.S
[515/1333] Compiling chacha-armv4-linux.S
[517/1333] Compiling aes128gcmsiv-x86_64-apple.S
[519/1334] Compiling x86_64-mont5-linux.S
[520/1334] Compiling x86_64-mont5-apple.S
[521/1334] Compiling x86_64-mont-linux.S
[522/1334] Compiling x86-mont-linux.S
[523/1334] Compiling x86_64-mont-apple.S
[525/1334] Compiling x86-mont-apple.S
[526/1334] Compiling vpaes-x86_64-linux.S
[527/1334] Compiling vpaes-x86_64-apple.S
[528/1334] Compiling err_data.cc
[529/1334] Compiling vpaes-x86-apple.S
[530/1334] Compiling vpaes-x86-linux.S
[531/1334] Compiling vpaes-armv8-win.S
[532/1334] Compiling vpaes-armv8-linux.S
[533/1334] Compiling vpaes-armv8-apple.S
[534/1334] Compiling vpaes-armv7-linux.S
[535/1334] Compiling sha512-x86_64-linux.S
[536/1334] Wrapping AST for GoogleRpc for debugging
[537/1334] Compiling sha512-armv8-win.S
[538/1334] Compiling sha512-x86_64-apple.S
[539/1334] Compiling sha512-586-linux.S
[540/1334] Compiling sha512-armv4-linux.S
[540/1334] Compiling sha512-armv8-apple.S
[542/1334] Compiling sha512-586-apple.S
[543/1334] Compiling sha512-armv8-linux.S
[544/1334] Compiling sha256-x86_64-apple.S
[545/1334] Compiling sha256-x86_64-linux.S
[546/1334] Compiling sha256-armv8-apple.S
[547/1334] Compiling sha256-armv8-win.S
[548/1334] Compiling sha256-armv4-linux.S
[549/1334] Compiling sha256-armv8-linux.S
[549/1334] Compiling sha256-586-linux.S
[551/1334] Compiling sha256-586-apple.S
[552/1334] Compiling sha1-x86_64-apple.S
[553/1334] Compiling sha1-x86_64-linux.S
[554/1334] Compiling sha1-armv8-win.S
[555/1334] Compiling sha1-armv8-apple.S
[556/1334] Compiling sha1-armv4-large-linux.S
[557/1334] Compiling sha1-586-linux.S
[558/1334] Compiling rsaz-avx2-linux.S
[559/1334] Compiling sha1-586-apple.S
[559/1334] Compiling sha1-armv8-linux.S
[561/1334] Compiling rsaz-avx2-apple.S
[562/1334] Compiling rdrand-x86_64-linux.S
[563/1334] Compiling p256_beeu-x86_64-asm-linux.S
[564/1334] Compiling rdrand-x86_64-apple.S
[565/1334] Compiling p256_beeu-x86_64-asm-apple.S
[566/1334] Compiling p256_beeu-armv8-asm-win.S
[567/1334] Compiling p256_beeu-armv8-asm-linux.S
[568/1334] Compiling d1_both.cc
[569/1334] Compiling p256_beeu-armv8-asm-apple.S
[570/1334] Compiling p256-x86_64-asm-linux.S
[571/1334] Compiling p256-x86_64-asm-apple.S
[572/1334] Compiling p256-armv8-asm-win.S
[573/1334] Compiling ghashv8-armv8-win.S
[574/1334] Compiling p256-armv8-asm-apple.S
[575/1334] Compiling ghashv8-armv8-linux.S
[576/1334] Compiling ghashv8-armv8-apple.S
[577/1334] Compiling p256-armv8-asm-linux.S
[577/1334] Compiling ghashv8-armv7-linux.S
[579/1334] Compiling ghash-x86_64-linux.S
[580/1334] Compiling ghash-x86_64-apple.S
[581/1334] Compiling ghash-x86-apple.S
[582/1334] Compiling ghash-x86-linux.S
[583/1334] Compiling ghash-ssse3-x86_64-linux.S
[584/1334] Compiling ghash-ssse3-x86-linux.S
[585/1334] Compiling ghash-ssse3-x86_64-apple.S
[586/1334] Compiling ghash-ssse3-x86-apple.S
[587/1334] Compiling ghash-neon-armv8-win.S
[588/1334] Compiling ghash-neon-armv8-linux.S
[589/1334] Compiling ghash-neon-armv8-apple.S
[590/1334] Compiling co-586-linux.S
[591/1334] Compiling bsaes-armv7-linux.S
[592/1334] Compiling co-586-apple.S
[593/1334] Compiling ghash-armv4-linux.S
[593/1334] Compiling bn-armv8-win.S
[595/1334] Compiling bn-armv8-apple.S
[596/1334] Compiling bn-586-linux.S
[597/1334] Compiling bn-armv8-linux.S
[598/1334] Compiling bn-586-apple.S
[599/1334] Compiling armv8-mont-win.S
[600/1334] Compiling armv8-mont-apple.S
[601/1334] Compiling armv4-mont-linux.S
[602/1334] Compiling aesv8-gcm-armv8-win.S
[603/1334] Compiling armv8-mont-linux.S
[604/1334] Compiling aesv8-gcm-armv8-apple.S
[605/1334] Compiling aesv8-armv8-win.S
[606/1334] Compiling aesv8-gcm-armv8-linux.S
[607/1334] Compiling aesv8-armv8-apple.S
[608/1334] Compiling aesv8-armv8-linux.S
[609/1334] Compiling aesv8-armv7-linux.S
[610/1334] Compiling aesni-x86_64-linux.S
[611/1334] Compiling aesni-x86_64-apple.S
[612/1334] Compiling aesni-x86-linux.S
[613/1334] Compiling aesni-gcm-x86_64-apple.S
[614/1334] Compiling aesni-gcm-x86_64-linux.S
[615/1334] Compiling aesni-x86-apple.S
[616/1334] Compiling aes-gcm-avx2-x86_64-apple.S
[617/1334] Compiling aes-gcm-avx10-x86_64-linux.S
[618/1334] Compiling aes-gcm-avx10-x86_64-apple.S
[619/1334] Compiling x_req.cc
[620/1334] Compiling x_val.cc
[621/1334] Compiling x_spki.cc
[622/1334] Compiling x_sig.cc
[623/1334] Compiling x_x509a.cc
[624/1334] Compiling x_pubkey.cc
[625/1334] Compiling x_name.cc
[626/1334] Compiling x_x509.cc
[627/1334] Compiling x_exten.cc
[628/1334] Compiling x_crl.cc
[629/1334] Compiling x_attrib.cc
[630/1334] Compiling x_all.cc
[631/1334] Compiling x509rset.cc
[632/1334] Compiling x509spki.cc
[633/1334] Compiling x509name.cc
[634/1334] Compiling x_algor.cc
[635/1334] Compiling x509_vfy.cc
[636/1334] Compiling x509_v3.cc
[637/1334] Compiling x509_vpm.cc
[638/1334] Compiling x509cset.cc
[639/1334] Compiling x509_set.cc
[640/1334] Compiling x509_trs.cc
[641/1334] Compiling x509_req.cc
[642/1334] Compiling x509_txt.cc
[643/1334] Compiling x509_obj.cc
[644/1334] Compiling x509_lu.cc
[645/1334] Compiling x509.cc
[646/1334] Compiling x509_d2.cc
[647/1334] Compiling x509_def.cc
[648/1334] Compiling x509_ext.cc
[649/1334] Compiling x509_att.cc
[650/1334] Compiling x509_cmp.cc
[651/1334] Compiling v3_prn.cc
[652/1334] Compiling v3_utl.cc
[653/1334] Compiling v3_purp.cc
[654/1334] Compiling v3_pmaps.cc
[655/1334] Compiling v3_ncons.cc
[656/1334] Compiling v3_pcons.cc
[657/1334] Compiling v3_lib.cc
[658/1334] Compiling v3_ocsp.cc
[659/1334] Compiling v3_int.cc
[660/1334] Compiling v3_ia5.cc
[661/1334] Compiling v3_info.cc
[662/1334] Compiling v3_genn.cc
[663/1334] Compiling v3_extku.cc
[664/1334] Compiling v3_enum.cc
[665/1334] Compiling v3_crld.cc
[666/1334] Compiling v3_cpols.cc
[667/1334] Compiling v3_conf.cc
[668/1334] Compiling v3_bitst.cc
[669/1334] Compiling v3_bcons.cc
[670/1334] Compiling v3_alt.cc
[671/1334] Compiling v3_akeya.cc
[672/1334] Compiling v3_akey.cc
[673/1334] Compiling t_x509.cc
[674/1334] Compiling t_x509a.cc
[675/1334] Compiling t_req.cc
[676/1334] Compiling t_crl.cc
[677/1334] Compiling i2d_pr.cc
[678/1334] Compiling rsa_pss.cc
[679/1334] Compiling name_print.cc
[680/1334] Compiling policy.cc
[681/1334] Compiling by_file.cc
[682/1334] Compiling by_dir.cc
[683/1334] Compiling algorithm.cc
[684/1334] Compiling asn1_gen.cc
[685/1334] Compiling a_verify.cc
[686/1334] Compiling a_sign.cc
[687/1334] Compiling a_digest.cc
[688/1334] Compiling voprf.cc
[689/1334] Compiling thread_none.cc
[690/1334] Compiling thread.cc
[691/1334] Compiling trust_token.cc
[692/1334] Compiling thread_win.cc
[693/1334] Compiling thread_pthread.cc
[694/1334] Compiling stack.cc
[695/1334] Compiling pmbtoken.cc
[696/1334] Compiling sha512.cc
[697/1334] Compiling siphash.cc
[698/1334] Compiling sha256.cc
[699/1334] Compiling spake2plus.cc
[700/1334] Compiling sha1.cc
[701/1334] Compiling rsa_print.cc
[702/1334] Compiling rsa_extra.cc
[703/1334] Compiling slhdsa.cc
[704/1334] Compiling windows.cc
[705/1334] Compiling refcount.cc
[706/1334] Compiling urandom.cc
[707/1334] Compiling trusty.cc
[708/1334] Compiling rsa_crypt.cc
[709/1334] Compiling rc4.cc
[710/1334] Compiling rsa_asn1.cc
[711/1334] Compiling rand.cc
[712/1334] Compiling poly1305_arm_asm.S
[713/1334] Compiling ios.cc
[714/1334] Compiling deterministic.cc
[715/1334] Compiling passive.cc
[716/1334] Compiling getentropy.cc
[717/1334] Compiling fork_detect.cc
[718/1334] Compiling forkunsafe.cc
[719/1334] Compiling poly1305_arm.cc
[720/1334] Compiling poly1305_vec.cc
[721/1334] Compiling poly1305.cc
[722/1334] Compiling pkcs7.cc
[723/1334] Compiling pkcs7_x509.cc
[724/1334] Compiling pkcs8_x509.cc
[725/1334] Compiling pem_x509.cc
[726/1334] Compiling p5_pbev2.cc
[727/1334] Compiling pkcs8.cc
[728/1334] Compiling pem_xaux.cc
[729/1334] Compiling pem_pkey.cc
[730/1334] Compiling pem_pk8.cc
[731/1334] Compiling pem_oth.cc
[732/1334] Compiling obj_xref.cc
[733/1334] Compiling mlkem.cc
[734/1334] Compiling pem_info.cc
[735/1334] Compiling obj.cc
[736/1334] Compiling pem_lib.cc
[737/1334] Compiling pem_all.cc
[738/1334] Compiling poly_rq_mul.S
[739/1334] Compiling mldsa.cc
[740/1334] Compiling fips_shared_support.cc
[741/1334] Compiling md5.cc
[742/1334] Compiling mem.cc
[743/1334] Compiling md4.cc
[744/1334] Compiling lhash.cc
[745/1334] Compiling kyber.cc
[746/1334] Compiling sign.cc
[747/1334] Compiling ex_data.cc
[748/1334] Compiling scrypt.cc
[749/1334] Compiling hpke.cc
[750/1334] Compiling print.cc
[751/1334] Compiling hrss.cc
[752/1334] Compiling p_x25519.cc
[753/1334] Compiling pbkdf.cc
[754/1334] Compiling p_x25519_asn1.cc
[755/1334] Compiling p_rsa_asn1.cc
[756/1334] Compiling p_rsa.cc
[757/1334] Compiling p_ed25519_asn1.cc
[758/1334] Compiling p_hkdf.cc
[759/1334] Compiling p_ed25519.cc
[760/1334] Compiling p_ec.cc
[761/1334] Compiling p_dh.cc
[762/1334] Compiling p_dh_asn1.cc
[763/1334] Compiling evp_ctx.cc
[764/1334] Compiling p_dsa_asn1.cc
[765/1334] Compiling p_ec_asn1.cc
[766/1334] Compiling evp.cc
[767/1334] Compiling err.cc
[768/1334] Compiling engine.cc
[769/1334] Compiling evp_asn1.cc
[770/1334] Compiling ecdh.cc
[771/1334] Compiling ecdsa_asn1.cc
[772/1334] Compiling hash_to_curve.cc
[773/1334] Compiling ec_derive.cc
[774/1334] Compiling ec_asn1.cc
[775/1334] Compiling dsa.cc
[776/1334] Compiling dsa_asn1.cc
[777/1334] Compiling params.cc
[778/1334] Compiling x25519-asm-arm.S
[779/1334] Compiling digest_extra.cc
[780/1334] Compiling bcm.cc
[781/1334] Compiling des.cc
[782/1334] Compiling dh_asn1.cc
[783/1334] Compiling curve25519_64_adx.cc
[784/1334] Compiling crypto.cc
[785/1334] Compiling cpu_intel.cc
[786/1334] Compiling spake25519.cc
[787/1334] Compiling cpu_arm_linux.cc
[788/1334] Compiling cpu_arm_freebsd.cc
[789/1334] Compiling curve25519.cc
[790/1334] Compiling cpu_aarch64_win.cc
[791/1334] Compiling cpu_aarch64_openbsd.cc
[792/1334] Compiling cpu_aarch64_sysreg.cc
[793/1334] Compiling cpu_aarch64_fuchsia.cc
[794/1334] Compiling cpu_aarch64_apple.cc
[795/1334] Compiling cpu_aarch64_linux.cc
[796/1334] Compiling tls_cbc.cc
[797/1334] Compiling conf.cc
[798/1334] Compiling get_cipher.cc
[799/1334] Compiling e_rc4.cc
[800/1334] Compiling e_null.cc
[801/1334] Compiling e_tls.cc
[802/1334] Compiling e_chacha20poly1305.cc
[803/1334] Compiling e_rc2.cc
[804/1334] Compiling e_aesgcmsiv.cc
[805/1334] Compiling e_des.cc
[806/1334] Compiling chacha.cc
[807/1334] Compiling derive_key.cc
[808/1334] Compiling buf.cc
[809/1334] Compiling unicode.cc
[810/1334] Compiling ber.cc
[811/1334] Compiling cbs.cc
[812/1334] Compiling cbb.cc
[813/1334] Compiling asn1_compat.cc
[814/1334] Compiling convert.cc
[815/1334] Compiling socket_helper.cc
[816/1334] Compiling blake2.cc
[817/1334] Compiling socket.cc
[818/1334] Compiling bn_asn1.cc
[819/1334] Compiling printf.cc
[820/1334] Compiling pair.cc
[821/1334] Compiling fd.cc
[822/1334] Compiling file.cc
[823/1334] Compiling errno.cc
[824/1334] Compiling hexdump.cc
[825/1334] Compiling connect.cc
[826/1334] Compiling bio_mem.cc
[827/1334] Compiling bio.cc
[828/1334] Compiling base64.cc
[829/1334] Compiling tasn_typ.cc
[830/1334] Compiling tasn_fre.cc
[831/1334] Compiling tasn_enc.cc
[832/1334] Compiling tasn_utl.cc
[833/1334] Compiling tasn_new.cc
[834/1334] Compiling posix_time.cc
[835/1334] Compiling tasn_dec.cc
[836/1334] Compiling f_string.cc
[837/1334] Compiling asn_pack.cc
[838/1334] Compiling f_int.cc
[839/1334] Compiling asn1_par.cc
[840/1334] Compiling asn1_lib.cc
[841/1334] Compiling a_type.cc
[842/1334] Compiling a_utctm.cc
[843/1334] Compiling a_octet.cc
[844/1334] Compiling a_strnid.cc
[844/1334] Compiling a_time.cc
[846/1334] Compiling a_strex.cc
[847/1334] Compiling a_object.cc
[848/1334] Compiling a_i2d_fp.cc
[849/1334] Compiling a_mbstr.cc
[850/1334] Compiling a_d2i_fp.cc
[851/1334] Compiling a_int.cc
[851/1334] Compiling a_gentm.cc
[853/1334] Compiling CGoogleGaxCRC32C CGoogleGaxCRC32C.c
[854/1334] Compiling fiat_p256_adx_sqr.S
[855/1334] Compiling fiat_p256_adx_mul.S
[856/1334] Compiling a_dup.cc
[857/1334] Compiling fiat_curve25519_adx_square.S
[858/1334] Compiling fiat_curve25519_adx_mul.S
[859/1334] Compiling md5-x86_64-linux.S
[860/1334] Compiling md5-x86_64-apple.S
[861/1334] Compiling md5-586-linux.S
[862/1334] Compiling md5-586-apple.S
[863/1334] Compiling a_bitstr.cc
[864/1334] Compiling chacha20_poly1305_x86_64-linux.S
[865/1334] Compiling chacha20_poly1305_armv8-win.S
[866/1334] Compiling chacha20_poly1305_x86_64-apple.S
[867/1334] Compiling chacha20_poly1305_armv8-apple.S
[868/1334] Compiling chacha-x86_64-linux.S
[869/1334] Compiling CCryptoBoringSSLShims shims.c
[870/1334] Compiling chacha-x86_64-apple.S
[871/1334] Compiling chacha20_poly1305_armv8-linux.S
[872/1334] Compiling chacha-x86-apple.S
[873/1334] Compiling chacha-x86-linux.S
[874/1334] Compiling chacha-armv8-apple.S
[875/1334] Compiling chacha-armv8-win.S
[876/1334] Compiling chacha-armv4-linux.S
[877/1334] Compiling chacha-armv8-linux.S
[878/1334] Compiling aes128gcmsiv-x86_64-linux.S
[879/1334] Compiling aes128gcmsiv-x86_64-apple.S
[880/1334] Compiling x86_64-mont5-linux.S
[881/1334] Compiling x86_64-mont5-apple.S
[882/1334] Compiling x86_64-mont-linux.S
[883/1334] Compiling x86_64-mont-apple.S
[883/1334] Compiling a_bool.cc
[885/1334] Compiling x86-mont-linux.S
[886/1334] Compiling vpaes-x86_64-linux.S
[887/1334] Compiling x86-mont-apple.S
[888/1334] Compiling vpaes-x86_64-apple.S
[889/1334] Compiling vpaes-x86-linux.S
[890/1334] Compiling vpaes-armv8-win.S
[891/1334] Compiling vpaes-x86-apple.S
[892/1334] Compiling vpaes-armv8-apple.S
[893/1334] Compiling vpaes-armv8-linux.S
[894/1334] Compiling err_data.cc
[895/1334] Compiling vpaes-armv7-linux.S
[896/1334] Compiling sha512-x86_64-apple.S
[897/1334] Compiling sha512-armv8-win.S
[897/1334] Compiling sha512-armv8-apple.S
[899/1334] Compiling sha512-x86_64-linux.S
[900/1334] Compiling sha512-armv4-linux.S
[901/1334] Compiling sha512-armv8-linux.S
[902/1334] Compiling sha512-586-linux.S
[903/1334] Compiling sha256-armv8-win.S
[903/1334] Compiling sha512-586-apple.S
[905/1334] Compiling sha256-x86_64-apple.S
[906/1334] Compiling sha256-x86_64-linux.S
[907/1334] Compiling sha256-armv4-linux.S
[908/1334] Compiling sha1-x86_64-apple.S
[909/1334] Compiling sha256-armv8-linux.S
[910/1334] Compiling sha256-586-apple.S
[911/1334] Compiling sha1-x86_64-linux.S
[912/1334] Compiling sha256-586-linux.S
[913/1334] Compiling sha1-armv8-win.S
[914/1334] Compiling sha1-armv4-large-linux.S
[915/1334] Compiling sha1-586-linux.S
[916/1334] Compiling sha1-586-apple.S
[917/1334] Compiling sha1-armv8-apple.S
[918/1334] Compiling rsaz-avx2-apple.S
[919/1334] Compiling sha1-armv8-linux.S
[920/1334] Compiling rdrand-x86_64-apple.S
[921/1334] Compiling rsaz-avx2-linux.S
[922/1334] Compiling p256_beeu-x86_64-asm-linux.S
[923/1334] Compiling rdrand-x86_64-linux.S
[924/1334] Compiling p256_beeu-armv8-asm-linux.S
[925/1334] Compiling p256_beeu-x86_64-asm-apple.S
[926/1334] Compiling p256_beeu-armv8-asm-apple.S
[927/1334] Compiling p256_beeu-armv8-asm-win.S
[928/1334] Compiling p256-x86_64-asm-linux.S
[929/1334] Compiling p256-armv8-asm-win.S
[930/1334] Compiling p256-armv8-asm-linux.S
[931/1334] Compiling p256-x86_64-asm-apple.S
[932/1334] Compiling ghashv8-armv8-win.S
[933/1334] Compiling p256-armv8-asm-apple.S
[934/1334] Compiling ghashv8-armv8-linux.S
[935/1334] Compiling ghash-x86_64-linux.S
[936/1334] Compiling ghashv8-armv7-linux.S
[937/1334] Compiling ghashv8-armv8-apple.S
[938/1334] Compiling ghash-x86-linux.S
[939/1334] Compiling ghash-x86_64-apple.S
[940/1334] Compiling ghash-x86-apple.S
[941/1334] Compiling ghash-ssse3-x86_64-linux.S
[942/1334] Compiling ghash-ssse3-x86_64-apple.S
[943/1334] Compiling ghash-ssse3-x86-apple.S
[944/1334] Compiling ghash-neon-armv8-linux.S
[945/1334] Compiling ghash-ssse3-x86-linux.S
[946/1334] Compiling ghash-neon-armv8-apple.S
[947/1334] Compiling ghash-neon-armv8-win.S
[948/1334] Compiling ghash-armv4-linux.S
[949/1334] Compiling co-586-linux.S
[950/1334] Compiling bsaes-armv7-linux.S
[951/1334] Compiling co-586-apple.S
[952/1334] Compiling bn-armv8-win.S
[953/1334] Compiling bn-armv8-linux.S
[954/1334] Compiling bn-586-linux.S
[955/1334] Compiling bn-armv8-apple.S
[956/1334] Compiling armv8-mont-win.S
[957/1334] Compiling bn-586-apple.S
[958/1334] Compiling armv8-mont-apple.S
[959/1334] Compiling armv8-mont-linux.S
[960/1334] Compiling armv4-mont-linux.S
[961/1334] Compiling aesv8-gcm-armv8-win.S
[962/1334] Compiling aesv8-gcm-armv8-apple.S
[963/1334] Compiling aesv8-gcm-armv8-linux.S
[964/1334] Compiling aesv8-armv8-win.S
[965/1334] Compiling aesv8-armv8-linux.S
[966/1334] Compiling aesv8-armv7-linux.S
[967/1334] Compiling aesv8-armv8-apple.S
[968/1334] Compiling aesni-x86_64-linux.S
[969/1334] Compiling aesni-x86-linux.S
[969/1334] Compiling aesni-gcm-x86_64-linux.S
[971/1334] Compiling aes-gcm-avx512-x86_64-apple.S
[972/1334] Compiling aesni-gcm-x86_64-apple.S
[973/1334] Compiling aes-gcm-avx512-x86_64-linux.S
[974/1334] Compiling aes-gcm-avx2-x86_64-apple.S
[975/1334] Compiling aes-gcm-avx2-x86_64-linux.S
[976/1334] Compiling xwing.cc
[977/1334] Compiling x_x509a.cc
[978/1334] Compiling x_sig.cc
[979/1334] Compiling x_spki.cc
[980/1334] Compiling x_x509.cc
[981/1334] Compiling c-nioatomics.c
[982/1334] Compiling x_req.cc
[983/1334] Compiling x_pubkey.cc
[984/1334] Compiling x_attrib.cc
[985/1334] Compiling x_crl.cc
[986/1334] Compiling x_name.cc
[987/1334] Compiling x_exten.cc
[988/1334] Compiling x_all.cc
[989/1334] Compiling c-atomics.c
[990/1334] Compiling x_algor.cc
[991/1341] Compiling x509spki.cc
[993/1341] Compiling NIOConcurrencyHelpers lock.swift
[993/1341] Compiling x509cset.cc
[994/1341] Compiling x509name.cc
[995/1341] Compiling x509rset.cc
[997/1341] Compiling NIOConcurrencyHelpers NIOLock.swift
[998/1341] Compiling NIOConcurrencyHelpers NIOLockedValueBox.swift
[999/1341] Compiling NIOConcurrencyHelpers atomics.swift
[1000/1341] Compiling NIOConcurrencyHelpers NIOAtomic.swift
[1001/1341] Compiling NIOConcurrencyHelpers NIOThreadPoolWorkAvailable.swift
[1002/1341] Emitting module NIOConcurrencyHelpers
[1003/1342] Compiling x509_v3.cc
[1004/1342] Compiling x509_vpm.cc
[1005/1342] Wrapping AST for NIOConcurrencyHelpers for debugging
[1006/1342] Compiling x509_vfy.cc
[1007/1342] Compiling x509_txt.cc
[1008/1342] Compiling x509_trs.cc
[1009/1342] Compiling x509_req.cc
[1010/1342] Compiling x509_obj.cc
[1011/1342] Compiling x509_set.cc
[1012/1342] Compiling x509_ext.cc
[1013/1342] Compiling x509_def.cc
[1014/1342] Compiling x509_lu.cc
[1015/1342] Compiling x509_d2.cc
[1016/1342] Compiling v3_utl.cc
[1017/1342] Compiling x509_cmp.cc
[1018/1342] Compiling x509_att.cc
[1019/1342] Compiling x509.cc
[1020/1342] Compiling v3_purp.cc
[1021/1342] Compiling v3_skey.cc
[1022/1342] Compiling v3_prn.cc
[1023/1342] Compiling v3_pmaps.cc
[1024/1342] Compiling v3_pcons.cc
[1025/1342] Compiling v3_ocsp.cc
[1026/1342] Compiling v3_ncons.cc
[1027/1342] Compiling v3_lib.cc
[1028/1342] Compiling v3_ia5.cc
[1029/1342] Compiling v3_int.cc
[1030/1342] Compiling v3_genn.cc
[1031/1342] Compiling v3_info.cc
[1032/1342] Compiling v3_extku.cc
[1033/1342] Compiling v3_enum.cc
[1034/1342] Compiling v3_cpols.cc
[1035/1342] Compiling v3_crld.cc
[1036/1342] Compiling v3_bitst.cc
[1037/1342] Compiling v3_bcons.cc
[1038/1342] Compiling v3_alt.cc
[1039/1342] Compiling v3_conf.cc
[1040/1342] Compiling v3_akeya.cc
[1041/1342] Compiling v3_akey.cc
[1042/1342] Compiling t_x509a.cc
[1043/1342] Compiling t_x509.cc
[1044/1342] Compiling t_crl.cc
[1045/1342] Compiling t_req.cc
[1046/1342] Compiling rsa_pss.cc
[1047/1342] Compiling i2d_pr.cc
[1048/1342] Compiling name_print.cc
[1049/1342] Compiling policy.cc
[1050/1342] Compiling algorithm.cc
[1051/1342] Compiling by_file.cc
[1052/1342] Compiling by_dir.cc
[1053/1342] Compiling asn1_gen.cc
[1054/1342] Compiling a_digest.cc
[1055/1342] Compiling a_sign.cc
[1056/1342] Compiling a_verify.cc
[1057/1342] Compiling thread_win.cc
[1058/1342] Compiling trust_token.cc
[1059/1342] Compiling voprf.cc
[1060/1342] Compiling thread.cc
[1061/1342] Compiling pmbtoken.cc
[1062/1342] Compiling thread_pthread.cc
[1063/1342] Compiling thread_none.cc
[1064/1342] Compiling siphash.cc
[1065/1342] Compiling slhdsa.cc
[1066/1342] Compiling stack.cc
[1067/1342] Compiling spake2plus.cc
[1068/1342] Compiling sha512.cc
[1069/1342] Compiling sha256.cc
[1070/1342] Compiling sha1.cc
[1071/1342] Compiling rsa_extra.cc
[1072/1342] Compiling refcount.cc
[1073/1342] Compiling rsa_print.cc
[1074/1342] Compiling rc4.cc
[1075/1342] Compiling urandom.cc
[1076/1342] Compiling windows.cc
[1077/1342] Compiling rsa_crypt.cc
[1078/1342] Compiling trusty.cc
[1079/1342] Compiling rsa_asn1.cc
[1080/1342] Compiling rand.cc
[1081/1342] Compiling ios.cc
[1082/1342] Compiling poly1305_arm_asm.S
[1083/1342] Compiling fork_detect.cc
[1083/1342] Compiling getentropy.cc
[1085/1342] Compiling passive.cc
[1086/1342] Compiling forkunsafe.cc
[1087/1342] Compiling deterministic.cc
[1088/1342] Compiling poly1305_vec.cc
[1089/1342] Compiling pool.cc
[1090/1342] Compiling poly1305_arm.cc
[1091/1342] Compiling poly1305.cc
[1092/1342] Compiling pkcs8_x509.cc
[1093/1342] Compiling pkcs8.cc
[1093/1342] Compiling p5_pbev2.cc
[1095/1342] Compiling pkcs7.cc
[1096/1342] Compiling pkcs7_x509.cc
[1097/1342] Compiling pem_xaux.cc
[1098/1342] Compiling pem_x509.cc
[1099/1342] Compiling pem_pkey.cc
[1100/1342] Compiling pem_oth.cc
[1101/1342] Compiling pem_pk8.cc
[1102/1342] Compiling pem_info.cc
[1103/1342] Compiling obj_xref.cc
[1104/1342] Compiling pem_lib.cc
[1105/1342] Compiling mlkem.cc
[1106/1342] Compiling obj.cc
[1107/1342] Compiling mldsa.cc
[1108/1342] Compiling mem.cc
[1109/1342] Compiling poly_rq_mul.S
[1110/1342] Compiling pem_all.cc
[1111/1342] Compiling lhash.cc
[1112/1342] Compiling fips_shared_support.cc
[1113/1342] Compiling md5.cc
[1114/1342] Compiling kyber.cc
[1115/1342] Compiling md4.cc
[1116/1342] Compiling fuzzer_mode.cc
[1117/1342] Compiling ex_data.cc
[1118/1342] Compiling hpke.cc
[1119/1342] Compiling scrypt.cc
[1120/1342] Compiling hrss.cc
[1121/1342] Compiling sign.cc
[1122/1342] Compiling print.cc
[1123/1342] Compiling pbkdf.cc
[1124/1342] Compiling p_rsa_asn1.cc
[1125/1342] Compiling p_x25519.cc
[1126/1342] Compiling p_x25519_asn1.cc
[1127/1342] Compiling p_ed25519_asn1.cc
[1128/1342] Compiling p_rsa.cc
[1128/1342] Compiling p_ed25519.cc
[1130/1342] Compiling p_hkdf.cc
[1131/1342] Compiling p_ec_asn1.cc
[1132/1342] Compiling p_dsa_asn1.cc
[1133/1342] Compiling p_ec.cc
[1134/1342] Compiling p_dh_asn1.cc
[1135/1342] Compiling p_dh.cc
[1136/1342] Compiling evp_ctx.cc
[1137/1342] Compiling evp.cc
[1138/1342] Compiling evp_asn1.cc
[1139/1342] Compiling err.cc
[1140/1342] Compiling ecdsa_p1363.cc
[1141/1342] Compiling ecdh.cc
[1142/1342] Compiling ecdsa_asn1.cc
[1143/1342] Compiling engine.cc
[1144/1342] Compiling ec_derive.cc
[1145/1342] Compiling hash_to_curve.cc
[1146/1342] Compiling dsa.cc
[1147/1342] Compiling ec_asn1.cc
[1148/1342] Compiling digest_extra.cc
[1149/1342] Compiling dsa_asn1.cc
[1150/1342] Compiling des.cc
[1151/1342] Compiling params.cc
[1152/1342] Compiling x25519-asm-arm.S
[1153/1342] Compiling dh_asn1.cc
[1154/1342] Compiling curve25519_64_adx.cc
[1155/1342] Compiling spake25519.cc
[1156/1342] Compiling cpu_intel.cc
[1157/1342] Compiling crypto.cc
[1158/1342] Compiling cpu_arm_linux.cc
[1159/1342] Compiling cpu_aarch64_win.cc
[1160/1342] Compiling cpu_arm_freebsd.cc
[1161/1342] Compiling curve25519.cc
[1162/1342] Compiling cpu_aarch64_sysreg.cc
[1163/1342] Compiling cpu_aarch64_linux.cc
[1164/1342] Compiling cpu_aarch64_openbsd.cc
[1165/1342] Compiling cpu_aarch64_fuchsia.cc
[1166/1342] Compiling cpu_aarch64_apple.cc
[1167/1342] Compiling tls_cbc.cc
[1168/1342] Compiling conf.cc
[1169/1342] Compiling get_cipher.cc
[1170/1342] Compiling e_null.cc
[1171/1342] Compiling e_rc4.cc
[1172/1342] Compiling cms.cc
[1173/1342] Compiling e_rc2.cc
[1174/1342] Compiling e_tls.cc
[1175/1342] Compiling e_des.cc
[1176/1342] Compiling e_aesgcmsiv.cc
[1177/1342] Compiling e_chacha20poly1305.cc
[1178/1342] Compiling e_aesctrhmac.cc
[1179/1342] Compiling e_aeseax.cc
[1180/1342] Compiling derive_key.cc
[1181/1342] Compiling chacha.cc
[1182/1342] Compiling unicode.cc
[1183/1342] Compiling buf.cc
[1184/1342] Compiling sqrt.cc
[1185/1342] Compiling cbs.cc
[1186/1342] Compiling asn1_compat.cc
[1187/1342] Compiling ber.cc
[1188/1342] Compiling cbb.cc
[1189/1342] Compiling exponentiation.cc
[1190/1342] Compiling div.cc
[1191/1342] Compiling bn_asn1.cc
[1192/1342] Compiling blake2.cc
[1193/1342] Compiling printf.cc
[1194/1342] Compiling convert.cc
[1195/1342] Compiling pair.cc
[1196/1342] Compiling hexdump.cc
[1197/1342] Compiling file.cc
[1198/1342] Compiling fd.cc
[1199/1342] Compiling errno.cc
[1200/1342] Compiling bio_mem.cc
[1201/1342] Compiling base64.cc
[1202/1342] Compiling bio.cc
[1203/1342] Compiling tasn_utl.cc
[1204/1342] Compiling tasn_typ.cc
[1205/1342] Compiling tasn_fre.cc
[1206/1342] Compiling tasn_enc.cc
[1207/1342] Compiling posix_time.cc
[1208/1342] Compiling tasn_new.cc
[1209/1342] Compiling tasn_dec.cc
[1210/1342] Compiling f_string.cc
[1211/1342] Compiling f_int.cc
[1212/1342] Compiling asn_pack.cc
[1213/1342] Compiling asn1_par.cc
[1214/1342] Compiling asn1_lib.cc
[1215/1342] Compiling a_utctm.cc
[1216/1342] Compiling bcm.cc
[1217/1342] Compiling a_octet.cc
[1218/1342] Compiling a_type.cc
[1218/1342] Compiling a_time.cc
[1220/1342] Compiling a_strnid.cc
[1221/1342] Compiling a_strex.cc
[1222/1342] Compiling a_i2d_fp.cc
[1223/1342] Compiling a_mbstr.cc
[1224/1342] Compiling a_object.cc
[1224/1342] Compiling a_dup.cc
[1225/1342] Write sources
[1229/1342] Compiling CAsyncHTTPClient CAsyncHTTPClient.c
[1230/1342] Compiling a_int.cc
[1231/1342] Compiling a_d2i_fp.cc
[1232/1385] Compiling a_gentm.cc
[1233/1385] Compiling a_bool.cc
[1234/1385] Compiling aes.cc
[1236/1385] Compiling Algorithms Combinations.swift
[1237/1385] Compiling Algorithms Compacted.swift
[1238/1385] Compiling Algorithms FlattenCollection.swift
[1239/1385] Compiling Algorithms Grouped.swift
[1239/1387] Compiling a_bitstr.cc
[1241/1395] Compiling Algorithms Cycle.swift
[1242/1395] Compiling Algorithms EitherSequence.swift
[1243/1395] Compiling Algorithms FirstNonNil.swift
[1244/1395] Compiling Algorithms AdjacentPairs.swift
[1245/1395] Compiling Algorithms Chain.swift
[1246/1395] Compiling Algorithms Chunked.swift
[1247/1395] Compiling Atomics IntegerOperations.swift
[1248/1395] Compiling Atomics Unmanaged extensions.swift
[1250/1395] Compiling Algorithms Stride.swift
[1251/1395] Compiling Algorithms Suffix.swift
[1252/1395] Compiling Algorithms RandomSample.swift
[1253/1395] Compiling Algorithms Reductions.swift
[1254/1395] Compiling Algorithms Rotate.swift
[1255/1398] Compiling CryptoBoringWrapper RandomBytes.swift
[1256/1398] Compiling Algorithms Joined.swift
[1257/1398] Compiling Algorithms Keyed.swift
[1259/1398] Compiling Algorithms Partition.swift
[1260/1398] Compiling Algorithms Permutations.swift
[1261/1398] Compiling Algorithms Product.swift
[1262/1398] Emitting module CryptoBoringWrapper
[1263/1398] Compiling CryptoBoringWrapper BoringSSLAEAD.swift
[1264/1398] Compiling CryptoBoringWrapper EllipticCurvePoint.swift
[1265/1398] Compiling CryptoBoringWrapper FiniteFieldArithmeticContext.swift
[1266/1398] Compiling Algorithms Trim.swift
[1267/1398] Compiling Algorithms Unique.swift
[1268/1398] Compiling Algorithms Windows.swift
[1269/1398] Compiling CryptoBoringWrapper CryptoKitErrors_boring.swift
[1270/1398] Compiling CryptoBoringWrapper EllipticCurve.swift
[1277/1398] Compiling Algorithms Indexed.swift
[1278/1398] Compiling Algorithms Intersperse.swift
[1279/1398] Compiling CryptoBoringWrapper ArbitraryPrecisionInteger.swift
[1284/1399] Wrapping AST for CryptoBoringWrapper for debugging
[1286/1399] Emitting module Atomics
[1287/1472] Compiling Crypto ChaChaPoly_boring.swift
[1288/1473] Compiling Crypto ChaChaPoly.swift
[1289/1473] Compiling Crypto Cipher.swift
[1290/1477] Compiling Crypto SubjectPublicKeyInfo.swift
[1291/1477] Compiling Crypto CryptoError_boring.swift
[1292/1477] Compiling Crypto AES-GCM.swift
[1293/1477] Compiling Crypto AES-GCM_boring.swift
[1294/1484] Wrapping AST for Atomics for debugging
[1296/1548] Emitting module Algorithms
[1297/1549] Wrapping AST for Algorithms for debugging
[1299/1549] Compiling NIOCore EventLoopFuture+Deprecated.swift
[1300/1549] Compiling NIOCore EventLoopFuture+WithEventLoop.swift
[1301/1549] Compiling NIOCore EventLoopFuture.swift
[1302/1549] Compiling NIOCore FileDescriptor.swift
[1303/1549] Compiling NIOCore FileHandle.swift
[1304/1549] Compiling NIOCore FileRegion.swift
[1305/1549] Compiling NIOCore GlobalSingletons.swift
[1306/1549] Compiling NIOCore IO.swift
[1307/1549] Compiling NIOCore IOData.swift
[1308/1549] Compiling NIOCore IPProtocol.swift
[1309/1549] Compiling NIOCore IntegerBitPacking.swift
[1310/1549] Compiling NIOCore IntegerTypes.swift
[1311/1549] Compiling Crypto HKDF.swift
[1312/1549] Compiling Crypto AESWrap.swift
[1313/1549] Compiling Crypto AESWrap_boring.swift
[1314/1549] Compiling Crypto Ed25519_boring.swift
[1315/1549] Compiling Crypto NISTCurvesKeys_boring.swift
[1316/1549] Compiling Crypto X25519Keys_boring.swift
[1317/1549] Compiling Crypto Curve25519.swift
[1318/1549] Compiling Crypto Ed25519Keys.swift
[1319/1549] Compiling Crypto NISTCurvesKeys.swift
[1320/1549] Compiling Crypto X25519Keys.swift
[1321/1549] Compiling Crypto SymmetricKeys.swift
[1322/1549] Compiling Crypto HMAC.swift
[1323/1560] Compiling NIOCore NIOThrowingAsyncSequenceProducer.swift
[1324/1560] Compiling NIOCore BSDSocketAPI.swift
[1325/1560] Compiling NIOCore ByteBuffer-aux.swift
[1326/1560] Compiling NIOCore ByteBuffer-binaryEncodedLengthPrefix.swift
[1327/1560] Compiling NIOCore ByteBuffer-conversions.swift
[1328/1560] Compiling NIOCore ByteBuffer-core.swift
[1329/1560] Compiling NIOCore ByteBuffer-hex.swift
[1330/1560] Compiling NIOCore ByteBuffer-int.swift
[1331/1560] Compiling NIOCore ByteBuffer-lengthPrefix.swift
[1332/1560] Compiling NIOCore AddressedEnvelope.swift
[1333/1560] Compiling NIOCore AsyncAwaitSupport.swift
[1334/1560] Compiling NIOCore AsyncChannel.swift
[1335/1560] Emitting module Crypto
[1336/1560] Compiling NIOCore AsyncChannelHandler.swift
[1337/1560] Compiling NIOCore AsyncChannelInboundStream.swift
[1338/1560] Compiling NIOCore AsyncChannelOutboundWriter.swift
[1339/1560] Compiling NIOCore NIOAsyncSequenceProducer.swift
[1340/1560] Compiling NIOCore NIOAsyncSequenceProducerStrategies.swift
[1341/1560] Compiling NIOCore NIOAsyncWriter.swift
[1342/1560] Compiling NIOCore ByteBuffer-multi-int.swift
[1343/1560] Compiling NIOCore ByteBuffer-quicBinaryEncodingStrategy.swift
[1344/1560] Compiling NIOCore ByteBuffer-views.swift
[1345/1560] Compiling NIOCore Channel.swift
[1346/1560] Compiling NIOCore ChannelHandler.swift
[1347/1560] Compiling NIOCore ChannelHandlers.swift
[1357/1560] Compiling NIOCore NIOCoreSendableMetatype.swift
[1358/1560] Compiling NIOCore NIODecodedAsyncSequence.swift
[1359/1560] Compiling NIOCore NIOLoopBound.swift
[1360/1560] Compiling NIOCore NIOPooledRecvBufferAllocator.swift
[1361/1560] Compiling NIOCore NIOScheduledCallback.swift
[1362/1560] Compiling NIOCore NIOSendable.swift
[1363/1560] Compiling NIOCore NIOSplitLinesMessageDecoder.swift
[1364/1560] Compiling NIOCore NIOTransportAccessibleChannelCore.swift
[1365/1560] Compiling NIOCore RecvByteBufferAllocator.swift
[1369/1560] Compiling NIOCore Interfaces.swift
[1370/1560] Compiling NIOCore Linux.swift
[1371/1560] Compiling NIOCore MarkedCircularBuffer.swift
[1372/1560] Compiling NIOCore MulticastChannel.swift
[1373/1560] Compiling NIOCore NIOAny.swift
[1374/1560] Compiling NIOCore NIOCloseOnErrorHandler.swift
[1378/1568] Compiling NIOCore SingleStepByteToMessageDecoder.swift
[1379/1568] Compiling NIOCore SocketAddresses.swift
[1380/1568] Compiling NIOCore SocketOptionProvider.swift
[1381/1568] Compiling NIOCore SystemCallHelpers.swift
[1382/1568] Compiling NIOCore TimeAmount+Duration.swift
[1383/1568] Compiling NIOCore TypeAssistedChannelHandler.swift
[1384/1568] Compiling NIOCore UniversalBootstrapSupport.swift
[1385/1568] Compiling NIOCore Utilities.swift
[1386/1568] Compiling Crypto Signature.swift
[1387/1568] Compiling Crypto CryptoKitErrors_boring.swift
[1388/1568] Compiling Crypto Optional+withUnsafeBytes_boring.swift
[1389/1568] Compiling Crypto RNG_boring.swift
[1390/1568] Compiling Crypto SafeCompare_boring.swift
[1391/1568] Compiling Crypto Zeroization_boring.swift
[1392/1568] Compiling Crypto _CryptoModuleAnchor.swift
[1393/1568] Compiling Crypto PrettyBytes.swift
[1394/1568] Compiling Crypto SafeCompare.swift
[1395/1568] Compiling Crypto SecureBytes.swift
[1396/1568] Compiling Crypto Zeroization.swift
[1397/1568] Compiling NIOCore CircularBuffer.swift
[1398/1568] Compiling NIOCore Codec.swift
[1399/1568] Compiling NIOCore ConvenienceOptionSupport.swift
[1400/1568] Compiling NIOCore DeadChannel.swift
[1401/1568] Compiling NIOCore DispatchQueue+WithFuture.swift
[1402/1568] Compiling NIOCore EventLoop+Deprecated.swift
[1403/1568] Compiling NIOCore EventLoop+SerialExecutor.swift
[1404/1568] Compiling NIOCore EventLoop.swift
[1405/1568] Compiling NIOCore EventLoopFuture+AssumeIsolated.swift
[1406/1568] Compiling NIOCore ChannelInvoker.swift
[1407/1568] Compiling NIOCore ChannelOption.swift
[1408/1568] Compiling NIOCore ChannelPipeline.swift
[1430/1569] Wrapping AST for Crypto for debugging
[1432/1572] Compiling CryptoExtras PBKDF2.swift
[1433/1572] Compiling CryptoExtras Scrypt_boring.swift
[1449/1631] Emitting module CryptoExtras
[1450/1639] Compiling CryptoExtras PKCS8DERRepresentation.swift
[1451/1639] Compiling CryptoExtras PKCS8PrivateKey.swift
[1452/1639] Compiling CryptoExtras RFC8410AlgorithmIdentifier.swift
[1453/1639] Compiling CryptoExtras ECToolbox_boring.swift
[1454/1639] Compiling CryptoExtras ECToolbox.swift
[1455/1639] Compiling CryptoExtras HashToField.swift
[1456/1639] Compiling CryptoExtras KDF.swift
[1457/1639] Compiling CryptoExtras PBKDF2_boring.swift
[1458/1639] Compiling CryptoExtras PBKDF2_commoncrypto.swift
[1461/1639] Compiling CryptoExtras Scrypt.swift
[1462/1639] Compiling CryptoExtras OPRF.swift
[1463/1639] Compiling CryptoExtras OPRFClient.swift
[1464/1639] Compiling CryptoExtras OPRFServer.swift
[1465/1639] Compiling CryptoExtras VOPRF+API.swift
[1466/1639] Compiling CryptoExtras VOPRFClient.swift
[1467/1639] Compiling CryptoExtras VOPRFServer.swift
[1468/1639] Compiling CryptoExtras ThreadOps.swift
[1469/1639] Compiling CryptoExtras ThreadPosix.swift
[1470/1639] Compiling CryptoExtras ThreadSpecific.swift
[1471/1639] Compiling CryptoExtras ThreadWindows.swift
[1472/1639] Compiling CryptoExtras DLEQ.swift
[1473/1639] Compiling CryptoExtras Prover.swift
[1474/1639] Compiling CryptoExtras Verifier.swift
[1475/1639] Compiling CryptoExtras ZKPToolbox.swift
[1476/1639] Compiling CryptoExtras BoringSSLPassphraseCallbackManager.swift
[1477/1639] Compiling CryptoExtras RSA+BlindSigning.swift
[1478/1639] Compiling CryptoExtras RSA.swift
[1479/1639] Compiling CryptoExtras RSA_boring.swift
[1480/1639] Compiling CryptoExtras Reexport.swift
[1481/1639] Compiling CryptoExtras Zeroization_boring.swift
[1482/1639] Compiling CryptoExtras BoringSSLHelpers.swift
[1483/1639] Compiling CryptoExtras CryptoKitErrors_boring.swift
[1484/1639] Compiling CryptoExtras AES_CBC.swift
[1485/1639] Compiling CryptoExtras AES_CFB.swift
[1486/1639] Compiling CryptoExtras AES_CTR.swift
[1487/1639] Compiling CryptoExtras AES_GCM_SIV.swift
[1488/1639] Compiling CryptoExtras Block Function.swift
[1489/1639] Compiling CryptoExtras AES_CBC_boring.swift
[1490/1639] Compiling CryptoExtras AES_CFB_boring.swift
[1491/1639] Compiling CryptoExtras AES_CTR_boring.swift
[1492/1639] Compiling CryptoExtras AES_GCM_SIV_boring.swift
[1493/1639] Compiling CryptoExtras CMAC.swift
[1494/1639] Compiling CryptoExtras ARC+API.swift
[1495/1639] Compiling CryptoExtras ARC.swift
[1496/1639] Compiling CryptoExtras ARCCredential.swift
[1497/1639] Compiling CryptoExtras ARCEncoding.swift
[1498/1639] Compiling CryptoExtras ARCPrecredential.swift
[1499/1639] Compiling CryptoExtras ARCPresentation.swift
[1500/1639] Compiling CryptoExtras ARCRequest.swift
[1501/1639] Compiling CryptoExtras ARCResponse.swift
[1502/1639] Compiling CryptoExtras Data+Extensions.swift
[1503/1639] Compiling CryptoExtras DigestType.swift
[1504/1639] Compiling CryptoExtras Error.swift
[1505/1639] Compiling CryptoExtras I2OSP.swift
[1506/1639] Compiling CryptoExtras IntegerEncoding.swift
[1507/1639] Compiling CryptoExtras PEMDocument.swift
[1508/1639] Compiling CryptoExtras PrettyBytes.swift
[1509/1639] Compiling CryptoExtras SubjectPublicKeyInfo.swift
[1510/1639] Compiling CryptoExtras ARCServer.swift
[1511/1639] Compiling CryptoExtras ChaCha20CTR_boring.swift
[1512/1639] Compiling CryptoExtras ChaCha20CTR.swift
[1513/1639] Compiling CryptoExtras BoringSSLSHA512256Context.swift
[1514/1639] Compiling CryptoExtras BoringSSLSHA512256HashFunction.swift
[1515/1639] Compiling CryptoExtras SHA512256.swift
[1516/1639] Compiling CryptoExtras SHA512256Digest.swift
[1517/1639] Compiling CryptoExtras Curve25519+PEM.swift
[1518/1639] Compiling CryptoExtras ObjectIdentifier.swift
[1519/1640] Wrapping AST for CryptoExtras for debugging
[1521/1642] Emitting module _CryptoExtras
[1522/1642] Compiling _CryptoExtras Exports.swift
[1523/1643] Wrapping AST for _CryptoExtras for debugging
[1525/1738] Compiling X509 CertificationRequestInfo.swift
[1526/1738] Compiling X509 ExtensionRequest.swift
[1527/1738] Compiling X509 Certificate.swift
[1528/1738] Compiling X509 CertificatePrivateKey.swift
[1529/1738] Compiling X509 CertificatePublicKey.swift
[1530/1738] Compiling X509 CertificateSerialNumber.swift
[1531/1738] Compiling X509 CertificateVersion.swift
[1532/1738] Compiling X509 CMSAttribute.swift
[1533/1738] Compiling X509 CMSContentInfo.swift
[1534/1738] Compiling X509 Digests.swift
[1535/1738] Compiling X509 DistinguishedName.swift
[1536/1738] Compiling X509 CommonName.swift
[1537/1738] Compiling X509 CountryName.swift
[1538/1738] Compiling X509 DNBuilder.swift
[1539/1738] Compiling X509 CSRAttribute.swift
[1540/1738] Compiling X509 CSRAttributes.swift
[1541/1738] Compiling X509 CSRVersion.swift
[1542/1738] Compiling X509 CertificateSigningRequest.swift
[1543/1738] Emitting module NIOCore
[1544/1744] Wrapping AST for NIOCore for debugging
[1546/1796] Compiling NIOFoundationEssentialsCompat Codable+ByteBuffer.swift
[1547/1796] Emitting module NIOEmbedded
[1548/1796] Compiling NIOEmbedded AsyncTestingChannel.swift
[1549/1796] Emitting module NIOFoundationEssentialsCompat
[1550/1796] Compiling NIOFoundationEssentialsCompat ByteBuffer-foundation.swift
[1551/1797] Wrapping AST for NIOFoundationEssentialsCompat for debugging
[1553/1797] Compiling NIOEmbedded AsyncTestingEventLoop.swift
[1554/1797] Compiling NIOEmbedded Embedded.swift
[1555/1798] Wrapping AST for NIOEmbedded for debugging
[1557/1798] Compiling NIOPosix HappyEyeballs.swift
[1558/1798] Compiling NIOPosix IO.swift
[1559/1798] Compiling NIOPosix IntegerBitPacking.swift
[1560/1798] Compiling NIOPosix IntegerTypes.swift
[1561/1798] Compiling NIOPosix Linux.swift
[1562/1798] Compiling NIOPosix LinuxCPUSet.swift
[1563/1798] Compiling NIOPosix LinuxUring.swift
[1564/1798] Compiling NIOPosix Selectable.swift
[1565/1798] Compiling NIOPosix SelectableChannel.swift
[1566/1798] Compiling NIOPosix SelectableEventLoop.swift
[1567/1798] Compiling NIOPosix SelectorEpoll.swift
[1568/1798] Compiling NIOPosix SelectorGeneric.swift
[1569/1798] Compiling NIOPosix SelectorKqueue.swift
[1570/1798] Compiling NIOPosix SelectorUring.swift
[1571/1798] Compiling NIOPosix BaseStreamSocketChannel.swift
[1572/1798] Compiling NIOPosix Bootstrap.swift
[1573/1798] Compiling NIOPosix ControlMessage.swift
[1574/1798] Compiling NIOPosix DatagramVectorReadManager.swift
[1575/1798] Compiling NIOPosix Errors+Any.swift
[1576/1798] Compiling NIOPosix FileDescriptor.swift
[1577/1798] Compiling NIOPosix GetaddrinfoResolver.swift
[1578/1798] Compiling NIOPosix BSDSocketAPICommon.swift
[1579/1798] Compiling NIOPosix BSDSocketAPIPosix.swift
[1580/1798] Compiling NIOPosix BSDSocketAPIWindows.swift
[1581/1798] Compiling NIOPosix BaseSocket.swift
[1582/1798] Compiling NIOPosix BaseSocketChannel+AccessibleTransport.swift
[1583/1798] Compiling NIOPosix BaseSocketChannel+SocketOptionProvider.swift
[1584/1798] Compiling NIOPosix BaseSocketChannel.swift
[1585/1811] Compiling X509 NameConstraints.swift
[1586/1811] Compiling X509 SubjectAlternativeName.swift
[1587/1811] Compiling X509 SubjectKeyIdentifier.swift
[1588/1811] Compiling X509 Extension.swift
[1589/1811] Compiling X509 Extensions.swift
[1590/1811] Compiling X509 ExtensionsBuilder.swift
[1591/1811] Compiling X509 GeneralName.swift
[1592/1811] Compiling X509 Lock.swift
[1593/1811] Compiling X509 LockedValueBox.swift
[1594/1811] Compiling X509 BasicOCSPResponse.swift
[1595/1811] Compiling X509 DirectoryString.swift
[1596/1811] Compiling X509 OCSPCertID.swift
[1597/1811] Compiling X509 OCSPCertStatus.swift
[1598/1811] Compiling X509 OneOfPolicies.swift
[1599/1811] Compiling X509 PolicyBuilder.swift
[1600/1811] Compiling X509 BasicConstraintsPolicy.swift
[1601/1811] Compiling X509 DNSNames.swift
[1602/1811] Compiling X509 ExpiryPolicy.swift
[1603/1811] Compiling X509 IPConstraints.swift
[1604/1811] Compiling X509 NameConstraintsPolicy.swift
[1605/1811] Compiling X509 RFC5280Policy.swift
[1606/1811] Compiling X509 URIConstraints.swift
[1607/1811] Compiling X509 VersionPolicy.swift
[1608/1811] Compiling X509 ServerIdentityPolicy.swift
[1609/1811] Compiling X509 TrustRootLoading.swift
[1610/1811] Compiling X509 UnverifiedChain.swift
[1611/1811] Compiling NIOPosix PipeChannel.swift
[1612/1811] Compiling NIOPosix PipePair.swift
[1613/1811] Compiling NIOPosix Pool.swift
[1614/1811] Compiling NIOPosix PosixSingletons+ConcurrencyTakeOver.swift
[1615/1811] Compiling NIOPosix PosixSingletons.swift
[1616/1811] Compiling NIOPosix RawSocketBootstrap.swift
[1617/1811] Compiling NIOPosix Resolver.swift
[1618/1811] Compiling X509 Signature.swift
[1619/1811] Compiling X509 SignatureAlgorithm.swift
[1620/1811] Compiling X509 AllOfPolicies.swift
[1621/1811] Compiling X509 AnyPolicy.swift
[1622/1811] Compiling X509 CertificateStore.swift
[1623/1811] Compiling X509 CustomCertificateStore.swift
[1624/1811] Compiling X509 OCSPExtensionID.swift
[1625/1811] Compiling X509 OCSPNonce.swift
[1626/1811] Compiling X509 OCSPPolicy.swift
[1627/1811] Compiling X509 OCSPRequest.swift
[1628/1811] Compiling X509 OCSPResponse.swift
[1629/1811] Compiling X509 OCSPResponseBytes.swift
[1630/1811] Compiling X509 OCSPResponseData.swift
[1631/1811] Compiling X509 OCSPResponseStatus.swift
[1632/1811] Compiling X509 OCSPSignature.swift
[1633/1811] Compiling X509 OCSPSingleRequest.swift
[1634/1811] Compiling X509 OCSPSingleResponse.swift
[1635/1811] Compiling X509 OCSPTBSRequest.swift
[1636/1811] Compiling X509 OCSPVersion.swift
[1637/1811] Compiling NIOPosix MultiThreadedEventLoopGroup.swift
[1638/1811] Compiling NIOPosix NIOPosixSendableMetatype.swift
[1639/1811] Compiling NIOPosix NIORandomizedDNSResolver.swift
[1640/1811] Compiling NIOPosix NIOThreadPool.swift
[1641/1811] Compiling NIOPosix NonBlockingFileIO.swift
[1642/1811] Compiling NIOPosix PendingDatagramWritesManager.swift
[1643/1811] Compiling NIOPosix PendingWritesManager.swift
[1644/1811] Compiling NIOPosix SelectorWSAPoll.swift
[1645/1811] Compiling NIOPosix ServerSocket.swift
[1646/1811] Compiling NIOPosix Socket.swift
[1647/1811] Compiling NIOPosix SocketChannel.swift
[1648/1811] Compiling NIOPosix SocketProtocols.swift
[1649/1811] Compiling NIOPosix StructuredConcurrencyHelpers.swift
[1650/1811] Compiling NIOPosix System.swift
[1658/1818] Emitting module NIOPosix
[1673/1818] Compiling NIOPosix Thread.swift
[1674/1818] Compiling NIOPosix ThreadPosix.swift
[1675/1818] Compiling NIOPosix ThreadWindows.swift
[1676/1818] Compiling NIOPosix Utilities.swift
[1677/1818] Compiling NIOPosix VsockAddress.swift
[1678/1818] Compiling NIOPosix VsockChannelEvents.swift
[1679/1818] Compiling NIOPosix Windows.swift
[1680/1818] Emitting module X509
[1709/1819] Wrapping AST for NIOPosix for debugging
[1711/1821] Emitting module NIO
[1712/1821] Compiling NIO Exports.swift
[1713/1822] Wrapping AST for NIO for debugging
[1715/1861] Compiling NIOTLS TLSEvents.swift
[1716/1861] Compiling NIOFoundationCompat Exports.swift
[1717/1861] Compiling NIOSOCKS SelectedAuthenticationMethod.swift
[1718/1862] Emitting module NIOFoundationCompat
[1719/1862] Compiling NIOSOCKS ClientStateMachine.swift
[1720/1862] Compiling NIOFoundationCompat JSONSerialization+ByteBuffer.swift
[1721/1862] Compiling NIOFoundationCompat WaitSpinningRunLoop.swift
[1723/1863] Emitting module NIOSOCKS
[1724/1863] Emitting module NIOTLS
[1725/1863] Compiling NIOSOCKS ServerStateMachine.swift
[1725/1863] Wrapping AST for NIOFoundationCompat for debugging
[1727/1863] Compiling NIOHTTP1 HTTPServerRequestMethodQueue.swift
[1728/1863] Compiling NIOHTTP1 HTTPServerUpgradeHandler.swift
[1729/1865] Compiling X509 ValidatedCertificateChain.swift
[1730/1865] Compiling X509 VerificationDiagnostic.swift
[1731/1865] Compiling X509 Verifier.swift
[1732/1865] Compiling X509 VerifierPolicy.swift
[1733/1865] Compiling X509 AlgorithmIdentifier.swift
[1734/1865] Compiling X509 ECDSASignature.swift
[1735/1865] Compiling X509 RSAPKCS1PublicKey.swift
[1736/1865] Compiling X509 SubjectPublicKeyInfo.swift
[1737/1865] Compiling X509 TBSCertificate.swift
[1738/1865] Compiling X509 Time.swift
[1739/1865] Compiling X509 TimeCalculations.swift
[1740/1865] Compiling X509 Validity.swift
[1741/1865] Compiling X509 X509SendableMetatype.swift
[1742/1866] Compiling NIOTLS NIOTypedApplicationProtocolNegotiationHandler.swift
[1743/1866] Compiling NIOTLS ApplicationProtocolNegotiationHandler.swift
[1744/1866] Compiling NIOTLS ProtocolNegotiationHandlerStateMachine.swift
[1745/1866] Compiling NIOTLS SNIHandler.swift
[1748/1867] Compiling NIOHTTP1 NIOTypedHTTPClientUpgradeHandler.swift
[1749/1867] Compiling NIOHTTP1 NIOTypedHTTPClientUpgraderStateMachine.swift
[1750/1867] Compiling NIOHTTP1 HTTPPipelineSetup.swift
[1751/1867] Compiling NIOHTTP1 ByteCollectionUtils.swift
[1752/1867] Compiling NIOHTTP1 HTTPDecoder.swift
[1753/1867] Compiling NIOHTTP1 HTTPEncoder.swift
[1754/1867] Compiling NIOHTTP1 HTTPHeaderValidator.swift
[1755/1867] Compiling NIOHTTP1 HTTPHeaders+Validation.swift
[1756/1867] Compiling NIOHTTP1 HTTPServerPipelineHandler.swift
[1757/1867] Compiling NIOHTTP1 HTTPServerProtocolErrorHandler.swift
[1758/1867] Compiling NIOSOCKS SOCKSResponse.swift
[1758/1868] Wrapping AST for NIOTLS for debugging
[1762/1898] Wrapping AST for X509 for debugging
[1764/1898] Compiling NIOSSL ObjectIdentifier.swift
[1765/1898] Compiling NIOSSL PosixPort.swift
[1765/1902] Wrapping AST for NIOSOCKS for debugging
[1767/1911] Compiling JWTKit AudienceClaim.swift
[1768/1911] Compiling JWTKit BoolClaim.swift
[1769/1911] Compiling JWTKit ExpirationClaim.swift
[1770/1965] Compiling JWTKit JWTParser+MandatoryVerificationFields.swift
[1771/1965] Compiling JWTKit JWTParser.swift
[1772/1965] Compiling JWTKit JWTAlgorithm.swift
[1773/1965] Compiling JWTKit JWTError.swift
[1774/1965] Compiling JWTKit JWTSerializer.swift
[1775/1965] Compiling JWTKit JWTSigner.swift
[1776/1965] Compiling JWTKit JWTKeyCollection+MLDSA.swift
[1777/1965] Compiling JWTKit MLDSA.swift
[1778/1965] Compiling JWTKit MLDSA65+MLDSAKey.swift
[1779/1965] Compiling JWTKit MLDSA87+MLDSAKey.swift
[1780/1965] Compiling JWTKit MLDSAError.swift
[1781/1965] Compiling JWTKit MLDSAKey.swift
[1782/1965] Compiling JWTKit MLDSASigner.swift
[1783/1965] Compiling JWTKit MLDSAType.swift
[1784/1965] Compiling JWTKit JWTKeyCollection+UnsecuredNone.swift
[1785/1965] Compiling JWTKit UnsecuredNoneSigner.swift
[1786/1965] Compiling JWTKit JWTKeyCollection+RSA.swift
[1787/1965] Compiling JWTKit RSA.swift
[1788/1965] Compiling JWTKit RSAError.swift
[1789/1965] Compiling JWTKit RSASigner.swift
[1790/1965] Compiling JWTKit Base64URL.swift
[1791/1965] Compiling JWTKit CryptoSigner.swift
[1792/1974] Emitting module JWTKit
[1796/1974] Compiling JWTKit GoogleHostedDomainClaim.swift
[1797/1974] Compiling JWTKit IDClaim.swift
[1798/1974] Compiling JWTKit IssuedAtClaim.swift
[1799/1974] Compiling JWTKit IssuerClaim.swift
[1800/1974] Compiling JWTKit JWTClaim.swift
[1801/1974] Compiling JWTKit JWTMultiValueClaim.swift
[1802/1974] Compiling JWTKit JWTUnixEpochClaim.swift
[1803/1974] Emitting module NIOHTTP1
[1807/1975] Wrapping AST for NIOHTTP1 for debugging
[1811/1992] Compiling JWTKit JWTHeader+CommonFields.swift
[1812/1992] Compiling JWTKit JWTHeader.swift
[1813/1992] Compiling JWTKit JWTHeaderField.swift
[1814/1992] Compiling JWTKit JWTKeyCollection.swift
[1817/1992] Compiling JWTKit JWTPayload.swift
[1818/1992] Compiling JWTKit LocaleClaim.swift
[1819/1992] Compiling JWTKit NotBeforeClaim.swift
[1820/1992] Compiling JWTKit SubjectClaim.swift
[1821/1992] Compiling JWTKit TenantIDClaim.swift
[1822/1992] Compiling JWTKit ECDSA.swift
[1823/1992] Compiling JWTKit ECDSACurve.swift
[1824/1992] Compiling JWTKit ECDSACurveType.swift
[1825/1992] Compiling JWTKit ECDSAError.swift
[1826/1992] Compiling JWTKit ECDSAKeyTypes.swift
[1827/1992] Compiling JWTKit ECDSASigner.swift
[1828/1992] Compiling JWTKit HMAC.swift
[1829/1992] Compiling JWTKit HMACError.swift
[1830/1992] Compiling JWTKit HMACSigner.swift
[1831/1992] Compiling JWTKit JWTKeyCollection+HMAC.swift
[1832/1992] Compiling JWTKit Insecure.swift
[1833/1992] Compiling JWTKit JWK.swift
[1834/1992] Compiling JWTKit JWKIdentifier.swift
[1835/1992] Compiling JWTKit JWKS.swift
[1836/1992] Compiling JWTKit JWKSigner.swift
[1837/1992] Compiling JWTKit ECDSASigningAlgorithm.swift
[1838/1992] Compiling JWTKit JWTKeyCollection+ECDSA.swift
[1839/1992] Compiling JWTKit P256+CurveType.swift
[1840/1992] Compiling JWTKit P384+CurveType.swift
[1841/1992] Compiling JWTKit P521+CurveType.swift
[1842/1992] Compiling JWTKit EdDSA.swift
[1843/1992] Compiling JWTKit EdDSACurve.swift
[1844/1992] Compiling JWTKit EdDSAError.swift
[1845/1992] Compiling JWTKit EdDSASigner.swift
[1846/1992] Compiling JWTKit JWTKeyCollection+EdDSA.swift
[1847/1992] Emitting module NIOHPACK
[1848/1993] Compiling NIOHPACK IndexedHeaderTable.swift
[1849/1993] Compiling NIOHPACK HuffmanTables.swift
[1850/1993] Compiling NIOHPACK IntegerCoding.swift
[1855/1997] Compiling NIOHPACK DynamicHeaderTable.swift
[1856/1997] Compiling NIOHPACK HPACKDecoder.swift
[1857/1997] Compiling NIOHPACK HPACKEncoder.swift
[1858/1997] Compiling NIOHPACK HPACKErrors.swift
[1859/1997] Compiling NIOHPACK HPACKHeader.swift
[1860/1997] Compiling NIOHPACK StaticHeaderTable.swift
[1861/1997] Compiling NIOHPACK HuffmanCoding.swift
[1862/1997] Compiling NIOHTTPCompression HTTPDecompression.swift
[1863/1997] Emitting module NIOHTTPCompression
[1866/1997] Compiling NIOHPACK HeaderTables.swift
[1870/1997] Emitting module NIOSSL
[1875/1997] Compiling NIOHTTPCompression HTTPRequestCompressor.swift
[1876/1997] Compiling NIOHTTPCompression HTTPDecompressor.swift
[1877/1997] Compiling NIOHTTPCompression HTTPResponseCompressor.swift
[1878/1997] Compiling NIOHTTPCompression HTTPCompression.swift
[1879/1998] Wrapping AST for NIOHTTPCompression for debugging
[1897/1999] Wrapping AST for NIOHPACK for debugging
[1899/2062] Compiling JWTKit CustomizedJSONCoders.swift
[1900/2062] Compiling JWTKit Utilities.swift
[1901/2062] Compiling JWTKit AppleIdentityToken.swift
[1902/2062] Compiling JWTKit FirebaseAuthIdentityToken.swift
[1903/2062] Compiling JWTKit GoogleIdentityToken.swift
[1904/2062] Compiling JWTKit MicrosoftIdentityToken.swift
[1905/2062] Compiling JWTKit EmptyPolicy.swift
[1906/2062] Compiling JWTKit ValidationTimePayload.swift
[1907/2062] Compiling JWTKit X5CVerifier.swift
[1908/2063] Wrapping AST for JWTKit for debugging
[1910/2063] Compiling NIOHTTP2 HTTP2ConnectionStateChange.swift
[1911/2063] Compiling NIOHTTP2 HTTP2Error.swift
[1912/2063] Compiling NIOHTTP2 HTTP2ErrorCode.swift
[1913/2063] Compiling NIOHTTP2 HTTP2FlowControlWindow.swift
[1915/2064] Compiling NIOHTTP2 HasFlowControlWindows.swift
[1916/2064] Compiling NIOHTTP2 HasLocalSettings.swift
[1917/2064] Compiling NIOHTTP2 HasRemoteSettings.swift
[1918/2064] Compiling NIOHTTP2 LocallyQuiescingState.swift
[1919/2064] Compiling NIOHTTP2 QuiescingState.swift
[1920/2064] Compiling NIOHTTP2 RemotelyQuiescingState.swift
[1921/2064] Compiling NIOHTTP2 SendAndReceiveGoawayState.swift
[1922/2064] Compiling NIOHTTP2 StateMachineResult.swift
[1923/2064] Compiling NIOHTTP2 ContentLengthVerifier.swift
[1923/2072] Wrapping AST for NIOSSL for debugging
[1925/2072] Emitting module NIOHTTP2
[1926/2072] Compiling NIOHTTP2 ConnectionStateMachine.swift
[1927/2072] Compiling NIOHTTP2 ConnectionStreamsState.swift
[1928/2072] Compiling NIOHTTP2 MayReceiveFrames.swift
[1929/2072] Compiling NIOHTTP2 ReceivingDataState.swift
[1930/2072] Compiling NIOHTTP2 ReceivingGoAwayState.swift
[1931/2072] Compiling NIOHTTP2 ReceivingHeadersState.swift
[1932/2072] Compiling NIOHTTP2 ReceivingPushPromiseState.swift
[1933/2072] Compiling NIOHTTP2 ReceivingRstStreamState.swift
[1934/2072] Compiling NIOHTTP2 ReceivingWindowUpdateState.swift
[1935/2072] Compiling NIOHTTP2 NIOHTTP2ServerConnectionManagementHandler.swift
[1936/2072] Compiling NIOHTTP2 StreamChannelFlowController.swift
[1937/2072] Compiling NIOHTTP2 StreamChannelList.swift
[1938/2072] Compiling NIOHTTP2 StreamMap.swift
[1939/2072] Compiling NIOHTTP2 StreamStateMachine.swift
[1940/2072] Compiling NIOHTTP2 Timer.swift
[1941/2072] Compiling NIOHTTP2 UnsafeTransfer.swift
[1942/2072] Compiling NIOHTTP2 WatermarkedFlowController.swift
[1943/2072] Compiling NIOHTTP2 MaySendFrames.swift
[1944/2072] Compiling NIOHTTP2 SendingDataState.swift
[1945/2072] Compiling NIOHTTP2 SendingGoawayState.swift
[1946/2072] Compiling NIOHTTP2 SendingHeadersState.swift
[1947/2072] Compiling NIOHTTP2 SendingPushPromiseState.swift
[1948/2072] Compiling NIOHTTP2 SendingRstStreamState.swift
[1949/2072] Compiling NIOHTTP2 SendingWindowUpdateState.swift
[1950/2072] Compiling NIOHTTP2 HTTP2SettingsState.swift
[1951/2072] Compiling NIOHTTP2 HasExtendedConnectSettings.swift
[1952/2072] Compiling NIOHTTP2 HTTP2FrameParser.swift
[1953/2072] Compiling NIOHTTP2 HTTP2PingData.swift
[1954/2072] Compiling NIOHTTP2 HTTP2PipelineHelpers.swift
[1955/2072] Compiling NIOHTTP2 HTTP2Settings.swift
[1956/2072] Compiling NIOHTTP2 HTTP2Stream.swift
[1957/2072] Compiling NIOHTTP2 HTTP2StreamChannel+OutboundStreamMultiplexer.swift
[1958/2072] Compiling NIOHTTP2 HTTP2StreamChannel.swift
[1959/2072] Compiling NIOHTTP2 HTTP2StreamDelegate.swift
[1960/2072] Compiling NIOHTTP2 HTTP2StreamID.swift
[1961/2072] Compiling NIOHTTP2 HTTP2StreamMultiplexer.swift
[1962/2072] Compiling NIOHTTP2 HTTP2ToHTTP1Codec.swift
[1963/2072] Compiling NIOHTTP2 HTTP2UserEvents.swift
[1964/2072] Compiling NIOHTTP2 InboundEventBuffer.swift
[1965/2072] Compiling NIOHTTP2 InboundWindowManager.swift
[1966/2072] Compiling NIOHTTP2 MultiplexerAbstractChannel.swift
[1967/2072] Compiling NIOHTTP2 NIOHTTP2FrameDelegate.swift
[1968/2072] Compiling NIOHTTP2 NIOHTTP2ServerConnectionManagementHandler+StateMachine.swift
[1969/2072] Compiling NIOHTTP2 HTTP2ChannelHandler+InlineStreamMultiplexer.swift
[1970/2072] Compiling NIOHTTP2 HTTP2ChannelHandler.swift
[1971/2072] Compiling NIOHTTP2 HTTP2CommonInboundStreamMultiplexer.swift
[1976/2072] Compiling NIOHTTP2 HTTP2Frame.swift
[1977/2072] Compiling NIOHTTP2 HTTP2FrameEncoder.swift
[1978/2072] Compiling NIOHTTP2 DOSHeuristics.swift
[1979/2072] Compiling NIOHTTP2 Error+Any.swift
[1980/2072] Compiling NIOHTTP2 ConcurrentStreamBuffer.swift
[1981/2072] Compiling NIOHTTP2 ControlFrameBuffer.swift
[1982/2072] Compiling NIOHTTP2 OutboundFlowControlBuffer.swift
[1983/2072] Compiling NIOHTTP2 OutboundFrameBuffer.swift
[1984/2072] Compiling NIOHTTP2 GlitchesMonitor.swift
[1985/2072] Compiling NIOHTTP2 HPACKHeaders+Validation.swift
[1986/2072] Compiling NIOHTTP2 HTTP2ChannelHandler+InboundStreamMultiplexer.swift
[1987/2073] Wrapping AST for NIOHTTP2 for debugging
[1989/2137] Compiling AsyncHTTPClient AnyAsyncSequence.swift
[1990/2137] Compiling AsyncHTTPClient AnyAsyncSequenceProucerDelete.swift
[1991/2137] Compiling AsyncHTTPClient AsyncLazySequence.swift
[1992/2137] Compiling AsyncHTTPClient HTTPClient+execute.swift
[1993/2137] Compiling AsyncHTTPClient HTTPClient+shutdown.swift
[1994/2137] Compiling AsyncHTTPClient HTTPClient+tracing.swift
[1995/2137] Compiling AsyncHTTPClient HTTPClientRequest+Prepared.swift
[1996/2137] Compiling AsyncHTTPClient HTTPClientRequest+auth.swift
[1997/2137] Compiling AsyncHTTPClient HTTPClientRequest.swift
[1998/2145] Emitting module AsyncHTTPClient
[1999/2145] Compiling AsyncHTTPClient HTTPClientResponse.swift
[2000/2145] Compiling AsyncHTTPClient SingleIteratorPrecondition.swift
[2001/2145] Compiling AsyncHTTPClient Transaction+StateMachine.swift
[2002/2145] Compiling AsyncHTTPClient Transaction.swift
[2003/2145] Compiling AsyncHTTPClient Base64.swift
[2004/2145] Compiling AsyncHTTPClient BasicAuth.swift
[2005/2145] Compiling AsyncHTTPClient BestEffortHashableTLSConfiguration.swift
[2006/2145] Compiling AsyncHTTPClient Configuration+BrowserLike.swift
[2007/2145] Compiling AsyncHTTPClient ConnectionPool.swift
[2008/2145] Compiling AsyncHTTPClient HTTP1ProxyConnectHandler.swift
[2009/2145] Compiling AsyncHTTPClient SOCKSEventsHandler.swift
[2010/2145] Compiling AsyncHTTPClient TLSEventsHandler.swift
[2011/2145] Compiling AsyncHTTPClient HTTP1ClientChannelHandler.swift
[2012/2145] Compiling AsyncHTTPClient HTTP1Connection.swift
[2013/2145] Compiling AsyncHTTPClient HTTP1ConnectionStateMachine.swift
[2014/2145] Compiling AsyncHTTPClient HTTP2ClientRequestHandler.swift
[2015/2145] Compiling AsyncHTTPClient HTTP2Connection.swift
[2016/2145] Compiling AsyncHTTPClient HTTP2IdleHandler.swift
[2017/2145] Compiling AsyncHTTPClient RequestValidation.swift
[2018/2145] Compiling AsyncHTTPClient SSLContextCache.swift
[2019/2145] Compiling AsyncHTTPClient Scheme.swift
[2020/2145] Compiling AsyncHTTPClient Singleton.swift
[2021/2145] Compiling AsyncHTTPClient StringConvertibleInstances.swift
[2022/2145] Compiling AsyncHTTPClient StructuredConcurrencyHelpers.swift
[2023/2145] Compiling AsyncHTTPClient TracingSupport.swift
[2024/2145] Compiling AsyncHTTPClient Utils.swift
[2025/2145] Compiling AsyncHTTPClient HTTPConnectionEvent.swift
[2026/2145] Compiling AsyncHTTPClient HTTPConnectionPool+Factory.swift
[2027/2145] Compiling AsyncHTTPClient HTTPConnectionPool+Manager.swift
[2028/2145] Compiling AsyncHTTPClient HTTPConnectionPool.swift
[2029/2145] Compiling AsyncHTTPClient HTTPExecutableRequest.swift
[2030/2145] Compiling AsyncHTTPClient HTTPRequestStateMachine+Demand.swift
[2031/2145] Compiling AsyncHTTPClient HTTPRequestStateMachine.swift
[2032/2145] Compiling AsyncHTTPClient RequestBodyLength.swift
[2033/2145] Compiling AsyncHTTPClient RequestFramingMetadata.swift
[2034/2145] Compiling AsyncHTTPClient LRUCache.swift
[2035/2145] Compiling AsyncHTTPClient NIOLoopBound+Execute.swift
[2036/2145] Compiling AsyncHTTPClient NWErrorHandler.swift
[2037/2145] Compiling AsyncHTTPClient NWWaitingHandler.swift
[2038/2145] Compiling AsyncHTTPClient TLSConfiguration.swift
[2039/2145] Compiling AsyncHTTPClient RedirectState.swift
[2040/2145] Compiling AsyncHTTPClient RequestBag+StateMachine.swift
[2041/2145] Compiling AsyncHTTPClient RequestBag+Tracing.swift
[2042/2145] Compiling AsyncHTTPClient RequestBag.swift
[2043/2145] Compiling AsyncHTTPClient RequestOptions.swift
[2044/2145] Compiling AsyncHTTPClient HTTPConnectionPool+Backoff.swift
[2045/2145] Compiling AsyncHTTPClient HTTPConnectionPool+HTTP1Connections.swift
[2046/2145] Compiling AsyncHTTPClient HTTPConnectionPool+HTTP1StateMachine.swift
[2047/2145] Compiling AsyncHTTPClient HTTPConnectionPool+HTTP2Connections.swift
[2048/2145] Compiling AsyncHTTPClient HTTPConnectionPool+HTTP2StateMachine.swift
[2049/2145] Compiling AsyncHTTPClient HTTPConnectionPool+RequestQueue.swift
[2050/2145] Compiling AsyncHTTPClient HTTPConnectionPool+StateMachine.swift
[2051/2145] Compiling AsyncHTTPClient ConnectionTarget.swift
[2052/2145] Compiling AsyncHTTPClient DeconstructedURL.swift
[2053/2145] Compiling AsyncHTTPClient FileDownloadDelegate.swift
[2054/2145] Compiling AsyncHTTPClient FoundationExtensions.swift
[2055/2145] Compiling AsyncHTTPClient HTTPClient+HTTPCookie.swift
[2056/2145] Compiling AsyncHTTPClient HTTPClient+Proxy.swift
[2057/2145] Compiling AsyncHTTPClient HTTPClient+StructuredConcurrency.swift
[2058/2145] Compiling AsyncHTTPClient HTTPClient.swift
[2059/2145] Compiling AsyncHTTPClient HTTPClientConfiguration+SwiftConfiguration.swift
[2060/2145] Compiling AsyncHTTPClient HTTPHandler.swift
[2061/2146] Wrapping AST for AsyncHTTPClient for debugging
[2063/2169] Emitting module GoogleAuth
[2064/2172] Compiling GoogleAuth SubjectTokenProvider.swift
[2065/2172] Compiling GoogleAuth MDSAccessTokenProvider.swift
[2066/2172] Compiling GoogleAuth MDSCredentials.swift
[2067/2172] Compiling GoogleAuth ADC.swift
[2068/2172] Compiling GoogleAuth ADCPath.swift
[2069/2172] Compiling GoogleAuth ADCResolver.swift
[2070/2172] Compiling GoogleAuth AuthHeaders.swift
[2071/2172] Compiling GoogleAuth AnonymousCredentials.swift
[2072/2172] Compiling GoogleAuth ApiKeyCredentials.swift
[2073/2172] Compiling GoogleAuth ExternalAccountCredentials.swift
[2074/2172] Compiling GoogleAuth ServiceAccountCredentials.swift
[2075/2172] Compiling GoogleAuth ServiceAccountData.swift
[2076/2172] Compiling GoogleAuth ServiceAccountTokenProvider.swift
[2077/2172] Compiling GoogleAuth CredentialParserRegistry.swift
[2078/2172] Compiling GoogleAuth Credentials.swift
[2079/2172] Compiling GoogleAuth CredentialsError.swift
[2080/2172] Compiling GoogleAuth UserAccountData.swift
[2081/2172] Compiling GoogleAuth UserAccountTokenProvider.swift
[2082/2172] Compiling GoogleAuth UserCredentials.swift
[2083/2172] Compiling GoogleAuth AuthHTTPClient.swift
[2084/2172] Compiling GoogleAuth AuthHTTPError.swift
[2085/2172] Compiling GoogleAuth RetryEngine.swift
[2086/2172] Compiling GoogleAuth STSHandler.swift
[2087/2172] Compiling GoogleAuth TokenCache.swift
[2088/2172] Compiling GoogleAuth PackageVersion.swift
[2089/2173] Wrapping AST for GoogleAuth for debugging
[2091/2231] Compiling GoogleGax Pagination.swift
/host/spi-builder-workspace/.build/checkouts/swift-google-gax/Sources/GoogleGax/Pagination.swift:44:22: error: cannot convert '@Sendable (String) async throws -> (response: ResponseType, items: [Item], nextToken: String)' to 'nonisolated(nonsending) @Sendable (String) async throws -> (response: ResponseType, items: [Item], nextToken: String)' because crossing of an isolation boundary requires parameter and result types to conform to 'Sendable' protocol
 42 |   ) where ResponseType: _PaginatedResponse<Item> {
 43 |     self.initialPageToken = initialPageToken ?? ""
 44 |     self.fetchPage = { token in
    |                      |- error: cannot convert '@Sendable (String) async throws -> (response: ResponseType, items: [Item], nextToken: String)' to 'nonisolated(nonsending) @Sendable (String) async throws -> (response: ResponseType, items: [Item], nextToken: String)' because crossing of an isolation boundary requires parameter and result types to conform to 'Sendable' protocol
    |                      `- note: type 'Item' does not conform to 'Sendable' protocol
 45 |       let response = try await listRpc(token)
 46 |       return (response, response._getPaginatedItems(), response._nextPageToken())
[2092/2231] Compiling GoogleGax PollingBackoffPolicy.swift
/host/spi-builder-workspace/.build/checkouts/swift-google-gax/Sources/GoogleGax/Pagination.swift:44:22: error: cannot convert '@Sendable (String) async throws -> (response: ResponseType, items: [Item], nextToken: String)' to 'nonisolated(nonsending) @Sendable (String) async throws -> (response: ResponseType, items: [Item], nextToken: String)' because crossing of an isolation boundary requires parameter and result types to conform to 'Sendable' protocol
 42 |   ) where ResponseType: _PaginatedResponse<Item> {
 43 |     self.initialPageToken = initialPageToken ?? ""
 44 |     self.fetchPage = { token in
    |                      |- error: cannot convert '@Sendable (String) async throws -> (response: ResponseType, items: [Item], nextToken: String)' to 'nonisolated(nonsending) @Sendable (String) async throws -> (response: ResponseType, items: [Item], nextToken: String)' because crossing of an isolation boundary requires parameter and result types to conform to 'Sendable' protocol
    |                      `- note: type 'Item' does not conform to 'Sendable' protocol
 45 |       let response = try await listRpc(token)
 46 |       return (response, response._getPaginatedItems(), response._nextPageToken())
[2093/2231] Compiling GoogleGax PollingErrorPolicy.swift
/host/spi-builder-workspace/.build/checkouts/swift-google-gax/Sources/GoogleGax/Pagination.swift:44:22: error: cannot convert '@Sendable (String) async throws -> (response: ResponseType, items: [Item], nextToken: String)' to 'nonisolated(nonsending) @Sendable (String) async throws -> (response: ResponseType, items: [Item], nextToken: String)' because crossing of an isolation boundary requires parameter and result types to conform to 'Sendable' protocol
 42 |   ) where ResponseType: _PaginatedResponse<Item> {
 43 |     self.initialPageToken = initialPageToken ?? ""
 44 |     self.fetchPage = { token in
    |                      |- error: cannot convert '@Sendable (String) async throws -> (response: ResponseType, items: [Item], nextToken: String)' to 'nonisolated(nonsending) @Sendable (String) async throws -> (response: ResponseType, items: [Item], nextToken: String)' because crossing of an isolation boundary requires parameter and result types to conform to 'Sendable' protocol
    |                      `- note: type 'Item' does not conform to 'Sendable' protocol
 45 |       let response = try await listRpc(token)
 46 |       return (response, response._getPaginatedItems(), response._nextPageToken())
[2094/2231] Compiling GoogleGax PollingResult.swift
/host/spi-builder-workspace/.build/checkouts/swift-google-gax/Sources/GoogleGax/Pagination.swift:44:22: error: cannot convert '@Sendable (String) async throws -> (response: ResponseType, items: [Item], nextToken: String)' to 'nonisolated(nonsending) @Sendable (String) async throws -> (response: ResponseType, items: [Item], nextToken: String)' because crossing of an isolation boundary requires parameter and result types to conform to 'Sendable' protocol
 42 |   ) where ResponseType: _PaginatedResponse<Item> {
 43 |     self.initialPageToken = initialPageToken ?? ""
 44 |     self.fetchPage = { token in
    |                      |- error: cannot convert '@Sendable (String) async throws -> (response: ResponseType, items: [Item], nextToken: String)' to 'nonisolated(nonsending) @Sendable (String) async throws -> (response: ResponseType, items: [Item], nextToken: String)' because crossing of an isolation boundary requires parameter and result types to conform to 'Sendable' protocol
    |                      `- note: type 'Item' does not conform to 'Sendable' protocol
 45 |       let response = try await listRpc(token)
 46 |       return (response, response._getPaginatedItems(), response._nextPageToken())
[2095/2231] Compiling GoogleGax PollingState.swift
/host/spi-builder-workspace/.build/checkouts/swift-google-gax/Sources/GoogleGax/Pagination.swift:44:22: error: cannot convert '@Sendable (String) async throws -> (response: ResponseType, items: [Item], nextToken: String)' to 'nonisolated(nonsending) @Sendable (String) async throws -> (response: ResponseType, items: [Item], nextToken: String)' because crossing of an isolation boundary requires parameter and result types to conform to 'Sendable' protocol
 42 |   ) where ResponseType: _PaginatedResponse<Item> {
 43 |     self.initialPageToken = initialPageToken ?? ""
 44 |     self.fetchPage = { token in
    |                      |- error: cannot convert '@Sendable (String) async throws -> (response: ResponseType, items: [Item], nextToken: String)' to 'nonisolated(nonsending) @Sendable (String) async throws -> (response: ResponseType, items: [Item], nextToken: String)' because crossing of an isolation boundary requires parameter and result types to conform to 'Sendable' protocol
    |                      `- note: type 'Item' does not conform to 'Sendable' protocol
 45 |       let response = try await listRpc(token)
 46 |       return (response, response._getPaginatedItems(), response._nextPageToken())
[2096/2231] Compiling GoogleGax ProtobufConversionError.swift
/host/spi-builder-workspace/.build/checkouts/swift-google-gax/Sources/GoogleGax/Pagination.swift:44:22: error: cannot convert '@Sendable (String) async throws -> (response: ResponseType, items: [Item], nextToken: String)' to 'nonisolated(nonsending) @Sendable (String) async throws -> (response: ResponseType, items: [Item], nextToken: String)' because crossing of an isolation boundary requires parameter and result types to conform to 'Sendable' protocol
 42 |   ) where ResponseType: _PaginatedResponse<Item> {
 43 |     self.initialPageToken = initialPageToken ?? ""
 44 |     self.fetchPage = { token in
    |                      |- error: cannot convert '@Sendable (String) async throws -> (response: ResponseType, items: [Item], nextToken: String)' to 'nonisolated(nonsending) @Sendable (String) async throws -> (response: ResponseType, items: [Item], nextToken: String)' because crossing of an isolation boundary requires parameter and result types to conform to 'Sendable' protocol
    |                      `- note: type 'Item' does not conform to 'Sendable' protocol
 45 |       let response = try await listRpc(token)
 46 |       return (response, response._getPaginatedItems(), response._nextPageToken())
[2097/2231] Compiling GoogleGax QueryParameter.swift
/host/spi-builder-workspace/.build/checkouts/swift-google-gax/Sources/GoogleGax/Pagination.swift:44:22: error: cannot convert '@Sendable (String) async throws -> (response: ResponseType, items: [Item], nextToken: String)' to 'nonisolated(nonsending) @Sendable (String) async throws -> (response: ResponseType, items: [Item], nextToken: String)' because crossing of an isolation boundary requires parameter and result types to conform to 'Sendable' protocol
 42 |   ) where ResponseType: _PaginatedResponse<Item> {
 43 |     self.initialPageToken = initialPageToken ?? ""
 44 |     self.fetchPage = { token in
    |                      |- error: cannot convert '@Sendable (String) async throws -> (response: ResponseType, items: [Item], nextToken: String)' to 'nonisolated(nonsending) @Sendable (String) async throws -> (response: ResponseType, items: [Item], nextToken: String)' because crossing of an isolation boundary requires parameter and result types to conform to 'Sendable' protocol
    |                      `- note: type 'Item' does not conform to 'Sendable' protocol
 45 |       let response = try await listRpc(token)
 46 |       return (response, response._getPaginatedItems(), response._nextPageToken())
[2098/2231] Compiling GoogleGax RequestError.swift
/host/spi-builder-workspace/.build/checkouts/swift-google-gax/Sources/GoogleGax/Pagination.swift:44:22: error: cannot convert '@Sendable (String) async throws -> (response: ResponseType, items: [Item], nextToken: String)' to 'nonisolated(nonsending) @Sendable (String) async throws -> (response: ResponseType, items: [Item], nextToken: String)' because crossing of an isolation boundary requires parameter and result types to conform to 'Sendable' protocol
 42 |   ) where ResponseType: _PaginatedResponse<Item> {
 43 |     self.initialPageToken = initialPageToken ?? ""
 44 |     self.fetchPage = { token in
    |                      |- error: cannot convert '@Sendable (String) async throws -> (response: ResponseType, items: [Item], nextToken: String)' to 'nonisolated(nonsending) @Sendable (String) async throws -> (response: ResponseType, items: [Item], nextToken: String)' because crossing of an isolation boundary requires parameter and result types to conform to 'Sendable' protocol
    |                      `- note: type 'Item' does not conform to 'Sendable' protocol
 45 |       let response = try await listRpc(token)
 46 |       return (response, response._getPaginatedItems(), response._nextPageToken())
[2099/2239] Compiling GoogleGax AIP194+PollingErrorPolicy.swift
[2100/2239] Compiling GoogleGax AIP194+RetryPolicy.swift
[2101/2239] Compiling GoogleGax AIP194.swift
[2102/2239] Compiling GoogleGax AdaptiveThrottler.swift
[2103/2239] Compiling GoogleGax AlwaysPoll.swift
[2104/2239] Compiling GoogleGax AlwaysRetry.swift
[2105/2239] Compiling GoogleGax ApiClientHeader.swift
[2106/2239] Compiling GoogleGax BackoffPolicy.swift
[2107/2239] Compiling GoogleGax BasePollingErrorPolicy.swift
[2108/2239] Compiling GoogleGax LimitedAttemptCount+PollingErrorPolicy.swift
[2109/2239] Compiling GoogleGax LimitedAttemptCount+RetryPolicy.swift
[2110/2239] Compiling GoogleGax LimitedAttemptCount.swift
[2111/2239] Compiling GoogleGax LimitedElapsedTime+PollingErrorPolicy.swift
[2112/2239] Compiling GoogleGax LimitedElapsedTime+RetryPolicy.swift
[2113/2239] Compiling GoogleGax LimitedElapsedTime.swift
[2114/2239] Compiling GoogleGax LongRunningOperations.swift
[2115/2239] Compiling GoogleGax NeverRetry.swift
[2116/2239] Emitting module GoogleGax
[2117/2239] Compiling GoogleGax BaseRetryPolicy.swift
[2118/2239] Compiling GoogleGax BindingError.swift
[2119/2239] Compiling GoogleGax CRC32C.swift
[2120/2239] Compiling GoogleGax CircuitBreaker.swift
[2121/2239] Compiling GoogleGax ClientError.swift
[2122/2239] Compiling GoogleGax ClientOptions.swift
[2123/2239] Compiling GoogleGax ContinueOnIO+PollingErrorPolicy.swift
[2124/2239] Compiling GoogleGax ContinueOnIO+RetryPolicy.swift
[2125/2239] Compiling GoogleGax RequestOptions.swift
[2126/2239] Compiling GoogleGax RetryLoop.swift
[2127/2239] Compiling GoogleGax RetryPolicy.swift
[2128/2239] Compiling GoogleGax RetryResult.swift
[2129/2239] Compiling GoogleGax RetryState.swift
[2130/2239] Compiling GoogleGax RetryThrottler.swift
[2131/2239] Compiling GoogleGax RetryThrottlerError.swift
[2132/2239] Compiling GoogleGax RoutingMatcher.swift
[2133/2239] Compiling GoogleGax ContinueOnIO.swift
[2134/2239] Compiling GoogleGax CredentialsProtocol.swift
[2135/2239] Compiling GoogleGax ErrorWrapper.swift
[2136/2239] Compiling GoogleGax ExponentialBackoff+BackoffPolicy.swift
[2137/2239] Compiling GoogleGax ExponentialBackoff+PollingBackoffPolicy.swift
[2138/2239] Compiling GoogleGax ExponentialBackoff.swift
[2139/2239] Compiling GoogleGax HTTPClient.swift
[2140/2239] Compiling GoogleGax HTTPClientHolder.swift
[2141/2239] Compiling GoogleGax HTTPClientProtocol.swift
[2142/2239] Compiling GoogleGax HTTPClientRequest.swift
[2143/2239] Compiling GoogleGax HTTPClientResponse.swift
[2144/2239] Compiling GoogleGax HTTPHeaders.swift
[2145/2239] Compiling GoogleGax HTTPResponseBody.swift
[2146/2239] Compiling GoogleGax HeaderNames.swift
[2147/2239] Compiling GoogleGax Host.swift
[2148/2239] Compiling GoogleGax InProgressResult.swift
[2149/2239] Compiling GoogleGax ServiceError.swift
[2150/2239] Compiling GoogleGax StatusDetail.swift
[2151/2239] Compiling GoogleGax StrictIdempotency.swift
[2152/2239] Compiling GoogleGax ThrottleResult.swift
[2153/2239] Compiling GoogleGax TooManyRequests+PollingErrorPolicy.swift
[2154/2239] Compiling GoogleGax TooManyRequests+RetryPolicy.swift
[2155/2239] Compiling GoogleGax TooManyRequests.swift
[2156/2239] Compiling GoogleGax PackageVersion.swift
BUILD FAILURE 6.2 android