The Swift Package Index logo.Swift Package Index

Build Information

Failed to build Recap, reference main (7669e5), with Swift 6.4 for watchOS using Xcode 27.0 on 24 Sep 2026 10:06:41 UTC.

Build Command

env DEVELOPER_DIR=/Applications/Xcode-27.0.0-Release.Candidate.app xcrun xcodebuild -IDEClonedSourcePackagesDirPathOverride=$PWD/.dependencies -skipMacroValidation -skipPackagePluginValidation -derivedDataPath $PWD/.derivedData build -scheme Recap -destination generic/platform=watchOS

Build Log

========================================
RunAll
========================================
Builder version: 5.1.0
Interrupt handler set up.
========================================
Checkout
========================================
Clone URL: https://github.com/mergesort/Recap.git
Reference: main
Initialized empty Git repository in /Users/admin/builder/spi-builder-workspace/.git/
From https://github.com/mergesort/Recap
 * branch            main       -> FETCH_HEAD
 * [new branch]      main       -> origin/main
HEAD is now at 7669e5f Update Recap dependency URL and version in README
Cloned https://github.com/mergesort/Recap.git
Revision (git rev-parse @):
7669e5f85723651ac9fc6c58d7dc49346ab49396
SUCCESS checkout https://github.com/mergesort/Recap.git at main
========================================
Build
========================================
Selected platform:         watchOS
Swift version:             6.4
Building package at path:  $PWD
https://github.com/mergesort/Recap.git
Command line invocation:
    /Applications/Xcode-27.0.0-Release.Candidate.app/Contents/Developer/usr/bin/xcodebuild -IDEClonedSourcePackagesDirPathOverride=/Users/admin/builder/spi-builder-workspace/.dependencies -resolvePackageDependencies
Resolve Package Graph
Resolve Package Graph
Resolved source packages:
  Recap: /Users/admin/builder/spi-builder-workspace
resolved source packages: Recap
2026-09-24 06:05:52.032 xcodebuild[559:3039] [MT] IDERunDestination: Supported platforms for the buildables in the current scheme is empty.
{
  "default_localization" : "en",
  "dependencies" : [
  ],
  "manifest_display_name" : "Recap",
  "name" : "Recap",
  "path" : "/Users/admin/builder/spi-builder-workspace",
  "platforms" : [
    {
      "name" : "ios",
      "version" : "16.0"
    },
    {
      "name" : "maccatalyst",
      "version" : "16.0"
    }
  ],
  "products" : [
    {
      "name" : "Recap",
      "targets" : [
        "Recap"
      ],
      "type" : {
        "library" : [
          "automatic"
        ]
      }
    }
  ],
  "targets" : [
    {
      "c99name" : "RecapTests",
      "module_type" : "SwiftTarget",
      "name" : "RecapTests",
      "path" : "Tests",
      "sources" : [
        "Color+Hex.Tests.swift",
        "Color+SystemNames.Tests.swift",
        "RecapDisplayPolicy.Trigger.Tests.swift",
        "ReleasesParser.Tests.swift",
        "SemanticVersion.Tests.swift"
      ],
      "target_dependencies" : [
        "Recap"
      ],
      "type" : "test"
    },
    {
      "c99name" : "Recap",
      "module_type" : "SwiftTarget",
      "name" : "Recap",
      "path" : "Sources/Recap",
      "product_memberships" : [
        "Recap"
      ],
      "resources" : [
        {
          "path" : "/Users/admin/builder/spi-builder-workspace/Sources/Recap/Resources/Localizable.xcstrings",
          "rule" : {
            "process" : {
            }
          }
        }
      ],
      "sources" : [
        "Internal/Color+Hex.swift",
        "Internal/Color+SystemNames.swift",
        "Internal/FeatureRow.swift",
        "Internal/RecapDismissButtonStyle.swift",
        "Internal/ReleaseView.swift",
        "Public/AppVersion.swift",
        "Public/Feature.swift",
        "Public/IconFillMode.swift",
        "Public/RecapDisplayPolicy.Trigger.swift",
        "Public/RecapDisplayPolicy.swift",
        "Public/RecapScreen.swift",
        "Public/RecapScreenDismissButtonVisibility.swift",
        "Public/RecapScreenPaginationStyle.swift",
        "Public/RecapScreenStartIndex.swift",
        "Public/Release.swift",
        "Public/ReleasesParser.swift",
        "Public/ReleasesScreenDismissAction.swift",
        "Public/SemanticVersion.swift",
        "Public/View+Recap.swift"
      ],
      "type" : "library"
    }
  ],
  "tools_version" : "6.0"
}
{
  "workspace" : {
    "name" : "Recap",
    "schemes" : [
      "Recap"
    ]
  }
}
2026-09-24 06:06:25.309 xcodebuild[656:3883] [MT] IDERunDestination: Supported platforms for the buildables in the current scheme is empty.
Running build ...
env DEVELOPER_DIR=/Applications/Xcode-27.0.0-Release.Candidate.app xcrun xcodebuild -IDEClonedSourcePackagesDirPathOverride=$PWD/.dependencies -skipMacroValidation -skipPackagePluginValidation -derivedDataPath $PWD/.derivedData build -scheme Recap -destination generic/platform=watchOS
Command line invocation:
    /Applications/Xcode-27.0.0-Release.Candidate.app/Contents/Developer/usr/bin/xcodebuild -IDEClonedSourcePackagesDirPathOverride=/Users/admin/builder/spi-builder-workspace/.dependencies -skipMacroValidation -skipPackagePluginValidation -derivedDataPath /Users/admin/builder/spi-builder-workspace/.derivedData build -scheme Recap -destination generic/platform=watchOS
Resolve Package Graph
Resolved source packages:
  Recap: /Users/admin/builder/spi-builder-workspace
ComputePackagePrebuildTargetDependencyGraph
Prepare packages
CreateBuildRequest
SendProjectDescription
CreateBuildOperation
ComputeTargetDependencyGraph
note: Building targets in dependency order
note: Target dependency graph (3 targets)
    Target 'Recap-product' in project 'Recap'
        ➜ Explicit dependency on target 'Recap' in project 'Recap'
        ➜ Explicit dependency on target 'Recap_Recap' in project 'Recap'
    Target 'Recap' in project 'Recap'
        ➜ Explicit dependency on target 'Recap_Recap' in project 'Recap'
    Target 'Recap_Recap' in project 'Recap' (no dependencies)
GatherProvisioningInputs
CreateBuildDescription
ExecuteExternalTool /Applications/Xcode-27.0.0-Release.Candidate.app/Contents/Developer/Toolchains/XcodeDefault.xctoolchain/usr/bin/clang -v -E -dM -isysroot /Applications/Xcode-27.0.0-Release.Candidate.app/Contents/Developer/Platforms/WatchOS.platform/Developer/SDKs/WatchOS27.0.sdk -x c -c /dev/null
ExecuteExternalTool /Applications/Xcode-27.0.0-Release.Candidate.app/Contents/Developer/usr/bin/xcstringstool compile --dry-run --output-directory /Users/admin/builder/spi-builder-workspace/.derivedData/Build/Intermediates.noindex/Recap.build/Debug-watchos/Recap_Recap-b.build /Users/admin/builder/spi-builder-workspace/Sources/Recap/Resources/Localizable.xcstrings
ExecuteExternalTool /Applications/Xcode-27.0.0-Release.Candidate.app/Contents/Developer/Toolchains/XcodeDefault.xctoolchain/usr/bin/swiftc --version
ExecuteExternalTool /Applications/Xcode-27.0.0-Release.Candidate.app/Contents/Developer/Toolchains/XcodeDefault.xctoolchain/usr/bin/ld -version_details
Build description signature: ff5e3ca7946701ac476d0901d5ca8314
Build description path: /Users/admin/builder/spi-builder-workspace/.derivedData/Build/Intermediates.noindex/XCBuildData/ff5e3ca7946701ac476d0901d5ca8314.xcbuilddata
CreateBuildDirectory /Users/admin/builder/spi-builder-workspace/.derivedData/ModuleCache.noindex
    cd /Users/admin/builder/spi-builder-workspace/.swiftpm/xcode
    builtin-create-build-directory /Users/admin/builder/spi-builder-workspace/.derivedData/ModuleCache.noindex
CreateBuildDirectory /Users/admin/builder/spi-builder-workspace/.derivedData/CompilationCache.noindex
    cd /Users/admin/builder/spi-builder-workspace/.swiftpm/xcode
    builtin-create-build-directory /Users/admin/builder/spi-builder-workspace/.derivedData/CompilationCache.noindex
CreateBuildDirectory /Users/admin/builder/spi-builder-workspace/.derivedData/SDKExplicitPrecompiledModules
    cd /Users/admin/builder/spi-builder-workspace/.swiftpm/xcode
    builtin-create-build-directory /Users/admin/builder/spi-builder-workspace/.derivedData/SDKExplicitPrecompiledModules
CreateBuildDirectory /Users/admin/builder/spi-builder-workspace/.derivedData/Build/Products
    cd /Users/admin/builder/spi-builder-workspace/.swiftpm/xcode
    builtin-create-build-directory /Users/admin/builder/spi-builder-workspace/.derivedData/Build/Products
CreateBuildDirectory /Users/admin/builder/spi-builder-workspace/.derivedData/Build/Intermediates.noindex
    cd /Users/admin/builder/spi-builder-workspace/.swiftpm/xcode
    builtin-create-build-directory /Users/admin/builder/spi-builder-workspace/.derivedData/Build/Intermediates.noindex
ClangStatCache /Applications/Xcode-27.0.0-Release.Candidate.app/Contents/Developer/Toolchains/XcodeDefault.xctoolchain/usr/bin/clang-stat-cache /Applications/Xcode-27.0.0-Release.Candidate.app/Contents/Developer/Platforms/WatchOS.platform/Developer/SDKs/WatchOS27.0.sdk /Users/admin/builder/spi-builder-workspace/.derivedData/SDKStatCaches.noindex/watchos27.0-24R360-e829b21a6f8c9b70876ba0858053c04477534ef55a1706bf4c1112bbb242f0a2.sdkstatcache
    cd /Users/admin/builder/spi-builder-workspace/.swiftpm/xcode
    /Applications/Xcode-27.0.0-Release.Candidate.app/Contents/Developer/Toolchains/XcodeDefault.xctoolchain/usr/bin/clang-stat-cache /Applications/Xcode-27.0.0-Release.Candidate.app/Contents/Developer/Platforms/WatchOS.platform/Developer/SDKs/WatchOS27.0.sdk -o /Users/admin/builder/spi-builder-workspace/.derivedData/SDKStatCaches.noindex/watchos27.0-24R360-e829b21a6f8c9b70876ba0858053c04477534ef55a1706bf4c1112bbb242f0a2.sdkstatcache
CreateBuildDirectory /Users/admin/builder/spi-builder-workspace/.derivedData/Build/Intermediates.noindex/SwiftExplicitPrecompiledModules
    cd /Users/admin/builder/spi-builder-workspace/.swiftpm/xcode
    builtin-create-build-directory /Users/admin/builder/spi-builder-workspace/.derivedData/Build/Intermediates.noindex/SwiftExplicitPrecompiledModules
CreateBuildDirectory /Users/admin/builder/spi-builder-workspace/.derivedData/Build/Intermediates.noindex/PrecompiledHeaders
    cd /Users/admin/builder/spi-builder-workspace/.swiftpm/xcode
    builtin-create-build-directory /Users/admin/builder/spi-builder-workspace/.derivedData/Build/Intermediates.noindex/PrecompiledHeaders
CreateBuildDirectory /Users/admin/builder/spi-builder-workspace/.derivedData/Build/Intermediates.noindex/ExplicitPrecompiledModules
    cd /Users/admin/builder/spi-builder-workspace/.swiftpm/xcode
    builtin-create-build-directory /Users/admin/builder/spi-builder-workspace/.derivedData/Build/Intermediates.noindex/ExplicitPrecompiledModules
CreateBuildDirectory /Users/admin/builder/spi-builder-workspace/.derivedData/Build/Intermediates.noindex/EagerLinkingTBDs/Debug-watchos
    cd /Users/admin/builder/spi-builder-workspace/.swiftpm/xcode
    builtin-create-build-directory /Users/admin/builder/spi-builder-workspace/.derivedData/Build/Intermediates.noindex/EagerLinkingTBDs/Debug-watchos
CreateBuildDirectory /Users/admin/builder/spi-builder-workspace/.derivedData/Build/Products/Debug-watchos
    cd /Users/admin/builder/spi-builder-workspace/.swiftpm/xcode
    builtin-create-build-directory /Users/admin/builder/spi-builder-workspace/.derivedData/Build/Products/Debug-watchos
CreateBuildDirectory /Users/admin/builder/spi-builder-workspace/.derivedData/Build/Products/Debug-watchos/PackageFrameworks
    cd /Users/admin/builder/spi-builder-workspace/.swiftpm/xcode
    builtin-create-build-directory /Users/admin/builder/spi-builder-workspace/.derivedData/Build/Products/Debug-watchos/PackageFrameworks
WriteAuxiliaryFile /Users/admin/builder/spi-builder-workspace/.derivedData/Build/Intermediates.noindex/Recap.build/Debug-watchos/Recap-t.build/Recap.DependencyMetadataFileList (in target 'Recap' from project 'Recap')
    cd /Users/admin/builder/spi-builder-workspace
    write-file /Users/admin/builder/spi-builder-workspace/.derivedData/Build/Intermediates.noindex/Recap.build/Debug-watchos/Recap-t.build/Recap.DependencyMetadataFileList
WriteAuxiliaryFile /Users/admin/builder/spi-builder-workspace/.derivedData/Build/Intermediates.noindex/Recap.build/Debug-watchos/Recap-t.build/Recap.DependencyStaticMetadataFileList (in target 'Recap' from project 'Recap')
    cd /Users/admin/builder/spi-builder-workspace
    write-file /Users/admin/builder/spi-builder-workspace/.derivedData/Build/Intermediates.noindex/Recap.build/Debug-watchos/Recap-t.build/Recap.DependencyStaticMetadataFileList
WriteAuxiliaryFile /Users/admin/builder/spi-builder-workspace/.derivedData/Build/Intermediates.noindex/Recap.build/Debug-watchos/Recap_Recap-b.build/Recap_Recap.DependencyStaticMetadataFileList (in target 'Recap_Recap' from project 'Recap')
    cd /Users/admin/builder/spi-builder-workspace
    write-file /Users/admin/builder/spi-builder-workspace/.derivedData/Build/Intermediates.noindex/Recap.build/Debug-watchos/Recap_Recap-b.build/Recap_Recap.DependencyStaticMetadataFileList
WriteAuxiliaryFile /Users/admin/builder/spi-builder-workspace/.derivedData/Build/Intermediates.noindex/Recap.build/Debug-watchos/Recap-t.build/Recap.modulemap (in target 'Recap' from project 'Recap')
    cd /Users/admin/builder/spi-builder-workspace
    write-file /Users/admin/builder/spi-builder-workspace/.derivedData/Build/Intermediates.noindex/Recap.build/Debug-watchos/Recap-t.build/Recap.modulemap
WriteAuxiliaryFile /Users/admin/builder/spi-builder-workspace/.derivedData/Build/Intermediates.noindex/Recap.build/Debug-watchos/Recap_Recap-b.build/Recap_Recap.DependencyMetadataFileList (in target 'Recap_Recap' from project 'Recap')
    cd /Users/admin/builder/spi-builder-workspace
    write-file /Users/admin/builder/spi-builder-workspace/.derivedData/Build/Intermediates.noindex/Recap.build/Debug-watchos/Recap_Recap-b.build/Recap_Recap.DependencyMetadataFileList
WriteAuxiliaryFile /Users/admin/builder/spi-builder-workspace/.derivedData/Build/Intermediates.noindex/Recap.build/Debug-watchos/Recap_Recap-b.build/empty-Recap_Recap.plist (in target 'Recap_Recap' from project 'Recap')
    cd /Users/admin/builder/spi-builder-workspace
    write-file /Users/admin/builder/spi-builder-workspace/.derivedData/Build/Intermediates.noindex/Recap.build/Debug-watchos/Recap_Recap-b.build/empty-Recap_Recap.plist
WriteAuxiliaryFile /Users/admin/builder/spi-builder-workspace/.derivedData/Build/Intermediates.noindex/Recap.build/Debug-watchos/Recap-t.build/Objects-normal/arm64_32/Recap.SwiftFileList (in target 'Recap' from project 'Recap')
    cd /Users/admin/builder/spi-builder-workspace
    write-file /Users/admin/builder/spi-builder-workspace/.derivedData/Build/Intermediates.noindex/Recap.build/Debug-watchos/Recap-t.build/Objects-normal/arm64_32/Recap.SwiftFileList
WriteAuxiliaryFile /Users/admin/builder/spi-builder-workspace/.derivedData/Build/Intermediates.noindex/Recap.build/Debug-watchos/Recap-t.build/Objects-normal/arm64_32/Recap_const_extract_protocols.json (in target 'Recap' from project 'Recap')
    cd /Users/admin/builder/spi-builder-workspace
    write-file /Users/admin/builder/spi-builder-workspace/.derivedData/Build/Intermediates.noindex/Recap.build/Debug-watchos/Recap-t.build/Objects-normal/arm64_32/Recap_const_extract_protocols.json
WriteAuxiliaryFile /Users/admin/builder/spi-builder-workspace/.derivedData/Build/Intermediates.noindex/Recap.build/Debug-watchos/Recap-t.build/Objects-normal/arm64_32/Recap.SwiftConstValuesFileList (in target 'Recap' from project 'Recap')
    cd /Users/admin/builder/spi-builder-workspace
    write-file /Users/admin/builder/spi-builder-workspace/.derivedData/Build/Intermediates.noindex/Recap.build/Debug-watchos/Recap-t.build/Objects-normal/arm64_32/Recap.SwiftConstValuesFileList
WriteAuxiliaryFile /Users/admin/builder/spi-builder-workspace/.derivedData/Build/Intermediates.noindex/Recap.build/Debug-watchos/Recap-t.build/Objects-normal/arm64_32/Recap.LinkFileList (in target 'Recap' from project 'Recap')
    cd /Users/admin/builder/spi-builder-workspace
    write-file /Users/admin/builder/spi-builder-workspace/.derivedData/Build/Intermediates.noindex/Recap.build/Debug-watchos/Recap-t.build/Objects-normal/arm64_32/Recap.LinkFileList
WriteAuxiliaryFile /Users/admin/builder/spi-builder-workspace/.derivedData/Build/Intermediates.noindex/Recap.build/Debug-watchos/Recap-t.build/Objects-normal/arm64_32/Recap-OutputFileMap.json (in target 'Recap' from project 'Recap')
    cd /Users/admin/builder/spi-builder-workspace
    write-file /Users/admin/builder/spi-builder-workspace/.derivedData/Build/Intermediates.noindex/Recap.build/Debug-watchos/Recap-t.build/Objects-normal/arm64_32/Recap-OutputFileMap.json
WriteAuxiliaryFile /Users/admin/builder/spi-builder-workspace/.derivedData/Build/Intermediates.noindex/Recap.build/Debug-watchos/Recap-t.build/Objects-normal/arm64/Recap_const_extract_protocols.json (in target 'Recap' from project 'Recap')
    cd /Users/admin/builder/spi-builder-workspace
    write-file /Users/admin/builder/spi-builder-workspace/.derivedData/Build/Intermediates.noindex/Recap.build/Debug-watchos/Recap-t.build/Objects-normal/arm64/Recap_const_extract_protocols.json
WriteAuxiliaryFile /Users/admin/builder/spi-builder-workspace/.derivedData/Build/Intermediates.noindex/Recap.build/Debug-watchos/Recap-t.build/Objects-normal/arm64/Recap.SwiftFileList (in target 'Recap' from project 'Recap')
    cd /Users/admin/builder/spi-builder-workspace
    write-file /Users/admin/builder/spi-builder-workspace/.derivedData/Build/Intermediates.noindex/Recap.build/Debug-watchos/Recap-t.build/Objects-normal/arm64/Recap.SwiftFileList
WriteAuxiliaryFile /Users/admin/builder/spi-builder-workspace/.derivedData/Build/Intermediates.noindex/Recap.build/Debug-watchos/Recap-t.build/Objects-normal/arm64/Recap.SwiftConstValuesFileList (in target 'Recap' from project 'Recap')
    cd /Users/admin/builder/spi-builder-workspace
    write-file /Users/admin/builder/spi-builder-workspace/.derivedData/Build/Intermediates.noindex/Recap.build/Debug-watchos/Recap-t.build/Objects-normal/arm64/Recap.SwiftConstValuesFileList
WriteAuxiliaryFile /Users/admin/builder/spi-builder-workspace/.derivedData/Build/Intermediates.noindex/Recap.build/Debug-watchos/Recap-t.build/Objects-normal/arm64/Recap.LinkFileList (in target 'Recap' from project 'Recap')
    cd /Users/admin/builder/spi-builder-workspace
    write-file /Users/admin/builder/spi-builder-workspace/.derivedData/Build/Intermediates.noindex/Recap.build/Debug-watchos/Recap-t.build/Objects-normal/arm64/Recap.LinkFileList
WriteAuxiliaryFile /Users/admin/builder/spi-builder-workspace/.derivedData/Build/Intermediates.noindex/Recap.build/Debug-watchos/Recap-t.build/Objects-normal/arm64/Recap-OutputFileMap.json (in target 'Recap' from project 'Recap')
    cd /Users/admin/builder/spi-builder-workspace
    write-file /Users/admin/builder/spi-builder-workspace/.derivedData/Build/Intermediates.noindex/Recap.build/Debug-watchos/Recap-t.build/Objects-normal/arm64/Recap-OutputFileMap.json
WriteAuxiliaryFile /Users/admin/builder/spi-builder-workspace/.derivedData/Build/Intermediates.noindex/Recap.build/Debug-watchos/Recap-t.build/DerivedSources/resource_bundle_accessor.swift (in target 'Recap' from project 'Recap')
    cd /Users/admin/builder/spi-builder-workspace
    write-file /Users/admin/builder/spi-builder-workspace/.derivedData/Build/Intermediates.noindex/Recap.build/Debug-watchos/Recap-t.build/DerivedSources/resource_bundle_accessor.swift
Copy /Users/admin/builder/spi-builder-workspace/.derivedData/Build/Intermediates.noindex/GeneratedModuleMaps-watchos/Recap.modulemap /Users/admin/builder/spi-builder-workspace/.derivedData/Build/Intermediates.noindex/Recap.build/Debug-watchos/Recap-t.build/Recap.modulemap (in target 'Recap' from project 'Recap')
    cd /Users/admin/builder/spi-builder-workspace
    builtin-copy -exclude .DS_Store -exclude CVS -exclude .svn -exclude .git -exclude .hg -resolve-src-symlinks /Users/admin/builder/spi-builder-workspace/.derivedData/Build/Intermediates.noindex/Recap.build/Debug-watchos/Recap-t.build/Recap.modulemap /Users/admin/builder/spi-builder-workspace/.derivedData/Build/Intermediates.noindex/GeneratedModuleMaps-watchos
MkDir /Users/admin/builder/spi-builder-workspace/.derivedData/Build/Products/Debug-watchos/Recap_Recap.bundle (in target 'Recap_Recap' from project 'Recap')
    cd /Users/admin/builder/spi-builder-workspace
    /bin/mkdir -p /Users/admin/builder/spi-builder-workspace/.derivedData/Build/Products/Debug-watchos/Recap_Recap.bundle
ProcessInfoPlistFile /Users/admin/builder/spi-builder-workspace/.derivedData/Build/Products/Debug-watchos/Recap_Recap.bundle/Info.plist /Users/admin/builder/spi-builder-workspace/.derivedData/Build/Intermediates.noindex/Recap.build/Debug-watchos/Recap_Recap-b.build/empty-Recap_Recap.plist (in target 'Recap_Recap' from project 'Recap')
    cd /Users/admin/builder/spi-builder-workspace
    builtin-infoPlistUtility /Users/admin/builder/spi-builder-workspace/.derivedData/Build/Intermediates.noindex/Recap.build/Debug-watchos/Recap_Recap-b.build/empty-Recap_Recap.plist -producttype com.apple.product-type.bundle -expandbuildsettings -format binary -platform watchos -o /Users/admin/builder/spi-builder-workspace/.derivedData/Build/Products/Debug-watchos/Recap_Recap.bundle/Info.plist
CompileXCStrings /Users/admin/builder/spi-builder-workspace/.derivedData/Build/Intermediates.noindex/Recap.build/Debug-watchos/Recap_Recap-b.build/ /Users/admin/builder/spi-builder-workspace/Sources/Recap/Resources/Localizable.xcstrings (in target 'Recap_Recap' from project 'Recap')
    cd /Users/admin/builder/spi-builder-workspace
    /Applications/Xcode-27.0.0-Release.Candidate.app/Contents/Developer/usr/bin/xcstringstool compile --output-directory /Users/admin/builder/spi-builder-workspace/.derivedData/Build/Intermediates.noindex/Recap.build/Debug-watchos/Recap_Recap-b.build /Users/admin/builder/spi-builder-workspace/Sources/Recap/Resources/Localizable.xcstrings
GenerateStringSymbols /Users/admin/builder/spi-builder-workspace/.derivedData/Build/Intermediates.noindex/Recap.build/Debug-watchos/Recap-t.build/DerivedSources/GeneratedStringSymbols_Localizable.swift /Users/admin/builder/spi-builder-workspace/Sources/Recap/Resources/Localizable.xcstrings (in target 'Recap' from project 'Recap')
    cd /Users/admin/builder/spi-builder-workspace
    /Applications/Xcode-27.0.0-Release.Candidate.app/Contents/Developer/usr/bin/xcstringstool generate-symbols --language swift --output-directory /Users/admin/builder/spi-builder-workspace/.derivedData/Build/Intermediates.noindex/Recap.build/Debug-watchos/Recap-t.build/DerivedSources /Users/admin/builder/spi-builder-workspace/Sources/Recap/Resources/Localizable.xcstrings
CopyStringsFile /Users/admin/builder/spi-builder-workspace/.derivedData/Build/Products/Debug-watchos/Recap_Recap.bundle/en.lproj/Localizable.strings /Users/admin/builder/spi-builder-workspace/.derivedData/Build/Intermediates.noindex/Recap.build/Debug-watchos/Recap_Recap-b.build/en.lproj/Localizable.strings (in target 'Recap_Recap' from project 'Recap')
    cd /Users/admin/builder/spi-builder-workspace
    builtin-copyStrings --validate --outputencoding binary --outfilename Localizable.strings --outdir /Users/admin/builder/spi-builder-workspace/.derivedData/Build/Products/Debug-watchos/Recap_Recap.bundle/en.lproj -- /Users/admin/builder/spi-builder-workspace/.derivedData/Build/Intermediates.noindex/Recap.build/Debug-watchos/Recap_Recap-b.build/en.lproj/Localizable.strings
/Users/admin/builder/spi-builder-workspace/.derivedData/Build/Intermediates.noindex/Recap.build/Debug-watchos/Recap_Recap-b.build/en.lproj/Localizable.strings:1:1: note: detected encoding of input file as Unicode (UTF-8) (in target 'Recap_Recap' from project 'Recap')
RegisterExecutionPolicyException /Users/admin/builder/spi-builder-workspace/.derivedData/Build/Products/Debug-watchos/Recap_Recap.bundle (in target 'Recap_Recap' from project 'Recap')
    cd /Users/admin/builder/spi-builder-workspace
    builtin-RegisterExecutionPolicyException /Users/admin/builder/spi-builder-workspace/.derivedData/Build/Products/Debug-watchos/Recap_Recap.bundle
Touch /Users/admin/builder/spi-builder-workspace/.derivedData/Build/Products/Debug-watchos/Recap_Recap.bundle (in target 'Recap_Recap' from project 'Recap')
    cd /Users/admin/builder/spi-builder-workspace
    /usr/bin/touch -c /Users/admin/builder/spi-builder-workspace/.derivedData/Build/Products/Debug-watchos/Recap_Recap.bundle
SwiftDriver Recap normal arm64 com.apple.xcode.tools.swift.compiler (in target 'Recap' from project 'Recap')
    cd /Users/admin/builder/spi-builder-workspace/.swiftpm/xcode
    builtin-SwiftDriver -- /Applications/Xcode-27.0.0-Release.Candidate.app/Contents/Developer/Toolchains/XcodeDefault.xctoolchain/usr/bin/swiftc -parse-as-library -module-name Recap -Onone @/Users/admin/builder/spi-builder-workspace/.derivedData/Build/Intermediates.noindex/Recap.build/Debug-watchos/Recap-t.build/Objects-normal/arm64/Recap.SwiftFileList -DSWIFT_PACKAGE -DDEBUG -DSWIFT_MODULE_RESOURCE_BUNDLE_AVAILABLE -DXcode -plugin-path /Applications/Xcode-27.0.0-Release.Candidate.app/Contents/Developer/Toolchains/XcodeDefault.xctoolchain/usr/lib/swift/host/plugins/testing -enable-experimental-feature DebugDescriptionMacro -sdk /Applications/Xcode-27.0.0-Release.Candidate.app/Contents/Developer/Platforms/WatchOS.platform/Developer/SDKs/WatchOS27.0.sdk -target arm64-apple-watchos9.0 -g -module-cache-path /Users/admin/builder/spi-builder-workspace/.derivedData/ModuleCache.noindex -Xfrontend -serialize-debugging-options -profile-coverage-mapping -profile-generate -enable-testing -index-store-path /Users/admin/builder/spi-builder-workspace/.derivedData/Index.noindex/DataStore -Xcc -D_LIBCPP_HARDENING_MODE\=_LIBCPP_HARDENING_MODE_DEBUG -swift-version 6 -I /Users/admin/builder/spi-builder-workspace/.derivedData/Build/Products/Debug-watchos -Isystem /Applications/Xcode-27.0.0-Release.Candidate.app/Contents/Developer/Platforms/WatchOS.platform/Developer/usr/lib -F /Users/admin/builder/spi-builder-workspace/.derivedData/Build/Products/Debug-watchos -F /Applications/Xcode-27.0.0-Release.Candidate.app/Contents/Developer/Platforms/WatchOS.platform/Developer/Library/Frameworks -F /Applications/Xcode-27.0.0-Release.Candidate.app/Contents/Developer/Platforms/WatchOS.platform/Developer/SDKs/WatchOS27.0.sdk/Developer/Library/Frameworks -emit-localized-strings -emit-localized-strings-path /Users/admin/builder/spi-builder-workspace/.derivedData/Build/Intermediates.noindex/Recap.build/Debug-watchos/Recap-t.build/Objects-normal/arm64 -c -j10 -enable-batch-mode -incremental -Xcc -ivfsstatcache -Xcc /Users/admin/builder/spi-builder-workspace/.derivedData/SDKStatCaches.noindex/watchos27.0-24R360-e829b21a6f8c9b70876ba0858053c04477534ef55a1706bf4c1112bbb242f0a2.sdkstatcache -output-file-map /Users/admin/builder/spi-builder-workspace/.derivedData/Build/Intermediates.noindex/Recap.build/Debug-watchos/Recap-t.build/Objects-normal/arm64/Recap-OutputFileMap.json -save-temps -no-color-diagnostics -explicit-module-build -module-cache-path /Users/admin/builder/spi-builder-workspace/.derivedData/Build/Intermediates.noindex/SwiftExplicitPrecompiledModules -clang-scanner-module-cache-path /Users/admin/builder/spi-builder-workspace/.derivedData/ModuleCache.noindex -sdk-module-cache-path /Users/admin/builder/spi-builder-workspace/.derivedData/SDKExplicitPrecompiledModules -emit-dependencies -emit-module -emit-module-path /Users/admin/builder/spi-builder-workspace/.derivedData/Build/Intermediates.noindex/Recap.build/Debug-watchos/Recap-t.build/Objects-normal/arm64/Recap.swiftmodule -serialize-diagnostics -dependency-scan-serialize-diagnostics-path /Users/admin/builder/spi-builder-workspace/.derivedData/Build/Intermediates.noindex/Recap.build/Debug-watchos/Recap-t.build/Objects-normal/arm64/Recap-dependency-scan.dia -validate-clang-modules-once -clang-build-session-file /Users/admin/builder/spi-builder-workspace/.derivedData/ModuleCache.noindex/Session.modulevalidation -Xcc -fmodules-prune-interval\=86400 -Xcc -fmodules-prune-after\=345600 -package-name spi_builder_workspace -emit-const-values -const-gather-protocols-list /Users/admin/builder/spi-builder-workspace/.derivedData/Build/Intermediates.noindex/Recap.build/Debug-watchos/Recap-t.build/Objects-normal/arm64/Recap_const_extract_protocols.json -Xcc -I/Users/admin/builder/spi-builder-workspace/.derivedData/Build/Products/Debug-watchos/include -Xcc -I/Users/admin/builder/spi-builder-workspace/.derivedData/Build/Intermediates.noindex/Recap.build/Debug-watchos/Recap-t.build/DerivedSources-normal/arm64 -Xcc -I/Users/admin/builder/spi-builder-workspace/.derivedData/Build/Intermediates.noindex/Recap.build/Debug-watchos/Recap-t.build/DerivedSources/arm64 -Xcc -I/Users/admin/builder/spi-builder-workspace/.derivedData/Build/Intermediates.noindex/Recap.build/Debug-watchos/Recap-t.build/DerivedSources -Xcc -DSWIFT_PACKAGE -Xcc -DDEBUG\=1 -emit-objc-header -emit-objc-header-path /Users/admin/builder/spi-builder-workspace/.derivedData/Build/Intermediates.noindex/Recap.build/Debug-watchos/Recap-t.build/Objects-normal/arm64/Recap-Swift.h -working-directory /Users/admin/builder/spi-builder-workspace/.swiftpm/xcode -experimental-emit-module-separately -disable-cmo
SwiftDriver Recap normal arm64_32 com.apple.xcode.tools.swift.compiler (in target 'Recap' from project 'Recap')
    cd /Users/admin/builder/spi-builder-workspace/.swiftpm/xcode
    builtin-SwiftDriver -- /Applications/Xcode-27.0.0-Release.Candidate.app/Contents/Developer/Toolchains/XcodeDefault.xctoolchain/usr/bin/swiftc -parse-as-library -module-name Recap -Onone @/Users/admin/builder/spi-builder-workspace/.derivedData/Build/Intermediates.noindex/Recap.build/Debug-watchos/Recap-t.build/Objects-normal/arm64_32/Recap.SwiftFileList -DSWIFT_PACKAGE -DDEBUG -DSWIFT_MODULE_RESOURCE_BUNDLE_AVAILABLE -DXcode -plugin-path /Applications/Xcode-27.0.0-Release.Candidate.app/Contents/Developer/Toolchains/XcodeDefault.xctoolchain/usr/lib/swift/host/plugins/testing -enable-experimental-feature DebugDescriptionMacro -sdk /Applications/Xcode-27.0.0-Release.Candidate.app/Contents/Developer/Platforms/WatchOS.platform/Developer/SDKs/WatchOS27.0.sdk -target arm64_32-apple-watchos9.0 -g -module-cache-path /Users/admin/builder/spi-builder-workspace/.derivedData/ModuleCache.noindex -Xfrontend -serialize-debugging-options -profile-coverage-mapping -profile-generate -enable-testing -index-store-path /Users/admin/builder/spi-builder-workspace/.derivedData/Index.noindex/DataStore -Xcc -D_LIBCPP_HARDENING_MODE\=_LIBCPP_HARDENING_MODE_DEBUG -swift-version 6 -I /Users/admin/builder/spi-builder-workspace/.derivedData/Build/Products/Debug-watchos -Isystem /Applications/Xcode-27.0.0-Release.Candidate.app/Contents/Developer/Platforms/WatchOS.platform/Developer/usr/lib -F /Users/admin/builder/spi-builder-workspace/.derivedData/Build/Products/Debug-watchos -F /Applications/Xcode-27.0.0-Release.Candidate.app/Contents/Developer/Platforms/WatchOS.platform/Developer/Library/Frameworks -F /Applications/Xcode-27.0.0-Release.Candidate.app/Contents/Developer/Platforms/WatchOS.platform/Developer/SDKs/WatchOS27.0.sdk/Developer/Library/Frameworks -emit-localized-strings -emit-localized-strings-path /Users/admin/builder/spi-builder-workspace/.derivedData/Build/Intermediates.noindex/Recap.build/Debug-watchos/Recap-t.build/Objects-normal/arm64_32 -c -j10 -enable-batch-mode -incremental -Xcc -ivfsstatcache -Xcc /Users/admin/builder/spi-builder-workspace/.derivedData/SDKStatCaches.noindex/watchos27.0-24R360-e829b21a6f8c9b70876ba0858053c04477534ef55a1706bf4c1112bbb242f0a2.sdkstatcache -output-file-map /Users/admin/builder/spi-builder-workspace/.derivedData/Build/Intermediates.noindex/Recap.build/Debug-watchos/Recap-t.build/Objects-normal/arm64_32/Recap-OutputFileMap.json -save-temps -no-color-diagnostics -explicit-module-build -module-cache-path /Users/admin/builder/spi-builder-workspace/.derivedData/Build/Intermediates.noindex/SwiftExplicitPrecompiledModules -clang-scanner-module-cache-path /Users/admin/builder/spi-builder-workspace/.derivedData/ModuleCache.noindex -sdk-module-cache-path /Users/admin/builder/spi-builder-workspace/.derivedData/SDKExplicitPrecompiledModules -emit-dependencies -emit-module -emit-module-path /Users/admin/builder/spi-builder-workspace/.derivedData/Build/Intermediates.noindex/Recap.build/Debug-watchos/Recap-t.build/Objects-normal/arm64_32/Recap.swiftmodule -serialize-diagnostics -dependency-scan-serialize-diagnostics-path /Users/admin/builder/spi-builder-workspace/.derivedData/Build/Intermediates.noindex/Recap.build/Debug-watchos/Recap-t.build/Objects-normal/arm64_32/Recap-dependency-scan.dia -validate-clang-modules-once -clang-build-session-file /Users/admin/builder/spi-builder-workspace/.derivedData/ModuleCache.noindex/Session.modulevalidation -Xcc -fmodules-prune-interval\=86400 -Xcc -fmodules-prune-after\=345600 -package-name spi_builder_workspace -emit-const-values -const-gather-protocols-list /Users/admin/builder/spi-builder-workspace/.derivedData/Build/Intermediates.noindex/Recap.build/Debug-watchos/Recap-t.build/Objects-normal/arm64_32/Recap_const_extract_protocols.json -Xcc -I/Users/admin/builder/spi-builder-workspace/.derivedData/Build/Products/Debug-watchos/include -Xcc -I/Users/admin/builder/spi-builder-workspace/.derivedData/Build/Intermediates.noindex/Recap.build/Debug-watchos/Recap-t.build/DerivedSources-normal/arm64_32 -Xcc -I/Users/admin/builder/spi-builder-workspace/.derivedData/Build/Intermediates.noindex/Recap.build/Debug-watchos/Recap-t.build/DerivedSources/arm64_32 -Xcc -I/Users/admin/builder/spi-builder-workspace/.derivedData/Build/Intermediates.noindex/Recap.build/Debug-watchos/Recap-t.build/DerivedSources -Xcc -DSWIFT_PACKAGE -Xcc -DDEBUG\=1 -emit-objc-header -emit-objc-header-path /Users/admin/builder/spi-builder-workspace/.derivedData/Build/Intermediates.noindex/Recap.build/Debug-watchos/Recap-t.build/Objects-normal/arm64_32/Recap-Swift.h -working-directory /Users/admin/builder/spi-builder-workspace/.swiftpm/xcode -experimental-emit-module-separately -disable-cmo
SwiftExplicitDependencyGeneratePcm arm64 /Users/admin/builder/spi-builder-workspace/.derivedData/SDKExplicitPrecompiledModules/_AvailabilityInternal-42EVAC8Q6P1ZT6G3A168N97G4.pcm
SwiftExplicitDependencyGeneratePcm arm64_32 /Users/admin/builder/spi-builder-workspace/.derivedData/SDKExplicitPrecompiledModules/_Builtin_float-372PLGDQ1U3B6Z5EA5DJMDORJ.pcm
SwiftExplicitDependencyGeneratePcm arm64_32 /Users/admin/builder/spi-builder-workspace/.derivedData/SDKExplicitPrecompiledModules/_Builtin_stdbool-84ZA1VDW90AGWZ2LF5KOCM8DZ.pcm
SwiftExplicitDependencyGeneratePcm arm64 /Users/admin/builder/spi-builder-workspace/.derivedData/SDKExplicitPrecompiledModules/_Builtin_stddef-5OH846KKUPSJJT7GCX9XU1TKG.pcm
SwiftExplicitDependencyGeneratePcm arm64 /Users/admin/builder/spi-builder-workspace/.derivedData/SDKExplicitPrecompiledModules/_Builtin_stdarg-3X4KLXUYEI0UGBILP4X7D0CYW.pcm
SwiftExplicitDependencyGeneratePcm arm64 /Users/admin/builder/spi-builder-workspace/.derivedData/SDKExplicitPrecompiledModules/ptrauth-C7VQASAJ967Q4Q6SRD4I3CFWZ.pcm
SwiftExplicitDependencyGeneratePcm arm64 /Users/admin/builder/spi-builder-workspace/.derivedData/SDKExplicitPrecompiledModules/ptrcheck-8K07997SIHO7YGY7UQ3LOQ3TJ.pcm
SwiftExplicitDependencyGeneratePcm arm64 /Users/admin/builder/spi-builder-workspace/.derivedData/SDKExplicitPrecompiledModules/DeveloperToolsSupport-CL5QT3CW0ZM498PFTWG64QMLA.pcm
SwiftExplicitDependencyGeneratePcm arm64 /Users/admin/builder/spi-builder-workspace/.derivedData/SDKExplicitPrecompiledModules/_Builtin_float-E4M4A8689VXF1T7P7BV56IKBT.pcm
SwiftExplicitDependencyGeneratePcm arm64_32 /Users/admin/builder/spi-builder-workspace/.derivedData/SDKExplicitPrecompiledModules/SwiftShims-D9VBB138U50XYYGW2C2V21N3L.pcm
SwiftExplicitDependencyGeneratePcm arm64 /Users/admin/builder/spi-builder-workspace/.derivedData/SDKExplicitPrecompiledModules/SwiftShims-AJ4AZYHQNC33R5RLN7AGEIOMP.pcm
SwiftExplicitDependencyGeneratePcm arm64_32 /Users/admin/builder/spi-builder-workspace/.derivedData/SDKExplicitPrecompiledModules/_SwiftConcurrencyShims-58G4ISYSYDV3AT1DDGEE0QCUF.pcm
SwiftExplicitDependencyGeneratePcm arm64_32 /Users/admin/builder/spi-builder-workspace/.derivedData/SDKExplicitPrecompiledModules/_Builtin_stdarg-EYJP6DFYQL9GJLH1TJ84A8MHV.pcm
SwiftExplicitDependencyGeneratePcm arm64_32 /Users/admin/builder/spi-builder-workspace/.derivedData/SDKExplicitPrecompiledModules/ptrcheck-EAZ3I917ZFA9H6ZCL6PGLG4TR.pcm
SwiftExplicitDependencyGeneratePcm arm64_32 /Users/admin/builder/spi-builder-workspace/.derivedData/SDKExplicitPrecompiledModules/_AvailabilityInternal-22ZP1ILSQW16KHXZS5GBZHOCS.pcm
SwiftExplicitDependencyGeneratePcm arm64_32 /Users/admin/builder/spi-builder-workspace/.derivedData/SDKExplicitPrecompiledModules/DeveloperToolsSupport-3FQKKPF3BW0SWE1YUZ86OZWIB.pcm
SwiftExplicitDependencyGeneratePcm arm64 /Users/admin/builder/spi-builder-workspace/.derivedData/SDKExplicitPrecompiledModules/_Builtin_stdbool-B692L2PMR118794VVYBG37897.pcm
SwiftExplicitDependencyGeneratePcm arm64_32 /Users/admin/builder/spi-builder-workspace/.derivedData/SDKExplicitPrecompiledModules/_Builtin_stddef-2F9BFIPBQ5EWNSK5G7G7V4EKL.pcm
SwiftExplicitDependencyGeneratePcm arm64 /Users/admin/builder/spi-builder-workspace/.derivedData/SDKExplicitPrecompiledModules/_SwiftConcurrencyShims-CTPSFSTDCBVSSQFHL6I305U72.pcm
SwiftExplicitDependencyGeneratePcm arm64_32 /Users/admin/builder/spi-builder-workspace/.derivedData/SDKExplicitPrecompiledModules/ptrauth-EW7YZZ7LEZE1QZF2T8148IPSA.pcm
SwiftExplicitDependencyGeneratePcm arm64 /Users/admin/builder/spi-builder-workspace/.derivedData/SDKExplicitPrecompiledModules/_DarwinFoundation1-7YQ9TVI7XTOGQU9OADRXP33D1.pcm
SwiftExplicitDependencyGeneratePcm arm64_32 /Users/admin/builder/spi-builder-workspace/.derivedData/SDKExplicitPrecompiledModules/_DarwinFoundation1-5SNIO0SFHX9KJZTLQGIPAPXUZ.pcm
SwiftExplicitDependencyGeneratePcm arm64 /Users/admin/builder/spi-builder-workspace/.derivedData/SDKExplicitPrecompiledModules/_DarwinFoundation2-CUPL4FH2SA95GMALQP4M6O8UA.pcm
SwiftExplicitDependencyGeneratePcm arm64 /Users/admin/builder/spi-builder-workspace/.derivedData/SDKExplicitPrecompiledModules/_Builtin_limits-75TRA1C7IHYOFCG3KJXQVTHJ4.pcm
SwiftExplicitDependencyGeneratePcm arm64_32 /Users/admin/builder/spi-builder-workspace/.derivedData/SDKExplicitPrecompiledModules/_DarwinFoundation2-FP2Q8F1Q2HR151SBYKTU6Q8B.pcm
SwiftExplicitDependencyGeneratePcm arm64_32 /Users/admin/builder/spi-builder-workspace/.derivedData/SDKExplicitPrecompiledModules/_Builtin_limits-AQMEC9CLG0FZQN6TLGDQ6WF78.pcm
SwiftExplicitDependencyGeneratePcm arm64 /Users/admin/builder/spi-builder-workspace/.derivedData/SDKExplicitPrecompiledModules/string_h-4N9Z22C0HUO8GV7GFPCLZRZA2.pcm
SwiftExplicitDependencyGeneratePcm arm64 /Users/admin/builder/spi-builder-workspace/.derivedData/SDKExplicitPrecompiledModules/_Builtin_stdint-6TUACK4YPMARFT56PLIO388SJ.pcm
SwiftExplicitDependencyGeneratePcm arm64 /Users/admin/builder/spi-builder-workspace/.derivedData/SDKExplicitPrecompiledModules/_Builtin_tgmath-7JP2AE1NQHA1DV5JYP2OHQ3BF.pcm
SwiftExplicitDependencyGeneratePcm arm64 /Users/admin/builder/spi-builder-workspace/.derivedData/SDKExplicitPrecompiledModules/sys_types-9KPVYINL86WUSHF45TU8PWZZ1.pcm
SwiftExplicitDependencyGeneratePcm arm64_32 /Users/admin/builder/spi-builder-workspace/.derivedData/SDKExplicitPrecompiledModules/_Builtin_stdint-6IWJLTRH2WB6RCG4THPA65RDS.pcm
SwiftExplicitDependencyGeneratePcm arm64_32 /Users/admin/builder/spi-builder-workspace/.derivedData/SDKExplicitPrecompiledModules/_Builtin_tgmath-414CVW1GW3IL0HRLCNNCS6Q0U.pcm
SwiftExplicitDependencyGeneratePcm arm64_32 /Users/admin/builder/spi-builder-workspace/.derivedData/SDKExplicitPrecompiledModules/sys_types-65NN51P1G7GN2GUAUPC53JJ7N.pcm
SwiftExplicitDependencyGeneratePcm arm64_32 /Users/admin/builder/spi-builder-workspace/.derivedData/SDKExplicitPrecompiledModules/string_h-8QY7P4ZQXQAF14WVDITTM4R70.pcm
SwiftExplicitDependencyGeneratePcm arm64 /Users/admin/builder/spi-builder-workspace/.derivedData/SDKExplicitPrecompiledModules/_DarwinFoundation3-EJXZKD8LN9EYM9OWP9VLJ49PK.pcm
SwiftExplicitDependencyGeneratePcm arm64 /Users/admin/builder/spi-builder-workspace/.derivedData/SDKExplicitPrecompiledModules/_Builtin_stdatomic-25T9UW3XDYID74302F31PX0RP.pcm
SwiftExplicitDependencyGeneratePcm arm64 /Users/admin/builder/spi-builder-workspace/.derivedData/SDKExplicitPrecompiledModules/_Builtin_intrinsics-SQV576LJA0QE7RW5HF7CQ1BX.pcm
SwiftExplicitDependencyGeneratePcm arm64_32 /Users/admin/builder/spi-builder-workspace/.derivedData/SDKExplicitPrecompiledModules/_DarwinFoundation3-3YOBOPIW2MF1LRNQH7JBUBY4G.pcm
SwiftExplicitDependencyGeneratePcm arm64_32 /Users/admin/builder/spi-builder-workspace/.derivedData/SDKExplicitPrecompiledModules/_Builtin_stdatomic-D2FE5M7JS5NQA5JDADVERWJM4.pcm
SwiftExplicitDependencyGeneratePcm arm64_32 /Users/admin/builder/spi-builder-workspace/.derivedData/SDKExplicitPrecompiledModules/_Builtin_intrinsics-2K07JIG9ZANIKHSNPO3O6L1K6.pcm
SwiftExplicitDependencyGeneratePcm arm64 /Users/admin/builder/spi-builder-workspace/.derivedData/SDKExplicitPrecompiledModules/_Builtin_inttypes-86YTNV5YADPJXFMJ82N3R4GWQ.pcm
SwiftExplicitDependencyGeneratePcm arm64_32 /Users/admin/builder/spi-builder-workspace/.derivedData/SDKExplicitPrecompiledModules/_Builtin_inttypes-BPZJ68HW1IMYWSHROAZ0IMUJP.pcm
SwiftExplicitDependencyGeneratePcm arm64 /Users/admin/builder/spi-builder-workspace/.derivedData/SDKExplicitPrecompiledModules/Darwin-CSB8C43KELVSFIQVR0803IZPN.pcm
SwiftExplicitDependencyGeneratePcm arm64_32 /Users/admin/builder/spi-builder-workspace/.derivedData/SDKExplicitPrecompiledModules/Darwin-10D35ZJWCWG7LJAF579U7I5V7.pcm
SwiftExplicitDependencyGeneratePcm arm64 /Users/admin/builder/spi-builder-workspace/.derivedData/SDKExplicitPrecompiledModules/simd-2C11HKTI5TJB05T724EWNFZXD.pcm
SwiftExplicitDependencyGeneratePcm arm64_32 /Users/admin/builder/spi-builder-workspace/.derivedData/SDKExplicitPrecompiledModules/simd-1W6O8NR1QUSWJGAN44DNNWVHX.pcm
SwiftExplicitDependencyGeneratePcm arm64 /Users/admin/builder/spi-builder-workspace/.derivedData/SDKExplicitPrecompiledModules/ObjectiveC-22CZPC4WYQC9G8T393WT2KKLW.pcm
SwiftExplicitDependencyGeneratePcm arm64 /Users/admin/builder/spi-builder-workspace/.derivedData/SDKExplicitPrecompiledModules/MachO-4RYXFVY68ZDEUZYFMVL57WEKU.pcm
SwiftExplicitDependencyGeneratePcm arm64_32 /Users/admin/builder/spi-builder-workspace/.derivedData/SDKExplicitPrecompiledModules/ObjectiveC-71AGZNHLBMR2QK817EJNUN54E.pcm
SwiftExplicitDependencyGeneratePcm arm64_32 /Users/admin/builder/spi-builder-workspace/.derivedData/SDKExplicitPrecompiledModules/MachO-F47JQRYVH1SLPOQSJD8RK9MSX.pcm
SwiftExplicitDependencyGeneratePcm arm64_32 /Users/admin/builder/spi-builder-workspace/.derivedData/SDKExplicitPrecompiledModules/os_object-CTXVQBCWDOH6JHUXIFDUOWFRL.pcm
SwiftExplicitDependencyGeneratePcm arm64 /Users/admin/builder/spi-builder-workspace/.derivedData/SDKExplicitPrecompiledModules/os_object-6KYGGZ4DPVZ3BBAZ6QICZN8LI.pcm
SwiftExplicitDependencyGeneratePcm arm64_32 /Users/admin/builder/spi-builder-workspace/.derivedData/SDKExplicitPrecompiledModules/os_workgroup-9L9R05BT5LTFRZ2NM68BZTVV2.pcm
SwiftExplicitDependencyGeneratePcm arm64 /Users/admin/builder/spi-builder-workspace/.derivedData/SDKExplicitPrecompiledModules/os_workgroup-AHE7ULDQBKER38CYPIKDTZF4M.pcm
SwiftExplicitDependencyGeneratePcm arm64_32 /Users/admin/builder/spi-builder-workspace/.derivedData/SDKExplicitPrecompiledModules/Spatial-4XS0QRL16224ZE9KE9TMKASKT.pcm
SwiftExplicitDependencyGeneratePcm arm64 /Users/admin/builder/spi-builder-workspace/.derivedData/SDKExplicitPrecompiledModules/Spatial-EZKKX4XFW72RZCTOIG80Z93AP.pcm
SwiftExplicitDependencyGeneratePcm arm64_32 /Users/admin/builder/spi-builder-workspace/.derivedData/SDKExplicitPrecompiledModules/Dispatch-CGIMI9KQKHNRQHR2IECIPRG14.pcm
SwiftExplicitDependencyGeneratePcm arm64 /Users/admin/builder/spi-builder-workspace/.derivedData/SDKExplicitPrecompiledModules/Dispatch-39VR0G01IUJ09PQKMFGOHXZ4L.pcm
SwiftExplicitDependencyGeneratePcm arm64_32 /Users/admin/builder/spi-builder-workspace/.derivedData/SDKExplicitPrecompiledModules/XPC-7SLKI45KYLKXH9QET2WYS3UZ4.pcm
SwiftExplicitDependencyGeneratePcm arm64 /Users/admin/builder/spi-builder-workspace/.derivedData/SDKExplicitPrecompiledModules/CoreFoundation-59XKO8YNRGGYNC5U5LK8B4EM.pcm
SwiftExplicitDependencyGeneratePcm arm64_32 /Users/admin/builder/spi-builder-workspace/.derivedData/SDKExplicitPrecompiledModules/CoreFoundation-76B9WJP9MDYT33HZQVSNNZQZD.pcm
SwiftExplicitDependencyGeneratePcm arm64 /Users/admin/builder/spi-builder-workspace/.derivedData/SDKExplicitPrecompiledModules/XPC-650JAZBTM6I0OMHYO6CKM0CWJ.pcm
SwiftExplicitDependencyGeneratePcm arm64_32 /Users/admin/builder/spi-builder-workspace/.derivedData/SDKExplicitPrecompiledModules/os-D9NWGT7PQGY2OD43XMA2KGLJK.pcm
SwiftExplicitDependencyGeneratePcm arm64 /Users/admin/builder/spi-builder-workspace/.derivedData/SDKExplicitPrecompiledModules/os-6BCTB8I5DCBBKFJ0Y0G4WQDDJ.pcm
SwiftExplicitDependencyGeneratePcm arm64 /Users/admin/builder/spi-builder-workspace/.derivedData/SDKExplicitPrecompiledModules/CoreGraphics-5488DA9QVJJ7QOFXPYOYIYFUX.pcm
SwiftExplicitDependencyGeneratePcm arm64 /Users/admin/builder/spi-builder-workspace/.derivedData/SDKExplicitPrecompiledModules/CoreAudioTypes-51SR7UBHOMSGMEPVFS6PLSR4M.pcm
SwiftExplicitDependencyGeneratePcm arm64 /Users/admin/builder/spi-builder-workspace/.derivedData/SDKExplicitPrecompiledModules/Security-69WNGEAVQP55EDBQHP3BLE8QU.pcm
SwiftExplicitDependencyGeneratePcm arm64_32 /Users/admin/builder/spi-builder-workspace/.derivedData/SDKExplicitPrecompiledModules/Security-1W411BS4UH2UNMNII2341429S.pcm
SwiftExplicitDependencyGeneratePcm arm64_32 /Users/admin/builder/spi-builder-workspace/.derivedData/SDKExplicitPrecompiledModules/CoreAudioTypes-AY6JAXDJMW2FLVG4UD79375PW.pcm
SwiftExplicitDependencyGeneratePcm arm64_32 /Users/admin/builder/spi-builder-workspace/.derivedData/SDKExplicitPrecompiledModules/CoreGraphics-A4WOQTM8SYZAQP223LI6RRPEK.pcm
SwiftExplicitDependencyGeneratePcm arm64 /Users/admin/builder/spi-builder-workspace/.derivedData/SDKExplicitPrecompiledModules/CoreAudio-368NRGVYQ33J8K75Y2DSNU06Y.pcm
SwiftExplicitDependencyGeneratePcm arm64_32 /Users/admin/builder/spi-builder-workspace/.derivedData/SDKExplicitPrecompiledModules/CoreAudio-1FTJGW5ZM9ZN5IKPBE4A9LGNF.pcm
SwiftExplicitDependencyGeneratePcm arm64 /Users/admin/builder/spi-builder-workspace/.derivedData/SDKExplicitPrecompiledModules/Foundation-B3IXODHI7VO4VRX2RWRXLVJZT.pcm
SwiftExplicitDependencyGeneratePcm arm64_32 /Users/admin/builder/spi-builder-workspace/.derivedData/SDKExplicitPrecompiledModules/Foundation-AIQ30TCDC2B0LBUU6FPQZ0HWI.pcm
SwiftExplicitDependencyGeneratePcm arm64 /Users/admin/builder/spi-builder-workspace/.derivedData/SDKExplicitPrecompiledModules/CoreText-BEC0M2J7FJN53VXNFDZDKL9U2.pcm
SwiftExplicitDependencyGeneratePcm arm64 /Users/admin/builder/spi-builder-workspace/.derivedData/SDKExplicitPrecompiledModules/CoreVideo-2YRZ292TS6QDW2V2V92NZMPWM.pcm
SwiftExplicitDependencyGeneratePcm arm64_32 /Users/admin/builder/spi-builder-workspace/.derivedData/SDKExplicitPrecompiledModules/CoreText-34U50N378SZT64826L0B62MN6.pcm
SwiftExplicitDependencyGeneratePcm arm64_32 /Users/admin/builder/spi-builder-workspace/.derivedData/SDKExplicitPrecompiledModules/CoreVideo-BX0NALWCB2F1YOTF0NZGV9FWU.pcm
SwiftExplicitDependencyGeneratePcm arm64 /Users/admin/builder/spi-builder-workspace/.derivedData/SDKExplicitPrecompiledModules/CoreMedia-EO02G285WTXB0RPNG3DP9O9VN.pcm
SwiftExplicitDependencyGeneratePcm arm64_32 /Users/admin/builder/spi-builder-workspace/.derivedData/SDKExplicitPrecompiledModules/CoreMedia-CU8J9TNJY5EX43FQOPTAAHU29.pcm
SwiftExplicitDependencyGeneratePcm arm64 /Users/admin/builder/spi-builder-workspace/.derivedData/SDKExplicitPrecompiledModules/QuartzCore-BRDP6VIMJ6A6HG4W4NYXZ8BI3.pcm
SwiftExplicitDependencyGeneratePcm arm64 /Users/admin/builder/spi-builder-workspace/.derivedData/SDKExplicitPrecompiledModules/CoreTransferable-EULYJN53RZTIP2D6F171CT1YZ.pcm
SwiftExplicitDependencyGeneratePcm arm64 /Users/admin/builder/spi-builder-workspace/.derivedData/SDKExplicitPrecompiledModules/Accessibility-DB0V1GY4JDAXG2CZ5MW826DDE.pcm
SwiftExplicitDependencyGeneratePcm arm64 /Users/admin/builder/spi-builder-workspace/.derivedData/SDKExplicitPrecompiledModules/Symbols-B8SNL2YULCKW9SYIL0T5QLMV.pcm
SwiftExplicitDependencyGeneratePcm arm64 /Users/admin/builder/spi-builder-workspace/.derivedData/SDKExplicitPrecompiledModules/UniformTypeIdentifiers-47SS6PHE8KOUZX5UOQUNKH397.pcm
SwiftExplicitDependencyGeneratePcm arm64 /Users/admin/builder/spi-builder-workspace/.derivedData/SDKExplicitPrecompiledModules/_LocationEssentials-C3HYVW8P89QAUDLD9VRHUF48Q.pcm
SwiftExplicitDependencyGeneratePcm arm64 /Users/admin/builder/spi-builder-workspace/.derivedData/SDKExplicitPrecompiledModules/UserNotifications-7VIERZPAA371031RT8VBKFYKJ.pcm
SwiftExplicitDependencyGeneratePcm arm64 /Users/admin/builder/spi-builder-workspace/.derivedData/SDKExplicitPrecompiledModules/CoreData-DAEI6Z48P97TYC3SMMGLERAJ5.pcm
SwiftExplicitDependencyGeneratePcm arm64 /Users/admin/builder/spi-builder-workspace/.derivedData/SDKExplicitPrecompiledModules/SceneKit-4VPDXW2J8W40JMX88G7X30C4G.pcm
SwiftExplicitDependencyGeneratePcm arm64 /Users/admin/builder/spi-builder-workspace/.derivedData/SDKExplicitPrecompiledModules/OSLog-ESJZZ70KT229YQNKF5CWYQVLA.pcm
SwiftExplicitDependencyGeneratePcm arm64_32 /Users/admin/builder/spi-builder-workspace/.derivedData/SDKExplicitPrecompiledModules/CoreTransferable-DSXZOKFM7XQLZ0FRNNKFDWZT0.pcm
SwiftExplicitDependencyGeneratePcm arm64_32 /Users/admin/builder/spi-builder-workspace/.derivedData/SDKExplicitPrecompiledModules/CoreData-6STZ9DXY0E1K8LHUUEU1F4SE.pcm
SwiftExplicitDependencyGeneratePcm arm64 /Users/admin/builder/spi-builder-workspace/.derivedData/SDKExplicitPrecompiledModules/UIUtilities-AR3EDJH6PMDGNUXQGV2JND65S.pcm
SwiftExplicitDependencyGeneratePcm arm64_32 /Users/admin/builder/spi-builder-workspace/.derivedData/SDKExplicitPrecompiledModules/Symbols-DP67QJL9W7VSYP70ZVEBE3KRT.pcm
SwiftExplicitDependencyGeneratePcm arm64_32 /Users/admin/builder/spi-builder-workspace/.derivedData/SDKExplicitPrecompiledModules/OSLog-DXCLJ0K1EEBRV5MFYJOV1HIUX.pcm
SwiftExplicitDependencyGeneratePcm arm64 /Users/admin/builder/spi-builder-workspace/.derivedData/SDKExplicitPrecompiledModules/CoreLocation-B0A9Z3B1UDU8OLBQROLWD03N3.pcm
SwiftExplicitDependencyGeneratePcm arm64_32 /Users/admin/builder/spi-builder-workspace/.derivedData/SDKExplicitPrecompiledModules/DataDetection-8EDL8T61430CB5CU94L1E3L0C.pcm
SwiftExplicitDependencyGeneratePcm arm64_32 /Users/admin/builder/spi-builder-workspace/.derivedData/SDKExplicitPrecompiledModules/QuartzCore-72UYR37X0O2APTD1XMSJ20X5X.pcm
SwiftExplicitDependencyGeneratePcm arm64_32 /Users/admin/builder/spi-builder-workspace/.derivedData/SDKExplicitPrecompiledModules/UserNotifications-F5AOMF9V2Y10QV8U00QNX8B7Q.pcm
SwiftExplicitDependencyGeneratePcm arm64_32 /Users/admin/builder/spi-builder-workspace/.derivedData/SDKExplicitPrecompiledModules/_LocationEssentials-1XWTF8V96VX3IAHKJO7PJZDU0.pcm
SwiftExplicitDependencyGeneratePcm arm64 /Users/admin/builder/spi-builder-workspace/.derivedData/SDKExplicitPrecompiledModules/DataDetection-8RQ09UCIV0XSYRF8TQQD54MWN.pcm
SwiftExplicitDependencyGeneratePcm arm64_32 /Users/admin/builder/spi-builder-workspace/.derivedData/SDKExplicitPrecompiledModules/UIUtilities-ABH83C7CSGMIJAARTF384TV0L.pcm
SwiftExplicitDependencyGeneratePcm arm64_32 /Users/admin/builder/spi-builder-workspace/.derivedData/SDKExplicitPrecompiledModules/UniformTypeIdentifiers-EH256724QTCKT0XATY095QHVP.pcm
SwiftExplicitDependencyGeneratePcm arm64 /Users/admin/builder/spi-builder-workspace/.derivedData/SDKExplicitPrecompiledModules/SwiftUICore-D4BOUT6VJWDXKNATG8P2F95W3.pcm
SwiftExplicitDependencyGeneratePcm arm64_32 /Users/admin/builder/spi-builder-workspace/.derivedData/SDKExplicitPrecompiledModules/Accessibility-BBXP8Z81UOB3UBBTO3GG9FEEO.pcm
SwiftExplicitDependencyGeneratePcm arm64_32 /Users/admin/builder/spi-builder-workspace/.derivedData/SDKExplicitPrecompiledModules/SceneKit-CLOM4E4D45A8A94N3QNHOVW3H.pcm
SwiftExplicitDependencyGeneratePcm arm64 /Users/admin/builder/spi-builder-workspace/.derivedData/SDKExplicitPrecompiledModules/CoreMotion-70RNUQRT1QM2F8WR42WPP4KQV.pcm
SwiftExplicitDependencyGeneratePcm arm64_32 /Users/admin/builder/spi-builder-workspace/.derivedData/SDKExplicitPrecompiledModules/CoreLocation-4AZRAZ8X3W0CS36SZ1GS4LT05.pcm
SwiftExplicitDependencyGeneratePcm arm64_32 /Users/admin/builder/spi-builder-workspace/.derivedData/SDKExplicitPrecompiledModules/SwiftUICore-TURER010MQ2QH6SN4BGDJJKP.pcm
SwiftExplicitDependencyGeneratePcm arm64 /Users/admin/builder/spi-builder-workspace/.derivedData/SDKExplicitPrecompiledModules/UIKit-2XWL6VFNA7WRWSTXI42YLU909.pcm
SwiftExplicitDependencyGeneratePcm arm64_32 /Users/admin/builder/spi-builder-workspace/.derivedData/SDKExplicitPrecompiledModules/CoreMotion-E9C6K7MOTJF3RC93DULCZ130U.pcm
SwiftExplicitDependencyGeneratePcm arm64_32 /Users/admin/builder/spi-builder-workspace/.derivedData/SDKExplicitPrecompiledModules/UIKit-BGAQE5HOOTG6M9C46O1HHPCDR.pcm
SwiftExplicitDependencyGeneratePcm arm64 /Users/admin/builder/spi-builder-workspace/.derivedData/SDKExplicitPrecompiledModules/HomeKit-2JD3RMVTK0MFX7K570KHTLBBH.pcm
SwiftExplicitDependencyGeneratePcm arm64 /Users/admin/builder/spi-builder-workspace/.derivedData/SDKExplicitPrecompiledModules/MapKit-5U4CPBNVICOGB0BBK9BC7P4E9.pcm
SwiftExplicitDependencyGeneratePcm arm64_32 /Users/admin/builder/spi-builder-workspace/.derivedData/SDKExplicitPrecompiledModules/HomeKit-DXH34ZWEY4P4FEELCOH3LXVCR.pcm
SwiftExplicitDependencyGeneratePcm arm64_32 /Users/admin/builder/spi-builder-workspace/.derivedData/SDKExplicitPrecompiledModules/MapKit-3RCPMYWFYVKLOR1JJH1M1L7O6.pcm
SwiftExplicitDependencyGeneratePcm arm64 /Users/admin/builder/spi-builder-workspace/.derivedData/SDKExplicitPrecompiledModules/WatchKit-22L6Z003SE8XPQ9JS14K57C9N.pcm
SwiftExplicitDependencyGeneratePcm arm64_32 /Users/admin/builder/spi-builder-workspace/.derivedData/SDKExplicitPrecompiledModules/WatchKit-7IATJTA58S6OFDEYHG9JSLLDQ.pcm
SwiftExplicitDependencyGeneratePcm arm64 /Users/admin/builder/spi-builder-workspace/.derivedData/SDKExplicitPrecompiledModules/SwiftUI-E6XJI4PF1Q2HPTXKL91GWARU6.pcm
SwiftEmitModule normal arm64 Emitting\ module\ for\ Recap (in target 'Recap' from project 'Recap')
SwiftCompile normal arm64 (in target 'Recap' from project 'Recap')
    cd /Users/admin/builder/spi-builder-workspace/.swiftpm/xcode

SwiftCompile normal arm64 Compiling\ RecapScreenPaginationStyle.swift,\ RecapScreenStartIndex.swift /Users/admin/builder/spi-builder-workspace/Sources/Recap/Public/RecapScreenPaginationStyle.swift /Users/admin/builder/spi-builder-workspace/Sources/Recap/Public/RecapScreenStartIndex.swift (in target 'Recap' from project 'Recap')
SwiftCompile normal arm64 /Users/admin/builder/spi-builder-workspace/Sources/Recap/Public/RecapScreenPaginationStyle.swift (in target 'Recap' from project 'Recap')
    cd /Users/admin/builder/spi-builder-workspace/.swiftpm/xcode
    builtin-SwiftPerFileCompile RecapScreenPaginationStyle.swift
SwiftCompile normal arm64 /Users/admin/builder/spi-builder-workspace/Sources/Recap/Public/RecapScreenStartIndex.swift (in target 'Recap' from project 'Recap')
    cd /Users/admin/builder/spi-builder-workspace/.swiftpm/xcode
    builtin-SwiftPerFileCompile RecapScreenStartIndex.swift
SwiftCompile normal arm64 Compiling\ ReleasesScreenDismissAction.swift,\ SemanticVersion.swift /Users/admin/builder/spi-builder-workspace/Sources/Recap/Public/ReleasesScreenDismissAction.swift /Users/admin/builder/spi-builder-workspace/Sources/Recap/Public/SemanticVersion.swift (in target 'Recap' from project 'Recap')
SwiftCompile normal arm64 /Users/admin/builder/spi-builder-workspace/Sources/Recap/Public/ReleasesScreenDismissAction.swift (in target 'Recap' from project 'Recap')
    cd /Users/admin/builder/spi-builder-workspace/.swiftpm/xcode
    builtin-SwiftPerFileCompile ReleasesScreenDismissAction.swift
SwiftCompile normal arm64 /Users/admin/builder/spi-builder-workspace/Sources/Recap/Public/SemanticVersion.swift (in target 'Recap' from project 'Recap')
    cd /Users/admin/builder/spi-builder-workspace/.swiftpm/xcode
    builtin-SwiftPerFileCompile SemanticVersion.swift
SwiftCompile normal arm64 Compiling\ View+Recap.swift,\ GeneratedStringSymbols_Localizable.swift /Users/admin/builder/spi-builder-workspace/Sources/Recap/Public/View+Recap.swift /Users/admin/builder/spi-builder-workspace/.derivedData/Build/Intermediates.noindex/Recap.build/Debug-watchos/Recap-t.build/DerivedSources/GeneratedStringSymbols_Localizable.swift (in target 'Recap' from project 'Recap')
SwiftCompile normal arm64 /Users/admin/builder/spi-builder-workspace/Sources/Recap/Public/View+Recap.swift (in target 'Recap' from project 'Recap')
    cd /Users/admin/builder/spi-builder-workspace/.swiftpm/xcode
    builtin-SwiftPerFileCompile View+Recap.swift
SwiftCompile normal arm64 /Users/admin/builder/spi-builder-workspace/.derivedData/Build/Intermediates.noindex/Recap.build/Debug-watchos/Recap-t.build/DerivedSources/GeneratedStringSymbols_Localizable.swift (in target 'Recap' from project 'Recap')
    cd /Users/admin/builder/spi-builder-workspace/.swiftpm/xcode
    builtin-SwiftPerFileCompile GeneratedStringSymbols_Localizable.swift
SwiftCompile normal arm64 Compiling\ Feature.swift,\ IconFillMode.swift /Users/admin/builder/spi-builder-workspace/Sources/Recap/Public/Feature.swift /Users/admin/builder/spi-builder-workspace/Sources/Recap/Public/IconFillMode.swift (in target 'Recap' from project 'Recap')
SwiftCompile normal arm64 /Users/admin/builder/spi-builder-workspace/Sources/Recap/Public/Feature.swift (in target 'Recap' from project 'Recap')
    cd /Users/admin/builder/spi-builder-workspace/.swiftpm/xcode
    builtin-SwiftPerFileCompile Feature.swift
SwiftCompile normal arm64 /Users/admin/builder/spi-builder-workspace/Sources/Recap/Public/IconFillMode.swift (in target 'Recap' from project 'Recap')
    cd /Users/admin/builder/spi-builder-workspace/.swiftpm/xcode
    builtin-SwiftPerFileCompile IconFillMode.swift
SwiftCompile normal arm64 Compiling\ RecapScreen.swift,\ RecapScreenDismissButtonVisibility.swift /Users/admin/builder/spi-builder-workspace/Sources/Recap/Public/RecapScreen.swift /Users/admin/builder/spi-builder-workspace/Sources/Recap/Public/RecapScreenDismissButtonVisibility.swift (in target 'Recap' from project 'Recap')
/Users/admin/builder/spi-builder-workspace/Sources/Recap/Public/RecapScreen.swift:306:51: error: 'UIPageControl' is unavailable in watchOS
304 |     func setupAppearanceChanges() {
305 | #if canImport(UIKit)
306 |         self.originalSelectedPageIndicatorColor = UIPageControl.appearance().currentPageIndicatorTintColor
    |                                                   `- error: 'UIPageControl' is unavailable in watchOS
307 |         self.originalDeselectedPageIndicatorColor = UIPageControl.appearance().pageIndicatorTintColor
308 |
/Applications/Xcode-27.0.0-Release.Candidate.app/Contents/Developer/Platforms/WatchOS.platform/Developer/SDKs/WatchOS27.0.sdk/System/Library/Frameworks/UIKit.framework/Headers/UIPageControl.h:50:12: note: 'UIPageControl' has been explicitly marked unavailable here
 48 |
 49 | UIKIT_EXTERN API_AVAILABLE(ios(2.0)) API_UNAVAILABLE(watchos) NS_SWIFT_UI_ACTOR
 50 | @interface UIPageControl : UIControl
    |            `- note: 'UIPageControl' has been explicitly marked unavailable here
 51 |
 52 | /// default is 0
/Users/admin/builder/spi-builder-workspace/Sources/Recap/Public/RecapScreen.swift:307:53: error: 'UIPageControl' is unavailable in watchOS
305 | #if canImport(UIKit)
306 |         self.originalSelectedPageIndicatorColor = UIPageControl.appearance().currentPageIndicatorTintColor
307 |         self.originalDeselectedPageIndicatorColor = UIPageControl.appearance().pageIndicatorTintColor
    |                                                     `- error: 'UIPageControl' is unavailable in watchOS
308 |
309 |         UIPageControl.appearance().currentPageIndicatorTintColor = UIColor(self.selectedPageIndicatorColor)
/Applications/Xcode-27.0.0-Release.Candidate.app/Contents/Developer/Platforms/WatchOS.platform/Developer/SDKs/WatchOS27.0.sdk/System/Library/Frameworks/UIKit.framework/Headers/UIPageControl.h:50:12: note: 'UIPageControl' has been explicitly marked unavailable here
 48 |
 49 | UIKIT_EXTERN API_AVAILABLE(ios(2.0)) API_UNAVAILABLE(watchos) NS_SWIFT_UI_ACTOR
 50 | @interface UIPageControl : UIControl
    |            `- note: 'UIPageControl' has been explicitly marked unavailable here
 51 |
 52 | /// default is 0
/Users/admin/builder/spi-builder-workspace/Sources/Recap/Public/RecapScreen.swift:309:9: error: 'UIPageControl' is unavailable in watchOS
307 |         self.originalDeselectedPageIndicatorColor = UIPageControl.appearance().pageIndicatorTintColor
308 |
309 |         UIPageControl.appearance().currentPageIndicatorTintColor = UIColor(self.selectedPageIndicatorColor)
    |         `- error: 'UIPageControl' is unavailable in watchOS
310 |         UIPageControl.appearance().pageIndicatorTintColor = UIColor(self.deselectedPageIndicatorColor)
311 | #endif
/Applications/Xcode-27.0.0-Release.Candidate.app/Contents/Developer/Platforms/WatchOS.platform/Developer/SDKs/WatchOS27.0.sdk/System/Library/Frameworks/UIKit.framework/Headers/UIPageControl.h:50:12: note: 'UIPageControl' has been explicitly marked unavailable here
 48 |
 49 | UIKIT_EXTERN API_AVAILABLE(ios(2.0)) API_UNAVAILABLE(watchos) NS_SWIFT_UI_ACTOR
 50 | @interface UIPageControl : UIControl
    |            `- note: 'UIPageControl' has been explicitly marked unavailable here
 51 |
 52 | /// default is 0
/Users/admin/builder/spi-builder-workspace/Sources/Recap/Public/RecapScreen.swift:310:9: error: 'UIPageControl' is unavailable in watchOS
308 |
309 |         UIPageControl.appearance().currentPageIndicatorTintColor = UIColor(self.selectedPageIndicatorColor)
310 |         UIPageControl.appearance().pageIndicatorTintColor = UIColor(self.deselectedPageIndicatorColor)
    |         `- error: 'UIPageControl' is unavailable in watchOS
311 | #endif
312 |     }
/Applications/Xcode-27.0.0-Release.Candidate.app/Contents/Developer/Platforms/WatchOS.platform/Developer/SDKs/WatchOS27.0.sdk/System/Library/Frameworks/UIKit.framework/Headers/UIPageControl.h:50:12: note: 'UIPageControl' has been explicitly marked unavailable here
 48 |
 49 | UIKIT_EXTERN API_AVAILABLE(ios(2.0)) API_UNAVAILABLE(watchos) NS_SWIFT_UI_ACTOR
 50 | @interface UIPageControl : UIControl
    |            `- note: 'UIPageControl' has been explicitly marked unavailable here
 51 |
 52 | /// default is 0
/Users/admin/builder/spi-builder-workspace/Sources/Recap/Public/RecapScreen.swift:316:9: error: 'UIPageControl' is unavailable in watchOS
314 |     func teardownAppearanceChanges() {
315 | #if canImport(UIKit)
316 |         UIPageControl.appearance().currentPageIndicatorTintColor = self.originalSelectedPageIndicatorColor
    |         `- error: 'UIPageControl' is unavailable in watchOS
317 |         UIPageControl.appearance().pageIndicatorTintColor = self.originalDeselectedPageIndicatorColor
318 | #endif
/Applications/Xcode-27.0.0-Release.Candidate.app/Contents/Developer/Platforms/WatchOS.platform/Developer/SDKs/WatchOS27.0.sdk/System/Library/Frameworks/UIKit.framework/Headers/UIPageControl.h:50:12: note: 'UIPageControl' has been explicitly marked unavailable here
 48 |
 49 | UIKIT_EXTERN API_AVAILABLE(ios(2.0)) API_UNAVAILABLE(watchos) NS_SWIFT_UI_ACTOR
 50 | @interface UIPageControl : UIControl
    |            `- note: 'UIPageControl' has been explicitly marked unavailable here
 51 |
 52 | /// default is 0
/Users/admin/builder/spi-builder-workspace/Sources/Recap/Public/RecapScreen.swift:317:9: error: 'UIPageControl' is unavailable in watchOS
315 | #if canImport(UIKit)
316 |         UIPageControl.appearance().currentPageIndicatorTintColor = self.originalSelectedPageIndicatorColor
317 |         UIPageControl.appearance().pageIndicatorTintColor = self.originalDeselectedPageIndicatorColor
    |         `- error: 'UIPageControl' is unavailable in watchOS
318 | #endif
319 |     }
/Applications/Xcode-27.0.0-Release.Candidate.app/Contents/Developer/Platforms/WatchOS.platform/Developer/SDKs/WatchOS27.0.sdk/System/Library/Frameworks/UIKit.framework/Headers/UIPageControl.h:50:12: note: 'UIPageControl' has been explicitly marked unavailable here
 48 |
 49 | UIKIT_EXTERN API_AVAILABLE(ios(2.0)) API_UNAVAILABLE(watchos) NS_SWIFT_UI_ACTOR
 50 | @interface UIPageControl : UIControl
    |            `- note: 'UIPageControl' has been explicitly marked unavailable here
 51 |
 52 | /// default is 0
/Users/admin/builder/spi-builder-workspace/Sources/Recap/Public/RecapScreen.swift:415:12: error: 'UIDevice' is unavailable in watchOS
413 |         return false
414 | 		#else
415 |         if UIDevice.current.userInterfaceIdiom == .pad {
    |            `- error: 'UIDevice' is unavailable in watchOS
416 |             // On iPad, we don't display fullscreen so the home bar isn't relevant.
417 |             return false
/Applications/Xcode-27.0.0-Release.Candidate.app/Contents/Developer/Platforms/WatchOS.platform/Developer/SDKs/WatchOS27.0.sdk/System/Library/Frameworks/UIKit.framework/Headers/UIDevice.h:35:12: note: 'UIDevice' has been explicitly marked unavailable here
33 |
34 | UIKIT_EXTERN API_AVAILABLE(ios(2.0)) API_UNAVAILABLE(watchos) NS_SWIFT_UI_ACTOR
35 | @interface UIDevice : NSObject
   |            `- note: 'UIDevice' has been explicitly marked unavailable here
36 |
37 | @property(class, nonatomic, readonly) UIDevice *currentDevice;
/Users/admin/builder/spi-builder-workspace/Sources/Recap/Public/RecapScreen.swift:419:32: error: 'UIApplication' is unavailable in watchOS
417 |             return false
418 |         } else {
419 |             let windowScenes = UIApplication.shared.connectedScenes.compactMap({ $0 as? UIWindowScene })
    |                                `- error: 'UIApplication' is unavailable in watchOS
420 |             let mainScene = windowScenes.first(where: { $0.screen == .main })
421 |             let mainWindow = (mainScene?.keyWindow ?? mainScene?.windows.first)
/Applications/Xcode-27.0.0-Release.Candidate.app/Contents/Developer/Platforms/WatchOS.platform/Developer/SDKs/WatchOS27.0.sdk/System/Library/Frameworks/UIKit.framework/Headers/UIApplication.h:85:12: note: 'UIApplication' has been explicitly marked unavailable here
 83 |
 84 | UIKIT_EXTERN API_AVAILABLE(ios(2.0)) API_UNAVAILABLE(watchos) NS_SWIFT_UI_ACTOR
 85 | @interface UIApplication : UIResponder
    |            `- note: 'UIApplication' has been explicitly marked unavailable here
 86 |
 87 | @property(class, nonatomic, readonly) UIApplication *sharedApplication NS_EXTENSION_UNAVAILABLE_IOS("Use view controller based solutions where appropriate instead.");
/Users/admin/builder/spi-builder-workspace/Sources/Recap/Public/RecapScreen.swift:419:53: error: 'connectedScenes' is unavailable in watchOS
417 |             return false
418 |         } else {
419 |             let windowScenes = UIApplication.shared.connectedScenes.compactMap({ $0 as? UIWindowScene })
    |                                                     `- error: 'connectedScenes' is unavailable in watchOS
420 |             let mainScene = windowScenes.first(where: { $0.screen == .main })
421 |             let mainWindow = (mainScene?.keyWindow ?? mainScene?.windows.first)
/Applications/Xcode-27.0.0-Release.Candidate.app/Contents/Developer/Platforms/WatchOS.platform/Developer/SDKs/WatchOS27.0.sdk/System/Library/Frameworks/UIKit.framework/Headers/UIApplication.h:189:50: note: 'connectedScenes' has been explicitly marked unavailable here
187 | #pragma mark -- UIScene --
188 | // All of the currently connected UIScene instances
189 | @property(nonatomic, readonly) NSSet<UIScene *> *connectedScenes API_AVAILABLE(ios(13.0)) API_UNAVAILABLE(watchos);
    |                                                  `- note: 'connectedScenes' has been explicitly marked unavailable here
190 |
191 | // All of the representations that currently have connected UIScene instances or had their sessions persisted by the system (ex: visible in iOS' switcher)
/Users/admin/builder/spi-builder-workspace/Sources/Recap/Public/RecapScreen.swift:419:89: error: 'UIWindowScene' is unavailable in watchOS
417 |             return false
418 |         } else {
419 |             let windowScenes = UIApplication.shared.connectedScenes.compactMap({ $0 as? UIWindowScene })
    |                                                                                         `- error: 'UIWindowScene' is unavailable in watchOS
420 |             let mainScene = windowScenes.first(where: { $0.screen == .main })
421 |             let mainWindow = (mainScene?.keyWindow ?? mainScene?.windows.first)
/Applications/Xcode-27.0.0-Release.Candidate.app/Contents/Developer/Platforms/WatchOS.platform/Developer/SDKs/WatchOS27.0.sdk/System/Library/Frameworks/UIKit.framework/Headers/UIWindowScene.h:22:12: note: 'UIWindowScene' has been explicitly marked unavailable here
 20 |
 21 | UIKIT_EXTERN API_AVAILABLE(ios(13.0)) API_UNAVAILABLE(watchos) NS_SWIFT_UI_ACTOR
 22 | @interface UIWindowScene : UIScene
    |            `- note: 'UIWindowScene' has been explicitly marked unavailable here
 23 |
 24 | #pragma mark Geometry
/Users/admin/builder/spi-builder-workspace/Sources/Recap/Public/RecapScreen.swift:420:71: error: 'main' is unavailable in watchOS
418 |         } else {
419 |             let windowScenes = UIApplication.shared.connectedScenes.compactMap({ $0 as? UIWindowScene })
420 |             let mainScene = windowScenes.first(where: { $0.screen == .main })
    |                                                                       `- error: 'main' is unavailable in watchOS
421 |             let mainWindow = (mainScene?.keyWindow ?? mainScene?.windows.first)
422 |             return (mainWindow?.safeAreaInsets.bottom ?? 0.0) > 0.0
/Applications/Xcode-27.0.0-Release.Candidate.app/Contents/Developer/Platforms/WatchOS.platform/Developer/SDKs/WatchOS27.0.sdk/System/Library/Frameworks/UIKit.framework/Headers/UIScreen.h:57:49: note: 'main' has been explicitly marked unavailable here
 55 |
 56 | @property(class, nonatomic, readonly) NSArray<UIScreen *> *screens API_DEPRECATED("Use UIApplication.shared.openSessions to find open sessions with scenes from other screens", ios(3.2, 16.0), visionos(1.0, 1.0)) API_UNAVAILABLE(watchos); // all screens currently attached to the device
 57 | @property(class, nonatomic, readonly) UIScreen *mainScreen API_DEPRECATED("Use a UIScreen instance found through context instead (i.e, view.window.windowScene.screen), or for properties like UIScreen.scale with trait equivalents, use a traitCollection found through context.", ios(2.0, 26.0), tvos(9.0, 26.0), visionos(1.0, 26.0)) API_UNAVAILABLE(watchos);
    |                                                 `- note: 'main' has been explicitly marked unavailable here
 58 |
 59 | @property(nonatomic,readonly) CGRect  bounds;                // Bounds of entire screen in points
/Users/admin/builder/spi-builder-workspace/Sources/Recap/Public/RecapScreen.swift:421:42: error: 'keyWindow' is unavailable in watchOS
419 |             let windowScenes = UIApplication.shared.connectedScenes.compactMap({ $0 as? UIWindowScene })
420 |             let mainScene = windowScenes.first(where: { $0.screen == .main })
421 |             let mainWindow = (mainScene?.keyWindow ?? mainScene?.windows.first)
    |                                          `- error: 'keyWindow' is unavailable in watchOS
422 |             return (mainWindow?.safeAreaInsets.bottom ?? 0.0) > 0.0
423 |         }
/Applications/Xcode-27.0.0-Release.Candidate.app/Contents/Developer/Platforms/WatchOS.platform/Developer/SDKs/WatchOS27.0.sdk/System/Library/Frameworks/UIKit.framework/Headers/UIWindowScene.h:45:61: note: 'keyWindow' has been explicitly marked unavailable here
 43 |
 44 | // The key window for this UIWindowScene
 45 | @property (nonatomic, readonly, strong, nullable) UIWindow *keyWindow API_AVAILABLE(ios(15.0)) API_UNAVAILABLE(watchos);
    |                                                             `- note: 'keyWindow' has been explicitly marked unavailable here
 46 |
 47 | /// An optional object used as a source of scene-level activity items configuration
/Users/admin/builder/spi-builder-workspace/Sources/Recap/Public/RecapScreen.swift:422:33: error: 'safeAreaInsets' is unavailable in watchOS
420 |             let mainScene = windowScenes.first(where: { $0.screen == .main })
421 |             let mainWindow = (mainScene?.keyWindow ?? mainScene?.windows.first)
422 |             return (mainWindow?.safeAreaInsets.bottom ?? 0.0) > 0.0
    |                                 `- error: 'safeAreaInsets' is unavailable in watchOS
423 |         }
424 | 		#endif
/Applications/Xcode-27.0.0-Release.Candidate.app/Contents/Developer/Platforms/WatchOS.platform/Developer/SDKs/WatchOS27.0.sdk/System/Library/Frameworks/UIKit.framework/Headers/UIView.h:293:45: note: 'safeAreaInsets' has been explicitly marked unavailable here
291 | - (void)layoutMarginsDidChange API_AVAILABLE(ios(8.0));
292 |
293 | @property (nonatomic,readonly) UIEdgeInsets safeAreaInsets API_AVAILABLE(ios(11.0), tvos(11.0)) API_UNAVAILABLE(watchos);
    |                                             `- note: 'safeAreaInsets' has been explicitly marked unavailable here
294 | - (void)safeAreaInsetsDidChange API_AVAILABLE(ios(11.0), tvos(11.0)) API_UNAVAILABLE(watchos);
295 |
Failed frontend command:
/Applications/Xcode-27.0.0-Release.Candidate.app/Contents/Developer/Toolchains/XcodeDefault.xctoolchain/usr/bin/swift-frontend -frontend -c /Users/admin/builder/spi-builder-workspace/.derivedData/Build/Intermediates.noindex/Recap.build/Debug-watchos/Recap-t.build/DerivedSources/resource_bundle_accessor.swift /Users/admin/builder/spi-builder-workspace/Sources/Recap/Internal/Color+Hex.swift /Users/admin/builder/spi-builder-workspace/Sources/Recap/Internal/Color+SystemNames.swift /Users/admin/builder/spi-builder-workspace/Sources/Recap/Internal/FeatureRow.swift /Users/admin/builder/spi-builder-workspace/Sources/Recap/Internal/RecapDismissButtonStyle.swift /Users/admin/builder/spi-builder-workspace/Sources/Recap/Internal/ReleaseView.swift /Users/admin/builder/spi-builder-workspace/Sources/Recap/Public/AppVersion.swift /Users/admin/builder/spi-builder-workspace/Sources/Recap/Public/Feature.swift /Users/admin/builder/spi-builder-workspace/Sources/Recap/Public/IconFillMode.swift /Users/admin/builder/spi-builder-workspace/Sources/Recap/Public/RecapDisplayPolicy.Trigger.swift /Users/admin/builder/spi-builder-workspace/Sources/Recap/Public/RecapDisplayPolicy.swift -primary-file /Users/admin/builder/spi-builder-workspace/Sources/Recap/Public/RecapScreen.swift -primary-file /Users/admin/builder/spi-builder-workspace/Sources/Recap/Public/RecapScreenDismissButtonVisibility.swift /Users/admin/builder/spi-builder-workspace/Sources/Recap/Public/RecapScreenPaginationStyle.swift /Users/admin/builder/spi-builder-workspace/Sources/Recap/Public/RecapScreenStartIndex.swift /Users/admin/builder/spi-builder-workspace/Sources/Recap/Public/Release.swift /Users/admin/builder/spi-builder-workspace/Sources/Recap/Public/ReleasesParser.swift /Users/admin/builder/spi-builder-workspace/Sources/Recap/Public/ReleasesScreenDismissAction.swift /Users/admin/builder/spi-builder-workspace/Sources/Recap/Public/SemanticVersion.swift /Users/admin/builder/spi-builder-workspace/Sources/Recap/Public/View+Recap.swift /Users/admin/builder/spi-builder-workspace/.derivedData/Build/Intermediates.noindex/Recap.build/Debug-watchos/Recap-t.build/DerivedSources/GeneratedStringSymbols_Localizable.swift -emit-dependencies-path /Users/admin/builder/spi-builder-workspace/.derivedData/Build/Intermediates.noindex/Recap.build/Debug-watchos/Recap-t.build/Objects-normal/arm64/RecapScreen.d -emit-const-values-path /Users/admin/builder/spi-builder-workspace/.derivedData/Build/Intermediates.noindex/Recap.build/Debug-watchos/Recap-t.build/Objects-normal/arm64/RecapScreen.swiftconstvalues -emit-reference-dependencies-path /Users/admin/builder/spi-builder-workspace/.derivedData/Build/Intermediates.noindex/Recap.build/Debug-watchos/Recap-t.build/Objects-normal/arm64/RecapScreen.swiftdeps -serialize-diagnostics-path /Users/admin/builder/spi-builder-workspace/.derivedData/Build/Intermediates.noindex/Recap.build/Debug-watchos/Recap-t.build/Objects-normal/arm64/RecapScreen.dia -emit-dependencies-path /Users/admin/builder/spi-builder-workspace/.derivedData/Build/Intermediates.noindex/Recap.build/Debug-watchos/Recap-t.build/Objects-normal/arm64/RecapScreenDismissButtonVisibility.d -emit-const-values-path /Users/admin/builder/spi-builder-workspace/.derivedData/Build/Intermediates.noindex/Recap.build/Debug-watchos/Recap-t.build/Objects-normal/arm64/RecapScreenDismissButtonVisibility.swiftconstvalues -emit-reference-dependencies-path /Users/admin/builder/spi-builder-workspace/.derivedData/Build/Intermediates.noindex/Recap.build/Debug-watchos/Recap-t.build/Objects-normal/arm64/RecapScreenDismissButtonVisibility.swiftdeps -serialize-diagnostics-path /Users/admin/builder/spi-builder-workspace/.derivedData/Build/Intermediates.noindex/Recap.build/Debug-watchos/Recap-t.build/Objects-normal/arm64/RecapScreenDismissButtonVisibility.dia -emit-localized-strings -emit-localized-strings-path /Users/admin/builder/spi-builder-workspace/.derivedData/Build/Intermediates.noindex/Recap.build/Debug-watchos/Recap-t.build/Objects-normal/arm64 -target arm64-apple-watchos9.0 -module-can-import-version UIKit 9127.0.84.1 9127.0.84 -disable-cross-import-overlay-search -load-resolved-plugin /Applications/Xcode-27.0.0-Release.Candidate.app/Contents/Developer/Platforms/WatchOS.platform/Developer/usr/lib/swift/host/plugins/libFoundationMacros.dylib\#/Applications/Xcode-27.0.0-Release.Candidate.app/Contents/Developer/Platforms/WatchOS.platform/Developer/usr/bin/swift-plugin-server\#FoundationMacros -load-resolved-plugin /Applications/Xcode-27.0.0-Release.Candidate.app/Contents/Developer/Platforms/WatchOS.platform/Developer/usr/lib/swift/host/plugins/libObservationMacros.dylib\#/Applications/Xcode-27.0.0-Release.Candidate.app/Contents/Developer/Platforms/WatchOS.platform/Developer/usr/bin/swift-plugin-server\#ObservationMacros -load-resolved-plugin /Applications/Xcode-27.0.0-Release.Candidate.app/Contents/Developer/Platforms/WatchOS.platform/Developer/usr/lib/swift/host/plugins/libPreviewsMacros.dylib\#/Applications/Xcode-27.0.0-Release.Candidate.app/Contents/Developer/Platforms/WatchOS.platform/Developer/usr/bin/swift-plugin-server\#PreviewsMacros -load-resolved-plugin /Applications/Xcode-27.0.0-Release.Candidate.app/Contents/Developer/Platforms/WatchOS.platform/Developer/usr/lib/swift/host/plugins/libSwiftMacros.dylib\#/Applications/Xcode-27.0.0-Release.Candidate.app/Contents/Developer/Platforms/WatchOS.platform/Developer/usr/bin/swift-plugin-server\#SwiftMacros -load-resolved-plugin /Applications/Xcode-27.0.0-Release.Candidate.app/Contents/Developer/Platforms/WatchOS.platform/Developer/usr/lib/swift/host/plugins/libSwiftUIMacros.dylib\#/Applications/Xcode-27.0.0-Release.Candidate.app/Contents/Developer/Platforms/WatchOS.platform/Developer/usr/bin/swift-plugin-server\#SwiftUIMacros -disable-implicit-swift-modules -Xcc -fno-implicit-modules -Xcc -fno-implicit-module-maps -explicit-swift-module-map-file /Users/admin/builder/spi-builder-workspace/.derivedData/Build/Intermediates.noindex/Recap.build/Debug-watchos/Recap-t.build/Objects-normal/arm64/Recap-dependencies-2.json -Xllvm -aarch64-use-tbi -enable-objc-interop -stack-check -sdk /Applications/Xcode-27.0.0-Release.Candidate.app/Contents/Developer/Platforms/WatchOS.platform/Developer/SDKs/WatchOS27.0.sdk -I /Users/admin/builder/spi-builder-workspace/.derivedData/Build/Products/Debug-watchos -Isystem /Applications/Xcode-27.0.0-Release.Candidate.app/Contents/Developer/Platforms/WatchOS.platform/Developer/usr/lib -F /Users/admin/builder/spi-builder-workspace/.derivedData/Build/Products/Debug-watchos -F /Applications/Xcode-27.0.0-Release.Candidate.app/Contents/Developer/Platforms/WatchOS.platform/Developer/Library/Frameworks -F /Applications/Xcode-27.0.0-Release.Candidate.app/Contents/Developer/Platforms/WatchOS.platform/Developer/SDKs/WatchOS27.0.sdk/Developer/Library/Frameworks -module-cache-path /Users/admin/builder/spi-builder-workspace/.derivedData/Build/Intermediates.noindex/SwiftExplicitPrecompiledModules -no-color-diagnostics -Xcc -fno-color-diagnostics -enable-testing -g -debug-info-format\=dwarf -dwarf-version\=4 -profile-generate -profile-coverage-mapping -swift-version 6 -Onone -D SWIFT_PACKAGE -D DEBUG -D SWIFT_MODULE_RESOURCE_BUNDLE_AVAILABLE -D Xcode -serialize-debugging-options -enable-experimental-feature DebugDescriptionMacro -empty-abi-descriptor -validate-clang-modules-once -clang-build-session-file /Users/admin/builder/spi-builder-workspace/.derivedData/ModuleCache.noindex/Session.modulevalidation -Xcc -working-directory -Xcc /Users/admin/builder/spi-builder-workspace/.swiftpm/xcode -enable-anonymous-context-mangled-names -file-compilation-dir /Users/admin/builder/spi-builder-workspace/.swiftpm/xcode -Xcc -D_LIBCPP_HARDENING_MODE\=_LIBCPP_HARDENING_MODE_DEBUG -Xcc -ivfsstatcache -Xcc /Users/admin/builder/spi-builder-workspace/.derivedData/SDKStatCaches.noindex/watchos27.0-24R360-e829b21a6f8c9b70876ba0858053c04477534ef55a1706bf4c1112bbb242f0a2.sdkstatcache -Xcc -fmodules-prune-interval\=86400 -Xcc -fmodules-prune-after\=345600 -Xcc -I/Users/admin/builder/spi-builder-workspace/.derivedData/Build/Products/Debug-watchos/include -Xcc -I/Users/admin/builder/spi-builder-workspace/.derivedData/Build/Intermediates.noindex/Recap.build/Debug-watchos/Recap-t.build/DerivedSources-normal/arm64 -Xcc -I/Users/admin/builder/spi-builder-workspace/.derivedData/Build/Intermediates.noindex/Recap.build/Debug-watchos/Recap-t.build/DerivedSources/arm64 -Xcc -I/Users/admin/builder/spi-builder-workspace/.derivedData/Build/Intermediates.noindex/Recap.build/Debug-watchos/Recap-t.build/DerivedSources -Xcc -DSWIFT_PACKAGE -Xcc -DDEBUG\=1 -no-auto-bridging-header-chaining -module-name Recap -package-name spi_builder_workspace -const-gather-protocols-file /Users/admin/builder/spi-builder-workspace/.derivedData/Build/Intermediates.noindex/Recap.build/Debug-watchos/Recap-t.build/Objects-normal/arm64/Recap_const_extract_protocols.json -disable-clang-spi -clang-target arm64-apple-watchos27.0 -target-sdk-version 27.0 -target-sdk-name watchos27.0 -in-process-plugin-server-path /Applications/Xcode-27.0.0-Release.Candidate.app/Contents/Developer/Toolchains/XcodeDefault.xctoolchain/usr/lib/swift/host/libSwiftInProcPluginServer.dylib -parse-as-library -o /Users/admin/builder/spi-builder-workspace/.derivedData/Build/Intermediates.noindex/Recap.build/Debug-watchos/Recap-t.build/Objects-normal/arm64/RecapScreen.o -o /Users/admin/builder/spi-builder-workspace/.derivedData/Build/Intermediates.noindex/Recap.build/Debug-watchos/Recap-t.build/Objects-normal/arm64/RecapScreenDismissButtonVisibility.o -debug-module-path /Users/admin/builder/spi-builder-workspace/.derivedData/Build/Intermediates.noindex/Recap.build/Debug-watchos/Recap-t.build/Objects-normal/arm64/Recap.swiftmodule -index-unit-output-path /Recap.build/Debug-watchos/Recap-t.build/Objects-normal/arm64/RecapScreen.o -index-unit-output-path /Recap.build/Debug-watchos/Recap-t.build/Objects-normal/arm64/RecapScreenDismissButtonVisibility.o -index-store-path /Users/admin/builder/spi-builder-workspace/.derivedData/Index.noindex/DataStore -index-system-modules
SwiftCompile normal arm64 /Users/admin/builder/spi-builder-workspace/Sources/Recap/Public/RecapScreen.swift (in target 'Recap' from project 'Recap')
    cd /Users/admin/builder/spi-builder-workspace/.swiftpm/xcode
    builtin-SwiftPerFileCompile RecapScreen.swift
SwiftCompile normal arm64 /Users/admin/builder/spi-builder-workspace/Sources/Recap/Public/RecapScreenDismissButtonVisibility.swift (in target 'Recap' from project 'Recap')
    cd /Users/admin/builder/spi-builder-workspace/.swiftpm/xcode
    builtin-SwiftPerFileCompile RecapScreenDismissButtonVisibility.swift
SwiftCompile normal arm64 Compiling\ Release.swift,\ ReleasesParser.swift /Users/admin/builder/spi-builder-workspace/Sources/Recap/Public/Release.swift /Users/admin/builder/spi-builder-workspace/Sources/Recap/Public/ReleasesParser.swift (in target 'Recap' from project 'Recap')
SwiftCompile normal arm64 /Users/admin/builder/spi-builder-workspace/Sources/Recap/Public/Release.swift (in target 'Recap' from project 'Recap')
    cd /Users/admin/builder/spi-builder-workspace/.swiftpm/xcode
    builtin-SwiftPerFileCompile Release.swift
SwiftCompile normal arm64 /Users/admin/builder/spi-builder-workspace/Sources/Recap/Public/ReleasesParser.swift (in target 'Recap' from project 'Recap')
    cd /Users/admin/builder/spi-builder-workspace/.swiftpm/xcode
    builtin-SwiftPerFileCompile ReleasesParser.swift
SwiftCompile normal arm64 Compiling\ FeatureRow.swift,\ RecapDismissButtonStyle.swift /Users/admin/builder/spi-builder-workspace/Sources/Recap/Internal/FeatureRow.swift /Users/admin/builder/spi-builder-workspace/Sources/Recap/Internal/RecapDismissButtonStyle.swift (in target 'Recap' from project 'Recap')
SwiftCompile normal arm64 /Users/admin/builder/spi-builder-workspace/Sources/Recap/Internal/FeatureRow.swift (in target 'Recap' from project 'Recap')
    cd /Users/admin/builder/spi-builder-workspace/.swiftpm/xcode
    builtin-SwiftPerFileCompile FeatureRow.swift
SwiftCompile normal arm64 /Users/admin/builder/spi-builder-workspace/Sources/Recap/Internal/RecapDismissButtonStyle.swift (in target 'Recap' from project 'Recap')
    cd /Users/admin/builder/spi-builder-workspace/.swiftpm/xcode
    builtin-SwiftPerFileCompile RecapDismissButtonStyle.swift
SwiftCompile normal arm64 Compiling\ resource_bundle_accessor.swift,\ Color+Hex.swift,\ Color+SystemNames.swift /Users/admin/builder/spi-builder-workspace/.derivedData/Build/Intermediates.noindex/Recap.build/Debug-watchos/Recap-t.build/DerivedSources/resource_bundle_accessor.swift /Users/admin/builder/spi-builder-workspace/Sources/Recap/Internal/Color+Hex.swift /Users/admin/builder/spi-builder-workspace/Sources/Recap/Internal/Color+SystemNames.swift (in target 'Recap' from project 'Recap')
SwiftCompile normal arm64 /Users/admin/builder/spi-builder-workspace/.derivedData/Build/Intermediates.noindex/Recap.build/Debug-watchos/Recap-t.build/DerivedSources/resource_bundle_accessor.swift (in target 'Recap' from project 'Recap')
    cd /Users/admin/builder/spi-builder-workspace/.swiftpm/xcode
    builtin-SwiftPerFileCompile resource_bundle_accessor.swift
SwiftCompile normal arm64 /Users/admin/builder/spi-builder-workspace/Sources/Recap/Internal/Color+Hex.swift (in target 'Recap' from project 'Recap')
    cd /Users/admin/builder/spi-builder-workspace/.swiftpm/xcode
    builtin-SwiftPerFileCompile Color+Hex.swift
SwiftCompile normal arm64 /Users/admin/builder/spi-builder-workspace/Sources/Recap/Internal/Color+SystemNames.swift (in target 'Recap' from project 'Recap')
    cd /Users/admin/builder/spi-builder-workspace/.swiftpm/xcode
    builtin-SwiftPerFileCompile Color+SystemNames.swift
SwiftCompile normal arm64 Compiling\ ReleaseView.swift,\ AppVersion.swift /Users/admin/builder/spi-builder-workspace/Sources/Recap/Internal/ReleaseView.swift /Users/admin/builder/spi-builder-workspace/Sources/Recap/Public/AppVersion.swift (in target 'Recap' from project 'Recap')
SwiftCompile normal arm64 /Users/admin/builder/spi-builder-workspace/Sources/Recap/Internal/ReleaseView.swift (in target 'Recap' from project 'Recap')
    cd /Users/admin/builder/spi-builder-workspace/.swiftpm/xcode
    builtin-SwiftPerFileCompile ReleaseView.swift
SwiftCompile normal arm64 /Users/admin/builder/spi-builder-workspace/Sources/Recap/Public/AppVersion.swift (in target 'Recap' from project 'Recap')
    cd /Users/admin/builder/spi-builder-workspace/.swiftpm/xcode
    builtin-SwiftPerFileCompile AppVersion.swift
SwiftExplicitDependencyGeneratePcm arm64_32 /Users/admin/builder/spi-builder-workspace/.derivedData/SDKExplicitPrecompiledModules/SwiftUI-6DR5UJH94SD7QMITGWNAX9FBI.pcm
SwiftDriverJobDiscovery normal arm64 Emitting module for Recap (in target 'Recap' from project 'Recap')
SwiftDriver\ Compilation\ Requirements Recap normal arm64 com.apple.xcode.tools.swift.compiler (in target 'Recap' from project 'Recap')
    cd /Users/admin/builder/spi-builder-workspace/.swiftpm/xcode
    builtin-Swift-Compilation-Requirements -- /Applications/Xcode-27.0.0-Release.Candidate.app/Contents/Developer/Toolchains/XcodeDefault.xctoolchain/usr/bin/swiftc -parse-as-library -module-name Recap -Onone @/Users/admin/builder/spi-builder-workspace/.derivedData/Build/Intermediates.noindex/Recap.build/Debug-watchos/Recap-t.build/Objects-normal/arm64/Recap.SwiftFileList -DSWIFT_PACKAGE -DDEBUG -DSWIFT_MODULE_RESOURCE_BUNDLE_AVAILABLE -DXcode -plugin-path /Applications/Xcode-27.0.0-Release.Candidate.app/Contents/Developer/Toolchains/XcodeDefault.xctoolchain/usr/lib/swift/host/plugins/testing -enable-experimental-feature DebugDescriptionMacro -sdk /Applications/Xcode-27.0.0-Release.Candidate.app/Contents/Developer/Platforms/WatchOS.platform/Developer/SDKs/WatchOS27.0.sdk -target arm64-apple-watchos9.0 -g -module-cache-path /Users/admin/builder/spi-builder-workspace/.derivedData/ModuleCache.noindex -Xfrontend -serialize-debugging-options -profile-coverage-mapping -profile-generate -enable-testing -index-store-path /Users/admin/builder/spi-builder-workspace/.derivedData/Index.noindex/DataStore -Xcc -D_LIBCPP_HARDENING_MODE\=_LIBCPP_HARDENING_MODE_DEBUG -swift-version 6 -I /Users/admin/builder/spi-builder-workspace/.derivedData/Build/Products/Debug-watchos -Isystem /Applications/Xcode-27.0.0-Release.Candidate.app/Contents/Developer/Platforms/WatchOS.platform/Developer/usr/lib -F /Users/admin/builder/spi-builder-workspace/.derivedData/Build/Products/Debug-watchos -F /Applications/Xcode-27.0.0-Release.Candidate.app/Contents/Developer/Platforms/WatchOS.platform/Developer/Library/Frameworks -F /Applications/Xcode-27.0.0-Release.Candidate.app/Contents/Developer/Platforms/WatchOS.platform/Developer/SDKs/WatchOS27.0.sdk/Developer/Library/Frameworks -emit-localized-strings -emit-localized-strings-path /Users/admin/builder/spi-builder-workspace/.derivedData/Build/Intermediates.noindex/Recap.build/Debug-watchos/Recap-t.build/Objects-normal/arm64 -c -j10 -enable-batch-mode -incremental -Xcc -ivfsstatcache -Xcc /Users/admin/builder/spi-builder-workspace/.derivedData/SDKStatCaches.noindex/watchos27.0-24R360-e829b21a6f8c9b70876ba0858053c04477534ef55a1706bf4c1112bbb242f0a2.sdkstatcache -output-file-map /Users/admin/builder/spi-builder-workspace/.derivedData/Build/Intermediates.noindex/Recap.build/Debug-watchos/Recap-t.build/Objects-normal/arm64/Recap-OutputFileMap.json -save-temps -no-color-diagnostics -explicit-module-build -module-cache-path /Users/admin/builder/spi-builder-workspace/.derivedData/Build/Intermediates.noindex/SwiftExplicitPrecompiledModules -clang-scanner-module-cache-path /Users/admin/builder/spi-builder-workspace/.derivedData/ModuleCache.noindex -sdk-module-cache-path /Users/admin/builder/spi-builder-workspace/.derivedData/SDKExplicitPrecompiledModules -emit-dependencies -emit-module -emit-module-path /Users/admin/builder/spi-builder-workspace/.derivedData/Build/Intermediates.noindex/Recap.build/Debug-watchos/Recap-t.build/Objects-normal/arm64/Recap.swiftmodule -serialize-diagnostics -dependency-scan-serialize-diagnostics-path /Users/admin/builder/spi-builder-workspace/.derivedData/Build/Intermediates.noindex/Recap.build/Debug-watchos/Recap-t.build/Objects-normal/arm64/Recap-dependency-scan.dia -validate-clang-modules-once -clang-build-session-file /Users/admin/builder/spi-builder-workspace/.derivedData/ModuleCache.noindex/Session.modulevalidation -Xcc -fmodules-prune-interval\=86400 -Xcc -fmodules-prune-after\=345600 -package-name spi_builder_workspace -emit-const-values -const-gather-protocols-list /Users/admin/builder/spi-builder-workspace/.derivedData/Build/Intermediates.noindex/Recap.build/Debug-watchos/Recap-t.build/Objects-normal/arm64/Recap_const_extract_protocols.json -Xcc -I/Users/admin/builder/spi-builder-workspace/.derivedData/Build/Products/Debug-watchos/include -Xcc -I/Users/admin/builder/spi-builder-workspace/.derivedData/Build/Intermediates.noindex/Recap.build/Debug-watchos/Recap-t.build/DerivedSources-normal/arm64 -Xcc -I/Users/admin/builder/spi-builder-workspace/.derivedData/Build/Intermediates.noindex/Recap.build/Debug-watchos/Recap-t.build/DerivedSources/arm64 -Xcc -I/Users/admin/builder/spi-builder-workspace/.derivedData/Build/Intermediates.noindex/Recap.build/Debug-watchos/Recap-t.build/DerivedSources -Xcc -DSWIFT_PACKAGE -Xcc -DDEBUG\=1 -emit-objc-header -emit-objc-header-path /Users/admin/builder/spi-builder-workspace/.derivedData/Build/Intermediates.noindex/Recap.build/Debug-watchos/Recap-t.build/Objects-normal/arm64/Recap-Swift.h -working-directory /Users/admin/builder/spi-builder-workspace/.swiftpm/xcode -experimental-emit-module-separately -disable-cmo
SwiftEmitModule normal arm64_32 Emitting\ module\ for\ Recap (in target 'Recap' from project 'Recap')
SwiftCompile normal arm64_32 (in target 'Recap' from project 'Recap')
    cd /Users/admin/builder/spi-builder-workspace/.swiftpm/xcode

Copy /Users/admin/builder/spi-builder-workspace/.derivedData/Build/Products/Debug-watchos/Recap.swiftmodule/arm64-apple-watchos.swiftmodule /Users/admin/builder/spi-builder-workspace/.derivedData/Build/Intermediates.noindex/Recap.build/Debug-watchos/Recap-t.build/Objects-normal/arm64/Recap.swiftmodule (in target 'Recap' from project 'Recap')
    cd /Users/admin/builder/spi-builder-workspace
    builtin-copy -exclude .DS_Store -exclude CVS -exclude .svn -exclude .git -exclude .hg -resolve-src-symlinks -rename /Users/admin/builder/spi-builder-workspace/.derivedData/Build/Intermediates.noindex/Recap.build/Debug-watchos/Recap-t.build/Objects-normal/arm64/Recap.swiftmodule /Users/admin/builder/spi-builder-workspace/.derivedData/Build/Products/Debug-watchos/Recap.swiftmodule/arm64-apple-watchos.swiftmodule
SwiftDriverJobDiscovery normal arm64 Compiling RecapScreenPaginationStyle.swift, RecapScreenStartIndex.swift (in target 'Recap' from project 'Recap')
Copy /Users/admin/builder/spi-builder-workspace/.derivedData/Build/Products/Debug-watchos/Recap.swiftmodule/arm64-apple-watchos.swiftdoc /Users/admin/builder/spi-builder-workspace/.derivedData/Build/Intermediates.noindex/Recap.build/Debug-watchos/Recap-t.build/Objects-normal/arm64/Recap.swiftdoc (in target 'Recap' from project 'Recap')
    cd /Users/admin/builder/spi-builder-workspace
    builtin-copy -exclude .DS_Store -exclude CVS -exclude .svn -exclude .git -exclude .hg -resolve-src-symlinks -rename /Users/admin/builder/spi-builder-workspace/.derivedData/Build/Intermediates.noindex/Recap.build/Debug-watchos/Recap-t.build/Objects-normal/arm64/Recap.swiftdoc /Users/admin/builder/spi-builder-workspace/.derivedData/Build/Products/Debug-watchos/Recap.swiftmodule/arm64-apple-watchos.swiftdoc
Copy /Users/admin/builder/spi-builder-workspace/.derivedData/Build/Products/Debug-watchos/Recap.swiftmodule/arm64-apple-watchos.abi.json /Users/admin/builder/spi-builder-workspace/.derivedData/Build/Intermediates.noindex/Recap.build/Debug-watchos/Recap-t.build/Objects-normal/arm64/Recap.abi.json (in target 'Recap' from project 'Recap')
    cd /Users/admin/builder/spi-builder-workspace
    builtin-copy -exclude .DS_Store -exclude CVS -exclude .svn -exclude .git -exclude .hg -resolve-src-symlinks -rename /Users/admin/builder/spi-builder-workspace/.derivedData/Build/Intermediates.noindex/Recap.build/Debug-watchos/Recap-t.build/Objects-normal/arm64/Recap.abi.json /Users/admin/builder/spi-builder-workspace/.derivedData/Build/Products/Debug-watchos/Recap.swiftmodule/arm64-apple-watchos.abi.json
Copy /Users/admin/builder/spi-builder-workspace/.derivedData/Build/Products/Debug-watchos/Recap.swiftmodule/Project/arm64-apple-watchos.swiftsourceinfo /Users/admin/builder/spi-builder-workspace/.derivedData/Build/Intermediates.noindex/Recap.build/Debug-watchos/Recap-t.build/Objects-normal/arm64/Recap.swiftsourceinfo (in target 'Recap' from project 'Recap')
    cd /Users/admin/builder/spi-builder-workspace
    builtin-copy -exclude .DS_Store -exclude CVS -exclude .svn -exclude .git -exclude .hg -resolve-src-symlinks -rename /Users/admin/builder/spi-builder-workspace/.derivedData/Build/Intermediates.noindex/Recap.build/Debug-watchos/Recap-t.build/Objects-normal/arm64/Recap.swiftsourceinfo /Users/admin/builder/spi-builder-workspace/.derivedData/Build/Products/Debug-watchos/Recap.swiftmodule/Project/arm64-apple-watchos.swiftsourceinfo
SwiftCompile normal arm64_32 Compiling\ ReleaseView.swift,\ AppVersion.swift /Users/admin/builder/spi-builder-workspace/Sources/Recap/Internal/ReleaseView.swift /Users/admin/builder/spi-builder-workspace/Sources/Recap/Public/AppVersion.swift (in target 'Recap' from project 'Recap')
SwiftCompile normal arm64_32 /Users/admin/builder/spi-builder-workspace/Sources/Recap/Internal/ReleaseView.swift (in target 'Recap' from project 'Recap')
    cd /Users/admin/builder/spi-builder-workspace/.swiftpm/xcode
    builtin-SwiftPerFileCompile ReleaseView.swift
SwiftCompile normal arm64_32 /Users/admin/builder/spi-builder-workspace/Sources/Recap/Public/AppVersion.swift (in target 'Recap' from project 'Recap')
    cd /Users/admin/builder/spi-builder-workspace/.swiftpm/xcode
    builtin-SwiftPerFileCompile AppVersion.swift
SwiftCompile normal arm64_32 Compiling\ FeatureRow.swift,\ RecapDismissButtonStyle.swift /Users/admin/builder/spi-builder-workspace/Sources/Recap/Internal/FeatureRow.swift /Users/admin/builder/spi-builder-workspace/Sources/Recap/Internal/RecapDismissButtonStyle.swift (in target 'Recap' from project 'Recap')
SwiftCompile normal arm64_32 /Users/admin/builder/spi-builder-workspace/Sources/Recap/Internal/FeatureRow.swift (in target 'Recap' from project 'Recap')
    cd /Users/admin/builder/spi-builder-workspace/.swiftpm/xcode
    builtin-SwiftPerFileCompile FeatureRow.swift
SwiftCompile normal arm64_32 /Users/admin/builder/spi-builder-workspace/Sources/Recap/Internal/RecapDismissButtonStyle.swift (in target 'Recap' from project 'Recap')
    cd /Users/admin/builder/spi-builder-workspace/.swiftpm/xcode
    builtin-SwiftPerFileCompile RecapDismissButtonStyle.swift
SwiftDriverJobDiscovery normal arm64_32 Emitting module for Recap (in target 'Recap' from project 'Recap')
SwiftDriver\ Compilation\ Requirements Recap normal arm64_32 com.apple.xcode.tools.swift.compiler (in target 'Recap' from project 'Recap')
    cd /Users/admin/builder/spi-builder-workspace/.swiftpm/xcode
    builtin-Swift-Compilation-Requirements -- /Applications/Xcode-27.0.0-Release.Candidate.app/Contents/Developer/Toolchains/XcodeDefault.xctoolchain/usr/bin/swiftc -parse-as-library -module-name Recap -Onone @/Users/admin/builder/spi-builder-workspace/.derivedData/Build/Intermediates.noindex/Recap.build/Debug-watchos/Recap-t.build/Objects-normal/arm64_32/Recap.SwiftFileList -DSWIFT_PACKAGE -DDEBUG -DSWIFT_MODULE_RESOURCE_BUNDLE_AVAILABLE -DXcode -plugin-path /Applications/Xcode-27.0.0-Release.Candidate.app/Contents/Developer/Toolchains/XcodeDefault.xctoolchain/usr/lib/swift/host/plugins/testing -enable-experimental-feature DebugDescriptionMacro -sdk /Applications/Xcode-27.0.0-Release.Candidate.app/Contents/Developer/Platforms/WatchOS.platform/Developer/SDKs/WatchOS27.0.sdk -target arm64_32-apple-watchos9.0 -g -module-cache-path /Users/admin/builder/spi-builder-workspace/.derivedData/ModuleCache.noindex -Xfrontend -serialize-debugging-options -profile-coverage-mapping -profile-generate -enable-testing -index-store-path /Users/admin/builder/spi-builder-workspace/.derivedData/Index.noindex/DataStore -Xcc -D_LIBCPP_HARDENING_MODE\=_LIBCPP_HARDENING_MODE_DEBUG -swift-version 6 -I /Users/admin/builder/spi-builder-workspace/.derivedData/Build/Products/Debug-watchos -Isystem /Applications/Xcode-27.0.0-Release.Candidate.app/Contents/Developer/Platforms/WatchOS.platform/Developer/usr/lib -F /Users/admin/builder/spi-builder-workspace/.derivedData/Build/Products/Debug-watchos -F /Applications/Xcode-27.0.0-Release.Candidate.app/Contents/Developer/Platforms/WatchOS.platform/Developer/Library/Frameworks -F /Applications/Xcode-27.0.0-Release.Candidate.app/Contents/Developer/Platforms/WatchOS.platform/Developer/SDKs/WatchOS27.0.sdk/Developer/Library/Frameworks -emit-localized-strings -emit-localized-strings-path /Users/admin/builder/spi-builder-workspace/.derivedData/Build/Intermediates.noindex/Recap.build/Debug-watchos/Recap-t.build/Objects-normal/arm64_32 -c -j10 -enable-batch-mode -incremental -Xcc -ivfsstatcache -Xcc /Users/admin/builder/spi-builder-workspace/.derivedData/SDKStatCaches.noindex/watchos27.0-24R360-e829b21a6f8c9b70876ba0858053c04477534ef55a1706bf4c1112bbb242f0a2.sdkstatcache -output-file-map /Users/admin/builder/spi-builder-workspace/.derivedData/Build/Intermediates.noindex/Recap.build/Debug-watchos/Recap-t.build/Objects-normal/arm64_32/Recap-OutputFileMap.json -save-temps -no-color-diagnostics -explicit-module-build -module-cache-path /Users/admin/builder/spi-builder-workspace/.derivedData/Build/Intermediates.noindex/SwiftExplicitPrecompiledModules -clang-scanner-module-cache-path /Users/admin/builder/spi-builder-workspace/.derivedData/ModuleCache.noindex -sdk-module-cache-path /Users/admin/builder/spi-builder-workspace/.derivedData/SDKExplicitPrecompiledModules -emit-dependencies -emit-module -emit-module-path /Users/admin/builder/spi-builder-workspace/.derivedData/Build/Intermediates.noindex/Recap.build/Debug-watchos/Recap-t.build/Objects-normal/arm64_32/Recap.swiftmodule -serialize-diagnostics -dependency-scan-serialize-diagnostics-path /Users/admin/builder/spi-builder-workspace/.derivedData/Build/Intermediates.noindex/Recap.build/Debug-watchos/Recap-t.build/Objects-normal/arm64_32/Recap-dependency-scan.dia -validate-clang-modules-once -clang-build-session-file /Users/admin/builder/spi-builder-workspace/.derivedData/ModuleCache.noindex/Session.modulevalidation -Xcc -fmodules-prune-interval\=86400 -Xcc -fmodules-prune-after\=345600 -package-name spi_builder_workspace -emit-const-values -const-gather-protocols-list /Users/admin/builder/spi-builder-workspace/.derivedData/Build/Intermediates.noindex/Recap.build/Debug-watchos/Recap-t.build/Objects-normal/arm64_32/Recap_const_extract_protocols.json -Xcc -I/Users/admin/builder/spi-builder-workspace/.derivedData/Build/Products/Debug-watchos/include -Xcc -I/Users/admin/builder/spi-builder-workspace/.derivedData/Build/Intermediates.noindex/Recap.build/Debug-watchos/Recap-t.build/DerivedSources-normal/arm64_32 -Xcc -I/Users/admin/builder/spi-builder-workspace/.derivedData/Build/Intermediates.noindex/Recap.build/Debug-watchos/Recap-t.build/DerivedSources/arm64_32 -Xcc -I/Users/admin/builder/spi-builder-workspace/.derivedData/Build/Intermediates.noindex/Recap.build/Debug-watchos/Recap-t.build/DerivedSources -Xcc -DSWIFT_PACKAGE -Xcc -DDEBUG\=1 -emit-objc-header -emit-objc-header-path /Users/admin/builder/spi-builder-workspace/.derivedData/Build/Intermediates.noindex/Recap.build/Debug-watchos/Recap-t.build/Objects-normal/arm64_32/Recap-Swift.h -working-directory /Users/admin/builder/spi-builder-workspace/.swiftpm/xcode -experimental-emit-module-separately -disable-cmo
SwiftDriverJobDiscovery normal arm64 Compiling ReleasesScreenDismissAction.swift, SemanticVersion.swift (in target 'Recap' from project 'Recap')
SwiftCompile normal arm64_32 Compiling\ resource_bundle_accessor.swift,\ Color+Hex.swift,\ Color+SystemNames.swift /Users/admin/builder/spi-builder-workspace/.derivedData/Build/Intermediates.noindex/Recap.build/Debug-watchos/Recap-t.build/DerivedSources/resource_bundle_accessor.swift /Users/admin/builder/spi-builder-workspace/Sources/Recap/Internal/Color+Hex.swift /Users/admin/builder/spi-builder-workspace/Sources/Recap/Internal/Color+SystemNames.swift (in target 'Recap' from project 'Recap')
SwiftCompile normal arm64_32 /Users/admin/builder/spi-builder-workspace/.derivedData/Build/Intermediates.noindex/Recap.build/Debug-watchos/Recap-t.build/DerivedSources/resource_bundle_accessor.swift (in target 'Recap' from project 'Recap')
    cd /Users/admin/builder/spi-builder-workspace/.swiftpm/xcode
    builtin-SwiftPerFileCompile resource_bundle_accessor.swift
SwiftCompile normal arm64_32 /Users/admin/builder/spi-builder-workspace/Sources/Recap/Internal/Color+Hex.swift (in target 'Recap' from project 'Recap')
    cd /Users/admin/builder/spi-builder-workspace/.swiftpm/xcode
    builtin-SwiftPerFileCompile Color+Hex.swift
SwiftCompile normal arm64_32 /Users/admin/builder/spi-builder-workspace/Sources/Recap/Internal/Color+SystemNames.swift (in target 'Recap' from project 'Recap')
    cd /Users/admin/builder/spi-builder-workspace/.swiftpm/xcode
    builtin-SwiftPerFileCompile Color+SystemNames.swift
SwiftMergeGeneratedHeaders /Users/admin/builder/spi-builder-workspace/.derivedData/Build/Intermediates.noindex/GeneratedModuleMaps-watchos/Recap-Swift.h /Users/admin/builder/spi-builder-workspace/.derivedData/Build/Intermediates.noindex/Recap.build/Debug-watchos/Recap-t.build/Objects-normal/arm64/Recap-Swift.h /Users/admin/builder/spi-builder-workspace/.derivedData/Build/Intermediates.noindex/Recap.build/Debug-watchos/Recap-t.build/Objects-normal/arm64_32/Recap-Swift.h (in target 'Recap' from project 'Recap')
    cd /Users/admin/builder/spi-builder-workspace
    builtin-swiftHeaderTool -arch arm64 /Users/admin/builder/spi-builder-workspace/.derivedData/Build/Intermediates.noindex/Recap.build/Debug-watchos/Recap-t.build/Objects-normal/arm64/Recap-Swift.h -arch arm64_32 /Users/admin/builder/spi-builder-workspace/.derivedData/Build/Intermediates.noindex/Recap.build/Debug-watchos/Recap-t.build/Objects-normal/arm64_32/Recap-Swift.h -o /Users/admin/builder/spi-builder-workspace/.derivedData/Build/Intermediates.noindex/GeneratedModuleMaps-watchos/Recap-Swift.h
PruneExplicitPrecompiledModules /Users/admin/builder/spi-builder-workspace/.derivedData/Build/Intermediates.noindex/SwiftExplicitPrecompiledModules
PruneExplicitPrecompiledModules /Users/admin/builder/spi-builder-workspace/.derivedData/SDKExplicitPrecompiledModules
PruneExplicitPrecompiledModules /Users/admin/builder/spi-builder-workspace/.derivedData/Build/Intermediates.noindex/ExplicitPrecompiledModules
2026-09-24 06:06:26.849 xcodebuild[657:3927] [MT] IDERunDestination: Supported platforms for the buildables in the current scheme is empty.
** BUILD FAILED **
The following build commands failed:
	SwiftCompile normal arm64 Compiling\ RecapScreen.swift,\ RecapScreenDismissButtonVisibility.swift /Users/admin/builder/spi-builder-workspace/Sources/Recap/Public/RecapScreen.swift /Users/admin/builder/spi-builder-workspace/Sources/Recap/Public/RecapScreenDismissButtonVisibility.swift (in target 'Recap' from project 'Recap')
	SwiftCompile normal arm64 /Users/admin/builder/spi-builder-workspace/Sources/Recap/Public/RecapScreen.swift (in target 'Recap' from project 'Recap')
	Building workspace Recap with scheme Recap
(3 failures)
Command line invocation:
    /Applications/Xcode-27.0.0-Release.Candidate.app/Contents/Developer/usr/bin/xcodebuild -IDEClonedSourcePackagesDirPathOverride=/Users/admin/builder/spi-builder-workspace/.dependencies -resolvePackageDependencies
Resolve Package Graph
Resolved source packages:
  Recap: /Users/admin/builder/spi-builder-workspace
resolved source packages: Recap
2026-09-24 06:06:37.249 xcodebuild[842:4743] [MT] IDERunDestination: Supported platforms for the buildables in the current scheme is empty.
{
  "default_localization" : "en",
  "dependencies" : [
  ],
  "manifest_display_name" : "Recap",
  "name" : "Recap",
  "path" : "/Users/admin/builder/spi-builder-workspace",
  "platforms" : [
    {
      "name" : "ios",
      "version" : "16.0"
    },
    {
      "name" : "maccatalyst",
      "version" : "16.0"
    }
  ],
  "products" : [
    {
      "name" : "Recap",
      "targets" : [
        "Recap"
      ],
      "type" : {
        "library" : [
          "automatic"
        ]
      }
    }
  ],
  "targets" : [
    {
      "c99name" : "RecapTests",
      "module_type" : "SwiftTarget",
      "name" : "RecapTests",
      "path" : "Tests",
      "sources" : [
        "Color+Hex.Tests.swift",
        "Color+SystemNames.Tests.swift",
        "RecapDisplayPolicy.Trigger.Tests.swift",
        "ReleasesParser.Tests.swift",
        "SemanticVersion.Tests.swift"
      ],
      "target_dependencies" : [
        "Recap"
      ],
      "type" : "test"
    },
    {
      "c99name" : "Recap",
      "module_type" : "SwiftTarget",
      "name" : "Recap",
      "path" : "Sources/Recap",
      "product_memberships" : [
        "Recap"
      ],
      "resources" : [
        {
          "path" : "/Users/admin/builder/spi-builder-workspace/Sources/Recap/Resources/Localizable.xcstrings",
          "rule" : {
            "process" : {
            }
          }
        }
      ],
      "sources" : [
        "Internal/Color+Hex.swift",
        "Internal/Color+SystemNames.swift",
        "Internal/FeatureRow.swift",
        "Internal/RecapDismissButtonStyle.swift",
        "Internal/ReleaseView.swift",
        "Public/AppVersion.swift",
        "Public/Feature.swift",
        "Public/IconFillMode.swift",
        "Public/RecapDisplayPolicy.Trigger.swift",
        "Public/RecapDisplayPolicy.swift",
        "Public/RecapScreen.swift",
        "Public/RecapScreenDismissButtonVisibility.swift",
        "Public/RecapScreenPaginationStyle.swift",
        "Public/RecapScreenStartIndex.swift",
        "Public/Release.swift",
        "Public/ReleasesParser.swift",
        "Public/ReleasesScreenDismissAction.swift",
        "Public/SemanticVersion.swift",
        "Public/View+Recap.swift"
      ],
      "type" : "library"
    }
  ],
  "tools_version" : "6.0"
}
{
  "workspace" : {
    "name" : "Recap",
    "schemes" : [
      "Recap"
    ]
  }
}
2026-09-24 06:06:38.472 xcodebuild[850:4810] [MT] IDERunDestination: Supported platforms for the buildables in the current scheme is empty.
Running build ...
env DEVELOPER_DIR=/Applications/Xcode-27.0.0-Release.Candidate.app xcrun xcodebuild -IDEClonedSourcePackagesDirPathOverride=$PWD/.dependencies -skipMacroValidation -skipPackagePluginValidation -derivedDataPath $PWD/.derivedData build -scheme Recap -destination generic/platform=watchOS
Command line invocation:
    /Applications/Xcode-27.0.0-Release.Candidate.app/Contents/Developer/usr/bin/xcodebuild -IDEClonedSourcePackagesDirPathOverride=/Users/admin/builder/spi-builder-workspace/.dependencies -skipMacroValidation -skipPackagePluginValidation -derivedDataPath /Users/admin/builder/spi-builder-workspace/.derivedData build -scheme Recap -destination generic/platform=watchOS
Resolve Package Graph
Resolved source packages:
  Recap: /Users/admin/builder/spi-builder-workspace
ComputePackagePrebuildTargetDependencyGraph
Prepare packages
CreateBuildRequest
SendProjectDescription
CreateBuildOperation
ComputeTargetDependencyGraph
note: Building targets in dependency order
note: Target dependency graph (3 targets)
    Target 'Recap-product' in project 'Recap'
        ➜ Explicit dependency on target 'Recap' in project 'Recap'
        ➜ Explicit dependency on target 'Recap_Recap' in project 'Recap'
    Target 'Recap' in project 'Recap'
        ➜ Explicit dependency on target 'Recap_Recap' in project 'Recap'
    Target 'Recap_Recap' in project 'Recap' (no dependencies)
GatherProvisioningInputs
CreateBuildDescription
ClangStatCache /Applications/Xcode-27.0.0-Release.Candidate.app/Contents/Developer/Toolchains/XcodeDefault.xctoolchain/usr/bin/clang-stat-cache /Applications/Xcode-27.0.0-Release.Candidate.app/Contents/Developer/Platforms/WatchOS.platform/Developer/SDKs/WatchOS27.0.sdk /Users/admin/builder/spi-builder-workspace/.derivedData/SDKStatCaches.noindex/watchos27.0-24R360-e829b21a6f8c9b70876ba0858053c04477534ef55a1706bf4c1112bbb242f0a2.sdkstatcache
    cd /Users/admin/builder/spi-builder-workspace/.swiftpm/xcode
    /Applications/Xcode-27.0.0-Release.Candidate.app/Contents/Developer/Toolchains/XcodeDefault.xctoolchain/usr/bin/clang-stat-cache /Applications/Xcode-27.0.0-Release.Candidate.app/Contents/Developer/Platforms/WatchOS.platform/Developer/SDKs/WatchOS27.0.sdk -o /Users/admin/builder/spi-builder-workspace/.derivedData/SDKStatCaches.noindex/watchos27.0-24R360-e829b21a6f8c9b70876ba0858053c04477534ef55a1706bf4c1112bbb242f0a2.sdkstatcache
Copy /Users/admin/builder/spi-builder-workspace/.derivedData/Build/Products/Debug-watchos/Recap.swiftmodule/arm64_32-apple-watchos.abi.json /Users/admin/builder/spi-builder-workspace/.derivedData/Build/Intermediates.noindex/Recap.build/Debug-watchos/Recap-t.build/Objects-normal/arm64_32/Recap.abi.json (in target 'Recap' from project 'Recap')
    cd /Users/admin/builder/spi-builder-workspace
    builtin-copy -exclude .DS_Store -exclude CVS -exclude .svn -exclude .git -exclude .hg -resolve-src-symlinks -rename /Users/admin/builder/spi-builder-workspace/.derivedData/Build/Intermediates.noindex/Recap.build/Debug-watchos/Recap-t.build/Objects-normal/arm64_32/Recap.abi.json /Users/admin/builder/spi-builder-workspace/.derivedData/Build/Products/Debug-watchos/Recap.swiftmodule/arm64_32-apple-watchos.abi.json
Copy /Users/admin/builder/spi-builder-workspace/.derivedData/Build/Products/Debug-watchos/Recap.swiftmodule/arm64_32-apple-watchos.swiftmodule /Users/admin/builder/spi-builder-workspace/.derivedData/Build/Intermediates.noindex/Recap.build/Debug-watchos/Recap-t.build/Objects-normal/arm64_32/Recap.swiftmodule (in target 'Recap' from project 'Recap')
    cd /Users/admin/builder/spi-builder-workspace
    builtin-copy -exclude .DS_Store -exclude CVS -exclude .svn -exclude .git -exclude .hg -resolve-src-symlinks -rename /Users/admin/builder/spi-builder-workspace/.derivedData/Build/Intermediates.noindex/Recap.build/Debug-watchos/Recap-t.build/Objects-normal/arm64_32/Recap.swiftmodule /Users/admin/builder/spi-builder-workspace/.derivedData/Build/Products/Debug-watchos/Recap.swiftmodule/arm64_32-apple-watchos.swiftmodule
SwiftMergeGeneratedHeaders /Users/admin/builder/spi-builder-workspace/.derivedData/Build/Intermediates.noindex/GeneratedModuleMaps-watchos/Recap-Swift.h /Users/admin/builder/spi-builder-workspace/.derivedData/Build/Intermediates.noindex/Recap.build/Debug-watchos/Recap-t.build/Objects-normal/arm64/Recap-Swift.h /Users/admin/builder/spi-builder-workspace/.derivedData/Build/Intermediates.noindex/Recap.build/Debug-watchos/Recap-t.build/Objects-normal/arm64_32/Recap-Swift.h (in target 'Recap' from project 'Recap')
    cd /Users/admin/builder/spi-builder-workspace
    builtin-swiftHeaderTool -arch arm64 /Users/admin/builder/spi-builder-workspace/.derivedData/Build/Intermediates.noindex/Recap.build/Debug-watchos/Recap-t.build/Objects-normal/arm64/Recap-Swift.h -arch arm64_32 /Users/admin/builder/spi-builder-workspace/.derivedData/Build/Intermediates.noindex/Recap.build/Debug-watchos/Recap-t.build/Objects-normal/arm64_32/Recap-Swift.h -o /Users/admin/builder/spi-builder-workspace/.derivedData/Build/Intermediates.noindex/GeneratedModuleMaps-watchos/Recap-Swift.h
Copy /Users/admin/builder/spi-builder-workspace/.derivedData/Build/Products/Debug-watchos/Recap.swiftmodule/arm64_32-apple-watchos.swiftdoc /Users/admin/builder/spi-builder-workspace/.derivedData/Build/Intermediates.noindex/Recap.build/Debug-watchos/Recap-t.build/Objects-normal/arm64_32/Recap.swiftdoc (in target 'Recap' from project 'Recap')
    cd /Users/admin/builder/spi-builder-workspace
    builtin-copy -exclude .DS_Store -exclude CVS -exclude .svn -exclude .git -exclude .hg -resolve-src-symlinks -rename /Users/admin/builder/spi-builder-workspace/.derivedData/Build/Intermediates.noindex/Recap.build/Debug-watchos/Recap-t.build/Objects-normal/arm64_32/Recap.swiftdoc /Users/admin/builder/spi-builder-workspace/.derivedData/Build/Products/Debug-watchos/Recap.swiftmodule/arm64_32-apple-watchos.swiftdoc
SwiftDriver Recap normal arm64 com.apple.xcode.tools.swift.compiler (in target 'Recap' from project 'Recap')
    cd /Users/admin/builder/spi-builder-workspace/.swiftpm/xcode
    builtin-SwiftDriver -- /Applications/Xcode-27.0.0-Release.Candidate.app/Contents/Developer/Toolchains/XcodeDefault.xctoolchain/usr/bin/swiftc -parse-as-library -module-name Recap -Onone @/Users/admin/builder/spi-builder-workspace/.derivedData/Build/Intermediates.noindex/Recap.build/Debug-watchos/Recap-t.build/Objects-normal/arm64/Recap.SwiftFileList -DSWIFT_PACKAGE -DDEBUG -DSWIFT_MODULE_RESOURCE_BUNDLE_AVAILABLE -DXcode -plugin-path /Applications/Xcode-27.0.0-Release.Candidate.app/Contents/Developer/Toolchains/XcodeDefault.xctoolchain/usr/lib/swift/host/plugins/testing -enable-experimental-feature DebugDescriptionMacro -sdk /Applications/Xcode-27.0.0-Release.Candidate.app/Contents/Developer/Platforms/WatchOS.platform/Developer/SDKs/WatchOS27.0.sdk -target arm64-apple-watchos9.0 -g -module-cache-path /Users/admin/builder/spi-builder-workspace/.derivedData/ModuleCache.noindex -Xfrontend -serialize-debugging-options -profile-coverage-mapping -profile-generate -enable-testing -index-store-path /Users/admin/builder/spi-builder-workspace/.derivedData/Index.noindex/DataStore -Xcc -D_LIBCPP_HARDENING_MODE\=_LIBCPP_HARDENING_MODE_DEBUG -swift-version 6 -I /Users/admin/builder/spi-builder-workspace/.derivedData/Build/Products/Debug-watchos -Isystem /Applications/Xcode-27.0.0-Release.Candidate.app/Contents/Developer/Platforms/WatchOS.platform/Developer/usr/lib -F /Users/admin/builder/spi-builder-workspace/.derivedData/Build/Products/Debug-watchos -F /Applications/Xcode-27.0.0-Release.Candidate.app/Contents/Developer/Platforms/WatchOS.platform/Developer/Library/Frameworks -F /Applications/Xcode-27.0.0-Release.Candidate.app/Contents/Developer/Platforms/WatchOS.platform/Developer/SDKs/WatchOS27.0.sdk/Developer/Library/Frameworks -emit-localized-strings -emit-localized-strings-path /Users/admin/builder/spi-builder-workspace/.derivedData/Build/Intermediates.noindex/Recap.build/Debug-watchos/Recap-t.build/Objects-normal/arm64 -c -j10 -enable-batch-mode -incremental -Xcc -ivfsstatcache -Xcc /Users/admin/builder/spi-builder-workspace/.derivedData/SDKStatCaches.noindex/watchos27.0-24R360-e829b21a6f8c9b70876ba0858053c04477534ef55a1706bf4c1112bbb242f0a2.sdkstatcache -output-file-map /Users/admin/builder/spi-builder-workspace/.derivedData/Build/Intermediates.noindex/Recap.build/Debug-watchos/Recap-t.build/Objects-normal/arm64/Recap-OutputFileMap.json -save-temps -no-color-diagnostics -explicit-module-build -module-cache-path /Users/admin/builder/spi-builder-workspace/.derivedData/Build/Intermediates.noindex/SwiftExplicitPrecompiledModules -clang-scanner-module-cache-path /Users/admin/builder/spi-builder-workspace/.derivedData/ModuleCache.noindex -sdk-module-cache-path /Users/admin/builder/spi-builder-workspace/.derivedData/SDKExplicitPrecompiledModules -emit-dependencies -emit-module -emit-module-path /Users/admin/builder/spi-builder-workspace/.derivedData/Build/Intermediates.noindex/Recap.build/Debug-watchos/Recap-t.build/Objects-normal/arm64/Recap.swiftmodule -serialize-diagnostics -dependency-scan-serialize-diagnostics-path /Users/admin/builder/spi-builder-workspace/.derivedData/Build/Intermediates.noindex/Recap.build/Debug-watchos/Recap-t.build/Objects-normal/arm64/Recap-dependency-scan.dia -validate-clang-modules-once -clang-build-session-file /Users/admin/builder/spi-builder-workspace/.derivedData/ModuleCache.noindex/Session.modulevalidation -Xcc -fmodules-prune-interval\=86400 -Xcc -fmodules-prune-after\=345600 -package-name spi_builder_workspace -emit-const-values -const-gather-protocols-list /Users/admin/builder/spi-builder-workspace/.derivedData/Build/Intermediates.noindex/Recap.build/Debug-watchos/Recap-t.build/Objects-normal/arm64/Recap_const_extract_protocols.json -Xcc -I/Users/admin/builder/spi-builder-workspace/.derivedData/Build/Products/Debug-watchos/include -Xcc -I/Users/admin/builder/spi-builder-workspace/.derivedData/Build/Intermediates.noindex/Recap.build/Debug-watchos/Recap-t.build/DerivedSources-normal/arm64 -Xcc -I/Users/admin/builder/spi-builder-workspace/.derivedData/Build/Intermediates.noindex/Recap.build/Debug-watchos/Recap-t.build/DerivedSources/arm64 -Xcc -I/Users/admin/builder/spi-builder-workspace/.derivedData/Build/Intermediates.noindex/Recap.build/Debug-watchos/Recap-t.build/DerivedSources -Xcc -DSWIFT_PACKAGE -Xcc -DDEBUG\=1 -emit-objc-header -emit-objc-header-path /Users/admin/builder/spi-builder-workspace/.derivedData/Build/Intermediates.noindex/Recap.build/Debug-watchos/Recap-t.build/Objects-normal/arm64/Recap-Swift.h -working-directory /Users/admin/builder/spi-builder-workspace/.swiftpm/xcode -experimental-emit-module-separately -disable-cmo
SwiftDriver Recap normal arm64_32 com.apple.xcode.tools.swift.compiler (in target 'Recap' from project 'Recap')
    cd /Users/admin/builder/spi-builder-workspace/.swiftpm/xcode
    builtin-SwiftDriver -- /Applications/Xcode-27.0.0-Release.Candidate.app/Contents/Developer/Toolchains/XcodeDefault.xctoolchain/usr/bin/swiftc -parse-as-library -module-name Recap -Onone @/Users/admin/builder/spi-builder-workspace/.derivedData/Build/Intermediates.noindex/Recap.build/Debug-watchos/Recap-t.build/Objects-normal/arm64_32/Recap.SwiftFileList -DSWIFT_PACKAGE -DDEBUG -DSWIFT_MODULE_RESOURCE_BUNDLE_AVAILABLE -DXcode -plugin-path /Applications/Xcode-27.0.0-Release.Candidate.app/Contents/Developer/Toolchains/XcodeDefault.xctoolchain/usr/lib/swift/host/plugins/testing -enable-experimental-feature DebugDescriptionMacro -sdk /Applications/Xcode-27.0.0-Release.Candidate.app/Contents/Developer/Platforms/WatchOS.platform/Developer/SDKs/WatchOS27.0.sdk -target arm64_32-apple-watchos9.0 -g -module-cache-path /Users/admin/builder/spi-builder-workspace/.derivedData/ModuleCache.noindex -Xfrontend -serialize-debugging-options -profile-coverage-mapping -profile-generate -enable-testing -index-store-path /Users/admin/builder/spi-builder-workspace/.derivedData/Index.noindex/DataStore -Xcc -D_LIBCPP_HARDENING_MODE\=_LIBCPP_HARDENING_MODE_DEBUG -swift-version 6 -I /Users/admin/builder/spi-builder-workspace/.derivedData/Build/Products/Debug-watchos -Isystem /Applications/Xcode-27.0.0-Release.Candidate.app/Contents/Developer/Platforms/WatchOS.platform/Developer/usr/lib -F /Users/admin/builder/spi-builder-workspace/.derivedData/Build/Products/Debug-watchos -F /Applications/Xcode-27.0.0-Release.Candidate.app/Contents/Developer/Platforms/WatchOS.platform/Developer/Library/Frameworks -F /Applications/Xcode-27.0.0-Release.Candidate.app/Contents/Developer/Platforms/WatchOS.platform/Developer/SDKs/WatchOS27.0.sdk/Developer/Library/Frameworks -emit-localized-strings -emit-localized-strings-path /Users/admin/builder/spi-builder-workspace/.derivedData/Build/Intermediates.noindex/Recap.build/Debug-watchos/Recap-t.build/Objects-normal/arm64_32 -c -j10 -enable-batch-mode -incremental -Xcc -ivfsstatcache -Xcc /Users/admin/builder/spi-builder-workspace/.derivedData/SDKStatCaches.noindex/watchos27.0-24R360-e829b21a6f8c9b70876ba0858053c04477534ef55a1706bf4c1112bbb242f0a2.sdkstatcache -output-file-map /Users/admin/builder/spi-builder-workspace/.derivedData/Build/Intermediates.noindex/Recap.build/Debug-watchos/Recap-t.build/Objects-normal/arm64_32/Recap-OutputFileMap.json -save-temps -no-color-diagnostics -explicit-module-build -module-cache-path /Users/admin/builder/spi-builder-workspace/.derivedData/Build/Intermediates.noindex/SwiftExplicitPrecompiledModules -clang-scanner-module-cache-path /Users/admin/builder/spi-builder-workspace/.derivedData/ModuleCache.noindex -sdk-module-cache-path /Users/admin/builder/spi-builder-workspace/.derivedData/SDKExplicitPrecompiledModules -emit-dependencies -emit-module -emit-module-path /Users/admin/builder/spi-builder-workspace/.derivedData/Build/Intermediates.noindex/Recap.build/Debug-watchos/Recap-t.build/Objects-normal/arm64_32/Recap.swiftmodule -serialize-diagnostics -dependency-scan-serialize-diagnostics-path /Users/admin/builder/spi-builder-workspace/.derivedData/Build/Intermediates.noindex/Recap.build/Debug-watchos/Recap-t.build/Objects-normal/arm64_32/Recap-dependency-scan.dia -validate-clang-modules-once -clang-build-session-file /Users/admin/builder/spi-builder-workspace/.derivedData/ModuleCache.noindex/Session.modulevalidation -Xcc -fmodules-prune-interval\=86400 -Xcc -fmodules-prune-after\=345600 -package-name spi_builder_workspace -emit-const-values -const-gather-protocols-list /Users/admin/builder/spi-builder-workspace/.derivedData/Build/Intermediates.noindex/Recap.build/Debug-watchos/Recap-t.build/Objects-normal/arm64_32/Recap_const_extract_protocols.json -Xcc -I/Users/admin/builder/spi-builder-workspace/.derivedData/Build/Products/Debug-watchos/include -Xcc -I/Users/admin/builder/spi-builder-workspace/.derivedData/Build/Intermediates.noindex/Recap.build/Debug-watchos/Recap-t.build/DerivedSources-normal/arm64_32 -Xcc -I/Users/admin/builder/spi-builder-workspace/.derivedData/Build/Intermediates.noindex/Recap.build/Debug-watchos/Recap-t.build/DerivedSources/arm64_32 -Xcc -I/Users/admin/builder/spi-builder-workspace/.derivedData/Build/Intermediates.noindex/Recap.build/Debug-watchos/Recap-t.build/DerivedSources -Xcc -DSWIFT_PACKAGE -Xcc -DDEBUG\=1 -emit-objc-header -emit-objc-header-path /Users/admin/builder/spi-builder-workspace/.derivedData/Build/Intermediates.noindex/Recap.build/Debug-watchos/Recap-t.build/Objects-normal/arm64_32/Recap-Swift.h -working-directory /Users/admin/builder/spi-builder-workspace/.swiftpm/xcode -experimental-emit-module-separately -disable-cmo
Copy /Users/admin/builder/spi-builder-workspace/.derivedData/Build/Products/Debug-watchos/Recap.swiftmodule/Project/arm64_32-apple-watchos.swiftsourceinfo /Users/admin/builder/spi-builder-workspace/.derivedData/Build/Intermediates.noindex/Recap.build/Debug-watchos/Recap-t.build/Objects-normal/arm64_32/Recap.swiftsourceinfo (in target 'Recap' from project 'Recap')
    cd /Users/admin/builder/spi-builder-workspace
    builtin-copy -exclude .DS_Store -exclude CVS -exclude .svn -exclude .git -exclude .hg -resolve-src-symlinks -rename /Users/admin/builder/spi-builder-workspace/.derivedData/Build/Intermediates.noindex/Recap.build/Debug-watchos/Recap-t.build/Objects-normal/arm64_32/Recap.swiftsourceinfo /Users/admin/builder/spi-builder-workspace/.derivedData/Build/Products/Debug-watchos/Recap.swiftmodule/Project/arm64_32-apple-watchos.swiftsourceinfo
SwiftCompile normal arm64 Compiling\ Color+SystemNames.swift,\ FeatureRow.swift /Users/admin/builder/spi-builder-workspace/Sources/Recap/Internal/Color+SystemNames.swift /Users/admin/builder/spi-builder-workspace/Sources/Recap/Internal/FeatureRow.swift (in target 'Recap' from project 'Recap')
SwiftCompile normal arm64 /Users/admin/builder/spi-builder-workspace/Sources/Recap/Internal/Color+SystemNames.swift (in target 'Recap' from project 'Recap')
    cd /Users/admin/builder/spi-builder-workspace/.swiftpm/xcode
    builtin-SwiftPerFileCompile Color+SystemNames.swift
SwiftCompile normal arm64 /Users/admin/builder/spi-builder-workspace/Sources/Recap/Internal/FeatureRow.swift (in target 'Recap' from project 'Recap')
    cd /Users/admin/builder/spi-builder-workspace/.swiftpm/xcode
    builtin-SwiftPerFileCompile FeatureRow.swift
SwiftCompile normal arm64 Compiling\ AppVersion.swift,\ Feature.swift /Users/admin/builder/spi-builder-workspace/Sources/Recap/Public/AppVersion.swift /Users/admin/builder/spi-builder-workspace/Sources/Recap/Public/Feature.swift (in target 'Recap' from project 'Recap')
SwiftCompile normal arm64 /Users/admin/builder/spi-builder-workspace/Sources/Recap/Public/AppVersion.swift (in target 'Recap' from project 'Recap')
    cd /Users/admin/builder/spi-builder-workspace/.swiftpm/xcode
    builtin-SwiftPerFileCompile AppVersion.swift
SwiftCompile normal arm64 /Users/admin/builder/spi-builder-workspace/Sources/Recap/Public/Feature.swift (in target 'Recap' from project 'Recap')
    cd /Users/admin/builder/spi-builder-workspace/.swiftpm/xcode
    builtin-SwiftPerFileCompile Feature.swift
SwiftCompile normal arm64 Compiling\ IconFillMode.swift,\ RecapDisplayPolicy.Trigger.swift /Users/admin/builder/spi-builder-workspace/Sources/Recap/Public/IconFillMode.swift /Users/admin/builder/spi-builder-workspace/Sources/Recap/Public/RecapDisplayPolicy.Trigger.swift (in target 'Recap' from project 'Recap')
SwiftCompile normal arm64 /Users/admin/builder/spi-builder-workspace/Sources/Recap/Public/IconFillMode.swift (in target 'Recap' from project 'Recap')
    cd /Users/admin/builder/spi-builder-workspace/.swiftpm/xcode
    builtin-SwiftPerFileCompile IconFillMode.swift
SwiftCompile normal arm64 /Users/admin/builder/spi-builder-workspace/Sources/Recap/Public/RecapDisplayPolicy.Trigger.swift (in target 'Recap' from project 'Recap')
    cd /Users/admin/builder/spi-builder-workspace/.swiftpm/xcode
    builtin-SwiftPerFileCompile RecapDisplayPolicy.Trigger.swift
SwiftCompile normal arm64 Compiling\ RecapDisplayPolicy.swift,\ RecapScreen.swift /Users/admin/builder/spi-builder-workspace/Sources/Recap/Public/RecapDisplayPolicy.swift /Users/admin/builder/spi-builder-workspace/Sources/Recap/Public/RecapScreen.swift (in target 'Recap' from project 'Recap')
/Users/admin/builder/spi-builder-workspace/Sources/Recap/Public/RecapScreen.swift:306:51: error: 'UIPageControl' is unavailable in watchOS
304 |     func setupAppearanceChanges() {
305 | #if canImport(UIKit)
306 |         self.originalSelectedPageIndicatorColor = UIPageControl.appearance().currentPageIndicatorTintColor
    |                                                   `- error: 'UIPageControl' is unavailable in watchOS
307 |         self.originalDeselectedPageIndicatorColor = UIPageControl.appearance().pageIndicatorTintColor
308 |
/Applications/Xcode-27.0.0-Release.Candidate.app/Contents/Developer/Platforms/WatchOS.platform/Developer/SDKs/WatchOS27.0.sdk/System/Library/Frameworks/UIKit.framework/Headers/UIPageControl.h:50:12: note: 'UIPageControl' has been explicitly marked unavailable here
 48 |
 49 | UIKIT_EXTERN API_AVAILABLE(ios(2.0)) API_UNAVAILABLE(watchos) NS_SWIFT_UI_ACTOR
 50 | @interface UIPageControl : UIControl
    |            `- note: 'UIPageControl' has been explicitly marked unavailable here
 51 |
 52 | /// default is 0
/Users/admin/builder/spi-builder-workspace/Sources/Recap/Public/RecapScreen.swift:307:53: error: 'UIPageControl' is unavailable in watchOS
305 | #if canImport(UIKit)
306 |         self.originalSelectedPageIndicatorColor = UIPageControl.appearance().currentPageIndicatorTintColor
307 |         self.originalDeselectedPageIndicatorColor = UIPageControl.appearance().pageIndicatorTintColor
    |                                                     `- error: 'UIPageControl' is unavailable in watchOS
308 |
309 |         UIPageControl.appearance().currentPageIndicatorTintColor = UIColor(self.selectedPageIndicatorColor)
/Applications/Xcode-27.0.0-Release.Candidate.app/Contents/Developer/Platforms/WatchOS.platform/Developer/SDKs/WatchOS27.0.sdk/System/Library/Frameworks/UIKit.framework/Headers/UIPageControl.h:50:12: note: 'UIPageControl' has been explicitly marked unavailable here
 48 |
 49 | UIKIT_EXTERN API_AVAILABLE(ios(2.0)) API_UNAVAILABLE(watchos) NS_SWIFT_UI_ACTOR
 50 | @interface UIPageControl : UIControl
    |            `- note: 'UIPageControl' has been explicitly marked unavailable here
 51 |
 52 | /// default is 0
/Users/admin/builder/spi-builder-workspace/Sources/Recap/Public/RecapScreen.swift:309:9: error: 'UIPageControl' is unavailable in watchOS
307 |         self.originalDeselectedPageIndicatorColor = UIPageControl.appearance().pageIndicatorTintColor
308 |
309 |         UIPageControl.appearance().currentPageIndicatorTintColor = UIColor(self.selectedPageIndicatorColor)
    |         `- error: 'UIPageControl' is unavailable in watchOS
310 |         UIPageControl.appearance().pageIndicatorTintColor = UIColor(self.deselectedPageIndicatorColor)
311 | #endif
/Applications/Xcode-27.0.0-Release.Candidate.app/Contents/Developer/Platforms/WatchOS.platform/Developer/SDKs/WatchOS27.0.sdk/System/Library/Frameworks/UIKit.framework/Headers/UIPageControl.h:50:12: note: 'UIPageControl' has been explicitly marked unavailable here
 48 |
 49 | UIKIT_EXTERN API_AVAILABLE(ios(2.0)) API_UNAVAILABLE(watchos) NS_SWIFT_UI_ACTOR
 50 | @interface UIPageControl : UIControl
    |            `- note: 'UIPageControl' has been explicitly marked unavailable here
 51 |
 52 | /// default is 0
/Users/admin/builder/spi-builder-workspace/Sources/Recap/Public/RecapScreen.swift:310:9: error: 'UIPageControl' is unavailable in watchOS
308 |
309 |         UIPageControl.appearance().currentPageIndicatorTintColor = UIColor(self.selectedPageIndicatorColor)
310 |         UIPageControl.appearance().pageIndicatorTintColor = UIColor(self.deselectedPageIndicatorColor)
    |         `- error: 'UIPageControl' is unavailable in watchOS
311 | #endif
312 |     }
/Applications/Xcode-27.0.0-Release.Candidate.app/Contents/Developer/Platforms/WatchOS.platform/Developer/SDKs/WatchOS27.0.sdk/System/Library/Frameworks/UIKit.framework/Headers/UIPageControl.h:50:12: note: 'UIPageControl' has been explicitly marked unavailable here
 48 |
 49 | UIKIT_EXTERN API_AVAILABLE(ios(2.0)) API_UNAVAILABLE(watchos) NS_SWIFT_UI_ACTOR
 50 | @interface UIPageControl : UIControl
    |            `- note: 'UIPageControl' has been explicitly marked unavailable here
 51 |
 52 | /// default is 0
/Users/admin/builder/spi-builder-workspace/Sources/Recap/Public/RecapScreen.swift:316:9: error: 'UIPageControl' is unavailable in watchOS
314 |     func teardownAppearanceChanges() {
315 | #if canImport(UIKit)
316 |         UIPageControl.appearance().currentPageIndicatorTintColor = self.originalSelectedPageIndicatorColor
    |         `- error: 'UIPageControl' is unavailable in watchOS
317 |         UIPageControl.appearance().pageIndicatorTintColor = self.originalDeselectedPageIndicatorColor
318 | #endif
/Applications/Xcode-27.0.0-Release.Candidate.app/Contents/Developer/Platforms/WatchOS.platform/Developer/SDKs/WatchOS27.0.sdk/System/Library/Frameworks/UIKit.framework/Headers/UIPageControl.h:50:12: note: 'UIPageControl' has been explicitly marked unavailable here
 48 |
 49 | UIKIT_EXTERN API_AVAILABLE(ios(2.0)) API_UNAVAILABLE(watchos) NS_SWIFT_UI_ACTOR
 50 | @interface UIPageControl : UIControl
    |            `- note: 'UIPageControl' has been explicitly marked unavailable here
 51 |
 52 | /// default is 0
/Users/admin/builder/spi-builder-workspace/Sources/Recap/Public/RecapScreen.swift:317:9: error: 'UIPageControl' is unavailable in watchOS
315 | #if canImport(UIKit)
316 |         UIPageControl.appearance().currentPageIndicatorTintColor = self.originalSelectedPageIndicatorColor
317 |         UIPageControl.appearance().pageIndicatorTintColor = self.originalDeselectedPageIndicatorColor
    |         `- error: 'UIPageControl' is unavailable in watchOS
318 | #endif
319 |     }
/Applications/Xcode-27.0.0-Release.Candidate.app/Contents/Developer/Platforms/WatchOS.platform/Developer/SDKs/WatchOS27.0.sdk/System/Library/Frameworks/UIKit.framework/Headers/UIPageControl.h:50:12: note: 'UIPageControl' has been explicitly marked unavailable here
 48 |
 49 | UIKIT_EXTERN API_AVAILABLE(ios(2.0)) API_UNAVAILABLE(watchos) NS_SWIFT_UI_ACTOR
 50 | @interface UIPageControl : UIControl
    |            `- note: 'UIPageControl' has been explicitly marked unavailable here
 51 |
 52 | /// default is 0
/Users/admin/builder/spi-builder-workspace/Sources/Recap/Public/RecapScreen.swift:415:12: error: 'UIDevice' is unavailable in watchOS
413 |         return false
414 | 		#else
415 |         if UIDevice.current.userInterfaceIdiom == .pad {
    |            `- error: 'UIDevice' is unavailable in watchOS
416 |             // On iPad, we don't display fullscreen so the home bar isn't relevant.
417 |             return false
/Applications/Xcode-27.0.0-Release.Candidate.app/Contents/Developer/Platforms/WatchOS.platform/Developer/SDKs/WatchOS27.0.sdk/System/Library/Frameworks/UIKit.framework/Headers/UIDevice.h:35:12: note: 'UIDevice' has been explicitly marked unavailable here
33 |
34 | UIKIT_EXTERN API_AVAILABLE(ios(2.0)) API_UNAVAILABLE(watchos) NS_SWIFT_UI_ACTOR
35 | @interface UIDevice : NSObject
   |            `- note: 'UIDevice' has been explicitly marked unavailable here
36 |
37 | @property(class, nonatomic, readonly) UIDevice *currentDevice;
/Users/admin/builder/spi-builder-workspace/Sources/Recap/Public/RecapScreen.swift:419:32: error: 'UIApplication' is unavailable in watchOS
417 |             return false
418 |         } else {
419 |             let windowScenes = UIApplication.shared.connectedScenes.compactMap({ $0 as? UIWindowScene })
    |                                `- error: 'UIApplication' is unavailable in watchOS
420 |             let mainScene = windowScenes.first(where: { $0.screen == .main })
421 |             let mainWindow = (mainScene?.keyWindow ?? mainScene?.windows.first)
/Applications/Xcode-27.0.0-Release.Candidate.app/Contents/Developer/Platforms/WatchOS.platform/Developer/SDKs/WatchOS27.0.sdk/System/Library/Frameworks/UIKit.framework/Headers/UIApplication.h:85:12: note: 'UIApplication' has been explicitly marked unavailable here
 83 |
 84 | UIKIT_EXTERN API_AVAILABLE(ios(2.0)) API_UNAVAILABLE(watchos) NS_SWIFT_UI_ACTOR
 85 | @interface UIApplication : UIResponder
    |            `- note: 'UIApplication' has been explicitly marked unavailable here
 86 |
 87 | @property(class, nonatomic, readonly) UIApplication *sharedApplication NS_EXTENSION_UNAVAILABLE_IOS("Use view controller based solutions where appropriate instead.");
/Users/admin/builder/spi-builder-workspace/Sources/Recap/Public/RecapScreen.swift:419:53: error: 'connectedScenes' is unavailable in watchOS
417 |             return false
418 |         } else {
419 |             let windowScenes = UIApplication.shared.connectedScenes.compactMap({ $0 as? UIWindowScene })
    |                                                     `- error: 'connectedScenes' is unavailable in watchOS
420 |             let mainScene = windowScenes.first(where: { $0.screen == .main })
421 |             let mainWindow = (mainScene?.keyWindow ?? mainScene?.windows.first)
/Applications/Xcode-27.0.0-Release.Candidate.app/Contents/Developer/Platforms/WatchOS.platform/Developer/SDKs/WatchOS27.0.sdk/System/Library/Frameworks/UIKit.framework/Headers/UIApplication.h:189:50: note: 'connectedScenes' has been explicitly marked unavailable here
187 | #pragma mark -- UIScene --
188 | // All of the currently connected UIScene instances
189 | @property(nonatomic, readonly) NSSet<UIScene *> *connectedScenes API_AVAILABLE(ios(13.0)) API_UNAVAILABLE(watchos);
    |                                                  `- note: 'connectedScenes' has been explicitly marked unavailable here
190 |
191 | // All of the representations that currently have connected UIScene instances or had their sessions persisted by the system (ex: visible in iOS' switcher)
/Users/admin/builder/spi-builder-workspace/Sources/Recap/Public/RecapScreen.swift:419:89: error: 'UIWindowScene' is unavailable in watchOS
417 |             return false
418 |         } else {
419 |             let windowScenes = UIApplication.shared.connectedScenes.compactMap({ $0 as? UIWindowScene })
    |                                                                                         `- error: 'UIWindowScene' is unavailable in watchOS
420 |             let mainScene = windowScenes.first(where: { $0.screen == .main })
421 |             let mainWindow = (mainScene?.keyWindow ?? mainScene?.windows.first)
/Applications/Xcode-27.0.0-Release.Candidate.app/Contents/Developer/Platforms/WatchOS.platform/Developer/SDKs/WatchOS27.0.sdk/System/Library/Frameworks/UIKit.framework/Headers/UIWindowScene.h:22:12: note: 'UIWindowScene' has been explicitly marked unavailable here
 20 |
 21 | UIKIT_EXTERN API_AVAILABLE(ios(13.0)) API_UNAVAILABLE(watchos) NS_SWIFT_UI_ACTOR
 22 | @interface UIWindowScene : UIScene
    |            `- note: 'UIWindowScene' has been explicitly marked unavailable here
 23 |
 24 | #pragma mark Geometry
/Users/admin/builder/spi-builder-workspace/Sources/Recap/Public/RecapScreen.swift:420:71: error: 'main' is unavailable in watchOS
418 |         } else {
419 |             let windowScenes = UIApplication.shared.connectedScenes.compactMap({ $0 as? UIWindowScene })
420 |             let mainScene = windowScenes.first(where: { $0.screen == .main })
    |                                                                       `- error: 'main' is unavailable in watchOS
421 |             let mainWindow = (mainScene?.keyWindow ?? mainScene?.windows.first)
422 |             return (mainWindow?.safeAreaInsets.bottom ?? 0.0) > 0.0
/Applications/Xcode-27.0.0-Release.Candidate.app/Contents/Developer/Platforms/WatchOS.platform/Developer/SDKs/WatchOS27.0.sdk/System/Library/Frameworks/UIKit.framework/Headers/UIScreen.h:57:49: note: 'main' has been explicitly marked unavailable here
 55 |
 56 | @property(class, nonatomic, readonly) NSArray<UIScreen *> *screens API_DEPRECATED("Use UIApplication.shared.openSessions to find open sessions with scenes from other screens", ios(3.2, 16.0), visionos(1.0, 1.0)) API_UNAVAILABLE(watchos); // all screens currently attached to the device
 57 | @property(class, nonatomic, readonly) UIScreen *mainScreen API_DEPRECATED("Use a UIScreen instance found through context instead (i.e, view.window.windowScene.screen), or for properties like UIScreen.scale with trait equivalents, use a traitCollection found through context.", ios(2.0, 26.0), tvos(9.0, 26.0), visionos(1.0, 26.0)) API_UNAVAILABLE(watchos);
    |                                                 `- note: 'main' has been explicitly marked unavailable here
 58 |
 59 | @property(nonatomic,readonly) CGRect  bounds;                // Bounds of entire screen in points
/Users/admin/builder/spi-builder-workspace/Sources/Recap/Public/RecapScreen.swift:421:42: error: 'keyWindow' is unavailable in watchOS
419 |             let windowScenes = UIApplication.shared.connectedScenes.compactMap({ $0 as? UIWindowScene })
420 |             let mainScene = windowScenes.first(where: { $0.screen == .main })
421 |             let mainWindow = (mainScene?.keyWindow ?? mainScene?.windows.first)
    |                                          `- error: 'keyWindow' is unavailable in watchOS
422 |             return (mainWindow?.safeAreaInsets.bottom ?? 0.0) > 0.0
423 |         }
/Applications/Xcode-27.0.0-Release.Candidate.app/Contents/Developer/Platforms/WatchOS.platform/Developer/SDKs/WatchOS27.0.sdk/System/Library/Frameworks/UIKit.framework/Headers/UIWindowScene.h:45:61: note: 'keyWindow' has been explicitly marked unavailable here
 43 |
 44 | // The key window for this UIWindowScene
 45 | @property (nonatomic, readonly, strong, nullable) UIWindow *keyWindow API_AVAILABLE(ios(15.0)) API_UNAVAILABLE(watchos);
    |                                                             `- note: 'keyWindow' has been explicitly marked unavailable here
 46 |
 47 | /// An optional object used as a source of scene-level activity items configuration
/Users/admin/builder/spi-builder-workspace/Sources/Recap/Public/RecapScreen.swift:422:33: error: 'safeAreaInsets' is unavailable in watchOS
420 |             let mainScene = windowScenes.first(where: { $0.screen == .main })
421 |             let mainWindow = (mainScene?.keyWindow ?? mainScene?.windows.first)
422 |             return (mainWindow?.safeAreaInsets.bottom ?? 0.0) > 0.0
    |                                 `- error: 'safeAreaInsets' is unavailable in watchOS
423 |         }
424 | 		#endif
/Applications/Xcode-27.0.0-Release.Candidate.app/Contents/Developer/Platforms/WatchOS.platform/Developer/SDKs/WatchOS27.0.sdk/System/Library/Frameworks/UIKit.framework/Headers/UIView.h:293:45: note: 'safeAreaInsets' has been explicitly marked unavailable here
291 | - (void)layoutMarginsDidChange API_AVAILABLE(ios(8.0));
292 |
293 | @property (nonatomic,readonly) UIEdgeInsets safeAreaInsets API_AVAILABLE(ios(11.0), tvos(11.0)) API_UNAVAILABLE(watchos);
    |                                             `- note: 'safeAreaInsets' has been explicitly marked unavailable here
294 | - (void)safeAreaInsetsDidChange API_AVAILABLE(ios(11.0), tvos(11.0)) API_UNAVAILABLE(watchos);
295 |
Failed frontend command:
SwiftCompile normal arm64 /Users/admin/builder/spi-builder-workspace/Sources/Recap/Public/RecapDisplayPolicy.swift (in target 'Recap' from project 'Recap')
    cd /Users/admin/builder/spi-builder-workspace/.swiftpm/xcode
    builtin-SwiftPerFileCompile RecapDisplayPolicy.swift
SwiftCompile normal arm64 /Users/admin/builder/spi-builder-workspace/Sources/Recap/Public/RecapScreen.swift (in target 'Recap' from project 'Recap')
    cd /Users/admin/builder/spi-builder-workspace/.swiftpm/xcode
    builtin-SwiftPerFileCompile RecapScreen.swift
/Applications/Xcode-27.0.0-Release.Candidate.app/Contents/Developer/Toolchains/XcodeDefault.xctoolchain/usr/bin/swift-frontend -frontend -c /Users/admin/builder/spi-builder-workspace/.derivedData/Build/Intermediates.noindex/Recap.build/Debug-watchos/Recap-t.build/DerivedSources/resource_bundle_accessor.swift /Users/admin/builder/spi-builder-workspace/Sources/Recap/Internal/Color+Hex.swift /Users/admin/builder/spi-builder-workspace/Sources/Recap/Internal/Color+SystemNames.swift /Users/admin/builder/spi-builder-workspace/Sources/Recap/Internal/FeatureRow.swift /Users/admin/builder/spi-builder-workspace/Sources/Recap/Internal/RecapDismissButtonStyle.swift /Users/admin/builder/spi-builder-workspace/Sources/Recap/Internal/ReleaseView.swift /Users/admin/builder/spi-builder-workspace/Sources/Recap/Public/AppVersion.swift /Users/admin/builder/spi-builder-workspace/Sources/Recap/Public/Feature.swift /Users/admin/builder/spi-builder-workspace/Sources/Recap/Public/IconFillMode.swift /Users/admin/builder/spi-builder-workspace/Sources/Recap/Public/RecapDisplayPolicy.Trigger.swift -primary-file /Users/admin/builder/spi-builder-workspace/Sources/Recap/Public/RecapDisplayPolicy.swift -primary-file /Users/admin/builder/spi-builder-workspace/Sources/Recap/Public/RecapScreen.swift /Users/admin/builder/spi-builder-workspace/Sources/Recap/Public/RecapScreenDismissButtonVisibility.swift /Users/admin/builder/spi-builder-workspace/Sources/Recap/Public/RecapScreenPaginationStyle.swift /Users/admin/builder/spi-builder-workspace/Sources/Recap/Public/RecapScreenStartIndex.swift /Users/admin/builder/spi-builder-workspace/Sources/Recap/Public/Release.swift /Users/admin/builder/spi-builder-workspace/Sources/Recap/Public/ReleasesParser.swift /Users/admin/builder/spi-builder-workspace/Sources/Recap/Public/ReleasesScreenDismissAction.swift /Users/admin/builder/spi-builder-workspace/Sources/Recap/Public/SemanticVersion.swift /Users/admin/builder/spi-builder-workspace/Sources/Recap/Public/View+Recap.swift /Users/admin/builder/spi-builder-workspace/.derivedData/Build/Intermediates.noindex/Recap.build/Debug-watchos/Recap-t.build/DerivedSources/GeneratedStringSymbols_Localizable.swift -emit-dependencies-path /Users/admin/builder/spi-builder-workspace/.derivedData/Build/Intermediates.noindex/Recap.build/Debug-watchos/Recap-t.build/Objects-normal/arm64/RecapDisplayPolicy.d -emit-const-values-path /Users/admin/builder/spi-builder-workspace/.derivedData/Build/Intermediates.noindex/Recap.build/Debug-watchos/Recap-t.build/Objects-normal/arm64/RecapDisplayPolicy.swiftconstvalues -emit-reference-dependencies-path /Users/admin/builder/spi-builder-workspace/.derivedData/Build/Intermediates.noindex/Recap.build/Debug-watchos/Recap-t.build/Objects-normal/arm64/RecapDisplayPolicy.swiftdeps -serialize-diagnostics-path /Users/admin/builder/spi-builder-workspace/.derivedData/Build/Intermediates.noindex/Recap.build/Debug-watchos/Recap-t.build/Objects-normal/arm64/RecapDisplayPolicy.dia -emit-dependencies-path /Users/admin/builder/spi-builder-workspace/.derivedData/Build/Intermediates.noindex/Recap.build/Debug-watchos/Recap-t.build/Objects-normal/arm64/RecapScreen.d -emit-const-values-path /Users/admin/builder/spi-builder-workspace/.derivedData/Build/Intermediates.noindex/Recap.build/Debug-watchos/Recap-t.build/Objects-normal/arm64/RecapScreen.swiftconstvalues -emit-reference-dependencies-path /Users/admin/builder/spi-builder-workspace/.derivedData/Build/Intermediates.noindex/Recap.build/Debug-watchos/Recap-t.build/Objects-normal/arm64/RecapScreen.swiftdeps -serialize-diagnostics-path /Users/admin/builder/spi-builder-workspace/.derivedData/Build/Intermediates.noindex/Recap.build/Debug-watchos/Recap-t.build/Objects-normal/arm64/RecapScreen.dia -emit-localized-strings -emit-localized-strings-path /Users/admin/builder/spi-builder-workspace/.derivedData/Build/Intermediates.noindex/Recap.build/Debug-watchos/Recap-t.build/Objects-normal/arm64 -target arm64-apple-watchos9.0 -module-can-import-version UIKit 9127.0.84.1 9127.0.84 -disable-cross-import-overlay-search -load-resolved-plugin /Applications/Xcode-27.0.0-Release.Candidate.app/Contents/Developer/Platforms/WatchOS.platform/Developer/usr/lib/swift/host/plugins/libFoundationMacros.dylib\#/Applications/Xcode-27.0.0-Release.Candidate.app/Contents/Developer/Platforms/WatchOS.platform/Developer/usr/bin/swift-plugin-server\#FoundationMacros -load-resolved-plugin /Applications/Xcode-27.0.0-Release.Candidate.app/Contents/Developer/Platforms/WatchOS.platform/Developer/usr/lib/swift/host/plugins/libObservationMacros.dylib\#/Applications/Xcode-27.0.0-Release.Candidate.app/Contents/Developer/Platforms/WatchOS.platform/Developer/usr/bin/swift-plugin-server\#ObservationMacros -load-resolved-plugin /Applications/Xcode-27.0.0-Release.Candidate.app/Contents/Developer/Platforms/WatchOS.platform/Developer/usr/lib/swift/host/plugins/libPreviewsMacros.dylib\#/Applications/Xcode-27.0.0-Release.Candidate.app/Contents/Developer/Platforms/WatchOS.platform/Developer/usr/bin/swift-plugin-server\#PreviewsMacros -load-resolved-plugin /Applications/Xcode-27.0.0-Release.Candidate.app/Contents/Developer/Platforms/WatchOS.platform/Developer/usr/lib/swift/host/plugins/libSwiftMacros.dylib\#/Applications/Xcode-27.0.0-Release.Candidate.app/Contents/Developer/Platforms/WatchOS.platform/Developer/usr/bin/swift-plugin-server\#SwiftMacros -load-resolved-plugin /Applications/Xcode-27.0.0-Release.Candidate.app/Contents/Developer/Platforms/WatchOS.platform/Developer/usr/lib/swift/host/plugins/libSwiftUIMacros.dylib\#/Applications/Xcode-27.0.0-Release.Candidate.app/Contents/Developer/Platforms/WatchOS.platform/Developer/usr/bin/swift-plugin-server\#SwiftUIMacros -disable-implicit-swift-modules -Xcc -fno-implicit-modules -Xcc -fno-implicit-module-maps -explicit-swift-module-map-file /Users/admin/builder/spi-builder-workspace/.derivedData/Build/Intermediates.noindex/Recap.build/Debug-watchos/Recap-t.build/Objects-normal/arm64/Recap-dependencies-2.json -Xllvm -aarch64-use-tbi -enable-objc-interop -stack-check -sdk /Applications/Xcode-27.0.0-Release.Candidate.app/Contents/Developer/Platforms/WatchOS.platform/Developer/SDKs/WatchOS27.0.sdk -I /Users/admin/builder/spi-builder-workspace/.derivedData/Build/Products/Debug-watchos -Isystem /Applications/Xcode-27.0.0-Release.Candidate.app/Contents/Developer/Platforms/WatchOS.platform/Developer/usr/lib -F /Users/admin/builder/spi-builder-workspace/.derivedData/Build/Products/Debug-watchos -F /Applications/Xcode-27.0.0-Release.Candidate.app/Contents/Developer/Platforms/WatchOS.platform/Developer/Library/Frameworks -F /Applications/Xcode-27.0.0-Release.Candidate.app/Contents/Developer/Platforms/WatchOS.platform/Developer/SDKs/WatchOS27.0.sdk/Developer/Library/Frameworks -module-cache-path /Users/admin/builder/spi-builder-workspace/.derivedData/Build/Intermediates.noindex/SwiftExplicitPrecompiledModules -no-color-diagnostics -Xcc -fno-color-diagnostics -enable-testing -g -debug-info-format\=dwarf -dwarf-version\=4 -profile-generate -profile-coverage-mapping -swift-version 6 -Onone -D SWIFT_PACKAGE -D DEBUG -D SWIFT_MODULE_RESOURCE_BUNDLE_AVAILABLE -D Xcode -serialize-debugging-options -enable-experimental-feature DebugDescriptionMacro -empty-abi-descriptor -validate-clang-modules-once -clang-build-session-file /Users/admin/builder/spi-builder-workspace/.derivedData/ModuleCache.noindex/Session.modulevalidation -Xcc -working-directory -Xcc /Users/admin/builder/spi-builder-workspace/.swiftpm/xcode -enable-anonymous-context-mangled-names -file-compilation-dir /Users/admin/builder/spi-builder-workspace/.swiftpm/xcode -Xcc -D_LIBCPP_HARDENING_MODE\=_LIBCPP_HARDENING_MODE_DEBUG -Xcc -ivfsstatcache -Xcc /Users/admin/builder/spi-builder-workspace/.derivedData/SDKStatCaches.noindex/watchos27.0-24R360-e829b21a6f8c9b70876ba0858053c04477534ef55a1706bf4c1112bbb242f0a2.sdkstatcache -Xcc -fmodules-prune-interval\=86400 -Xcc -fmodules-prune-after\=345600 -Xcc -I/Users/admin/builder/spi-builder-workspace/.derivedData/Build/Products/Debug-watchos/include -Xcc -I/Users/admin/builder/spi-builder-workspace/.derivedData/Build/Intermediates.noindex/Recap.build/Debug-watchos/Recap-t.build/DerivedSources-normal/arm64 -Xcc -I/Users/admin/builder/spi-builder-workspace/.derivedData/Build/Intermediates.noindex/Recap.build/Debug-watchos/Recap-t.build/DerivedSources/arm64 -Xcc -I/Users/admin/builder/spi-builder-workspace/.derivedData/Build/Intermediates.noindex/Recap.build/Debug-watchos/Recap-t.build/DerivedSources -Xcc -DSWIFT_PACKAGE -Xcc -DDEBUG\=1 -no-auto-bridging-header-chaining -module-name Recap -package-name spi_builder_workspace -const-gather-protocols-file /Users/admin/builder/spi-builder-workspace/.derivedData/Build/Intermediates.noindex/Recap.build/Debug-watchos/Recap-t.build/Objects-normal/arm64/Recap_const_extract_protocols.json -disable-clang-spi -clang-target arm64-apple-watchos27.0 -target-sdk-version 27.0 -target-sdk-name watchos27.0 -in-process-plugin-server-path /Applications/Xcode-27.0.0-Release.Candidate.app/Contents/Developer/Toolchains/XcodeDefault.xctoolchain/usr/lib/swift/host/libSwiftInProcPluginServer.dylib -parse-as-library -o /Users/admin/builder/spi-builder-workspace/.derivedData/Build/Intermediates.noindex/Recap.build/Debug-watchos/Recap-t.build/Objects-normal/arm64/RecapDisplayPolicy.o -o /Users/admin/builder/spi-builder-workspace/.derivedData/Build/Intermediates.noindex/Recap.build/Debug-watchos/Recap-t.build/Objects-normal/arm64/RecapScreen.o -debug-module-path /Users/admin/builder/spi-builder-workspace/.derivedData/Build/Intermediates.noindex/Recap.build/Debug-watchos/Recap-t.build/Objects-normal/arm64/Recap.swiftmodule -index-unit-output-path /Recap.build/Debug-watchos/Recap-t.build/Objects-normal/arm64/RecapDisplayPolicy.o -index-unit-output-path /Recap.build/Debug-watchos/Recap-t.build/Objects-normal/arm64/RecapScreen.o -index-store-path /Users/admin/builder/spi-builder-workspace/.derivedData/Index.noindex/DataStore -index-system-modules
SwiftCompile normal arm64 Compiling\ RecapScreenDismissButtonVisibility.swift,\ Release.swift /Users/admin/builder/spi-builder-workspace/Sources/Recap/Public/RecapScreenDismissButtonVisibility.swift /Users/admin/builder/spi-builder-workspace/Sources/Recap/Public/Release.swift (in target 'Recap' from project 'Recap')
SwiftCompile normal arm64 /Users/admin/builder/spi-builder-workspace/Sources/Recap/Public/RecapScreenDismissButtonVisibility.swift (in target 'Recap' from project 'Recap')
    cd /Users/admin/builder/spi-builder-workspace/.swiftpm/xcode
    builtin-SwiftPerFileCompile RecapScreenDismissButtonVisibility.swift
SwiftCompile normal arm64 /Users/admin/builder/spi-builder-workspace/Sources/Recap/Public/Release.swift (in target 'Recap' from project 'Recap')
    cd /Users/admin/builder/spi-builder-workspace/.swiftpm/xcode
    builtin-SwiftPerFileCompile Release.swift
SwiftCompile normal arm64 Compiling\ ReleasesParser.swift /Users/admin/builder/spi-builder-workspace/Sources/Recap/Public/ReleasesParser.swift (in target 'Recap' from project 'Recap')
SwiftCompile normal arm64 /Users/admin/builder/spi-builder-workspace/Sources/Recap/Public/ReleasesParser.swift (in target 'Recap' from project 'Recap')
    cd /Users/admin/builder/spi-builder-workspace/.swiftpm/xcode
    builtin-SwiftPerFileCompile ReleasesParser.swift
SwiftEmitModule normal arm64 Emitting\ module\ for\ Recap (in target 'Recap' from project 'Recap')
SwiftCompile normal arm64 (in target 'Recap' from project 'Recap')
    cd /Users/admin/builder/spi-builder-workspace/.swiftpm/xcode

SwiftCompile normal arm64 Compiling\ View+Recap.swift /Users/admin/builder/spi-builder-workspace/Sources/Recap/Public/View+Recap.swift (in target 'Recap' from project 'Recap')
SwiftCompile normal arm64 /Users/admin/builder/spi-builder-workspace/Sources/Recap/Public/View+Recap.swift (in target 'Recap' from project 'Recap')
    cd /Users/admin/builder/spi-builder-workspace/.swiftpm/xcode
    builtin-SwiftPerFileCompile View+Recap.swift
SwiftCompile normal arm64 Compiling\ resource_bundle_accessor.swift,\ Color+Hex.swift /Users/admin/builder/spi-builder-workspace/.derivedData/Build/Intermediates.noindex/Recap.build/Debug-watchos/Recap-t.build/DerivedSources/resource_bundle_accessor.swift /Users/admin/builder/spi-builder-workspace/Sources/Recap/Internal/Color+Hex.swift (in target 'Recap' from project 'Recap')
SwiftCompile normal arm64 /Users/admin/builder/spi-builder-workspace/.derivedData/Build/Intermediates.noindex/Recap.build/Debug-watchos/Recap-t.build/DerivedSources/resource_bundle_accessor.swift (in target 'Recap' from project 'Recap')
    cd /Users/admin/builder/spi-builder-workspace/.swiftpm/xcode
    builtin-SwiftPerFileCompile resource_bundle_accessor.swift
SwiftCompile normal arm64 /Users/admin/builder/spi-builder-workspace/Sources/Recap/Internal/Color+Hex.swift (in target 'Recap' from project 'Recap')
    cd /Users/admin/builder/spi-builder-workspace/.swiftpm/xcode
    builtin-SwiftPerFileCompile Color+Hex.swift
SwiftCompile normal arm64 Compiling\ GeneratedStringSymbols_Localizable.swift /Users/admin/builder/spi-builder-workspace/.derivedData/Build/Intermediates.noindex/Recap.build/Debug-watchos/Recap-t.build/DerivedSources/GeneratedStringSymbols_Localizable.swift (in target 'Recap' from project 'Recap')
SwiftCompile normal arm64 /Users/admin/builder/spi-builder-workspace/.derivedData/Build/Intermediates.noindex/Recap.build/Debug-watchos/Recap-t.build/DerivedSources/GeneratedStringSymbols_Localizable.swift (in target 'Recap' from project 'Recap')
    cd /Users/admin/builder/spi-builder-workspace/.swiftpm/xcode
    builtin-SwiftPerFileCompile GeneratedStringSymbols_Localizable.swift
SwiftEmitModule normal arm64_32 Emitting\ module\ for\ Recap (in target 'Recap' from project 'Recap')
SwiftCompile normal arm64_32 (in target 'Recap' from project 'Recap')
    cd /Users/admin/builder/spi-builder-workspace/.swiftpm/xcode

SwiftDriverJobDiscovery normal arm64 Compiling GeneratedStringSymbols_Localizable.swift (in target 'Recap' from project 'Recap')
SwiftCompile normal arm64_32 Compiling\ ReleasesScreenDismissAction.swift,\ SemanticVersion.swift /Users/admin/builder/spi-builder-workspace/Sources/Recap/Public/ReleasesScreenDismissAction.swift /Users/admin/builder/spi-builder-workspace/Sources/Recap/Public/SemanticVersion.swift (in target 'Recap' from project 'Recap')
SwiftCompile normal arm64_32 /Users/admin/builder/spi-builder-workspace/Sources/Recap/Public/ReleasesScreenDismissAction.swift (in target 'Recap' from project 'Recap')
    cd /Users/admin/builder/spi-builder-workspace/.swiftpm/xcode
    builtin-SwiftPerFileCompile ReleasesScreenDismissAction.swift
SwiftCompile normal arm64_32 /Users/admin/builder/spi-builder-workspace/Sources/Recap/Public/SemanticVersion.swift (in target 'Recap' from project 'Recap')
    cd /Users/admin/builder/spi-builder-workspace/.swiftpm/xcode
    builtin-SwiftPerFileCompile SemanticVersion.swift
SwiftDriverJobDiscovery normal arm64 Compiling IconFillMode.swift, RecapDisplayPolicy.Trigger.swift (in target 'Recap' from project 'Recap')
SwiftCompile normal arm64_32 Compiling\ Release.swift,\ ReleasesParser.swift /Users/admin/builder/spi-builder-workspace/Sources/Recap/Public/Release.swift /Users/admin/builder/spi-builder-workspace/Sources/Recap/Public/ReleasesParser.swift (in target 'Recap' from project 'Recap')
SwiftCompile normal arm64_32 /Users/admin/builder/spi-builder-workspace/Sources/Recap/Public/Release.swift (in target 'Recap' from project 'Recap')
    cd /Users/admin/builder/spi-builder-workspace/.swiftpm/xcode
    builtin-SwiftPerFileCompile Release.swift
SwiftCompile normal arm64_32 /Users/admin/builder/spi-builder-workspace/Sources/Recap/Public/ReleasesParser.swift (in target 'Recap' from project 'Recap')
    cd /Users/admin/builder/spi-builder-workspace/.swiftpm/xcode
    builtin-SwiftPerFileCompile ReleasesParser.swift
SwiftDriverJobDiscovery normal arm64 Compiling ReleasesParser.swift (in target 'Recap' from project 'Recap')
SwiftCompile normal arm64_32 Compiling\ RecapScreenPaginationStyle.swift,\ RecapScreenStartIndex.swift /Users/admin/builder/spi-builder-workspace/Sources/Recap/Public/RecapScreenPaginationStyle.swift /Users/admin/builder/spi-builder-workspace/Sources/Recap/Public/RecapScreenStartIndex.swift (in target 'Recap' from project 'Recap')
SwiftCompile normal arm64_32 /Users/admin/builder/spi-builder-workspace/Sources/Recap/Public/RecapScreenPaginationStyle.swift (in target 'Recap' from project 'Recap')
    cd /Users/admin/builder/spi-builder-workspace/.swiftpm/xcode
    builtin-SwiftPerFileCompile RecapScreenPaginationStyle.swift
SwiftCompile normal arm64_32 /Users/admin/builder/spi-builder-workspace/Sources/Recap/Public/RecapScreenStartIndex.swift (in target 'Recap' from project 'Recap')
    cd /Users/admin/builder/spi-builder-workspace/.swiftpm/xcode
    builtin-SwiftPerFileCompile RecapScreenStartIndex.swift
SwiftDriverJobDiscovery normal arm64 Compiling RecapScreenDismissButtonVisibility.swift, Release.swift (in target 'Recap' from project 'Recap')
SwiftCompile normal arm64_32 Compiling\ RecapScreen.swift,\ RecapScreenDismissButtonVisibility.swift /Users/admin/builder/spi-builder-workspace/Sources/Recap/Public/RecapScreen.swift /Users/admin/builder/spi-builder-workspace/Sources/Recap/Public/RecapScreenDismissButtonVisibility.swift (in target 'Recap' from project 'Recap')
SwiftCompile normal arm64_32 /Users/admin/builder/spi-builder-workspace/Sources/Recap/Public/RecapScreen.swift (in target 'Recap' from project 'Recap')
    cd /Users/admin/builder/spi-builder-workspace/.swiftpm/xcode
    builtin-SwiftPerFileCompile RecapScreen.swift
SwiftCompile normal arm64_32 /Users/admin/builder/spi-builder-workspace/Sources/Recap/Public/RecapScreenDismissButtonVisibility.swift (in target 'Recap' from project 'Recap')
    cd /Users/admin/builder/spi-builder-workspace/.swiftpm/xcode
    builtin-SwiftPerFileCompile RecapScreenDismissButtonVisibility.swift
SwiftDriverJobDiscovery normal arm64 Compiling AppVersion.swift, Feature.swift (in target 'Recap' from project 'Recap')
SwiftCompile normal arm64_32 Compiling\ Feature.swift,\ IconFillMode.swift /Users/admin/builder/spi-builder-workspace/Sources/Recap/Public/Feature.swift /Users/admin/builder/spi-builder-workspace/Sources/Recap/Public/IconFillMode.swift (in target 'Recap' from project 'Recap')
SwiftCompile normal arm64_32 /Users/admin/builder/spi-builder-workspace/Sources/Recap/Public/Feature.swift (in target 'Recap' from project 'Recap')
    cd /Users/admin/builder/spi-builder-workspace/.swiftpm/xcode
    builtin-SwiftPerFileCompile Feature.swift
SwiftCompile normal arm64_32 /Users/admin/builder/spi-builder-workspace/Sources/Recap/Public/IconFillMode.swift (in target 'Recap' from project 'Recap')
    cd /Users/admin/builder/spi-builder-workspace/.swiftpm/xcode
    builtin-SwiftPerFileCompile IconFillMode.swift
SwiftDriverJobDiscovery normal arm64 Compiling Color+SystemNames.swift, FeatureRow.swift (in target 'Recap' from project 'Recap')
SwiftCompile normal arm64_32 Compiling\ RecapDisplayPolicy.Trigger.swift,\ RecapDisplayPolicy.swift /Users/admin/builder/spi-builder-workspace/Sources/Recap/Public/RecapDisplayPolicy.Trigger.swift /Users/admin/builder/spi-builder-workspace/Sources/Recap/Public/RecapDisplayPolicy.swift (in target 'Recap' from project 'Recap')
SwiftCompile normal arm64_32 /Users/admin/builder/spi-builder-workspace/Sources/Recap/Public/RecapDisplayPolicy.Trigger.swift (in target 'Recap' from project 'Recap')
    cd /Users/admin/builder/spi-builder-workspace/.swiftpm/xcode
    builtin-SwiftPerFileCompile RecapDisplayPolicy.Trigger.swift
SwiftCompile normal arm64_32 /Users/admin/builder/spi-builder-workspace/Sources/Recap/Public/RecapDisplayPolicy.swift (in target 'Recap' from project 'Recap')
    cd /Users/admin/builder/spi-builder-workspace/.swiftpm/xcode
    builtin-SwiftPerFileCompile RecapDisplayPolicy.swift
SwiftDriverJobDiscovery normal arm64 Compiling View+Recap.swift (in target 'Recap' from project 'Recap')
SwiftCompile normal arm64_32 Compiling\ ReleaseView.swift,\ AppVersion.swift /Users/admin/builder/spi-builder-workspace/Sources/Recap/Internal/ReleaseView.swift /Users/admin/builder/spi-builder-workspace/Sources/Recap/Public/AppVersion.swift (in target 'Recap' from project 'Recap')
SwiftCompile normal arm64_32 /Users/admin/builder/spi-builder-workspace/Sources/Recap/Internal/ReleaseView.swift (in target 'Recap' from project 'Recap')
    cd /Users/admin/builder/spi-builder-workspace/.swiftpm/xcode
    builtin-SwiftPerFileCompile ReleaseView.swift
SwiftCompile normal arm64_32 /Users/admin/builder/spi-builder-workspace/Sources/Recap/Public/AppVersion.swift (in target 'Recap' from project 'Recap')
    cd /Users/admin/builder/spi-builder-workspace/.swiftpm/xcode
    builtin-SwiftPerFileCompile AppVersion.swift
SwiftDriverJobDiscovery normal arm64 Compiling resource_bundle_accessor.swift, Color+Hex.swift (in target 'Recap' from project 'Recap')
SwiftCompile normal arm64_32 Compiling\ View+Recap.swift,\ GeneratedStringSymbols_Localizable.swift /Users/admin/builder/spi-builder-workspace/Sources/Recap/Public/View+Recap.swift /Users/admin/builder/spi-builder-workspace/.derivedData/Build/Intermediates.noindex/Recap.build/Debug-watchos/Recap-t.build/DerivedSources/GeneratedStringSymbols_Localizable.swift (in target 'Recap' from project 'Recap')
SwiftCompile normal arm64_32 /Users/admin/builder/spi-builder-workspace/Sources/Recap/Public/View+Recap.swift (in target 'Recap' from project 'Recap')
    cd /Users/admin/builder/spi-builder-workspace/.swiftpm/xcode
    builtin-SwiftPerFileCompile View+Recap.swift
SwiftCompile normal arm64_32 /Users/admin/builder/spi-builder-workspace/.derivedData/Build/Intermediates.noindex/Recap.build/Debug-watchos/Recap-t.build/DerivedSources/GeneratedStringSymbols_Localizable.swift (in target 'Recap' from project 'Recap')
    cd /Users/admin/builder/spi-builder-workspace/.swiftpm/xcode
    builtin-SwiftPerFileCompile GeneratedStringSymbols_Localizable.swift
SwiftCompile normal arm64 Compiling\ RecapDismissButtonStyle.swift,\ ReleaseView.swift /Users/admin/builder/spi-builder-workspace/Sources/Recap/Internal/RecapDismissButtonStyle.swift /Users/admin/builder/spi-builder-workspace/Sources/Recap/Internal/ReleaseView.swift (in target 'Recap' from project 'Recap')
SwiftCompile normal arm64 /Users/admin/builder/spi-builder-workspace/Sources/Recap/Internal/RecapDismissButtonStyle.swift (in target 'Recap' from project 'Recap')
    cd /Users/admin/builder/spi-builder-workspace/.swiftpm/xcode
    builtin-SwiftPerFileCompile RecapDismissButtonStyle.swift
SwiftCompile normal arm64 /Users/admin/builder/spi-builder-workspace/Sources/Recap/Internal/ReleaseView.swift (in target 'Recap' from project 'Recap')
    cd /Users/admin/builder/spi-builder-workspace/.swiftpm/xcode
    builtin-SwiftPerFileCompile ReleaseView.swift
SwiftDriverJobDiscovery normal arm64_32 Compiling RecapScreenPaginationStyle.swift, RecapScreenStartIndex.swift (in target 'Recap' from project 'Recap')
SwiftCompile normal arm64_32 Compiling\ resource_bundle_accessor.swift,\ Color+Hex.swift,\ Color+SystemNames.swift /Users/admin/builder/spi-builder-workspace/.derivedData/Build/Intermediates.noindex/Recap.build/Debug-watchos/Recap-t.build/DerivedSources/resource_bundle_accessor.swift /Users/admin/builder/spi-builder-workspace/Sources/Recap/Internal/Color+Hex.swift /Users/admin/builder/spi-builder-workspace/Sources/Recap/Internal/Color+SystemNames.swift (in target 'Recap' from project 'Recap')
SwiftCompile normal arm64_32 /Users/admin/builder/spi-builder-workspace/.derivedData/Build/Intermediates.noindex/Recap.build/Debug-watchos/Recap-t.build/DerivedSources/resource_bundle_accessor.swift (in target 'Recap' from project 'Recap')
    cd /Users/admin/builder/spi-builder-workspace/.swiftpm/xcode
    builtin-SwiftPerFileCompile resource_bundle_accessor.swift
SwiftCompile normal arm64_32 /Users/admin/builder/spi-builder-workspace/Sources/Recap/Internal/Color+Hex.swift (in target 'Recap' from project 'Recap')
    cd /Users/admin/builder/spi-builder-workspace/.swiftpm/xcode
    builtin-SwiftPerFileCompile Color+Hex.swift
SwiftCompile normal arm64_32 /Users/admin/builder/spi-builder-workspace/Sources/Recap/Internal/Color+SystemNames.swift (in target 'Recap' from project 'Recap')
    cd /Users/admin/builder/spi-builder-workspace/.swiftpm/xcode
    builtin-SwiftPerFileCompile Color+SystemNames.swift
SwiftDriverJobDiscovery normal arm64_32 Compiling ReleasesScreenDismissAction.swift, SemanticVersion.swift (in target 'Recap' from project 'Recap')
SwiftCompile normal arm64_32 Compiling\ FeatureRow.swift,\ RecapDismissButtonStyle.swift /Users/admin/builder/spi-builder-workspace/Sources/Recap/Internal/FeatureRow.swift /Users/admin/builder/spi-builder-workspace/Sources/Recap/Internal/RecapDismissButtonStyle.swift (in target 'Recap' from project 'Recap')
SwiftCompile normal arm64_32 /Users/admin/builder/spi-builder-workspace/Sources/Recap/Internal/FeatureRow.swift (in target 'Recap' from project 'Recap')
    cd /Users/admin/builder/spi-builder-workspace/.swiftpm/xcode
    builtin-SwiftPerFileCompile FeatureRow.swift
SwiftCompile normal arm64_32 /Users/admin/builder/spi-builder-workspace/Sources/Recap/Internal/RecapDismissButtonStyle.swift (in target 'Recap' from project 'Recap')
    cd /Users/admin/builder/spi-builder-workspace/.swiftpm/xcode
    builtin-SwiftPerFileCompile RecapDismissButtonStyle.swift
SwiftDriverJobDiscovery normal arm64_32 Compiling Feature.swift, IconFillMode.swift (in target 'Recap' from project 'Recap')
SwiftDriverJobDiscovery normal arm64_32 Compiling RecapDisplayPolicy.Trigger.swift, RecapDisplayPolicy.swift (in target 'Recap' from project 'Recap')
SwiftDriverJobDiscovery normal arm64_32 Compiling Release.swift, ReleasesParser.swift (in target 'Recap' from project 'Recap')
PruneExplicitPrecompiledModules /Users/admin/builder/spi-builder-workspace/.derivedData/Build/Intermediates.noindex/ExplicitPrecompiledModules
PruneExplicitPrecompiledModules /Users/admin/builder/spi-builder-workspace/.derivedData/SDKExplicitPrecompiledModules
PruneExplicitPrecompiledModules /Users/admin/builder/spi-builder-workspace/.derivedData/Build/Intermediates.noindex/SwiftExplicitPrecompiledModules
2026-09-24 06:06:39.472 xcodebuild[851:4833] [MT] IDERunDestination: Supported platforms for the buildables in the current scheme is empty.
** BUILD FAILED **
The following build commands failed:
	SwiftCompile normal arm64 /Users/admin/builder/spi-builder-workspace/Sources/Recap/Public/RecapScreen.swift (in target 'Recap' from project 'Recap')
	SwiftCompile normal arm64 Compiling\ RecapDisplayPolicy.swift,\ RecapScreen.swift /Users/admin/builder/spi-builder-workspace/Sources/Recap/Public/RecapDisplayPolicy.swift /Users/admin/builder/spi-builder-workspace/Sources/Recap/Public/RecapScreen.swift (in target 'Recap' from project 'Recap')
	Building workspace Recap with scheme Recap
(3 failures)
BUILD FAILURE 6.4 watchOS