The Swift Package Index logo.Swift Package Index

Build Information

Failed to build SwiftCardanoTxValidator, reference main (6d4f8a), with Swift 6.4 for watchOS using Xcode 27.0 on 10 Oct 2026 04:47:07 UTC.

Build Command

env DEVELOPER_DIR=/Applications/Xcode-27.0.0-Release.Candidate.app xcrun xcodebuild -IDEClonedSourcePackagesDirPathOverride=$PWD/.dependencies -skipMacroValidation -skipPackagePluginValidation -derivedDataPath $PWD/.derivedData build -scheme SwiftCardanoTxValidator -destination generic/platform=watchOS

Build Log

    export LD_EXPORT_GLOBAL_SYMBOLS\=NO
    export LD_EXPORT_SYMBOLS\=YES
    export LD_GENERATE_MAP_FILE\=NO
    export LD_MAP_FILE_PATH\=/Users/admin/builder/spi-builder-workspace/.derivedData/Build/Intermediates.noindex/SwiftBlockfrostAPI.build/Debug-watchos/SwiftBlockfrostAPI-t.build/SwiftBlockfrostAPI-LinkMap-normal-undefined_arch.txt
    export LD_NO_PIE\=NO
    export LD_QUOTE_LINKER_ARGUMENTS_FOR_COMPILER_DRIVER\=YES
    export LD_RUNPATH_SEARCH_PATHS\=@loader_path\ /Users/admin/builder/spi-builder-workspace/.derivedData/Build/Products/Debug-watchos/PackageFrameworks\ @loader_path\ /Users/admin/builder/spi-builder-workspace/.derivedData/Build/Products/Debug-watchos/PackageFrameworks\ @loader_path\ /Users/admin/builder/spi-builder-workspace/.derivedData/Build/Products/Debug-watchos/PackageFrameworks\ @loader_path\ /Users/admin/builder/spi-builder-workspace/.derivedData/Build/Products/Debug-watchos/PackageFrameworks\ @loader_path\ /Users/admin/builder/spi-builder-workspace/.derivedData/Build/Products/Debug-watchos/PackageFrameworks\ @loader_path\ /Users/admin/builder/spi-builder-workspace/.derivedData/Build/Products/Debug-watchos/PackageFrameworks\
    export LD_SHARED_CACHE_ELIGIBLE\=Automatic
    export LD_WARN_DUPLICATE_LIBRARIES\=NO
    export LD_WARN_UNUSED_DYLIBS\=NO
    export LEGACY_DEVELOPER_DIR\=/Applications/Xcode-27.0.0.app/Contents/PlugIns/Xcode3Core.ideplugin/Contents/SharedSupport/Developer
    export LEX\=lex
    export LIBRARY_DEXT_INSTALL_PATH\=/Library/DriverExtensions
    export LIBRARY_FLAG_NOSPACE\=YES
    export LIBRARY_FLAG_PREFIX\=-l
    export LIBRARY_KEXT_INSTALL_PATH\=/Library/Extensions
    export LIBRARY_SEARCH_PATHS\=/Users/admin/builder/spi-builder-workspace/.derivedData/Build/Products/Debug-watchos\ \ \ /Applications/Xcode-27.0.0.app/Contents/Developer/Platforms/WatchOS.platform/Developer/usr/lib
    export LIBTOOL_NO_WARNING_FOR_NO_SYMBOLS\=YES
    export LINKER_DISPLAYS_MANGLED_NAMES\=NO
    export LINKER_DRIVER\=auto
    export LINK_FILE_LIST_normal_arm64\=/Users/admin/builder/spi-builder-workspace/.derivedData/Build/Intermediates.noindex/SwiftBlockfrostAPI.build/Debug-watchos/SwiftBlockfrostAPI-t.build/Objects-normal/arm64/SwiftBlockfrostAPI.LinkFileList
    export LINK_FILE_LIST_normal_arm64_32\=/Users/admin/builder/spi-builder-workspace/.derivedData/Build/Intermediates.noindex/SwiftBlockfrostAPI.build/Debug-watchos/SwiftBlockfrostAPI-t.build/Objects-normal/arm64_32/SwiftBlockfrostAPI.LinkFileList
    export LINK_OBJC_RUNTIME\=YES
    export LINK_WITH_STANDARD_LIBRARIES\=NO
    export LLVM_TARGET_TRIPLE_OS_VERSION\=watchos9.0
    export LLVM_TARGET_TRIPLE_VENDOR\=apple
    export LM_AUX_CONST_METADATA_LIST_PATH_normal_arm64\=/Users/admin/builder/spi-builder-workspace/.derivedData/Build/Intermediates.noindex/SwiftBlockfrostAPI.build/Debug-watchos/SwiftBlockfrostAPI-t.build/Objects-normal/arm64/SwiftBlockfrostAPI.SwiftConstValuesFileList
    export LM_AUX_CONST_METADATA_LIST_PATH_normal_arm64_32\=/Users/admin/builder/spi-builder-workspace/.derivedData/Build/Intermediates.noindex/SwiftBlockfrostAPI.build/Debug-watchos/SwiftBlockfrostAPI-t.build/Objects-normal/arm64_32/SwiftBlockfrostAPI.SwiftConstValuesFileList
    export LOCALIZATION_EXPORT_SUPPORTED\=YES
    export LOCALIZATION_PREFERS_STRING_CATALOGS\=NO
    export LOCALIZED_STRING_CODE_COMMENTS\=NO
    export LOCALIZED_STRING_MACRO_NAMES\=NSLocalizedString\ CFCopyLocalizedString
    export LOCALIZED_STRING_SWIFTUI_SUPPORT\=YES
    export LOCAL_ADMIN_APPS_DIR\=/Applications/Utilities
    export LOCAL_APPS_DIR\=/Applications
    export LOCAL_DEVELOPER_DIR\=/Library/Developer
    export LOCAL_LIBRARY_DIR\=/Library
    export LOCROOT\=/Users/admin/builder/spi-builder-workspace/.dependencies/checkouts/swift-blockfrost-api
    export LOCSYMROOT\=/Users/admin/builder/spi-builder-workspace/.dependencies/checkouts/swift-blockfrost-api
    export MACH_O_TYPE\=mh_object
    export MAC_OS_X_PRODUCT_BUILD_VERSION\=25G83
    export MAC_OS_X_VERSION_ACTUAL\=260602
    export MAC_OS_X_VERSION_MAJOR\=260000
    export MAC_OS_X_VERSION_MINOR\=260600
    export MAKE_MERGEABLE\=NO
    export MERGEABLE_LIBRARY\=NO
    export MERGED_BINARY_TYPE\=none
    export MERGE_LINKED_LIBRARIES\=NO
    export METAL_LIBRARY_FILE_BASE\=default
    export METAL_LIBRARY_OUTPUT_DIR\=/Users/admin/builder/spi-builder-workspace/.derivedData/Build/Products/Debug-watchos/
    export MODULEMAP_FILE_CONTENTS\=module\ SwiftBlockfrostAPI\ \{'
'header\ \"SwiftBlockfrostAPI-Swift.h\"'
'export\ \*'
'\}
    export MODULEMAP_PATH\=/Users/admin/builder/spi-builder-workspace/.derivedData/Build/Intermediates.noindex/GeneratedModuleMaps-watchos/SwiftBlockfrostAPI.modulemap
    export MODULE_CACHE_DIR\=/Users/admin/builder/spi-builder-workspace/.derivedData/ModuleCache.noindex
    export NATIVE_ARCH\=arm64
    export NATIVE_ARCH_32_BIT\=arm
    export NATIVE_ARCH_64_BIT\=arm64
    export NATIVE_ARCH_ACTUAL\=arm64
    export NO_COMMON\=YES
    export OBJECT_FILE_DIR\=/Users/admin/builder/spi-builder-workspace/.derivedData/Build/Intermediates.noindex/SwiftBlockfrostAPI.build/Debug-watchos/SwiftBlockfrostAPI-t.build/Objects
    export OBJECT_FILE_DIR_normal\=/Users/admin/builder/spi-builder-workspace/.derivedData/Build/Intermediates.noindex/SwiftBlockfrostAPI.build/Debug-watchos/SwiftBlockfrostAPI-t.build/Objects-normal
    export OBJROOT\=/Users/admin/builder/spi-builder-workspace/.derivedData/Build/Intermediates.noindex
    export ONLY_ACTIVE_ARCH\=NO
    export ONLY_ARCH\=multiple_archs
    export OS\=MACOS
    export OSAC\=/usr/bin/osacompile
    export OTHER_CFLAGS\=-fmodule-map-file\=/Users/admin/builder/spi-builder-workspace/.derivedData/Build/Intermediates.noindex/GeneratedModuleMaps-watchos/OpenAPIRuntime.modulemap\ -fmodule-map-file\=/Users/admin/builder/spi-builder-workspace/.derivedData/Build/Intermediates.noindex/GeneratedModuleMaps-watchos/SpanPreview.modulemap\ -fmodule-map-file\=/Users/admin/builder/spi-builder-workspace/.derivedData/Build/Intermediates.noindex/GeneratedModuleMaps-watchos/InternalCollectionsUtilities.modulemap\ -fmodule-map-file\=/Users/admin/builder/spi-builder-workspace/.derivedData/Build/Intermediates.noindex/GeneratedModuleMaps-watchos/DequeModule.modulemap\ -fmodule-map-file\=/Users/admin/builder/spi-builder-workspace/.derivedData/Build/Intermediates.noindex/GeneratedModuleMaps-watchos/HTTPTypes.modulemap\ -fmodule-map-file\=/Users/admin/builder/spi-builder-workspace/.derivedData/Build/Intermediates.noindex/GeneratedModuleMaps-watchos/OpenAPIURLSession.modulemap\ \ -DXcode
    export OTHER_CPLUSPLUSFLAGS\=-fmodule-map-file\=/Users/admin/builder/spi-builder-workspace/.derivedData/Build/Intermediates.noindex/GeneratedModuleMaps-watchos/OpenAPIRuntime.modulemap\ -fmodule-map-file\=/Users/admin/builder/spi-builder-workspace/.derivedData/Build/Intermediates.noindex/GeneratedModuleMaps-watchos/SpanPreview.modulemap\ -fmodule-map-file\=/Users/admin/builder/spi-builder-workspace/.derivedData/Build/Intermediates.noindex/GeneratedModuleMaps-watchos/InternalCollectionsUtilities.modulemap\ -fmodule-map-file\=/Users/admin/builder/spi-builder-workspace/.derivedData/Build/Intermediates.noindex/GeneratedModuleMaps-watchos/DequeModule.modulemap\ -fmodule-map-file\=/Users/admin/builder/spi-builder-workspace/.derivedData/Build/Intermediates.noindex/GeneratedModuleMaps-watchos/HTTPTypes.modulemap\ -fmodule-map-file\=/Users/admin/builder/spi-builder-workspace/.derivedData/Build/Intermediates.noindex/GeneratedModuleMaps-watchos/OpenAPIURLSession.modulemap\ \ -DXcode
    export OTHER_SWIFT_FLAGS\=\ -DXcode\ -plugin-path\ /Applications/Xcode-27.0.0.app/Contents/Developer/Toolchains/XcodeDefault.xctoolchain/usr/lib/swift/host/plugins/testing
    export PACKAGE_RESOURCE_TARGET_KIND\=regular
    export PACKAGE_TYPE\=com.apple.package-type.mach-o-objfile
    export PASCAL_STRINGS\=YES
    export PATH\=/Applications/Xcode-27.0.0.app/Contents/SharedFrameworks/SwiftBuild.framework/Versions/A/PlugIns/SWBBuildService.bundle/Contents/PlugIns/SWBUniversalPlatformPlugin.bundle/Contents/Frameworks/SWBUniversalPlatform.framework/Resources:/var/run/com.apple.security.cryptexd/mnt/com.apple.MobileAsset.MetalToolchain-v27.1.266.1.75Jy0m/Metal.xctoolchain/usr/bin:/var/run/com.apple.security.cryptexd/mnt/com.apple.MobileAsset.MetalToolchain-v27.1.266.1.75Jy0m/Metal.xctoolchain/usr/local/bin:/var/run/com.apple.security.cryptexd/mnt/com.apple.MobileAsset.MetalToolchain-v27.1.266.1.75Jy0m/Metal.xctoolchain/usr/libexec:/Applications/Xcode-27.0.0.app/Contents/Developer/Toolchains/XcodeDefault.xctoolchain/usr/bin:/Applications/Xcode-27.0.0.app/Contents/Developer/Toolchains/XcodeDefault.xctoolchain/usr/local/bin:/Applications/Xcode-27.0.0.app/Contents/Developer/Toolchains/XcodeDefault.xctoolchain/usr/libexec:/Applications/Xcode-27.0.0.app/Contents/Developer/Platforms/WatchOS.platform/usr/bin:/Applications/Xcode-27.0.0.app/Contents/Developer/Platforms/WatchOS.platform/usr/local/bin:/Applications/Xcode-27.0.0.app/Contents/Developer/Platforms/WatchOS.platform/Developer/usr/bin:/Applications/Xcode-27.0.0.app/Contents/Developer/Platforms/WatchOS.platform/Developer/usr/local/bin:/Applications/Xcode-27.0.0.app/Contents/Developer/usr/bin:/Applications/Xcode-27.0.0.app/Contents/Developer/usr/local/bin:/opt/homebrew/bin:/opt/homebrew/sbin:/usr/local/bin:/System/Cryptexes/App/usr/bin:/usr/bin:/bin:/usr/sbin:/sbin:/var/run/com.apple.security.cryptexd/codex.system/bootstrap/usr/local/bin:/var/run/com.apple.security.cryptexd/codex.system/bootstrap/usr/bin:/var/run/com.apple.security.cryptexd/codex.system/bootstrap/usr/appleinternal/bin:/pkg/env/global/bin:/Library/Apple/usr/bin
    export PATH_PREFIXES_EXCLUDED_FROM_HEADER_DEPENDENCIES\=/usr/include\ /usr/local/include\ /System/Library/Frameworks\ /System/Library/PrivateFrameworks\ /Applications/Xcode-27.0.0.app/Contents/Developer/Headers\ /Applications/Xcode-27.0.0.app/Contents/Developer/SDKs\ /Applications/Xcode-27.0.0.app/Contents/Developer/Platforms
    export PER_ARCH_MODULE_FILE_DIR\=/Users/admin/builder/spi-builder-workspace/.derivedData/Build/Intermediates.noindex/SwiftBlockfrostAPI.build/Debug-watchos/SwiftBlockfrostAPI-t.build/Objects-normal/undefined_arch
    export PER_ARCH_OBJECT_FILE_DIR\=/Users/admin/builder/spi-builder-workspace/.derivedData/Build/Intermediates.noindex/SwiftBlockfrostAPI.build/Debug-watchos/SwiftBlockfrostAPI-t.build/Objects-normal/undefined_arch
    export PER_VARIANT_OBJECT_FILE_DIR\=/Users/admin/builder/spi-builder-workspace/.derivedData/Build/Intermediates.noindex/SwiftBlockfrostAPI.build/Debug-watchos/SwiftBlockfrostAPI-t.build/Objects-normal
    export PKGINFO_FILE_PATH\=/Users/admin/builder/spi-builder-workspace/.derivedData/Build/Intermediates.noindex/SwiftBlockfrostAPI.build/Debug-watchos/SwiftBlockfrostAPI-t.build/PkgInfo
    export PLATFORM_DEVELOPER_APPLICATIONS_DIR\=/Applications/Xcode-27.0.0.app/Contents/Developer/Platforms/WatchOS.platform/Developer/Applications
    export PLATFORM_DEVELOPER_BIN_DIR\=/Applications/Xcode-27.0.0.app/Contents/Developer/Platforms/WatchOS.platform/Developer/usr/bin
    export PLATFORM_DEVELOPER_LIBRARY_DIR\=/Applications/Xcode-27.0.0.app/Contents/Developer/Platforms/WatchOS.platform/Developer/Library
    export PLATFORM_DEVELOPER_SDK_DIR\=/Applications/Xcode-27.0.0.app/Contents/Developer/Platforms/WatchOS.platform/Developer/SDKs
    export PLATFORM_DEVELOPER_TOOLS_DIR\=/Applications/Xcode-27.0.0.app/Contents/Developer/Platforms/WatchOS.platform/Developer/Tools
    export PLATFORM_DEVELOPER_USR_DIR\=/Applications/Xcode-27.0.0.app/Contents/Developer/Platforms/WatchOS.platform/Developer/usr
    export PLATFORM_DIR\=/Applications/Xcode-27.0.0.app/Contents/Developer/Platforms/WatchOS.platform
    export PLATFORM_DISPLAY_NAME\=watchOS
    export PLATFORM_FAMILY_NAME\=watchOS
    export PLATFORM_NAME\=watchos
    export PLATFORM_PREFERRED_ARCH\=arm64
    export PLATFORM_PRODUCT_BUILD_VERSION\=24R360
    export PLATFORM_REQUIRES_SWIFT_AUTOLINK_EXTRACT\=NO
    export PLATFORM_REQUIRES_SWIFT_MODULEWRAP\=NO
    export PLATFORM_USES_DSYMS\=YES
    export PLIST_FILE_OUTPUT_FORMAT\=binary
    export PRECOMPS_INCLUDE_HEADERS_FROM_BUILT_PRODUCTS_DIR\=YES
    export PRECOMP_DESTINATION_DIR\=/Users/admin/builder/spi-builder-workspace/.derivedData/Build/Intermediates.noindex/SwiftBlockfrostAPI.build/Debug-watchos/SwiftBlockfrostAPI-t.build/PrefixHeaders
    export PRELINK_DEPENDENCY_INFO_FILE\=/Users/admin/builder/spi-builder-workspace/.derivedData/Build/Intermediates.noindex/SwiftBlockfrostAPI.build/Debug-watchos/SwiftBlockfrostAPI-t.build/Objects-normal/undefined_arch/SwiftBlockfrostAPI_prelink_dependency_info.dat
    export PRIVATE_HEADERS_FOLDER_PATH\=/usr/local/include
    export PROCESSED_INFOPLIST_PATH\=/Users/admin/builder/spi-builder-workspace/.derivedData/Build/Intermediates.noindex/SwiftBlockfrostAPI.build/Debug-watchos/SwiftBlockfrostAPI-t.build/Objects-normal/undefined_arch/Processed-Info.plist
    export PRODUCT_BUNDLE_IDENTIFIER\=swift-blockfrost-api.SwiftBlockfrostAPI
    export PRODUCT_MODULE_NAME\=SwiftBlockfrostAPI
    export PRODUCT_NAME\=SwiftBlockfrostAPI
    export PRODUCT_SETTINGS_PATH\=
    export PRODUCT_TYPE\=org.swift.product-type.library.static
    export PROFILING_CODE\=NO
    export PROJECT\=SwiftBlockfrostAPI
    export PROJECT_DERIVED_FILE_DIR\=/Users/admin/builder/spi-builder-workspace/.derivedData/Build/Intermediates.noindex/SwiftBlockfrostAPI.build/DerivedSources
    export PROJECT_DIR\=/Users/admin/builder/spi-builder-workspace/.dependencies/checkouts/swift-blockfrost-api
    export PROJECT_FILE_PATH\=/Users/admin/builder/spi-builder-workspace/.dependencies/checkouts/swift-blockfrost-api/Package.swift
    export PROJECT_GUID\=PACKAGE:swift-blockfrost-api
    export PROJECT_NAME\=SwiftBlockfrostAPI
    export PROJECT_TEMP_DIR\=/Users/admin/builder/spi-builder-workspace/.derivedData/Build/Intermediates.noindex/SwiftBlockfrostAPI.build
    export PROJECT_TEMP_ROOT\=/Users/admin/builder/spi-builder-workspace/.derivedData/Build/Intermediates.noindex
    export PUBLIC_HEADERS_FOLDER_PATH\=/usr/local/include
    export RECOMMENDED_WATCHOS_DEPLOYMENT_TARGET\=10.0
    export RECURSIVE_SEARCH_PATHS_FOLLOW_SYMLINKS\=YES
    export REMOVE_CVS_FROM_RESOURCES\=YES
    export REMOVE_GIT_FROM_RESOURCES\=YES
    export REMOVE_HEADERS_FROM_EMBEDDED_BUNDLES\=YES
    export REMOVE_HG_FROM_RESOURCES\=YES
    export REMOVE_STATIC_EXECUTABLES_FROM_EMBEDDED_BUNDLES\=YES
    export REMOVE_SVN_FROM_RESOURCES\=YES
    export RESCHEDULE_INDEPENDENT_HEADERS_PHASES\=YES
    export REZ_COLLECTOR_DIR\=/Users/admin/builder/spi-builder-workspace/.derivedData/Build/Intermediates.noindex/SwiftBlockfrostAPI.build/Debug-watchos/SwiftBlockfrostAPI-t.build/ResourceManagerResources
    export REZ_EXECUTABLE\=YES
    export REZ_OBJECTS_DIR\=/Users/admin/builder/spi-builder-workspace/.derivedData/Build/Intermediates.noindex/SwiftBlockfrostAPI.build/Debug-watchos/SwiftBlockfrostAPI-t.build/ResourceManagerResources/Objects
    export REZ_SEARCH_PATHS\=/Users/admin/builder/spi-builder-workspace/.derivedData/Build/Products/Debug-watchos\
    export RPATH_ORIGIN\=@loader_path
    export RUNTIME_EXCEPTION_ALLOW_DYLD_ENVIRONMENT_VARIABLES\=NO
    export RUNTIME_EXCEPTION_ALLOW_JIT\=NO
    export RUNTIME_EXCEPTION_ALLOW_UNSIGNED_EXECUTABLE_MEMORY\=NO
    export RUNTIME_EXCEPTION_DEBUGGING_TOOL\=NO
    export RUNTIME_EXCEPTION_DISABLE_EXECUTABLE_PAGE_PROTECTION\=NO
    export RUNTIME_EXCEPTION_DISABLE_LIBRARY_VALIDATION\=NO
    export SCANNING_PCM_KEEP_CACHE_DIRECTORY\=YES
    export SCAN_ALL_SOURCE_FILES_FOR_INCLUDES\=NO
    export SDKROOT\=/Applications/Xcode-27.0.0.app/Contents/Developer/Platforms/WatchOS.platform/Developer/SDKs/WatchOS27.0.sdk
    export SDK_DIR\=/Applications/Xcode-27.0.0.app/Contents/Developer/Platforms/WatchOS.platform/Developer/SDKs/WatchOS27.0.sdk
    export SDK_DIR_watchos\=/Applications/Xcode-27.0.0.app/Contents/Developer/Platforms/WatchOS.platform/Developer/SDKs/WatchOS27.0.sdk
    export SDK_DIR_watchos27_0\=/Applications/Xcode-27.0.0.app/Contents/Developer/Platforms/WatchOS.platform/Developer/SDKs/WatchOS27.0.sdk
    export SDK_NAME\=watchos27.0
    export SDK_NAMES\=watchos27.0
    export SDK_PRODUCT_BUILD_VERSION\=24R360
    export SDK_STAT_CACHE_DIR\=/Users/admin/builder/spi-builder-workspace/.derivedData
    export SDK_STAT_CACHE_ENABLE\=YES
    export SDK_STAT_CACHE_PATH\=/Users/admin/builder/spi-builder-workspace/.derivedData/SDKStatCaches.noindex/watchos27.0-24R360-e829b21a6f8c9b70876ba0858053c044b9db9bc9c079ee3c7b5f3373b13d10bc.sdkstatcache
    export SDK_VERSION\=27.0
    export SDK_VERSION_ACTUAL\=270000
    export SDK_VERSION_MAJOR\=270000
    export SDK_VERSION_MINOR\=270000
    export SED\=/usr/bin/sed
    export SEPARATE_STRIP\=NO
    export SEPARATE_SYMBOL_EDIT\=NO
    export SET_DIR_MODE_OWNER_GROUP\=YES
    export SET_FILE_MODE_OWNER_GROUP\=NO
    export SHALLOW_BUNDLE\=NO
    export SHARED_DERIVED_FILE_DIR\=/Users/admin/builder/spi-builder-workspace/.derivedData/Build/Products/Debug-watchos/DerivedSources
    export SHARED_PRECOMPS_DIR\=/Users/admin/builder/spi-builder-workspace/.derivedData/Build/Intermediates.noindex/PrecompiledHeaders
    export SKIP_CLANG_STATIC_ANALYZER\=YES
    export SKIP_COPYING_TEST_FRAMEWORKS\=YES
    export SKIP_INSTALL\=YES
    export SKIP_MERGEABLE_LIBRARY_BUNDLE_HOOK\=NO
    export SOURCE_ROOT\=/Users/admin/builder/spi-builder-workspace/.dependencies/checkouts/swift-blockfrost-api
    export SRCROOT\=/Users/admin/builder/spi-builder-workspace/.dependencies/checkouts/swift-blockfrost-api
    export STRINGSDATA_DIR\=/Users/admin/builder/spi-builder-workspace/.derivedData/Build/Intermediates.noindex/SwiftBlockfrostAPI.build/Debug-watchos/SwiftBlockfrostAPI-t.build/Objects-normal/undefined_arch
    export STRINGSDATA_ROOT\=/Users/admin/builder/spi-builder-workspace/.derivedData/Build/Intermediates.noindex/SwiftBlockfrostAPI.build/Debug-watchos/SwiftBlockfrostAPI-t.build
    export STRINGS_FILE_INFOPLIST_RENAME\=YES
    export STRINGS_FILE_OUTPUT_ENCODING\=binary
    export STRING_CATALOG_GENERATE_SYMBOLS\=NO
    export STRIP_BITCODE_FROM_COPIED_FILES\=YES
    export STRIP_INSTALLED_PRODUCT\=NO
    export STRIP_STYLE\=debugging
    export STRIP_SWIFT_SYMBOLS\=YES
    export SUPPORTED_DEVICE_FAMILIES\=4
    export SUPPORTED_PLATFORMS\=android\ appletvos\ appletvsimulator\ driverkit\ freebsd\ iphoneos\ iphonesimulator\ linux\ macosx\ none\ openbsd\ qnx\ staticlinux\ watchos\ watchsimulator\ webassembly\ xros\ xrsimulator
    export SUPPORTS_MACCATALYST\=NO
    export SUPPORTS_TEXT_BASED_API\=NO
    export SUPPRESS_WARNINGS\=YES
    export SWIFTC_PASS_SDKROOT\=YES
    export SWIFTC_PASS_SYSROOT\=NO
    export SWIFT_ACTIVE_COMPILATION_CONDITIONS\=\ SWIFT_PACKAGE\ DEBUG\ SWIFT_MODULE_RESOURCE_BUNDLE_UNAVAILABLE
    export SWIFT_COLOR_DIAGNOSTICS\=NO
    export SWIFT_COMPILE_FOR_STATIC_LINKING\=YES
    export SWIFT_DISABLE_PARSE_AS_LIBRARY\=NO
    export SWIFT_EMIT_CONST_VALUE_PROTOCOLS\=AnyResolverProviding\ AppEntity\ AppEnum\ AppExtension\ AppIntent\ AppIntentsPackage\ AppShortcutProviding\ AppShortcutsProvider\ AppUnionValue\ AppUnionValueCasesProviding\ DynamicOptionsProvider\ EntityQuery\ ExtensionPointDefining\ IntentValueQuery\ Resolver\ TransientEntity\ _AssistantIntentsProvider\ _GenerativeFunctionExtractable\ _IntentValueRepresentable
    export SWIFT_EMIT_LOC_STRINGS\=NO
    export SWIFT_ENABLE_BARE_SLASH_REGEX\=NO
    export SWIFT_ENABLE_EXPLICIT_MODULES\=YES
    export SWIFT_ENABLE_TESTABILITY\=YES
    export SWIFT_INSTALL_OBJC_HEADER\=NO
    export SWIFT_LIBRARIES_ONLY\=YES
    export SWIFT_OBJC_INTERFACE_HEADER_DIR\=/Users/admin/builder/spi-builder-workspace/.derivedData/Build/Intermediates.noindex/GeneratedModuleMaps-watchos
    export SWIFT_OBJC_INTERFACE_HEADER_NAME\=SwiftBlockfrostAPI-Swift.h
    export SWIFT_OPTIMIZATION_LEVEL\=-Onone
    export SWIFT_PACKAGE_NAME\=swift_blockfrost_api
    export SWIFT_PLATFORM_TARGET_PREFIX\=watchos
    export SWIFT_RESPONSE_FILE_PATH_normal_arm64\=/Users/admin/builder/spi-builder-workspace/.derivedData/Build/Intermediates.noindex/SwiftBlockfrostAPI.build/Debug-watchos/SwiftBlockfrostAPI-t.build/Objects-normal/arm64/SwiftBlockfrostAPI.SwiftFileList
    export SWIFT_RESPONSE_FILE_PATH_normal_arm64_32\=/Users/admin/builder/spi-builder-workspace/.derivedData/Build/Intermediates.noindex/SwiftBlockfrostAPI.build/Debug-watchos/SwiftBlockfrostAPI-t.build/Objects-normal/arm64_32/SwiftBlockfrostAPI.SwiftFileList
    export SWIFT_SYSTEM_INCLUDE_PATHS\=\ \ /Applications/Xcode-27.0.0.app/Contents/Developer/Platforms/WatchOS.platform/Developer/usr/lib
    export SWIFT_USER_MODULE_VERSION\=0.2.1
    export SWIFT_VERSION\=6
    export SYMROOT\=/Users/admin/builder/spi-builder-workspace/.derivedData/Build/Products
    export SYSROOT\=/Applications/Xcode-27.0.0.app/Contents/Developer/Platforms/WatchOS.platform/Developer/SDKs/WatchOS27.0.sdk
    export SYSTEM_ADMIN_APPS_DIR\=/Applications/Utilities
    export SYSTEM_APPS_DIR\=/Applications
    export SYSTEM_CORE_SERVICES_DIR\=/System/Library/CoreServices
    export SYSTEM_DEMOS_DIR\=/Applications/Extras
    export SYSTEM_DEVELOPER_APPS_DIR\=/Applications/Xcode-27.0.0.app/Contents/Developer/Applications
    export SYSTEM_DEVELOPER_BIN_DIR\=/Applications/Xcode-27.0.0.app/Contents/Developer/usr/bin
    export SYSTEM_DEVELOPER_DEMOS_DIR\=/Applications/Xcode-27.0.0.app/Contents/Developer/Applications/Utilities/Built\ Examples
    export SYSTEM_DEVELOPER_DIR\=/Applications/Xcode-27.0.0.app/Contents/Developer
    export SYSTEM_DEVELOPER_DOC_DIR\=/Applications/Xcode-27.0.0.app/Contents/Developer/ADC\ Reference\ Library
    export SYSTEM_DEVELOPER_GRAPHICS_TOOLS_DIR\=/Applications/Xcode-27.0.0.app/Contents/Developer/Applications/Graphics\ Tools
    export SYSTEM_DEVELOPER_JAVA_TOOLS_DIR\=/Applications/Xcode-27.0.0.app/Contents/Developer/Applications/Java\ Tools
    export SYSTEM_DEVELOPER_PERFORMANCE_TOOLS_DIR\=/Applications/Xcode-27.0.0.app/Contents/Developer/Applications/Performance\ Tools
    export SYSTEM_DEVELOPER_RELEASENOTES_DIR\=/Applications/Xcode-27.0.0.app/Contents/Developer/ADC\ Reference\ Library/releasenotes
    export SYSTEM_DEVELOPER_TOOLS\=/Applications/Xcode-27.0.0.app/Contents/Developer/Tools
    export SYSTEM_DEVELOPER_TOOLS_DOC_DIR\=/Applications/Xcode-27.0.0.app/Contents/Developer/ADC\ Reference\ Library/documentation/DeveloperTools
    export SYSTEM_DEVELOPER_TOOLS_RELEASENOTES_DIR\=/Applications/Xcode-27.0.0.app/Contents/Developer/ADC\ Reference\ Library/releasenotes/DeveloperTools
    export SYSTEM_DEVELOPER_USR_DIR\=/Applications/Xcode-27.0.0.app/Contents/Developer/usr
    export SYSTEM_DEVELOPER_UTILITIES_DIR\=/Applications/Xcode-27.0.0.app/Contents/Developer/Applications/Utilities
    export SYSTEM_DEXT_INSTALL_PATH\=/System/Library/DriverExtensions
    export SYSTEM_DOCUMENTATION_DIR\=/Library/Documentation
    export SYSTEM_FRAMEWORK_SEARCH_PATHS\=\ \ /Applications/Xcode-27.0.0.app/Contents/Developer/Platforms/WatchOS.platform/Developer/Library/Frameworks\ /Applications/Xcode-27.0.0.app/Contents/Developer/Platforms/WatchOS.platform/Developer/SDKs/WatchOS27.0.sdk/Developer/Library/Frameworks
    export SYSTEM_KEXT_INSTALL_PATH\=/System/Library/Extensions
    export SYSTEM_LIBRARY_DIR\=/System/Library
    export TAPI_DEMANGLE\=YES
    export TAPI_DYLIB_INSTALL_NAME\=SwiftBlockfrostAPI
    export TAPI_ENABLE_PROJECT_HEADERS\=NO
    export TAPI_LANGUAGE\=objective-c
    export TAPI_LANGUAGE_STANDARD\=compiler-default
    export TAPI_USE_SRCROOT\=YES
    export TAPI_VERIFY_MODE\=Pedantic
    export TARGETED_DEVICE_FAMILY\=1,2,3,4,6,7
    export TARGETNAME\=SwiftBlockfrostAPI
    export TARGET_BUILD_DIR\=/Users/admin/builder/spi-builder-workspace/.derivedData/Build/Products/Debug-watchos
    export TARGET_NAME\=SwiftBlockfrostAPI
    export TARGET_TEMP_DIR\=/Users/admin/builder/spi-builder-workspace/.derivedData/Build/Intermediates.noindex/SwiftBlockfrostAPI.build/Debug-watchos/SwiftBlockfrostAPI-t.build
    export TARGET_TEMP_DIR_SUFFIX\=-t
    export TEMP_DIR\=/Users/admin/builder/spi-builder-workspace/.derivedData/Build/Intermediates.noindex/SwiftBlockfrostAPI.build/Debug-watchos/SwiftBlockfrostAPI-t.build
    export TEMP_FILES_DIR\=/Users/admin/builder/spi-builder-workspace/.derivedData/Build/Intermediates.noindex/SwiftBlockfrostAPI.build/Debug-watchos/SwiftBlockfrostAPI-t.build
    export TEMP_FILE_DIR\=/Users/admin/builder/spi-builder-workspace/.derivedData/Build/Intermediates.noindex/SwiftBlockfrostAPI.build/Debug-watchos/SwiftBlockfrostAPI-t.build
    export TEMP_ROOT\=/Users/admin/builder/spi-builder-workspace/.derivedData/Build/Intermediates.noindex
    export TEMP_SANDBOX_DIR\=/Users/admin/builder/spi-builder-workspace/.derivedData/Build/Intermediates.noindex/TemporaryTaskSandboxes
    export TEST_FRAMEWORK_SEARCH_PATHS\=\ /Applications/Xcode-27.0.0.app/Contents/Developer/Platforms/WatchOS.platform/Developer/Library/Frameworks\ /Applications/Xcode-27.0.0.app/Contents/Developer/Platforms/WatchOS.platform/Developer/SDKs/WatchOS27.0.sdk/Developer/Library/Frameworks
    export TEST_LIBRARY_SEARCH_PATHS\=\ /Applications/Xcode-27.0.0.app/Contents/Developer/Platforms/WatchOS.platform/Developer/usr/lib
    export TOOLCHAINS\=com.apple.dt.toolchain.Metal.32023.921.5\ com.apple.dt.toolchain.XcodeDefault
    export TOOLCHAIN_DIR\=/var/run/com.apple.security.cryptexd/mnt/com.apple.MobileAsset.MetalToolchain-v27.1.266.1.75Jy0m/Metal.xctoolchain
    export TOOLCHAIN_VERSION\=32023.921.5
    export TREAT_MISSING_BASELINES_AS_TEST_FAILURES\=NO
    export TREAT_MISSING_SCRIPT_PHASE_OUTPUTS_AS_ERRORS\=NO
    export UID\=501
    export UNINSTALLED_PRODUCTS_DIR\=/Users/admin/builder/spi-builder-workspace/.derivedData/Build/Intermediates.noindex/UninstalledProducts
    export UNSTRIPPED_PRODUCT\=NO
    export USER\=admin
    export USER_APPS_DIR\=/Users/admin/Applications
    export USER_LIBRARY_DIR\=/Users/admin/Library
    export USE_DYNAMIC_NO_PIC\=YES
    export USE_HEADERMAP\=NO
    export USE_HEADER_SYMLINKS\=NO
    export VALIDATE_DEVELOPMENT_ASSET_PATHS\=YES_ERROR
    export VALIDATE_PRODUCT\=NO
    export VALID_ARCHS\=arm64\ arm64_32\ arm64e\ arm64e.x1\ armv7k
    export VERBOSE_PBXCP\=NO
    export VERSION_INFO_BUILDER\=admin
    export VERSION_INFO_FILE\=SwiftBlockfrostAPI_vers.c
    export VERSION_INFO_STRING\=\"@\(\#\)PROGRAM:SwiftBlockfrostAPI\ \ PROJECT:SwiftBlockfrostAPI-\"
    export WATCHOS_DEPLOYMENT_TARGET\=9.0
    export WORKSPACE_DIR\=/Users/admin/builder/spi-builder-workspace/.swiftpm/xcode
    export WRAP_ASSET_PACKS_IN_SEPARATE_DIRECTORIES\=NO
    export XCODE_APP_SUPPORT_DIR\=/Applications/Xcode-27.0.0.app/Contents/Developer/Library/Xcode
    export XCODE_PRODUCT_BUILD_VERSION\=27A266a
    export XCODE_VERSION_ACTUAL\=2700
    export XCODE_VERSION_MAJOR\=2700
    export XCODE_VERSION_MINOR\=2700
    export XPCSERVICES_FOLDER_PATH\=/XPCServices
    export YACC\=yacc
    export _DISCOVER_COMMAND_LINE_LINKER_INPUTS\=YES
    export _DISCOVER_COMMAND_LINE_LINKER_INPUTS_INCLUDE_WL\=YES
    export _LD_MULTIARCH\=YES
    export _SWIFT_EXPLICIT_MODULES_ALLOW_CXX_INTEROP\=YES
    export __ARCHS__\=arm64\ arm64_32
    export __DIAGNOSE_DEPRECATED_ARCHS\=YES
    export __DIAGNOSE_INVALID_DEPLOYMENT_TARGET_AS_ERROR\=YES
    export __ORIGINAL_SDK_DEFINED_LLVM_TARGET_TRIPLE_SYS\=watchos
    export arch\=undefined_arch
    export variant\=normal
    /usr/bin/sandbox-exec -p \(version\ 1\)'
'\(deny\ default\)'
'\(import\ \"system.sb\"\)'
'\(allow\ file-read\*\)'
'\(allow\ process\*\)'
'\(allow\ mach-lookup\ \(global-name\ \"com.apple.lsd.mapdb\"\)\)'
'\(allow\ mach-lookup\ \(global-name\ \"com.apple.mobileassetd.v2\"\)\)'
'\(allow\ file-write\*'
'\ \ \ \ \(subpath\ \"/private/tmp\"\)'
'\ \ \ \ \(subpath\ \"/private/var/tmp\"\)'
'\ \ \ \ \(subpath\ \"/private/var/folders/xq/y_g06wb113726d38xsyx71_h0000gn/T\"\)'
'\ \ \ \ \(subpath\ \"/private/var/folders/xq/y_g06wb113726d38xsyx71_h0000gn/C\"\)'
'\)'
'\(deny\ file-write\*'
'\ \ \ \ \(subpath\ \"/Users/admin/builder/spi-builder-workspace/.dependencies/checkouts/swift-blockfrost-api\"\)'
'\)'
'\(allow\ file-write\*'
'\ \ \ \ \(subpath\ \"/Users/admin/builder/spi-builder-workspace/.derivedData/Build/Intermediates.noindex/BuildToolPluginIntermediates/swift-blockfrost-api.output/SwiftBlockfrostAPI/OpenAPIGenerator\"\)'
'\ \ \ \ \(subpath\ \"/private/var/folders/xq/y_g06wb113726d38xsyx71_h0000gn/T/TemporaryItems\"\)'
'\)'
' //Users/admin/builder/spi-builder-workspace/.derivedData/Build/Products/Debug/swift-openapi-generator generate /Users/admin/builder/spi-builder-workspace/.dependencies/checkouts/swift-blockfrost-api/Sources/SwiftBlockfrostAPI/openapi.yaml --config /Users/admin/builder/spi-builder-workspace/.dependencies/checkouts/swift-blockfrost-api/Sources/SwiftBlockfrostAPI/openapi-generator-config.yaml --output-directory /Users/admin/builder/spi-builder-workspace/.derivedData/Build/Intermediates.noindex/BuildToolPluginIntermediates/swift-blockfrost-api.output/SwiftBlockfrostAPI/OpenAPIGenerator/GeneratedSources --plugin-source build
Swift OpenAPI Generator is running with the following configuration:
- OpenAPI document path: /Users/admin/builder/spi-builder-workspace/.dependencies/checkouts/swift-blockfrost-api/Sources/SwiftBlockfrostAPI/openapi.yaml
- Configuration path: /Users/admin/builder/spi-builder-workspace/.dependencies/checkouts/swift-blockfrost-api/Sources/SwiftBlockfrostAPI/openapi-generator-config.yaml
- Generator modes: types, client
- Access modifier: public
- Naming strategy: idiomatic
- Name overrides: <none>
- Type overrides: <none>
- Feature flags: <none>
- Output file names: Types.swift, Types+Components.swift, Types+Operations.swift, Types+Components+Schemas.swift, Types+Components+Parameters.swift, Types+Components+RequestBodies.swift, Types+Components+Responses.swift, Types+Components+Headers.swift, Client.swift
- Output directory: /Users/admin/builder/spi-builder-workspace/.derivedData/Build/Intermediates.noindex/BuildToolPluginIntermediates/swift-blockfrost-api.output/SwiftBlockfrostAPI/OpenAPIGenerator/GeneratedSources
- Diagnostics output path: <none - logs to stderr>
- Current directory: /Users/admin/builder/spi-builder-workspace/.dependencies/checkouts/swift-blockfrost-api
- Plugin source: build
- Is dry run: false
- Additional imports: <none>
- Additional file comments: <none>
SwiftDriver SwiftKoios normal arm64 com.apple.xcode.tools.swift.compiler (in target 'SwiftKoios' from project 'SwiftKoios')
    cd /Users/admin/builder/spi-builder-workspace/.swiftpm/xcode
    builtin-SwiftDriver -- /Applications/Xcode-27.0.0.app/Contents/Developer/Toolchains/XcodeDefault.xctoolchain/usr/bin/swiftc -parse-as-library -module-name SwiftKoios -Onone @/Users/admin/builder/spi-builder-workspace/.derivedData/Build/Intermediates.noindex/SwiftKoios.build/Debug-watchos/SwiftKoios-t.build/Objects-normal/arm64/SwiftKoios.SwiftFileList -DSWIFT_PACKAGE -DDEBUG -DSWIFT_MODULE_RESOURCE_BUNDLE_UNAVAILABLE -DXcode -plugin-path /Applications/Xcode-27.0.0.app/Contents/Developer/Toolchains/XcodeDefault.xctoolchain/usr/lib/swift/host/plugins/testing -enable-experimental-feature DebugDescriptionMacro -sdk /Applications/Xcode-27.0.0.app/Contents/Developer/Platforms/WatchOS.platform/Developer/SDKs/WatchOS27.0.sdk -target arm64-apple-watchos9.0 -g -module-cache-path /Users/admin/builder/spi-builder-workspace/.derivedData/ModuleCache.noindex -Xfrontend -serialize-debugging-options -profile-coverage-mapping -profile-generate -enable-testing -suppress-warnings -index-store-path /Users/admin/builder/spi-builder-workspace/.derivedData/Index.noindex/DataStore -Xcc -D_LIBCPP_HARDENING_MODE\=_LIBCPP_HARDENING_MODE_DEBUG -swift-version 6 -I /Users/admin/builder/spi-builder-workspace/.derivedData/Build/Products/Debug-watchos -Isystem /Applications/Xcode-27.0.0.app/Contents/Developer/Platforms/WatchOS.platform/Developer/usr/lib -F /Users/admin/builder/spi-builder-workspace/.derivedData/Build/Products/Debug-watchos/PackageFrameworks -F /Users/admin/builder/spi-builder-workspace/.derivedData/Build/Products/Debug-watchos -F /Applications/Xcode-27.0.0.app/Contents/Developer/Platforms/WatchOS.platform/Developer/Library/Frameworks -F /Applications/Xcode-27.0.0.app/Contents/Developer/Platforms/WatchOS.platform/Developer/SDKs/WatchOS27.0.sdk/Developer/Library/Frameworks -c -j10 -enable-batch-mode -incremental -Xcc -ivfsstatcache -Xcc /Users/admin/builder/spi-builder-workspace/.derivedData/SDKStatCaches.noindex/watchos27.0-24R360-e829b21a6f8c9b70876ba0858053c044b9db9bc9c079ee3c7b5f3373b13d10bc.sdkstatcache -output-file-map /Users/admin/builder/spi-builder-workspace/.derivedData/Build/Intermediates.noindex/SwiftKoios.build/Debug-watchos/SwiftKoios-t.build/Objects-normal/arm64/SwiftKoios-OutputFileMap.json -save-temps -no-color-diagnostics -explicit-module-build -module-cache-path /Users/admin/builder/spi-builder-workspace/.derivedData/Build/Intermediates.noindex/SwiftExplicitPrecompiledModules -clang-scanner-module-cache-path /Users/admin/builder/spi-builder-workspace/.derivedData/ModuleCache.noindex -sdk-module-cache-path /Users/admin/builder/spi-builder-workspace/.derivedData/SDKExplicitPrecompiledModules -emit-dependencies -emit-module -emit-module-path /Users/admin/builder/spi-builder-workspace/.derivedData/Build/Intermediates.noindex/SwiftKoios.build/Debug-watchos/SwiftKoios-t.build/Objects-normal/arm64/SwiftKoios.swiftmodule -serialize-diagnostics -dependency-scan-serialize-diagnostics-path /Users/admin/builder/spi-builder-workspace/.derivedData/Build/Intermediates.noindex/SwiftKoios.build/Debug-watchos/SwiftKoios-t.build/Objects-normal/arm64/SwiftKoios-dependency-scan.dia -user-module-version 0.2.2 -validate-clang-modules-once -clang-build-session-file /Users/admin/builder/spi-builder-workspace/.derivedData/ModuleCache.noindex/Session.modulevalidation -Xcc -fmodules-prune-interval\=86400 -Xcc -fmodules-prune-after\=345600 -package-name swift_koios -emit-const-values -const-gather-protocols-list /Users/admin/builder/spi-builder-workspace/.derivedData/Build/Intermediates.noindex/SwiftKoios.build/Debug-watchos/SwiftKoios-t.build/Objects-normal/arm64/SwiftKoios_const_extract_protocols.json -Xcc -I/Users/admin/builder/spi-builder-workspace/.derivedData/Build/Products/Debug-watchos/include -Xcc -I/Users/admin/builder/spi-builder-workspace/.derivedData/Build/Intermediates.noindex/SwiftKoios.build/Debug-watchos/SwiftKoios-t.build/DerivedSources-normal/arm64 -Xcc -I/Users/admin/builder/spi-builder-workspace/.derivedData/Build/Intermediates.noindex/SwiftKoios.build/Debug-watchos/SwiftKoios-t.build/DerivedSources/arm64 -Xcc -I/Users/admin/builder/spi-builder-workspace/.derivedData/Build/Intermediates.noindex/SwiftKoios.build/Debug-watchos/SwiftKoios-t.build/DerivedSources -Xcc -DSWIFT_PACKAGE -Xcc -DDEBUG\=1 -emit-objc-header -emit-objc-header-path /Users/admin/builder/spi-builder-workspace/.derivedData/Build/Intermediates.noindex/SwiftKoios.build/Debug-watchos/SwiftKoios-t.build/Objects-normal/arm64/SwiftKoios-Swift.h -working-directory /Users/admin/builder/spi-builder-workspace/.swiftpm/xcode -experimental-emit-module-separately -disable-cmo
Ld /Users/admin/builder/spi-builder-workspace/.derivedData/Build/Intermediates.noindex/swift-nio.build/Debug-watchos/NIOWebSocket-t.build/Objects-normal/arm64/Binary/NIOWebSocket.o normal arm64 (in target 'NIOWebSocket' from project 'swift-nio')
    cd /Users/admin/builder/spi-builder-workspace/.dependencies/checkouts/swift-nio
    /Applications/Xcode-27.0.0.app/Contents/Developer/Toolchains/XcodeDefault.xctoolchain/usr/bin/clang -Xlinker -reproducible -target arm64-apple-watchos9.0 -r -isysroot /Applications/Xcode-27.0.0.app/Contents/Developer/Platforms/WatchOS.platform/Developer/SDKs/WatchOS27.0.sdk -O0 -w -Xlinker -no_warn_duplicate_libraries -F/Users/admin/builder/spi-builder-workspace/.derivedData/Build/Intermediates.noindex/EagerLinkingTBDs/Debug-watchos -F/Users/admin/builder/spi-builder-workspace/.derivedData/Build/Products/Debug-watchos/PackageFrameworks -F/Users/admin/builder/spi-builder-workspace/.derivedData/Build/Products/Debug-watchos -iframework /Applications/Xcode-27.0.0.app/Contents/Developer/Platforms/WatchOS.platform/Developer/Library/Frameworks -iframework /Applications/Xcode-27.0.0.app/Contents/Developer/Platforms/WatchOS.platform/Developer/SDKs/WatchOS27.0.sdk/Developer/Library/Frameworks -filelist /Users/admin/builder/spi-builder-workspace/.derivedData/Build/Intermediates.noindex/swift-nio.build/Debug-watchos/NIOWebSocket-t.build/Objects-normal/arm64/NIOWebSocket.LinkFileList -nostdlib -Xlinker -object_path_lto -Xlinker /Users/admin/builder/spi-builder-workspace/.derivedData/Build/Intermediates.noindex/swift-nio.build/Debug-watchos/NIOWebSocket-t.build/Objects-normal/arm64/NIOWebSocket_lto.o -Xlinker -no_deduplicate -Xlinker -debug_variant -Xlinker -dependency_info -Xlinker /Users/admin/builder/spi-builder-workspace/.derivedData/Build/Intermediates.noindex/swift-nio.build/Debug-watchos/NIOWebSocket-t.build/Objects-normal/arm64/NIOWebSocket_dependency_info.dat -fobjc-link-runtime -L/Applications/Xcode-27.0.0.app/Contents/Developer/Toolchains/XcodeDefault.xctoolchain/usr/lib/swift/watchos -L/usr/lib/swift -Xlinker -add_ast_path -Xlinker /Users/admin/builder/spi-builder-workspace/.derivedData/Build/Intermediates.noindex/swift-nio.build/Debug-watchos/NIOWebSocket-t.build/Objects-normal/arm64/NIOWebSocket.swiftmodule -o /Users/admin/builder/spi-builder-workspace/.derivedData/Build/Intermediates.noindex/swift-nio.build/Debug-watchos/NIOWebSocket-t.build/Objects-normal/arm64/Binary/NIOWebSocket.o
Ld /Users/admin/builder/spi-builder-workspace/.derivedData/Build/Intermediates.noindex/swift-nio.build/Debug-watchos/NIOWebSocket-t.build/Objects-normal/arm64_32/Binary/NIOWebSocket.o normal arm64_32 (in target 'NIOWebSocket' from project 'swift-nio')
    cd /Users/admin/builder/spi-builder-workspace/.dependencies/checkouts/swift-nio
    /Applications/Xcode-27.0.0.app/Contents/Developer/Toolchains/XcodeDefault.xctoolchain/usr/bin/clang -Xlinker -reproducible -target arm64_32-apple-watchos9.0 -r -isysroot /Applications/Xcode-27.0.0.app/Contents/Developer/Platforms/WatchOS.platform/Developer/SDKs/WatchOS27.0.sdk -O0 -w -Xlinker -no_warn_duplicate_libraries -F/Users/admin/builder/spi-builder-workspace/.derivedData/Build/Intermediates.noindex/EagerLinkingTBDs/Debug-watchos -F/Users/admin/builder/spi-builder-workspace/.derivedData/Build/Products/Debug-watchos/PackageFrameworks -F/Users/admin/builder/spi-builder-workspace/.derivedData/Build/Products/Debug-watchos -iframework /Applications/Xcode-27.0.0.app/Contents/Developer/Platforms/WatchOS.platform/Developer/Library/Frameworks -iframework /Applications/Xcode-27.0.0.app/Contents/Developer/Platforms/WatchOS.platform/Developer/SDKs/WatchOS27.0.sdk/Developer/Library/Frameworks -filelist /Users/admin/builder/spi-builder-workspace/.derivedData/Build/Intermediates.noindex/swift-nio.build/Debug-watchos/NIOWebSocket-t.build/Objects-normal/arm64_32/NIOWebSocket.LinkFileList -nostdlib -Xlinker -object_path_lto -Xlinker /Users/admin/builder/spi-builder-workspace/.derivedData/Build/Intermediates.noindex/swift-nio.build/Debug-watchos/NIOWebSocket-t.build/Objects-normal/arm64_32/NIOWebSocket_lto.o -Xlinker -no_deduplicate -Xlinker -debug_variant -Xlinker -dependency_info -Xlinker /Users/admin/builder/spi-builder-workspace/.derivedData/Build/Intermediates.noindex/swift-nio.build/Debug-watchos/NIOWebSocket-t.build/Objects-normal/arm64_32/NIOWebSocket_dependency_info.dat -fobjc-link-runtime -L/Applications/Xcode-27.0.0.app/Contents/Developer/Toolchains/XcodeDefault.xctoolchain/usr/lib/swift/watchos -L/usr/lib/swift -Xlinker -add_ast_path -Xlinker /Users/admin/builder/spi-builder-workspace/.derivedData/Build/Intermediates.noindex/swift-nio.build/Debug-watchos/NIOWebSocket-t.build/Objects-normal/arm64_32/NIOWebSocket.swiftmodule -o /Users/admin/builder/spi-builder-workspace/.derivedData/Build/Intermediates.noindex/swift-nio.build/Debug-watchos/NIOWebSocket-t.build/Objects-normal/arm64_32/Binary/NIOWebSocket.o
Ld /Users/admin/builder/spi-builder-workspace/.derivedData/Build/Intermediates.noindex/swift-nio-ssl.build/Debug-watchos/NIOSSL-t.build/Objects-normal/arm64_32/Binary/NIOSSL.o normal arm64_32 (in target 'NIOSSL' from project 'swift-nio-ssl')
    cd /Users/admin/builder/spi-builder-workspace/.dependencies/checkouts/swift-nio-ssl
    /Applications/Xcode-27.0.0.app/Contents/Developer/Toolchains/XcodeDefault.xctoolchain/usr/bin/clang -Xlinker -reproducible -target arm64_32-apple-watchos9.0 -r -isysroot /Applications/Xcode-27.0.0.app/Contents/Developer/Platforms/WatchOS.platform/Developer/SDKs/WatchOS27.0.sdk -O0 -w -Xlinker -no_warn_duplicate_libraries -F/Users/admin/builder/spi-builder-workspace/.derivedData/Build/Intermediates.noindex/EagerLinkingTBDs/Debug-watchos -F/Users/admin/builder/spi-builder-workspace/.derivedData/Build/Products/Debug-watchos/PackageFrameworks -F/Users/admin/builder/spi-builder-workspace/.derivedData/Build/Products/Debug-watchos -iframework /Applications/Xcode-27.0.0.app/Contents/Developer/Platforms/WatchOS.platform/Developer/Library/Frameworks -iframework /Applications/Xcode-27.0.0.app/Contents/Developer/Platforms/WatchOS.platform/Developer/SDKs/WatchOS27.0.sdk/Developer/Library/Frameworks -filelist /Users/admin/builder/spi-builder-workspace/.derivedData/Build/Intermediates.noindex/swift-nio-ssl.build/Debug-watchos/NIOSSL-t.build/Objects-normal/arm64_32/NIOSSL.LinkFileList -nostdlib -Xlinker -object_path_lto -Xlinker /Users/admin/builder/spi-builder-workspace/.derivedData/Build/Intermediates.noindex/swift-nio-ssl.build/Debug-watchos/NIOSSL-t.build/Objects-normal/arm64_32/NIOSSL_lto.o -Xlinker -no_deduplicate -Xlinker -debug_variant -Xlinker -dependency_info -Xlinker /Users/admin/builder/spi-builder-workspace/.derivedData/Build/Intermediates.noindex/swift-nio-ssl.build/Debug-watchos/NIOSSL-t.build/Objects-normal/arm64_32/NIOSSL_dependency_info.dat -fobjc-link-runtime -L/Applications/Xcode-27.0.0.app/Contents/Developer/Toolchains/XcodeDefault.xctoolchain/usr/lib/swift/watchos -L/usr/lib/swift -Xlinker -add_ast_path -Xlinker /Users/admin/builder/spi-builder-workspace/.derivedData/Build/Intermediates.noindex/swift-nio-ssl.build/Debug-watchos/NIOSSL-t.build/Objects-normal/arm64_32/NIOSSL.swiftmodule -o /Users/admin/builder/spi-builder-workspace/.derivedData/Build/Intermediates.noindex/swift-nio-ssl.build/Debug-watchos/NIOSSL-t.build/Objects-normal/arm64_32/Binary/NIOSSL.o
Ld /Users/admin/builder/spi-builder-workspace/.derivedData/Build/Intermediates.noindex/swift-nio-ssl.build/Debug-watchos/NIOSSL-t.build/Objects-normal/arm64/Binary/NIOSSL.o normal arm64 (in target 'NIOSSL' from project 'swift-nio-ssl')
    cd /Users/admin/builder/spi-builder-workspace/.dependencies/checkouts/swift-nio-ssl
    /Applications/Xcode-27.0.0.app/Contents/Developer/Toolchains/XcodeDefault.xctoolchain/usr/bin/clang -Xlinker -reproducible -target arm64-apple-watchos9.0 -r -isysroot /Applications/Xcode-27.0.0.app/Contents/Developer/Platforms/WatchOS.platform/Developer/SDKs/WatchOS27.0.sdk -O0 -w -Xlinker -no_warn_duplicate_libraries -F/Users/admin/builder/spi-builder-workspace/.derivedData/Build/Intermediates.noindex/EagerLinkingTBDs/Debug-watchos -F/Users/admin/builder/spi-builder-workspace/.derivedData/Build/Products/Debug-watchos/PackageFrameworks -F/Users/admin/builder/spi-builder-workspace/.derivedData/Build/Products/Debug-watchos -iframework /Applications/Xcode-27.0.0.app/Contents/Developer/Platforms/WatchOS.platform/Developer/Library/Frameworks -iframework /Applications/Xcode-27.0.0.app/Contents/Developer/Platforms/WatchOS.platform/Developer/SDKs/WatchOS27.0.sdk/Developer/Library/Frameworks -filelist /Users/admin/builder/spi-builder-workspace/.derivedData/Build/Intermediates.noindex/swift-nio-ssl.build/Debug-watchos/NIOSSL-t.build/Objects-normal/arm64/NIOSSL.LinkFileList -nostdlib -Xlinker -object_path_lto -Xlinker /Users/admin/builder/spi-builder-workspace/.derivedData/Build/Intermediates.noindex/swift-nio-ssl.build/Debug-watchos/NIOSSL-t.build/Objects-normal/arm64/NIOSSL_lto.o -Xlinker -no_deduplicate -Xlinker -debug_variant -Xlinker -dependency_info -Xlinker /Users/admin/builder/spi-builder-workspace/.derivedData/Build/Intermediates.noindex/swift-nio-ssl.build/Debug-watchos/NIOSSL-t.build/Objects-normal/arm64/NIOSSL_dependency_info.dat -fobjc-link-runtime -L/Applications/Xcode-27.0.0.app/Contents/Developer/Toolchains/XcodeDefault.xctoolchain/usr/lib/swift/watchos -L/usr/lib/swift -Xlinker -add_ast_path -Xlinker /Users/admin/builder/spi-builder-workspace/.derivedData/Build/Intermediates.noindex/swift-nio-ssl.build/Debug-watchos/NIOSSL-t.build/Objects-normal/arm64/NIOSSL.swiftmodule -o /Users/admin/builder/spi-builder-workspace/.derivedData/Build/Intermediates.noindex/swift-nio-ssl.build/Debug-watchos/NIOSSL-t.build/Objects-normal/arm64/Binary/NIOSSL.o
CreateUniversalBinary /Users/admin/builder/spi-builder-workspace/.derivedData/Build/Products/Debug-watchos/NIOWebSocket.o normal arm64\ arm64_32 (in target 'NIOWebSocket' from project 'swift-nio')
    cd /Users/admin/builder/spi-builder-workspace/.dependencies/checkouts/swift-nio
    /Applications/Xcode-27.0.0.app/Contents/Developer/Toolchains/XcodeDefault.xctoolchain/usr/bin/lipo -create /Users/admin/builder/spi-builder-workspace/.derivedData/Build/Intermediates.noindex/swift-nio.build/Debug-watchos/NIOWebSocket-t.build/Objects-normal/arm64/Binary/NIOWebSocket.o /Users/admin/builder/spi-builder-workspace/.derivedData/Build/Intermediates.noindex/swift-nio.build/Debug-watchos/NIOWebSocket-t.build/Objects-normal/arm64_32/Binary/NIOWebSocket.o -output /Users/admin/builder/spi-builder-workspace/.derivedData/Build/Products/Debug-watchos/NIOWebSocket.o
Ld /Users/admin/builder/spi-builder-workspace/.derivedData/Build/Intermediates.noindex/swift-nio-extras.build/Debug-watchos/NIOExtras-t.build/Objects-normal/arm64_32/Binary/NIOExtras.o normal arm64_32 (in target 'NIOExtras' from project 'swift-nio-extras')
    cd /Users/admin/builder/spi-builder-workspace/.dependencies/checkouts/swift-nio-extras
    /Applications/Xcode-27.0.0.app/Contents/Developer/Toolchains/XcodeDefault.xctoolchain/usr/bin/clang -Xlinker -reproducible -target arm64_32-apple-watchos9.0 -r -isysroot /Applications/Xcode-27.0.0.app/Contents/Developer/Platforms/WatchOS.platform/Developer/SDKs/WatchOS27.0.sdk -O0 -w -Xlinker -no_warn_duplicate_libraries -F/Users/admin/builder/spi-builder-workspace/.derivedData/Build/Intermediates.noindex/EagerLinkingTBDs/Debug-watchos -F/Users/admin/builder/spi-builder-workspace/.derivedData/Build/Products/Debug-watchos/PackageFrameworks -F/Users/admin/builder/spi-builder-workspace/.derivedData/Build/Products/Debug-watchos -iframework /Applications/Xcode-27.0.0.app/Contents/Developer/Platforms/WatchOS.platform/Developer/Library/Frameworks -iframework /Applications/Xcode-27.0.0.app/Contents/Developer/Platforms/WatchOS.platform/Developer/SDKs/WatchOS27.0.sdk/Developer/Library/Frameworks -filelist /Users/admin/builder/spi-builder-workspace/.derivedData/Build/Intermediates.noindex/swift-nio-extras.build/Debug-watchos/NIOExtras-t.build/Objects-normal/arm64_32/NIOExtras.LinkFileList -nostdlib -Xlinker -object_path_lto -Xlinker /Users/admin/builder/spi-builder-workspace/.derivedData/Build/Intermediates.noindex/swift-nio-extras.build/Debug-watchos/NIOExtras-t.build/Objects-normal/arm64_32/NIOExtras_lto.o -Xlinker -no_deduplicate -Xlinker -debug_variant -Xlinker -dependency_info -Xlinker /Users/admin/builder/spi-builder-workspace/.derivedData/Build/Intermediates.noindex/swift-nio-extras.build/Debug-watchos/NIOExtras-t.build/Objects-normal/arm64_32/NIOExtras_dependency_info.dat -fobjc-link-runtime -L/Applications/Xcode-27.0.0.app/Contents/Developer/Toolchains/XcodeDefault.xctoolchain/usr/lib/swift/watchos -L/usr/lib/swift -Xlinker -add_ast_path -Xlinker /Users/admin/builder/spi-builder-workspace/.derivedData/Build/Intermediates.noindex/swift-nio-extras.build/Debug-watchos/NIOExtras-t.build/Objects-normal/arm64_32/NIOExtras.swiftmodule -o /Users/admin/builder/spi-builder-workspace/.derivedData/Build/Intermediates.noindex/swift-nio-extras.build/Debug-watchos/NIOExtras-t.build/Objects-normal/arm64_32/Binary/NIOExtras.o
Ld /Users/admin/builder/spi-builder-workspace/.derivedData/Build/Intermediates.noindex/swift-nio-extras.build/Debug-watchos/NIOExtras-t.build/Objects-normal/arm64/Binary/NIOExtras.o normal arm64 (in target 'NIOExtras' from project 'swift-nio-extras')
    cd /Users/admin/builder/spi-builder-workspace/.dependencies/checkouts/swift-nio-extras
    /Applications/Xcode-27.0.0.app/Contents/Developer/Toolchains/XcodeDefault.xctoolchain/usr/bin/clang -Xlinker -reproducible -target arm64-apple-watchos9.0 -r -isysroot /Applications/Xcode-27.0.0.app/Contents/Developer/Platforms/WatchOS.platform/Developer/SDKs/WatchOS27.0.sdk -O0 -w -Xlinker -no_warn_duplicate_libraries -F/Users/admin/builder/spi-builder-workspace/.derivedData/Build/Intermediates.noindex/EagerLinkingTBDs/Debug-watchos -F/Users/admin/builder/spi-builder-workspace/.derivedData/Build/Products/Debug-watchos/PackageFrameworks -F/Users/admin/builder/spi-builder-workspace/.derivedData/Build/Products/Debug-watchos -iframework /Applications/Xcode-27.0.0.app/Contents/Developer/Platforms/WatchOS.platform/Developer/Library/Frameworks -iframework /Applications/Xcode-27.0.0.app/Contents/Developer/Platforms/WatchOS.platform/Developer/SDKs/WatchOS27.0.sdk/Developer/Library/Frameworks -filelist /Users/admin/builder/spi-builder-workspace/.derivedData/Build/Intermediates.noindex/swift-nio-extras.build/Debug-watchos/NIOExtras-t.build/Objects-normal/arm64/NIOExtras.LinkFileList -nostdlib -Xlinker -object_path_lto -Xlinker /Users/admin/builder/spi-builder-workspace/.derivedData/Build/Intermediates.noindex/swift-nio-extras.build/Debug-watchos/NIOExtras-t.build/Objects-normal/arm64/NIOExtras_lto.o -Xlinker -no_deduplicate -Xlinker -debug_variant -Xlinker -dependency_info -Xlinker /Users/admin/builder/spi-builder-workspace/.derivedData/Build/Intermediates.noindex/swift-nio-extras.build/Debug-watchos/NIOExtras-t.build/Objects-normal/arm64/NIOExtras_dependency_info.dat -fobjc-link-runtime -L/Applications/Xcode-27.0.0.app/Contents/Developer/Toolchains/XcodeDefault.xctoolchain/usr/lib/swift/watchos -L/usr/lib/swift -Xlinker -add_ast_path -Xlinker /Users/admin/builder/spi-builder-workspace/.derivedData/Build/Intermediates.noindex/swift-nio-extras.build/Debug-watchos/NIOExtras-t.build/Objects-normal/arm64/NIOExtras.swiftmodule -o /Users/admin/builder/spi-builder-workspace/.derivedData/Build/Intermediates.noindex/swift-nio-extras.build/Debug-watchos/NIOExtras-t.build/Objects-normal/arm64/Binary/NIOExtras.o
ExtractAppIntentsMetadata (in target 'NIOWebSocket' from project 'swift-nio')
    cd /Users/admin/builder/spi-builder-workspace/.dependencies/checkouts/swift-nio
    /Applications/Xcode-27.0.0.app/Contents/Developer/Toolchains/XcodeDefault.xctoolchain/usr/bin/appintentsmetadataprocessor --toolchain-dir /var/run/com.apple.security.cryptexd/mnt/com.apple.MobileAsset.MetalToolchain-v27.1.266.1.75Jy0m/Metal.xctoolchain --module-name NIOWebSocket --sdk-root /Applications/Xcode-27.0.0.app/Contents/Developer/Platforms/WatchOS.platform/Developer/SDKs/WatchOS27.0.sdk --xcode-version 27A266a --platform-family watchOS --deployment-target 9.0 --bundle-identifier swift-nio.NIOWebSocket --output /Users/admin/builder/spi-builder-workspace/.derivedData/Build/Products/Debug-watchos/NIOWebSocket.appintents --target-triple arm64-apple-watchos9.0 --target-triple arm64_32-apple-watchos9.0 --binary-file /Users/admin/builder/spi-builder-workspace/.derivedData/Build/Products/Debug-watchos/NIOWebSocket.o --dependency-file /Users/admin/builder/spi-builder-workspace/.derivedData/Build/Intermediates.noindex/swift-nio.build/Debug-watchos/NIOWebSocket-t.build/Objects-normal/arm64/NIOWebSocket_dependency_info.dat --dependency-file /Users/admin/builder/spi-builder-workspace/.derivedData/Build/Intermediates.noindex/swift-nio.build/Debug-watchos/NIOWebSocket-t.build/Objects-normal/arm64_32/NIOWebSocket_dependency_info.dat --stringsdata-file /Users/admin/builder/spi-builder-workspace/.derivedData/Build/Intermediates.noindex/swift-nio.build/Debug-watchos/NIOWebSocket-t.build/Objects-normal/arm64/ExtractedAppShortcutsMetadata.stringsdata --stringsdata-file /Users/admin/builder/spi-builder-workspace/.derivedData/Build/Intermediates.noindex/swift-nio.build/Debug-watchos/NIOWebSocket-t.build/Objects-normal/arm64_32/ExtractedAppShortcutsMetadata.stringsdata --source-file-list /Users/admin/builder/spi-builder-workspace/.derivedData/Build/Intermediates.noindex/swift-nio.build/Debug-watchos/NIOWebSocket-t.build/Objects-normal/arm64/NIOWebSocket.SwiftFileList --source-file-list /Users/admin/builder/spi-builder-workspace/.derivedData/Build/Intermediates.noindex/swift-nio.build/Debug-watchos/NIOWebSocket-t.build/Objects-normal/arm64_32/NIOWebSocket.SwiftFileList --metadata-file-list /Users/admin/builder/spi-builder-workspace/.derivedData/Build/Intermediates.noindex/swift-nio.build/Debug-watchos/NIOWebSocket-t.build/NIOWebSocket.DependencyMetadataFileList --static-metadata-file-list /Users/admin/builder/spi-builder-workspace/.derivedData/Build/Intermediates.noindex/swift-nio.build/Debug-watchos/NIOWebSocket-t.build/NIOWebSocket.DependencyStaticMetadataFileList --swift-const-vals-list /Users/admin/builder/spi-builder-workspace/.derivedData/Build/Intermediates.noindex/swift-nio.build/Debug-watchos/NIOWebSocket-t.build/Objects-normal/arm64/NIOWebSocket.SwiftConstValuesFileList --swift-const-vals-list /Users/admin/builder/spi-builder-workspace/.derivedData/Build/Intermediates.noindex/swift-nio.build/Debug-watchos/NIOWebSocket-t.build/Objects-normal/arm64_32/NIOWebSocket.SwiftConstValuesFileList --force --compile-time-extraction --deployment-aware-processing --no-app-shortcuts-localization
2026-10-10 00:47:04.450 appintentsmetadataprocessor[7238:31306] Starting appintentsmetadataprocessor export
2026-10-10 00:47:04.509 appintentsmetadataprocessor[7238:31306] Extracted no relevant App Intents symbols, skipping writing output
CreateUniversalBinary /Users/admin/builder/spi-builder-workspace/.derivedData/Build/Products/Debug-watchos/NIOSSL.o normal arm64\ arm64_32 (in target 'NIOSSL' from project 'swift-nio-ssl')
    cd /Users/admin/builder/spi-builder-workspace/.dependencies/checkouts/swift-nio-ssl
    /Applications/Xcode-27.0.0.app/Contents/Developer/Toolchains/XcodeDefault.xctoolchain/usr/bin/lipo -create /Users/admin/builder/spi-builder-workspace/.derivedData/Build/Intermediates.noindex/swift-nio-ssl.build/Debug-watchos/NIOSSL-t.build/Objects-normal/arm64/Binary/NIOSSL.o /Users/admin/builder/spi-builder-workspace/.derivedData/Build/Intermediates.noindex/swift-nio-ssl.build/Debug-watchos/NIOSSL-t.build/Objects-normal/arm64_32/Binary/NIOSSL.o -output /Users/admin/builder/spi-builder-workspace/.derivedData/Build/Products/Debug-watchos/NIOSSL.o
Ld /Users/admin/builder/spi-builder-workspace/.derivedData/Build/Intermediates.noindex/swift-nio-transport-services.build/Debug-watchos/NIOTransportServices-t.build/Objects-normal/arm64_32/Binary/NIOTransportServices.o normal arm64_32 (in target 'NIOTransportServices' from project 'swift-nio-transport-services')
    cd /Users/admin/builder/spi-builder-workspace/.dependencies/checkouts/swift-nio-transport-services
    /Applications/Xcode-27.0.0.app/Contents/Developer/Toolchains/XcodeDefault.xctoolchain/usr/bin/clang -Xlinker -reproducible -target arm64_32-apple-watchos9.0 -r -isysroot /Applications/Xcode-27.0.0.app/Contents/Developer/Platforms/WatchOS.platform/Developer/SDKs/WatchOS27.0.sdk -O0 -w -Xlinker -no_warn_duplicate_libraries -F/Users/admin/builder/spi-builder-workspace/.derivedData/Build/Intermediates.noindex/EagerLinkingTBDs/Debug-watchos -F/Users/admin/builder/spi-builder-workspace/.derivedData/Build/Products/Debug-watchos/PackageFrameworks -F/Users/admin/builder/spi-builder-workspace/.derivedData/Build/Products/Debug-watchos -iframework /Applications/Xcode-27.0.0.app/Contents/Developer/Platforms/WatchOS.platform/Developer/Library/Frameworks -iframework /Applications/Xcode-27.0.0.app/Contents/Developer/Platforms/WatchOS.platform/Developer/SDKs/WatchOS27.0.sdk/Developer/Library/Frameworks -filelist /Users/admin/builder/spi-builder-workspace/.derivedData/Build/Intermediates.noindex/swift-nio-transport-services.build/Debug-watchos/NIOTransportServices-t.build/Objects-normal/arm64_32/NIOTransportServices.LinkFileList -nostdlib -Xlinker -object_path_lto -Xlinker /Users/admin/builder/spi-builder-workspace/.derivedData/Build/Intermediates.noindex/swift-nio-transport-services.build/Debug-watchos/NIOTransportServices-t.build/Objects-normal/arm64_32/NIOTransportServices_lto.o -Xlinker -no_deduplicate -Xlinker -debug_variant -Xlinker -dependency_info -Xlinker /Users/admin/builder/spi-builder-workspace/.derivedData/Build/Intermediates.noindex/swift-nio-transport-services.build/Debug-watchos/NIOTransportServices-t.build/Objects-normal/arm64_32/NIOTransportServices_dependency_info.dat -fobjc-link-runtime -L/Applications/Xcode-27.0.0.app/Contents/Developer/Toolchains/XcodeDefault.xctoolchain/usr/lib/swift/watchos -L/usr/lib/swift -Xlinker -add_ast_path -Xlinker /Users/admin/builder/spi-builder-workspace/.derivedData/Build/Intermediates.noindex/swift-nio-transport-services.build/Debug-watchos/NIOTransportServices-t.build/Objects-normal/arm64_32/NIOTransportServices.swiftmodule -o /Users/admin/builder/spi-builder-workspace/.derivedData/Build/Intermediates.noindex/swift-nio-transport-services.build/Debug-watchos/NIOTransportServices-t.build/Objects-normal/arm64_32/Binary/NIOTransportServices.o
Ld /Users/admin/builder/spi-builder-workspace/.derivedData/Build/Intermediates.noindex/swift-nio-transport-services.build/Debug-watchos/NIOTransportServices-t.build/Objects-normal/arm64/Binary/NIOTransportServices.o normal arm64 (in target 'NIOTransportServices' from project 'swift-nio-transport-services')
    cd /Users/admin/builder/spi-builder-workspace/.dependencies/checkouts/swift-nio-transport-services
    /Applications/Xcode-27.0.0.app/Contents/Developer/Toolchains/XcodeDefault.xctoolchain/usr/bin/clang -Xlinker -reproducible -target arm64-apple-watchos9.0 -r -isysroot /Applications/Xcode-27.0.0.app/Contents/Developer/Platforms/WatchOS.platform/Developer/SDKs/WatchOS27.0.sdk -O0 -w -Xlinker -no_warn_duplicate_libraries -F/Users/admin/builder/spi-builder-workspace/.derivedData/Build/Intermediates.noindex/EagerLinkingTBDs/Debug-watchos -F/Users/admin/builder/spi-builder-workspace/.derivedData/Build/Products/Debug-watchos/PackageFrameworks -F/Users/admin/builder/spi-builder-workspace/.derivedData/Build/Products/Debug-watchos -iframework /Applications/Xcode-27.0.0.app/Contents/Developer/Platforms/WatchOS.platform/Developer/Library/Frameworks -iframework /Applications/Xcode-27.0.0.app/Contents/Developer/Platforms/WatchOS.platform/Developer/SDKs/WatchOS27.0.sdk/Developer/Library/Frameworks -filelist /Users/admin/builder/spi-builder-workspace/.derivedData/Build/Intermediates.noindex/swift-nio-transport-services.build/Debug-watchos/NIOTransportServices-t.build/Objects-normal/arm64/NIOTransportServices.LinkFileList -nostdlib -Xlinker -object_path_lto -Xlinker /Users/admin/builder/spi-builder-workspace/.derivedData/Build/Intermediates.noindex/swift-nio-transport-services.build/Debug-watchos/NIOTransportServices-t.build/Objects-normal/arm64/NIOTransportServices_lto.o -Xlinker -no_deduplicate -Xlinker -debug_variant -Xlinker -dependency_info -Xlinker /Users/admin/builder/spi-builder-workspace/.derivedData/Build/Intermediates.noindex/swift-nio-transport-services.build/Debug-watchos/NIOTransportServices-t.build/Objects-normal/arm64/NIOTransportServices_dependency_info.dat -fobjc-link-runtime -L/Applications/Xcode-27.0.0.app/Contents/Developer/Toolchains/XcodeDefault.xctoolchain/usr/lib/swift/watchos -L/usr/lib/swift -Xlinker -add_ast_path -Xlinker /Users/admin/builder/spi-builder-workspace/.derivedData/Build/Intermediates.noindex/swift-nio-transport-services.build/Debug-watchos/NIOTransportServices-t.build/Objects-normal/arm64/NIOTransportServices.swiftmodule -o /Users/admin/builder/spi-builder-workspace/.derivedData/Build/Intermediates.noindex/swift-nio-transport-services.build/Debug-watchos/NIOTransportServices-t.build/Objects-normal/arm64/Binary/NIOTransportServices.o
CreateUniversalBinary /Users/admin/builder/spi-builder-workspace/.derivedData/Build/Products/Debug-watchos/NIOExtras.o normal arm64\ arm64_32 (in target 'NIOExtras' from project 'swift-nio-extras')
    cd /Users/admin/builder/spi-builder-workspace/.dependencies/checkouts/swift-nio-extras
    /Applications/Xcode-27.0.0.app/Contents/Developer/Toolchains/XcodeDefault.xctoolchain/usr/bin/lipo -create /Users/admin/builder/spi-builder-workspace/.derivedData/Build/Intermediates.noindex/swift-nio-extras.build/Debug-watchos/NIOExtras-t.build/Objects-normal/arm64/Binary/NIOExtras.o /Users/admin/builder/spi-builder-workspace/.derivedData/Build/Intermediates.noindex/swift-nio-extras.build/Debug-watchos/NIOExtras-t.build/Objects-normal/arm64_32/Binary/NIOExtras.o -output /Users/admin/builder/spi-builder-workspace/.derivedData/Build/Products/Debug-watchos/NIOExtras.o
ExtractAppIntentsMetadata (in target 'NIOSSL' from project 'swift-nio-ssl')
    cd /Users/admin/builder/spi-builder-workspace/.dependencies/checkouts/swift-nio-ssl
    /Applications/Xcode-27.0.0.app/Contents/Developer/Toolchains/XcodeDefault.xctoolchain/usr/bin/appintentsmetadataprocessor --toolchain-dir /var/run/com.apple.security.cryptexd/mnt/com.apple.MobileAsset.MetalToolchain-v27.1.266.1.75Jy0m/Metal.xctoolchain --module-name NIOSSL --sdk-root /Applications/Xcode-27.0.0.app/Contents/Developer/Platforms/WatchOS.platform/Developer/SDKs/WatchOS27.0.sdk --xcode-version 27A266a --platform-family watchOS --deployment-target 9.0 --bundle-identifier swift-nio-ssl.NIOSSL --output /Users/admin/builder/spi-builder-workspace/.derivedData/Build/Products/Debug-watchos/NIOSSL.appintents --target-triple arm64-apple-watchos9.0 --target-triple arm64_32-apple-watchos9.0 --binary-file /Users/admin/builder/spi-builder-workspace/.derivedData/Build/Products/Debug-watchos/NIOSSL.o --dependency-file /Users/admin/builder/spi-builder-workspace/.derivedData/Build/Intermediates.noindex/swift-nio-ssl.build/Debug-watchos/NIOSSL-t.build/Objects-normal/arm64/NIOSSL_dependency_info.dat --dependency-file /Users/admin/builder/spi-builder-workspace/.derivedData/Build/Intermediates.noindex/swift-nio-ssl.build/Debug-watchos/NIOSSL-t.build/Objects-normal/arm64_32/NIOSSL_dependency_info.dat --stringsdata-file /Users/admin/builder/spi-builder-workspace/.derivedData/Build/Intermediates.noindex/swift-nio-ssl.build/Debug-watchos/NIOSSL-t.build/Objects-normal/arm64/ExtractedAppShortcutsMetadata.stringsdata --stringsdata-file /Users/admin/builder/spi-builder-workspace/.derivedData/Build/Intermediates.noindex/swift-nio-ssl.build/Debug-watchos/NIOSSL-t.build/Objects-normal/arm64_32/ExtractedAppShortcutsMetadata.stringsdata --source-file-list /Users/admin/builder/spi-builder-workspace/.derivedData/Build/Intermediates.noindex/swift-nio-ssl.build/Debug-watchos/NIOSSL-t.build/Objects-normal/arm64/NIOSSL.SwiftFileList --source-file-list /Users/admin/builder/spi-builder-workspace/.derivedData/Build/Intermediates.noindex/swift-nio-ssl.build/Debug-watchos/NIOSSL-t.build/Objects-normal/arm64_32/NIOSSL.SwiftFileList --metadata-file-list /Users/admin/builder/spi-builder-workspace/.derivedData/Build/Intermediates.noindex/swift-nio-ssl.build/Debug-watchos/NIOSSL-t.build/NIOSSL.DependencyMetadataFileList --static-metadata-file-list /Users/admin/builder/spi-builder-workspace/.derivedData/Build/Intermediates.noindex/swift-nio-ssl.build/Debug-watchos/NIOSSL-t.build/NIOSSL.DependencyStaticMetadataFileList --swift-const-vals-list /Users/admin/builder/spi-builder-workspace/.derivedData/Build/Intermediates.noindex/swift-nio-ssl.build/Debug-watchos/NIOSSL-t.build/Objects-normal/arm64/NIOSSL.SwiftConstValuesFileList --swift-const-vals-list /Users/admin/builder/spi-builder-workspace/.derivedData/Build/Intermediates.noindex/swift-nio-ssl.build/Debug-watchos/NIOSSL-t.build/Objects-normal/arm64_32/NIOSSL.SwiftConstValuesFileList --force --compile-time-extraction --deployment-aware-processing --no-app-shortcuts-localization
2026-10-10 00:47:04.479 appintentsmetadataprocessor[7246:31344] Starting appintentsmetadataprocessor export
2026-10-10 00:47:04.538 appintentsmetadataprocessor[7246:31344] Extracted no relevant App Intents symbols, skipping writing output
CreateUniversalBinary /Users/admin/builder/spi-builder-workspace/.derivedData/Build/Products/Debug-watchos/NIOTransportServices.o normal arm64\ arm64_32 (in target 'NIOTransportServices' from project 'swift-nio-transport-services')
    cd /Users/admin/builder/spi-builder-workspace/.dependencies/checkouts/swift-nio-transport-services
    /Applications/Xcode-27.0.0.app/Contents/Developer/Toolchains/XcodeDefault.xctoolchain/usr/bin/lipo -create /Users/admin/builder/spi-builder-workspace/.derivedData/Build/Intermediates.noindex/swift-nio-transport-services.build/Debug-watchos/NIOTransportServices-t.build/Objects-normal/arm64/Binary/NIOTransportServices.o /Users/admin/builder/spi-builder-workspace/.derivedData/Build/Intermediates.noindex/swift-nio-transport-services.build/Debug-watchos/NIOTransportServices-t.build/Objects-normal/arm64_32/Binary/NIOTransportServices.o -output /Users/admin/builder/spi-builder-workspace/.derivedData/Build/Products/Debug-watchos/NIOTransportServices.o
ExtractAppIntentsMetadata (in target 'NIOExtras' from project 'swift-nio-extras')
    cd /Users/admin/builder/spi-builder-workspace/.dependencies/checkouts/swift-nio-extras
    /Applications/Xcode-27.0.0.app/Contents/Developer/Toolchains/XcodeDefault.xctoolchain/usr/bin/appintentsmetadataprocessor --toolchain-dir /var/run/com.apple.security.cryptexd/mnt/com.apple.MobileAsset.MetalToolchain-v27.1.266.1.75Jy0m/Metal.xctoolchain --module-name NIOExtras --sdk-root /Applications/Xcode-27.0.0.app/Contents/Developer/Platforms/WatchOS.platform/Developer/SDKs/WatchOS27.0.sdk --xcode-version 27A266a --platform-family watchOS --deployment-target 9.0 --bundle-identifier swift-nio-extras.NIOExtras --output /Users/admin/builder/spi-builder-workspace/.derivedData/Build/Products/Debug-watchos/NIOExtras.appintents --target-triple arm64-apple-watchos9.0 --target-triple arm64_32-apple-watchos9.0 --binary-file /Users/admin/builder/spi-builder-workspace/.derivedData/Build/Products/Debug-watchos/NIOExtras.o --dependency-file /Users/admin/builder/spi-builder-workspace/.derivedData/Build/Intermediates.noindex/swift-nio-extras.build/Debug-watchos/NIOExtras-t.build/Objects-normal/arm64/NIOExtras_dependency_info.dat --dependency-file /Users/admin/builder/spi-builder-workspace/.derivedData/Build/Intermediates.noindex/swift-nio-extras.build/Debug-watchos/NIOExtras-t.build/Objects-normal/arm64_32/NIOExtras_dependency_info.dat --stringsdata-file /Users/admin/builder/spi-builder-workspace/.derivedData/Build/Intermediates.noindex/swift-nio-extras.build/Debug-watchos/NIOExtras-t.build/Objects-normal/arm64/ExtractedAppShortcutsMetadata.stringsdata --stringsdata-file /Users/admin/builder/spi-builder-workspace/.derivedData/Build/Intermediates.noindex/swift-nio-extras.build/Debug-watchos/NIOExtras-t.build/Objects-normal/arm64_32/ExtractedAppShortcutsMetadata.stringsdata --source-file-list /Users/admin/builder/spi-builder-workspace/.derivedData/Build/Intermediates.noindex/swift-nio-extras.build/Debug-watchos/NIOExtras-t.build/Objects-normal/arm64/NIOExtras.SwiftFileList --source-file-list /Users/admin/builder/spi-builder-workspace/.derivedData/Build/Intermediates.noindex/swift-nio-extras.build/Debug-watchos/NIOExtras-t.build/Objects-normal/arm64_32/NIOExtras.SwiftFileList --metadata-file-list /Users/admin/builder/spi-builder-workspace/.derivedData/Build/Intermediates.noindex/swift-nio-extras.build/Debug-watchos/NIOExtras-t.build/NIOExtras.DependencyMetadataFileList --static-metadata-file-list /Users/admin/builder/spi-builder-workspace/.derivedData/Build/Intermediates.noindex/swift-nio-extras.build/Debug-watchos/NIOExtras-t.build/NIOExtras.DependencyStaticMetadataFileList --swift-const-vals-list /Users/admin/builder/spi-builder-workspace/.derivedData/Build/Intermediates.noindex/swift-nio-extras.build/Debug-watchos/NIOExtras-t.build/Objects-normal/arm64/NIOExtras.SwiftConstValuesFileList --swift-const-vals-list /Users/admin/builder/spi-builder-workspace/.derivedData/Build/Intermediates.noindex/swift-nio-extras.build/Debug-watchos/NIOExtras-t.build/Objects-normal/arm64_32/NIOExtras.SwiftConstValuesFileList --force --compile-time-extraction --deployment-aware-processing --no-app-shortcuts-localization
2026-10-10 00:47:04.493 appintentsmetadataprocessor[7248:31364] Starting appintentsmetadataprocessor export
2026-10-10 00:47:04.549 appintentsmetadataprocessor[7248:31364] Extracted no relevant App Intents symbols, skipping writing output
ExtractAppIntentsMetadata (in target 'NIOTransportServices' from project 'swift-nio-transport-services')
    cd /Users/admin/builder/spi-builder-workspace/.dependencies/checkouts/swift-nio-transport-services
    /Applications/Xcode-27.0.0.app/Contents/Developer/Toolchains/XcodeDefault.xctoolchain/usr/bin/appintentsmetadataprocessor --toolchain-dir /var/run/com.apple.security.cryptexd/mnt/com.apple.MobileAsset.MetalToolchain-v27.1.266.1.75Jy0m/Metal.xctoolchain --module-name NIOTransportServices --sdk-root /Applications/Xcode-27.0.0.app/Contents/Developer/Platforms/WatchOS.platform/Developer/SDKs/WatchOS27.0.sdk --xcode-version 27A266a --platform-family watchOS --deployment-target 9.0 --bundle-identifier swift-nio-transport-services.NIOTransportServices --output /Users/admin/builder/spi-builder-workspace/.derivedData/Build/Products/Debug-watchos/NIOTransportServices.appintents --target-triple arm64-apple-watchos9.0 --target-triple arm64_32-apple-watchos9.0 --binary-file /Users/admin/builder/spi-builder-workspace/.derivedData/Build/Products/Debug-watchos/NIOTransportServices.o --dependency-file /Users/admin/builder/spi-builder-workspace/.derivedData/Build/Intermediates.noindex/swift-nio-transport-services.build/Debug-watchos/NIOTransportServices-t.build/Objects-normal/arm64/NIOTransportServices_dependency_info.dat --dependency-file /Users/admin/builder/spi-builder-workspace/.derivedData/Build/Intermediates.noindex/swift-nio-transport-services.build/Debug-watchos/NIOTransportServices-t.build/Objects-normal/arm64_32/NIOTransportServices_dependency_info.dat --stringsdata-file /Users/admin/builder/spi-builder-workspace/.derivedData/Build/Intermediates.noindex/swift-nio-transport-services.build/Debug-watchos/NIOTransportServices-t.build/Objects-normal/arm64/ExtractedAppShortcutsMetadata.stringsdata --stringsdata-file /Users/admin/builder/spi-builder-workspace/.derivedData/Build/Intermediates.noindex/swift-nio-transport-services.build/Debug-watchos/NIOTransportServices-t.build/Objects-normal/arm64_32/ExtractedAppShortcutsMetadata.stringsdata --source-file-list /Users/admin/builder/spi-builder-workspace/.derivedData/Build/Intermediates.noindex/swift-nio-transport-services.build/Debug-watchos/NIOTransportServices-t.build/Objects-normal/arm64/NIOTransportServices.SwiftFileList --source-file-list /Users/admin/builder/spi-builder-workspace/.derivedData/Build/Intermediates.noindex/swift-nio-transport-services.build/Debug-watchos/NIOTransportServices-t.build/Objects-normal/arm64_32/NIOTransportServices.SwiftFileList --metadata-file-list /Users/admin/builder/spi-builder-workspace/.derivedData/Build/Intermediates.noindex/swift-nio-transport-services.build/Debug-watchos/NIOTransportServices-t.build/NIOTransportServices.DependencyMetadataFileList --static-metadata-file-list /Users/admin/builder/spi-builder-workspace/.derivedData/Build/Intermediates.noindex/swift-nio-transport-services.build/Debug-watchos/NIOTransportServices-t.build/NIOTransportServices.DependencyStaticMetadataFileList --swift-const-vals-list /Users/admin/builder/spi-builder-workspace/.derivedData/Build/Intermediates.noindex/swift-nio-transport-services.build/Debug-watchos/NIOTransportServices-t.build/Objects-normal/arm64/NIOTransportServices.SwiftConstValuesFileList --swift-const-vals-list /Users/admin/builder/spi-builder-workspace/.derivedData/Build/Intermediates.noindex/swift-nio-transport-services.build/Debug-watchos/NIOTransportServices-t.build/Objects-normal/arm64_32/NIOTransportServices.SwiftConstValuesFileList --force --compile-time-extraction --deployment-aware-processing --no-app-shortcuts-localization
2026-10-10 00:47:04.500 appintentsmetadataprocessor[7249:31367] Starting appintentsmetadataprocessor export
2026-10-10 00:47:04.557 appintentsmetadataprocessor[7249:31367] Extracted no relevant App Intents symbols, skipping writing output
Ld /Users/admin/builder/spi-builder-workspace/.derivedData/Build/Intermediates.noindex/websocket-kit.build/Debug-watchos/WebSocketKit-t.build/Objects-normal/arm64_32/Binary/WebSocketKit.o normal arm64_32 (in target 'WebSocketKit' from project 'websocket-kit')
    cd /Users/admin/builder/spi-builder-workspace/.dependencies/checkouts/websocket-kit
    /Applications/Xcode-27.0.0.app/Contents/Developer/Toolchains/XcodeDefault.xctoolchain/usr/bin/clang -Xlinker -reproducible -target arm64_32-apple-watchos9.0 -r -isysroot /Applications/Xcode-27.0.0.app/Contents/Developer/Platforms/WatchOS.platform/Developer/SDKs/WatchOS27.0.sdk -O0 -w -Xlinker -no_warn_duplicate_libraries -F/Users/admin/builder/spi-builder-workspace/.derivedData/Build/Intermediates.noindex/EagerLinkingTBDs/Debug-watchos -F/Users/admin/builder/spi-builder-workspace/.derivedData/Build/Products/Debug-watchos/PackageFrameworks -F/Users/admin/builder/spi-builder-workspace/.derivedData/Build/Products/Debug-watchos -iframework /Applications/Xcode-27.0.0.app/Contents/Developer/Platforms/WatchOS.platform/Developer/Library/Frameworks -iframework /Applications/Xcode-27.0.0.app/Contents/Developer/Platforms/WatchOS.platform/Developer/SDKs/WatchOS27.0.sdk/Developer/Library/Frameworks -filelist /Users/admin/builder/spi-builder-workspace/.derivedData/Build/Intermediates.noindex/websocket-kit.build/Debug-watchos/WebSocketKit-t.build/Objects-normal/arm64_32/WebSocketKit.LinkFileList -nostdlib -Xlinker -object_path_lto -Xlinker /Users/admin/builder/spi-builder-workspace/.derivedData/Build/Intermediates.noindex/websocket-kit.build/Debug-watchos/WebSocketKit-t.build/Objects-normal/arm64_32/WebSocketKit_lto.o -Xlinker -no_deduplicate -Xlinker -debug_variant -Xlinker -dependency_info -Xlinker /Users/admin/builder/spi-builder-workspace/.derivedData/Build/Intermediates.noindex/websocket-kit.build/Debug-watchos/WebSocketKit-t.build/Objects-normal/arm64_32/WebSocketKit_dependency_info.dat -fobjc-link-runtime -L/Applications/Xcode-27.0.0.app/Contents/Developer/Toolchains/XcodeDefault.xctoolchain/usr/lib/swift/watchos -L/usr/lib/swift -Xlinker -add_ast_path -Xlinker /Users/admin/builder/spi-builder-workspace/.derivedData/Build/Intermediates.noindex/websocket-kit.build/Debug-watchos/WebSocketKit-t.build/Objects-normal/arm64_32/WebSocketKit.swiftmodule -o /Users/admin/builder/spi-builder-workspace/.derivedData/Build/Intermediates.noindex/websocket-kit.build/Debug-watchos/WebSocketKit-t.build/Objects-normal/arm64_32/Binary/WebSocketKit.o
Ld /Users/admin/builder/spi-builder-workspace/.derivedData/Build/Intermediates.noindex/websocket-kit.build/Debug-watchos/WebSocketKit-t.build/Objects-normal/arm64/Binary/WebSocketKit.o normal arm64 (in target 'WebSocketKit' from project 'websocket-kit')
    cd /Users/admin/builder/spi-builder-workspace/.dependencies/checkouts/websocket-kit
    /Applications/Xcode-27.0.0.app/Contents/Developer/Toolchains/XcodeDefault.xctoolchain/usr/bin/clang -Xlinker -reproducible -target arm64-apple-watchos9.0 -r -isysroot /Applications/Xcode-27.0.0.app/Contents/Developer/Platforms/WatchOS.platform/Developer/SDKs/WatchOS27.0.sdk -O0 -w -Xlinker -no_warn_duplicate_libraries -F/Users/admin/builder/spi-builder-workspace/.derivedData/Build/Intermediates.noindex/EagerLinkingTBDs/Debug-watchos -F/Users/admin/builder/spi-builder-workspace/.derivedData/Build/Products/Debug-watchos/PackageFrameworks -F/Users/admin/builder/spi-builder-workspace/.derivedData/Build/Products/Debug-watchos -iframework /Applications/Xcode-27.0.0.app/Contents/Developer/Platforms/WatchOS.platform/Developer/Library/Frameworks -iframework /Applications/Xcode-27.0.0.app/Contents/Developer/Platforms/WatchOS.platform/Developer/SDKs/WatchOS27.0.sdk/Developer/Library/Frameworks -filelist /Users/admin/builder/spi-builder-workspace/.derivedData/Build/Intermediates.noindex/websocket-kit.build/Debug-watchos/WebSocketKit-t.build/Objects-normal/arm64/WebSocketKit.LinkFileList -nostdlib -Xlinker -object_path_lto -Xlinker /Users/admin/builder/spi-builder-workspace/.derivedData/Build/Intermediates.noindex/websocket-kit.build/Debug-watchos/WebSocketKit-t.build/Objects-normal/arm64/WebSocketKit_lto.o -Xlinker -no_deduplicate -Xlinker -debug_variant -Xlinker -dependency_info -Xlinker /Users/admin/builder/spi-builder-workspace/.derivedData/Build/Intermediates.noindex/websocket-kit.build/Debug-watchos/WebSocketKit-t.build/Objects-normal/arm64/WebSocketKit_dependency_info.dat -fobjc-link-runtime -L/Applications/Xcode-27.0.0.app/Contents/Developer/Toolchains/XcodeDefault.xctoolchain/usr/lib/swift/watchos -L/usr/lib/swift -Xlinker -add_ast_path -Xlinker /Users/admin/builder/spi-builder-workspace/.derivedData/Build/Intermediates.noindex/websocket-kit.build/Debug-watchos/WebSocketKit-t.build/Objects-normal/arm64/WebSocketKit.swiftmodule -o /Users/admin/builder/spi-builder-workspace/.derivedData/Build/Intermediates.noindex/websocket-kit.build/Debug-watchos/WebSocketKit-t.build/Objects-normal/arm64/Binary/WebSocketKit.o
CreateUniversalBinary /Users/admin/builder/spi-builder-workspace/.derivedData/Build/Products/Debug-watchos/WebSocketKit.o normal arm64\ arm64_32 (in target 'WebSocketKit' from project 'websocket-kit')
    cd /Users/admin/builder/spi-builder-workspace/.dependencies/checkouts/websocket-kit
    /Applications/Xcode-27.0.0.app/Contents/Developer/Toolchains/XcodeDefault.xctoolchain/usr/bin/lipo -create /Users/admin/builder/spi-builder-workspace/.derivedData/Build/Intermediates.noindex/websocket-kit.build/Debug-watchos/WebSocketKit-t.build/Objects-normal/arm64/Binary/WebSocketKit.o /Users/admin/builder/spi-builder-workspace/.derivedData/Build/Intermediates.noindex/websocket-kit.build/Debug-watchos/WebSocketKit-t.build/Objects-normal/arm64_32/Binary/WebSocketKit.o -output /Users/admin/builder/spi-builder-workspace/.derivedData/Build/Products/Debug-watchos/WebSocketKit.o
ExtractAppIntentsMetadata (in target 'WebSocketKit' from project 'websocket-kit')
    cd /Users/admin/builder/spi-builder-workspace/.dependencies/checkouts/websocket-kit
    /Applications/Xcode-27.0.0.app/Contents/Developer/Toolchains/XcodeDefault.xctoolchain/usr/bin/appintentsmetadataprocessor --toolchain-dir /var/run/com.apple.security.cryptexd/mnt/com.apple.MobileAsset.MetalToolchain-v27.1.266.1.75Jy0m/Metal.xctoolchain --module-name WebSocketKit --sdk-root /Applications/Xcode-27.0.0.app/Contents/Developer/Platforms/WatchOS.platform/Developer/SDKs/WatchOS27.0.sdk --xcode-version 27A266a --platform-family watchOS --deployment-target 9.0 --bundle-identifier websocket-kit.WebSocketKit --output /Users/admin/builder/spi-builder-workspace/.derivedData/Build/Products/Debug-watchos/WebSocketKit.appintents --target-triple arm64-apple-watchos9.0 --target-triple arm64_32-apple-watchos9.0 --binary-file /Users/admin/builder/spi-builder-workspace/.derivedData/Build/Products/Debug-watchos/WebSocketKit.o --dependency-file /Users/admin/builder/spi-builder-workspace/.derivedData/Build/Intermediates.noindex/websocket-kit.build/Debug-watchos/WebSocketKit-t.build/Objects-normal/arm64/WebSocketKit_dependency_info.dat --dependency-file /Users/admin/builder/spi-builder-workspace/.derivedData/Build/Intermediates.noindex/websocket-kit.build/Debug-watchos/WebSocketKit-t.build/Objects-normal/arm64_32/WebSocketKit_dependency_info.dat --stringsdata-file /Users/admin/builder/spi-builder-workspace/.derivedData/Build/Intermediates.noindex/websocket-kit.build/Debug-watchos/WebSocketKit-t.build/Objects-normal/arm64/ExtractedAppShortcutsMetadata.stringsdata --stringsdata-file /Users/admin/builder/spi-builder-workspace/.derivedData/Build/Intermediates.noindex/websocket-kit.build/Debug-watchos/WebSocketKit-t.build/Objects-normal/arm64_32/ExtractedAppShortcutsMetadata.stringsdata --source-file-list /Users/admin/builder/spi-builder-workspace/.derivedData/Build/Intermediates.noindex/websocket-kit.build/Debug-watchos/WebSocketKit-t.build/Objects-normal/arm64/WebSocketKit.SwiftFileList --source-file-list /Users/admin/builder/spi-builder-workspace/.derivedData/Build/Intermediates.noindex/websocket-kit.build/Debug-watchos/WebSocketKit-t.build/Objects-normal/arm64_32/WebSocketKit.SwiftFileList --metadata-file-list /Users/admin/builder/spi-builder-workspace/.derivedData/Build/Intermediates.noindex/websocket-kit.build/Debug-watchos/WebSocketKit-t.build/WebSocketKit.DependencyMetadataFileList --static-metadata-file-list /Users/admin/builder/spi-builder-workspace/.derivedData/Build/Intermediates.noindex/websocket-kit.build/Debug-watchos/WebSocketKit-t.build/WebSocketKit.DependencyStaticMetadataFileList --swift-const-vals-list /Users/admin/builder/spi-builder-workspace/.derivedData/Build/Intermediates.noindex/websocket-kit.build/Debug-watchos/WebSocketKit-t.build/Objects-normal/arm64/WebSocketKit.SwiftConstValuesFileList --swift-const-vals-list /Users/admin/builder/spi-builder-workspace/.derivedData/Build/Intermediates.noindex/websocket-kit.build/Debug-watchos/WebSocketKit-t.build/Objects-normal/arm64_32/WebSocketKit.SwiftConstValuesFileList --force --compile-time-extraction --deployment-aware-processing --no-app-shortcuts-localization
2026-10-10 00:47:04.601 appintentsmetadataprocessor[7255:31396] Starting appintentsmetadataprocessor export
2026-10-10 00:47:04.658 appintentsmetadataprocessor[7255:31396] Extracted no relevant App Intents symbols, skipping writing output
SwiftEmitModule normal arm64 Emitting\ module\ for\ SwiftKoios (in target 'SwiftKoios' from project 'SwiftKoios')
SwiftCompile normal arm64 (in target 'SwiftKoios' from project 'SwiftKoios')
    cd /Users/admin/builder/spi-builder-workspace/.swiftpm/xcode

SwiftCompile normal arm64 Compiling\ Types+Operations.swift /Users/admin/builder/spi-builder-workspace/.derivedData/Build/Intermediates.noindex/BuildToolPluginIntermediates/swift-koios.output/SwiftKoios/OpenAPIGenerator/GeneratedSources/Types+Operations.swift (in target 'SwiftKoios' from project 'SwiftKoios')
SwiftCompile normal arm64 /Users/admin/builder/spi-builder-workspace/.derivedData/Build/Intermediates.noindex/BuildToolPluginIntermediates/swift-koios.output/SwiftKoios/OpenAPIGenerator/GeneratedSources/Types+Operations.swift (in target 'SwiftKoios' from project 'SwiftKoios')
    cd /Users/admin/builder/spi-builder-workspace/.swiftpm/xcode
    builtin-SwiftPerFileCompile Types+Operations.swift
SwiftCompile normal arm64 Compiling\ Types+Components.swift /Users/admin/builder/spi-builder-workspace/.derivedData/Build/Intermediates.noindex/BuildToolPluginIntermediates/swift-koios.output/SwiftKoios/OpenAPIGenerator/GeneratedSources/Types+Components.swift (in target 'SwiftKoios' from project 'SwiftKoios')
SwiftCompile normal arm64 /Users/admin/builder/spi-builder-workspace/.derivedData/Build/Intermediates.noindex/BuildToolPluginIntermediates/swift-koios.output/SwiftKoios/OpenAPIGenerator/GeneratedSources/Types+Components.swift (in target 'SwiftKoios' from project 'SwiftKoios')
    cd /Users/admin/builder/spi-builder-workspace/.swiftpm/xcode
    builtin-SwiftPerFileCompile Types+Components.swift
SwiftDriverJobDiscovery normal arm64 Compiling Types+Components.swift (in target 'SwiftKoios' from project 'SwiftKoios')
SwiftCompile normal arm64 Compiling\ Types+Components+Schemas.swift /Users/admin/builder/spi-builder-workspace/.derivedData/Build/Intermediates.noindex/BuildToolPluginIntermediates/swift-koios.output/SwiftKoios/OpenAPIGenerator/GeneratedSources/Types+Components+Schemas.swift (in target 'SwiftKoios' from project 'SwiftKoios')
SwiftCompile normal arm64 /Users/admin/builder/spi-builder-workspace/.derivedData/Build/Intermediates.noindex/BuildToolPluginIntermediates/swift-koios.output/SwiftKoios/OpenAPIGenerator/GeneratedSources/Types+Components+Schemas.swift (in target 'SwiftKoios' from project 'SwiftKoios')
    cd /Users/admin/builder/spi-builder-workspace/.swiftpm/xcode
    builtin-SwiftPerFileCompile Types+Components+Schemas.swift
SwiftCompile normal arm64 Compiling\ Client.swift /Users/admin/builder/spi-builder-workspace/.derivedData/Build/Intermediates.noindex/BuildToolPluginIntermediates/swift-koios.output/SwiftKoios/OpenAPIGenerator/GeneratedSources/Client.swift (in target 'SwiftKoios' from project 'SwiftKoios')
SwiftCompile normal arm64 /Users/admin/builder/spi-builder-workspace/.derivedData/Build/Intermediates.noindex/BuildToolPluginIntermediates/swift-koios.output/SwiftKoios/OpenAPIGenerator/GeneratedSources/Client.swift (in target 'SwiftKoios' from project 'SwiftKoios')
    cd /Users/admin/builder/spi-builder-workspace/.swiftpm/xcode
    builtin-SwiftPerFileCompile Client.swift
SwiftCompile normal arm64 Compiling\ Types+Components+Parameters.swift /Users/admin/builder/spi-builder-workspace/.derivedData/Build/Intermediates.noindex/BuildToolPluginIntermediates/swift-koios.output/SwiftKoios/OpenAPIGenerator/GeneratedSources/Types+Components+Parameters.swift (in target 'SwiftKoios' from project 'SwiftKoios')
SwiftCompile normal arm64 /Users/admin/builder/spi-builder-workspace/.derivedData/Build/Intermediates.noindex/BuildToolPluginIntermediates/swift-koios.output/SwiftKoios/OpenAPIGenerator/GeneratedSources/Types+Components+Parameters.swift (in target 'SwiftKoios' from project 'SwiftKoios')
    cd /Users/admin/builder/spi-builder-workspace/.swiftpm/xcode
    builtin-SwiftPerFileCompile Types+Components+Parameters.swift
SwiftCompile normal arm64 Compiling\ Types.swift /Users/admin/builder/spi-builder-workspace/.derivedData/Build/Intermediates.noindex/BuildToolPluginIntermediates/swift-koios.output/SwiftKoios/OpenAPIGenerator/GeneratedSources/Types.swift (in target 'SwiftKoios' from project 'SwiftKoios')
SwiftCompile normal arm64 /Users/admin/builder/spi-builder-workspace/.derivedData/Build/Intermediates.noindex/BuildToolPluginIntermediates/swift-koios.output/SwiftKoios/OpenAPIGenerator/GeneratedSources/Types.swift (in target 'SwiftKoios' from project 'SwiftKoios')
    cd /Users/admin/builder/spi-builder-workspace/.swiftpm/xcode
    builtin-SwiftPerFileCompile Types.swift
SwiftDriverJobDiscovery normal arm64 Compiling Types+Components+Parameters.swift (in target 'SwiftKoios' from project 'SwiftKoios')
SwiftCompile normal arm64 Compiling\ Types+Components+Responses.swift /Users/admin/builder/spi-builder-workspace/.derivedData/Build/Intermediates.noindex/BuildToolPluginIntermediates/swift-koios.output/SwiftKoios/OpenAPIGenerator/GeneratedSources/Types+Components+Responses.swift (in target 'SwiftKoios' from project 'SwiftKoios')
SwiftCompile normal arm64 /Users/admin/builder/spi-builder-workspace/.derivedData/Build/Intermediates.noindex/BuildToolPluginIntermediates/swift-koios.output/SwiftKoios/OpenAPIGenerator/GeneratedSources/Types+Components+Responses.swift (in target 'SwiftKoios' from project 'SwiftKoios')
    cd /Users/admin/builder/spi-builder-workspace/.swiftpm/xcode
    builtin-SwiftPerFileCompile Types+Components+Responses.swift
SwiftCompile normal arm64 Compiling\ Types+Components+RequestBodies.swift /Users/admin/builder/spi-builder-workspace/.derivedData/Build/Intermediates.noindex/BuildToolPluginIntermediates/swift-koios.output/SwiftKoios/OpenAPIGenerator/GeneratedSources/Types+Components+RequestBodies.swift (in target 'SwiftKoios' from project 'SwiftKoios')
SwiftCompile normal arm64 /Users/admin/builder/spi-builder-workspace/.derivedData/Build/Intermediates.noindex/BuildToolPluginIntermediates/swift-koios.output/SwiftKoios/OpenAPIGenerator/GeneratedSources/Types+Components+RequestBodies.swift (in target 'SwiftKoios' from project 'SwiftKoios')
    cd /Users/admin/builder/spi-builder-workspace/.swiftpm/xcode
    builtin-SwiftPerFileCompile Types+Components+RequestBodies.swift
SwiftEmitModule normal arm64_32 Emitting\ module\ for\ SwiftOgmios (in target 'SwiftOgmios' from project 'SwiftOgmios')
/Users/admin/builder/spi-builder-workspace/.dependencies/checkouts/swift-ogmios/Sources/SwiftOgmios/MiniProtocols/ChainSynchronization/NextBlock.swift:17:19: error: conformance of 'Never' to 'Decodable' is only available in watchOS 10.0 or newer
 15 |
 16 |     // MARK: - Request
 17 |     public struct Request: JSONRPCRequest {
    |                   |- error: conformance of 'Never' to 'Decodable' is only available in watchOS 10.0 or newer
    |                   |- note: add '@available' attribute to enclosing struct
    |                   |- note: add '@available' attribute to enclosing struct
    |                   `- note: in associated type 'Self.T' (inferred as 'Optional<Never>')
 18 |         public let jsonrpc: String
 19 |         public let method: String
/Users/admin/builder/spi-builder-workspace/.dependencies/checkouts/swift-ogmios/Sources/SwiftOgmios/MiniProtocols/ChainSynchronization/NextBlock.swift:17:19: error: conformance of 'Never' to 'Encodable' is only available in watchOS 10.0 or newer
 15 |
 16 |     // MARK: - Request
 17 |     public struct Request: JSONRPCRequest {
    |                   |- error: conformance of 'Never' to 'Encodable' is only available in watchOS 10.0 or newer
    |                   |- note: add '@available' attribute to enclosing struct
    |                   |- note: add '@available' attribute to enclosing struct
    |                   `- note: in associated type 'Self.T' (inferred as 'Optional<Never>')
 18 |         public let jsonrpc: String
 19 |         public let method: String
/Users/admin/builder/spi-builder-workspace/.dependencies/checkouts/swift-ogmios/Sources/SwiftOgmios/MiniProtocols/MempoolMonitoring/AcquireMempool.swift:17:19: error: conformance of 'Never' to 'Decodable' is only available in watchOS 10.0 or newer
15 |
16 |     // MARK: - Request
17 |     public struct Request: JSONRPCRequest {
   |                   |- error: conformance of 'Never' to 'Decodable' is only available in watchOS 10.0 or newer
   |                   |- note: add '@available' attribute to enclosing struct
   |                   |- note: add '@available' attribute to enclosing struct
   |                   `- note: in associated type 'Self.T' (inferred as 'Optional<Never>')
18 |         public let jsonrpc: String
19 |         public let method: String
/Users/admin/builder/spi-builder-workspace/.dependencies/checkouts/swift-ogmios/Sources/SwiftOgmios/MiniProtocols/MempoolMonitoring/AcquireMempool.swift:17:19: error: conformance of 'Never' to 'Encodable' is only available in watchOS 10.0 or newer
15 |
16 |     // MARK: - Request
17 |     public struct Request: JSONRPCRequest {
   |                   |- error: conformance of 'Never' to 'Encodable' is only available in watchOS 10.0 or newer
   |                   |- note: add '@available' attribute to enclosing struct
   |                   |- note: add '@available' attribute to enclosing struct
   |                   `- note: in associated type 'Self.T' (inferred as 'Optional<Never>')
18 |         public let jsonrpc: String
19 |         public let method: String
/Users/admin/builder/spi-builder-workspace/.dependencies/checkouts/swift-ogmios/Sources/SwiftOgmios/MiniProtocols/MempoolMonitoring/ReleaseMempool.swift:17:19: error: conformance of 'Never' to 'Decodable' is only available in watchOS 10.0 or newer
 15 |
 16 |     // MARK: - Request
 17 |     public struct Request: JSONRPCRequest {
    |                   |- error: conformance of 'Never' to 'Decodable' is only available in watchOS 10.0 or newer
    |                   |- note: add '@available' attribute to enclosing struct
    |                   |- note: add '@available' attribute to enclosing struct
    |                   `- note: in associated type 'Self.T' (inferred as 'Optional<Never>')
 18 |         public let jsonrpc: String
 19 |         public let method: String
/Users/admin/builder/spi-builder-workspace/.dependencies/checkouts/swift-ogmios/Sources/SwiftOgmios/MiniProtocols/MempoolMonitoring/ReleaseMempool.swift:17:19: error: conformance of 'Never' to 'Encodable' is only available in watchOS 10.0 or newer
 15 |
 16 |     // MARK: - Request
 17 |     public struct Request: JSONRPCRequest {
    |                   |- error: conformance of 'Never' to 'Encodable' is only available in watchOS 10.0 or newer
    |                   |- note: add '@available' attribute to enclosing struct
    |                   |- note: add '@available' attribute to enclosing struct
    |                   `- note: in associated type 'Self.T' (inferred as 'Optional<Never>')
 18 |         public let jsonrpc: String
 19 |         public let method: String
/Users/admin/builder/spi-builder-workspace/.dependencies/checkouts/swift-ogmios/Sources/SwiftOgmios/MiniProtocols/MempoolMonitoring/SizeOfMempool.swift:17:19: error: conformance of 'Never' to 'Decodable' is only available in watchOS 10.0 or newer
 15 |
 16 |     // MARK: - Request
 17 |     public struct Request: JSONRPCRequest {
    |                   |- error: conformance of 'Never' to 'Decodable' is only available in watchOS 10.0 or newer
    |                   |- note: add '@available' attribute to enclosing struct
    |                   |- note: add '@available' attribute to enclosing struct
    |                   `- note: in associated type 'Self.T' (inferred as 'Optional<Never>')
 18 |         public let jsonrpc: String
 19 |         public let method: String
/Users/admin/builder/spi-builder-workspace/.dependencies/checkouts/swift-ogmios/Sources/SwiftOgmios/MiniProtocols/MempoolMonitoring/SizeOfMempool.swift:17:19: error: conformance of 'Never' to 'Encodable' is only available in watchOS 10.0 or newer
 15 |
 16 |     // MARK: - Request
 17 |     public struct Request: JSONRPCRequest {
    |                   |- error: conformance of 'Never' to 'Encodable' is only available in watchOS 10.0 or newer
    |                   |- note: add '@available' attribute to enclosing struct
    |                   |- note: add '@available' attribute to enclosing struct
    |                   `- note: in associated type 'Self.T' (inferred as 'Optional<Never>')
 18 |         public let jsonrpc: String
 19 |         public let method: String
/Users/admin/builder/spi-builder-workspace/.dependencies/checkouts/swift-ogmios/Sources/SwiftOgmios/MiniProtocols/StateQueries/LedgerStateQueries/QueryLedgerStateConstitution.swift:17:19: error: conformance of 'Never' to 'Decodable' is only available in watchOS 10.0 or newer
 15 |
 16 |     // MARK: - Request
 17 |     public struct Request: JSONRPCRequest {
    |                   |- error: conformance of 'Never' to 'Decodable' is only available in watchOS 10.0 or newer
    |                   |- note: add '@available' attribute to enclosing struct
    |                   |- note: add '@available' attribute to enclosing struct
    |                   `- note: in associated type 'Self.T' (inferred as 'Optional<Never>')
 18 |         public let jsonrpc: String
 19 |         public let method: String
/Users/admin/builder/spi-builder-workspace/.dependencies/checkouts/swift-ogmios/Sources/SwiftOgmios/MiniProtocols/StateQueries/LedgerStateQueries/QueryLedgerStateConstitution.swift:17:19: error: conformance of 'Never' to 'Encodable' is only available in watchOS 10.0 or newer
 15 |
 16 |     // MARK: - Request
 17 |     public struct Request: JSONRPCRequest {
    |                   |- error: conformance of 'Never' to 'Encodable' is only available in watchOS 10.0 or newer
    |                   |- note: add '@available' attribute to enclosing struct
    |                   |- note: add '@available' attribute to enclosing struct
    |                   `- note: in associated type 'Self.T' (inferred as 'Optional<Never>')
 18 |         public let jsonrpc: String
 19 |         public let method: String
/Users/admin/builder/spi-builder-workspace/.dependencies/checkouts/swift-ogmios/Sources/SwiftOgmios/MiniProtocols/StateQueries/LedgerStateQueries/QueryLedgerStateConstitutionalCommittee.swift:17:19: error: conformance of 'Never' to 'Decodable' is only available in watchOS 10.0 or newer
 15 |
 16 |     // MARK: - Request
 17 |     public struct Request: JSONRPCRequest {
    |                   |- error: conformance of 'Never' to 'Decodable' is only available in watchOS 10.0 or newer
    |                   |- note: add '@available' attribute to enclosing struct
    |                   |- note: add '@available' attribute to enclosing struct
    |                   `- note: in associated type 'Self.T' (inferred as 'Optional<Never>')
 18 |         public let jsonrpc: String
 19 |         public let method: String
/Users/admin/builder/spi-builder-workspace/.dependencies/checkouts/swift-ogmios/Sources/SwiftOgmios/MiniProtocols/StateQueries/LedgerStateQueries/QueryLedgerStateConstitutionalCommittee.swift:17:19: error: conformance of 'Never' to 'Encodable' is only available in watchOS 10.0 or newer
 15 |
 16 |     // MARK: - Request
 17 |     public struct Request: JSONRPCRequest {
    |                   |- error: conformance of 'Never' to 'Encodable' is only available in watchOS 10.0 or newer
    |                   |- note: add '@available' attribute to enclosing struct
    |                   |- note: add '@available' attribute to enclosing struct
    |                   `- note: in associated type 'Self.T' (inferred as 'Optional<Never>')
 18 |         public let jsonrpc: String
 19 |         public let method: String
/Users/admin/builder/spi-builder-workspace/.dependencies/checkouts/swift-ogmios/Sources/SwiftOgmios/MiniProtocols/StateQueries/LedgerStateQueries/QueryLedgerStateDump.swift:42:19: error: conformance of 'Never' to 'Decodable' is only available in watchOS 10.0 or newer
 40 |
 41 |     // MARK: - Response
 42 |     public struct Response: JSONRPCResponse {
    |                   |- error: conformance of 'Never' to 'Decodable' is only available in watchOS 10.0 or newer
    |                   |- note: add '@available' attribute to enclosing struct
    |                   |- note: add '@available' attribute to enclosing struct
    |                   `- note: in associated type 'Self.T' (inferred as 'Optional<Never>')
 43 |         public let jsonrpc: String
 44 |         public let method: String
/Users/admin/builder/spi-builder-workspace/.dependencies/checkouts/swift-ogmios/Sources/SwiftOgmios/MiniProtocols/StateQueries/LedgerStateQueries/QueryLedgerStateDump.swift:42:19: error: conformance of 'Never' to 'Encodable' is only available in watchOS 10.0 or newer
 40 |
 41 |     // MARK: - Response
 42 |     public struct Response: JSONRPCResponse {
    |                   |- error: conformance of 'Never' to 'Encodable' is only available in watchOS 10.0 or newer
    |                   |- note: add '@available' attribute to enclosing struct
    |                   |- note: add '@available' attribute to enclosing struct
    |                   `- note: in associated type 'Self.T' (inferred as 'Optional<Never>')
 43 |         public let jsonrpc: String
 44 |         public let method: String
/Users/admin/builder/spi-builder-workspace/.dependencies/checkouts/swift-ogmios/Sources/SwiftOgmios/MiniProtocols/StateQueries/LedgerStateQueries/QueryLedgerStateEpoch.swift:15:19: error: conformance of 'Never' to 'Decodable' is only available in watchOS 10.0 or newer
 13 |
 14 |     // MARK: - Request
 15 |     public struct Request: JSONRPCRequest {
    |                   |- error: conformance of 'Never' to 'Decodable' is only available in watchOS 10.0 or newer
    |                   |- note: add '@available' attribute to enclosing struct
    |                   |- note: add '@available' attribute to enclosing struct
    |                   `- note: in associated type 'Self.T' (inferred as 'Optional<Never>')
 16 |         public let jsonrpc: String
 17 |         public let method: String
/Users/admin/builder/spi-builder-workspace/.dependencies/checkouts/swift-ogmios/Sources/SwiftOgmios/MiniProtocols/StateQueries/LedgerStateQueries/QueryLedgerStateEpoch.swift:15:19: error: conformance of 'Never' to 'Encodable' is only available in watchOS 10.0 or newer
 13 |
 14 |     // MARK: - Request
 15 |     public struct Request: JSONRPCRequest {
    |                   |- error: conformance of 'Never' to 'Encodable' is only available in watchOS 10.0 or newer
    |                   |- note: add '@available' attribute to enclosing struct
    |                   |- note: add '@available' attribute to enclosing struct
    |                   `- note: in associated type 'Self.T' (inferred as 'Optional<Never>')
 16 |         public let jsonrpc: String
 17 |         public let method: String
/Users/admin/builder/spi-builder-workspace/.dependencies/checkouts/swift-ogmios/Sources/SwiftOgmios/MiniProtocols/StateQueries/LedgerStateQueries/QueryLedgerStateEraStart.swift:17:19: error: conformance of 'Never' to 'Decodable' is only available in watchOS 10.0 or newer
 15 |
 16 |     // MARK: - Request
 17 |     public struct Request: JSONRPCRequest {
    |                   |- error: conformance of 'Never' to 'Decodable' is only available in watchOS 10.0 or newer
    |                   |- note: add '@available' attribute to enclosing struct
    |                   |- note: add '@available' attribute to enclosing struct
    |                   `- note: in associated type 'Self.T' (inferred as 'Optional<Never>')
 18 |         public let jsonrpc: String
 19 |         public let method: String
/Users/admin/builder/spi-builder-workspace/.dependencies/checkouts/swift-ogmios/Sources/SwiftOgmios/MiniProtocols/StateQueries/LedgerStateQueries/QueryLedgerStateEraStart.swift:17:19: error: conformance of 'Never' to 'Encodable' is only available in watchOS 10.0 or newer
 15 |
 16 |     // MARK: - Request
 17 |     public struct Request: JSONRPCRequest {
    |                   |- error: conformance of 'Never' to 'Encodable' is only available in watchOS 10.0 or newer
    |                   |- note: add '@available' attribute to enclosing struct
    |                   |- note: add '@available' attribute to enclosing struct
    |                   `- note: in associated type 'Self.T' (inferred as 'Optional<Never>')
 18 |         public let jsonrpc: String
 19 |         public let method: String
/Users/admin/builder/spi-builder-workspace/.dependencies/checkouts/swift-ogmios/Sources/SwiftOgmios/MiniProtocols/StateQueries/LedgerStateQueries/QueryLedgerStateEraSummaries.swift:18:19: error: conformance of 'Never' to 'Decodable' is only available in watchOS 10.0 or newer
 16 |
 17 |     // MARK: - Request
 18 |     public struct Request: JSONRPCRequest {
    |                   |- error: conformance of 'Never' to 'Decodable' is only available in watchOS 10.0 or newer
    |                   |- note: add '@available' attribute to enclosing struct
    |                   |- note: add '@available' attribute to enclosing struct
    |                   `- note: in associated type 'Self.T' (inferred as 'Optional<Never>')
 19 |         public let jsonrpc: String
 20 |         public let method: String
/Users/admin/builder/spi-builder-workspace/.dependencies/checkouts/swift-ogmios/Sources/SwiftOgmios/MiniProtocols/StateQueries/LedgerStateQueries/QueryLedgerStateEraSummaries.swift:18:19: error: conformance of 'Never' to 'Encodable' is only available in watchOS 10.0 or newer
 16 |
 17 |     // MARK: - Request
 18 |     public struct Request: JSONRPCRequest {
    |                   |- error: conformance of 'Never' to 'Encodable' is only available in watchOS 10.0 or newer
    |                   |- note: add '@available' attribute to enclosing struct
    |                   |- note: add '@available' attribute to enclosing struct
    |                   `- note: in associated type 'Self.T' (inferred as 'Optional<Never>')
 19 |         public let jsonrpc: String
 20 |         public let method: String
/Users/admin/builder/spi-builder-workspace/.dependencies/checkouts/swift-ogmios/Sources/SwiftOgmios/MiniProtocols/StateQueries/LedgerStateQueries/QueryLedgerStateLiveStakeDistribution.swift:17:19: error: conformance of 'Never' to 'Decodable' is only available in watchOS 10.0 or newer
 15 |
 16 |     // MARK: - Request
 17 |     public struct Request: JSONRPCRequest {
    |                   |- error: conformance of 'Never' to 'Decodable' is only available in watchOS 10.0 or newer
    |                   |- note: add '@available' attribute to enclosing struct
    |                   |- note: add '@available' attribute to enclosing struct
    |                   `- note: in associated type 'Self.T' (inferred as 'Optional<Never>')
 18 |         public let jsonrpc: String
 19 |         public let method: String
/Users/admin/builder/spi-builder-workspace/.dependencies/checkouts/swift-ogmios/Sources/SwiftOgmios/MiniProtocols/StateQueries/LedgerStateQueries/QueryLedgerStateLiveStakeDistribution.swift:17:19: error: conformance of 'Never' to 'Encodable' is only available in watchOS 10.0 or newer
 15 |
 16 |     // MARK: - Request
 17 |     public struct Request: JSONRPCRequest {
    |                   |- error: conformance of 'Never' to 'Encodable' is only available in watchOS 10.0 or newer
    |                   |- note: add '@available' attribute to enclosing struct
    |                   |- note: add '@available' attribute to enclosing struct
    |                   `- note: in associated type 'Self.T' (inferred as 'Optional<Never>')
 18 |         public let jsonrpc: String
 19 |         public let method: String
/Users/admin/builder/spi-builder-workspace/.dependencies/checkouts/swift-ogmios/Sources/SwiftOgmios/MiniProtocols/StateQueries/LedgerStateQueries/QueryLedgerStateNonces.swift:17:19: error: conformance of 'Never' to 'Decodable' is only available in watchOS 10.0 or newer
 15 |
 16 |     // MARK: - Request
 17 |     public struct Request: JSONRPCRequest {
    |                   |- error: conformance of 'Never' to 'Decodable' is only available in watchOS 10.0 or newer
    |                   |- note: add '@available' attribute to enclosing struct
    |                   |- note: add '@available' attribute to enclosing struct
    |                   `- note: in associated type 'Self.T' (inferred as 'Optional<Never>')
 18 |         public let jsonrpc: String
 19 |         public let method: String
/Users/admin/builder/spi-builder-workspace/.dependencies/checkouts/swift-ogmios/Sources/SwiftOgmios/MiniProtocols/StateQueries/LedgerStateQueries/QueryLedgerStateNonces.swift:17:19: error: conformance of 'Never' to 'Encodable' is only available in watchOS 10.0 or newer
 15 |
 16 |     // MARK: - Request
 17 |     public struct Request: JSONRPCRequest {
    |                   |- error: conformance of 'Never' to 'Encodable' is only available in watchOS 10.0 or newer
    |                   |- note: add '@available' attribute to enclosing struct
    |                   |- note: add '@available' attribute to enclosing struct
    |                   `- note: in associated type 'Self.T' (inferred as 'Optional<Never>')
 18 |         public let jsonrpc: String
 19 |         public let method: String
/Users/admin/builder/spi-builder-workspace/.dependencies/checkouts/swift-ogmios/Sources/SwiftOgmios/MiniProtocols/StateQueries/LedgerStateQueries/QueryLedgerStateOperationalCertificates.swift:17:19: error: conformance of 'Never' to 'Decodable' is only available in watchOS 10.0 or newer
 15 |
 16 |     // MARK: - Request
 17 |     public struct Request: JSONRPCRequest {
    |                   |- error: conformance of 'Never' to 'Decodable' is only available in watchOS 10.0 or newer
    |                   |- note: add '@available' attribute to enclosing struct
    |                   |- note: add '@available' attribute to enclosing struct
    |                   `- note: in associated type 'Self.T' (inferred as 'Optional<Never>')
 18 |         public let jsonrpc: String
 19 |         public let method: String
/Users/admin/builder/spi-builder-workspace/.dependencies/checkouts/swift-ogmios/Sources/SwiftOgmios/MiniProtocols/StateQueries/LedgerStateQueries/QueryLedgerStateOperationalCertificates.swift:17:19: error: conformance of 'Never' to 'Encodable' is only available in watchOS 10.0 or newer
 15 |
 16 |     // MARK: - Request
 17 |     public struct Request: JSONRPCRequest {
    |                   |- error: conformance of 'Never' to 'Encodable' is only available in watchOS 10.0 or newer
    |                   |- note: add '@available' attribute to enclosing struct
    |                   |- note: add '@available' attribute to enclosing struct
    |                   `- note: in associated type 'Self.T' (inferred as 'Optional<Never>')
 18 |         public let jsonrpc: String
 19 |         public let method: String
/Users/admin/builder/spi-builder-workspace/.dependencies/checkouts/swift-ogmios/Sources/SwiftOgmios/MiniProtocols/StateQueries/LedgerStateQueries/QueryLedgerStateProposedProtocolParameters.swift:14:19: error: conformance of 'Never' to 'Decodable' is only available in watchOS 10.0 or newer
 12 |
 13 |     // MARK: - Request
 14 |     public struct Request: JSONRPCRequest {
    |                   |- error: conformance of 'Never' to 'Decodable' is only available in watchOS 10.0 or newer
    |                   |- note: add '@available' attribute to enclosing struct
    |                   |- note: add '@available' attribute to enclosing struct
    |                   `- note: in associated type 'Self.T' (inferred as 'Optional<Never>')
 15 |         public let jsonrpc: String
 16 |         public let method: String
/Users/admin/builder/spi-builder-workspace/.dependencies/checkouts/swift-ogmios/Sources/SwiftOgmios/MiniProtocols/StateQueries/LedgerStateQueries/QueryLedgerStateProposedProtocolParameters.swift:14:19: error: conformance of 'Never' to 'Encodable' is only available in watchOS 10.0 or newer
 12 |
 13 |     // MARK: - Request
 14 |     public struct Request: JSONRPCRequest {
    |                   |- error: conformance of 'Never' to 'Encodable' is only available in watchOS 10.0 or newer
    |                   |- note: add '@available' attribute to enclosing struct
    |                   |- note: add '@available' attribute to enclosing struct
    |                   `- note: in associated type 'Self.T' (inferred as 'Optional<Never>')
 15 |         public let jsonrpc: String
 16 |         public let method: String
/Users/admin/builder/spi-builder-workspace/.dependencies/checkouts/swift-ogmios/Sources/SwiftOgmios/MiniProtocols/StateQueries/LedgerStateQueries/QueryLedgerStateProtocolParameters.swift:14:19: error: conformance of 'Never' to 'Decodable' is only available in watchOS 10.0 or newer
 12 |
 13 |     // MARK: - Request
 14 |     public struct Request: JSONRPCRequest {
    |                   |- error: conformance of 'Never' to 'Decodable' is only available in watchOS 10.0 or newer
    |                   |- note: add '@available' attribute to enclosing struct
    |                   |- note: add '@available' attribute to enclosing struct
    |                   `- note: in associated type 'Self.T' (inferred as 'Optional<Never>')
 15 |         public let jsonrpc: String
 16 |         public let method: String
/Users/admin/builder/spi-builder-workspace/.dependencies/checkouts/swift-ogmios/Sources/SwiftOgmios/MiniProtocols/StateQueries/LedgerStateQueries/QueryLedgerStateProtocolParameters.swift:14:19: error: conformance of 'Never' to 'Encodable' is only available in watchOS 10.0 or newer
 12 |
 13 |     // MARK: - Request
 14 |     public struct Request: JSONRPCRequest {
    |                   |- error: conformance of 'Never' to 'Encodable' is only available in watchOS 10.0 or newer
    |                   |- note: add '@available' attribute to enclosing struct
    |                   |- note: add '@available' attribute to enclosing struct
    |                   `- note: in associated type 'Self.T' (inferred as 'Optional<Never>')
 15 |         public let jsonrpc: String
 16 |         public let method: String
/Users/admin/builder/spi-builder-workspace/.dependencies/checkouts/swift-ogmios/Sources/SwiftOgmios/MiniProtocols/StateQueries/LedgerStateQueries/QueryLedgerStateRewardsProvenance.swift:17:19: error: conformance of 'Never' to 'Decodable' is only available in watchOS 10.0 or newer
 15 |
 16 |     // MARK: - Request
 17 |     public struct Request: JSONRPCRequest {
    |                   |- error: conformance of 'Never' to 'Decodable' is only available in watchOS 10.0 or newer
    |                   |- note: add '@available' attribute to enclosing struct
    |                   |- note: add '@available' attribute to enclosing struct
    |                   `- note: in associated type 'Self.T' (inferred as 'Optional<Never>')
 18 |         public let jsonrpc: String
 19 |         public let method: String
/Users/admin/builder/spi-builder-workspace/.dependencies/checkouts/swift-ogmios/Sources/SwiftOgmios/MiniProtocols/StateQueries/LedgerStateQueries/QueryLedgerStateRewardsProvenance.swift:17:19: error: conformance of 'Never' to 'Encodable' is only available in watchOS 10.0 or newer
 15 |
 16 |     // MARK: - Request
 17 |     public struct Request: JSONRPCRequest {
    |                   |- error: conformance of 'Never' to 'Encodable' is only available in watchOS 10.0 or newer
    |                   |- note: add '@available' attribute to enclosing struct
    |                   |- note: add '@available' attribute to enclosing struct
    |                   `- note: in associated type 'Self.T' (inferred as 'Optional<Never>')
 18 |         public let jsonrpc: String
 19 |         public let method: String
/Users/admin/builder/spi-builder-workspace/.dependencies/checkouts/swift-ogmios/Sources/SwiftOgmios/MiniProtocols/StateQueries/LedgerStateQueries/QueryLedgerStateStakePoolsPerformances.swift:17:19: error: conformance of 'Never' to 'Decodable' is only available in watchOS 10.0 or newer
 15 |
 16 |     // MARK: - Request
 17 |     public struct Request: JSONRPCRequest {
    |                   |- error: conformance of 'Never' to 'Decodable' is only available in watchOS 10.0 or newer
    |                   |- note: add '@available' attribute to enclosing struct
    |                   |- note: add '@available' attribute to enclosing struct
    |                   `- note: in associated type 'Self.T' (inferred as 'Optional<Never>')
 18 |         public let jsonrpc: String
 19 |         public let method: String
/Users/admin/builder/spi-builder-workspace/.dependencies/checkouts/swift-ogmios/Sources/SwiftOgmios/MiniProtocols/StateQueries/LedgerStateQueries/QueryLedgerStateStakePoolsPerformances.swift:17:19: error: conformance of 'Never' to 'Encodable' is only available in watchOS 10.0 or newer
 15 |
 16 |     // MARK: - Request
 17 |     public struct Request: JSONRPCRequest {
    |                   |- error: conformance of 'Never' to 'Encodable' is only available in watchOS 10.0 or newer
    |                   |- note: add '@available' attribute to enclosing struct
    |                   |- note: add '@available' attribute to enclosing struct
    |                   `- note: in associated type 'Self.T' (inferred as 'Optional<Never>')
 18 |         public let jsonrpc: String
 19 |         public let method: String
/Users/admin/builder/spi-builder-workspace/.dependencies/checkouts/swift-ogmios/Sources/SwiftOgmios/MiniProtocols/StateQueries/LedgerStateQueries/QueryLedgerStateTip.swift:18:19: error: conformance of 'Never' to 'Decodable' is only available in watchOS 10.0 or newer
 16 |
 17 |     // MARK: - Request
 18 |     public struct Request: JSONRPCRequest {
    |                   |- error: conformance of 'Never' to 'Decodable' is only available in watchOS 10.0 or newer
    |                   |- note: add '@available' attribute to enclosing struct
    |                   |- note: add '@available' attribute to enclosing struct
    |                   `- note: in associated type 'Self.T' (inferred as 'Optional<Never>')
 19 |         public let jsonrpc: String
 20 |         public let method: String
/Users/admin/builder/spi-builder-workspace/.dependencies/checkouts/swift-ogmios/Sources/SwiftOgmios/MiniProtocols/StateQueries/LedgerStateQueries/QueryLedgerStateTip.swift:18:19: error: conformance of 'Never' to 'Encodable' is only available in watchOS 10.0 or newer
 16 |
 17 |     // MARK: - Request
 18 |     public struct Request: JSONRPCRequest {
    |                   |- error: conformance of 'Never' to 'Encodable' is only available in watchOS 10.0 or newer
    |                   |- note: add '@available' attribute to enclosing struct
    |                   |- note: add '@available' attribute to enclosing struct
    |                   `- note: in associated type 'Self.T' (inferred as 'Optional<Never>')
 19 |         public let jsonrpc: String
 20 |         public let method: String
/Users/admin/builder/spi-builder-workspace/.dependencies/checkouts/swift-ogmios/Sources/SwiftOgmios/MiniProtocols/StateQueries/LedgerStateQueries/QueryLedgerStateTreasuryAndReserves.swift:14:19: error: conformance of 'Never' to 'Decodable' is only available in watchOS 10.0 or newer
 12 |
 13 |     // MARK: - Request
 14 |     public struct Request: JSONRPCRequest {
    |                   |- error: conformance of 'Never' to 'Decodable' is only available in watchOS 10.0 or newer
    |                   |- note: add '@available' attribute to enclosing struct
    |                   |- note: add '@available' attribute to enclosing struct
    |                   `- note: in associated type 'Self.T' (inferred as 'Optional<Never>')
 15 |         public let jsonrpc: String
 16 |         public let method: String
/Users/admin/builder/spi-builder-workspace/.dependencies/checkouts/swift-ogmios/Sources/SwiftOgmios/MiniProtocols/StateQueries/LedgerStateQueries/QueryLedgerStateTreasuryAndReserves.swift:14:19: error: conformance of 'Never' to 'Encodable' is only available in watchOS 10.0 or newer
 12 |
 13 |     // MARK: - Request
 14 |     public struct Request: JSONRPCRequest {
    |                   |- error: conformance of 'Never' to 'Encodable' is only available in watchOS 10.0 or newer
    |                   |- note: add '@available' attribute to enclosing struct
    |                   |- note: add '@available' attribute to enclosing struct
    |                   `- note: in associated type 'Self.T' (inferred as 'Optional<Never>')
 15 |         public let jsonrpc: String
 16 |         public let method: String
/Users/admin/builder/spi-builder-workspace/.dependencies/checkouts/swift-ogmios/Sources/SwiftOgmios/MiniProtocols/StateQueries/NetworkQueries/QueryNetworkBlockHeight.swift:16:19: error: conformance of 'Never' to 'Decodable' is only available in watchOS 10.0 or newer
14 |
15 |     // MARK: - Request
16 |     public struct Request: JSONRPCRequest {
   |                   |- error: conformance of 'Never' to 'Decodable' is only available in watchOS 10.0 or newer
   |                   |- note: add '@available' attribute to enclosing struct
   |                   |- note: add '@available' attribute to enclosing struct
   |                   `- note: in associated type 'Self.T' (inferred as 'Optional<Never>')
17 |         public let jsonrpc: String
18 |         public let method: String
/Users/admin/builder/spi-builder-workspace/.dependencies/checkouts/swift-ogmios/Sources/SwiftOgmios/MiniProtocols/StateQueries/NetworkQueries/QueryNetworkBlockHeight.swift:16:19: error: conformance of 'Never' to 'Encodable' is only available in watchOS 10.0 or newer
14 |
15 |     // MARK: - Request
16 |     public struct Request: JSONRPCRequest {
   |                   |- error: conformance of 'Never' to 'Encodable' is only available in watchOS 10.0 or newer
   |                   |- note: add '@available' attribute to enclosing struct
   |                   |- note: add '@available' attribute to enclosing struct
   |                   `- note: in associated type 'Self.T' (inferred as 'Optional<Never>')
17 |         public let jsonrpc: String
18 |         public let method: String
/Users/admin/builder/spi-builder-workspace/.dependencies/checkouts/swift-ogmios/Sources/SwiftOgmios/MiniProtocols/StateQueries/NetworkQueries/QueryNetworkStartTime.swift:16:19: error: conformance of 'Never' to 'Decodable' is only available in watchOS 10.0 or newer
14 |
15 |     // MARK: - Request
16 |     public struct Request: JSONRPCRequest {
   |                   |- error: conformance of 'Never' to 'Decodable' is only available in watchOS 10.0 or newer
   |                   |- note: add '@available' attribute to enclosing struct
   |                   |- note: add '@available' attribute to enclosing struct
   |                   `- note: in associated type 'Self.T' (inferred as 'Optional<Never>')
17 |         public let jsonrpc: String
18 |         public let method: String
/Users/admin/builder/spi-builder-workspace/.dependencies/checkouts/swift-ogmios/Sources/SwiftOgmios/MiniProtocols/StateQueries/NetworkQueries/QueryNetworkStartTime.swift:16:19: error: conformance of 'Never' to 'Encodable' is only available in watchOS 10.0 or newer
14 |
15 |     // MARK: - Request
16 |     public struct Request: JSONRPCRequest {
   |                   |- error: conformance of 'Never' to 'Encodable' is only available in watchOS 10.0 or newer
   |                   |- note: add '@available' attribute to enclosing struct
   |                   |- note: add '@available' attribute to enclosing struct
   |                   `- note: in associated type 'Self.T' (inferred as 'Optional<Never>')
17 |         public let jsonrpc: String
18 |         public let method: String
/Users/admin/builder/spi-builder-workspace/.dependencies/checkouts/swift-ogmios/Sources/SwiftOgmios/MiniProtocols/StateQueries/NetworkQueries/QueryNetworkTip.swift:16:19: error: conformance of 'Never' to 'Decodable' is only available in watchOS 10.0 or newer
14 |
15 |     // MARK: - Request
16 |     public struct Request: JSONRPCRequest {
   |                   |- error: conformance of 'Never' to 'Decodable' is only available in watchOS 10.0 or newer
   |                   |- note: add '@available' attribute to enclosing struct
   |                   |- note: add '@available' attribute to enclosing struct
   |                   `- note: in associated type 'Self.T' (inferred as 'Optional<Never>')
17 |         public let jsonrpc: String
18 |         public let method: String
/Users/admin/builder/spi-builder-workspace/.dependencies/checkouts/swift-ogmios/Sources/SwiftOgmios/MiniProtocols/StateQueries/NetworkQueries/QueryNetworkTip.swift:16:19: error: conformance of 'Never' to 'Encodable' is only available in watchOS 10.0 or newer
14 |
15 |     // MARK: - Request
16 |     public struct Request: JSONRPCRequest {
   |                   |- error: conformance of 'Never' to 'Encodable' is only available in watchOS 10.0 or newer
   |                   |- note: add '@available' attribute to enclosing struct
   |                   |- note: add '@available' attribute to enclosing struct
   |                   `- note: in associated type 'Self.T' (inferred as 'Optional<Never>')
17 |         public let jsonrpc: String
18 |         public let method: String
/Users/admin/builder/spi-builder-workspace/.dependencies/checkouts/swift-ogmios/Sources/SwiftOgmios/Types/Cardano/TypeAliases.swift:4:32: error: 'UInt128' is only available in watchOS 11.0 or newer
  2 |
  3 | /// A block number, the i-th block to be minted is number i.
  4 | public typealias BlockHeight = UInt128
    |                  |             `- error: 'UInt128' is only available in watchOS 11.0 or newer
    |                  `- note: add '@available' attribute to enclosing type alias
  5 |
  6 | /// An epoch number or length.
SwiftCompile normal arm64_32 (in target 'SwiftOgmios' from project 'SwiftOgmios')
    cd /Users/admin/builder/spi-builder-workspace/.swiftpm/xcode

SwiftDriverJobDiscovery normal arm64 Compiling Types+Components+Responses.swift (in target 'SwiftKoios' from project 'SwiftKoios')
SwiftEmitModule normal arm64 Emitting\ module\ for\ SwiftOgmios (in target 'SwiftOgmios' from project 'SwiftOgmios')
/Users/admin/builder/spi-builder-workspace/.dependencies/checkouts/swift-ogmios/Sources/SwiftOgmios/MiniProtocols/ChainSynchronization/NextBlock.swift:17:19: error: conformance of 'Never' to 'Decodable' is only available in watchOS 10.0 or newer
 15 |
 16 |     // MARK: - Request
 17 |     public struct Request: JSONRPCRequest {
    |                   |- error: conformance of 'Never' to 'Decodable' is only available in watchOS 10.0 or newer
    |                   |- note: add '@available' attribute to enclosing struct
    |                   |- note: add '@available' attribute to enclosing struct
    |                   `- note: in associated type 'Self.T' (inferred as 'Optional<Never>')
 18 |         public let jsonrpc: String
 19 |         public let method: String
/Users/admin/builder/spi-builder-workspace/.dependencies/checkouts/swift-ogmios/Sources/SwiftOgmios/MiniProtocols/ChainSynchronization/NextBlock.swift:17:19: error: conformance of 'Never' to 'Encodable' is only available in watchOS 10.0 or newer
 15 |
 16 |     // MARK: - Request
 17 |     public struct Request: JSONRPCRequest {
    |                   |- error: conformance of 'Never' to 'Encodable' is only available in watchOS 10.0 or newer
    |                   |- note: add '@available' attribute to enclosing struct
    |                   |- note: add '@available' attribute to enclosing struct
    |                   `- note: in associated type 'Self.T' (inferred as 'Optional<Never>')
 18 |         public let jsonrpc: String
 19 |         public let method: String
/Users/admin/builder/spi-builder-workspace/.dependencies/checkouts/swift-ogmios/Sources/SwiftOgmios/MiniProtocols/MempoolMonitoring/AcquireMempool.swift:17:19: error: conformance of 'Never' to 'Decodable' is only available in watchOS 10.0 or newer
15 |
16 |     // MARK: - Request
17 |     public struct Request: JSONRPCRequest {
   |                   |- error: conformance of 'Never' to 'Decodable' is only available in watchOS 10.0 or newer
   |                   |- note: add '@available' attribute to enclosing struct
   |                   |- note: add '@available' attribute to enclosing struct
   |                   `- note: in associated type 'Self.T' (inferred as 'Optional<Never>')
18 |         public let jsonrpc: String
19 |         public let method: String
/Users/admin/builder/spi-builder-workspace/.dependencies/checkouts/swift-ogmios/Sources/SwiftOgmios/MiniProtocols/MempoolMonitoring/AcquireMempool.swift:17:19: error: conformance of 'Never' to 'Encodable' is only available in watchOS 10.0 or newer
15 |
16 |     // MARK: - Request
17 |     public struct Request: JSONRPCRequest {
   |                   |- error: conformance of 'Never' to 'Encodable' is only available in watchOS 10.0 or newer
   |                   |- note: add '@available' attribute to enclosing struct
   |                   |- note: add '@available' attribute to enclosing struct
   |                   `- note: in associated type 'Self.T' (inferred as 'Optional<Never>')
18 |         public let jsonrpc: String
19 |         public let method: String
/Users/admin/builder/spi-builder-workspace/.dependencies/checkouts/swift-ogmios/Sources/SwiftOgmios/MiniProtocols/MempoolMonitoring/ReleaseMempool.swift:17:19: error: conformance of 'Never' to 'Decodable' is only available in watchOS 10.0 or newer
 15 |
 16 |     // MARK: - Request
 17 |     public struct Request: JSONRPCRequest {
    |                   |- error: conformance of 'Never' to 'Decodable' is only available in watchOS 10.0 or newer
    |                   |- note: add '@available' attribute to enclosing struct
    |                   |- note: add '@available' attribute to enclosing struct
    |                   `- note: in associated type 'Self.T' (inferred as 'Optional<Never>')
 18 |         public let jsonrpc: String
 19 |         public let method: String
/Users/admin/builder/spi-builder-workspace/.dependencies/checkouts/swift-ogmios/Sources/SwiftOgmios/MiniProtocols/MempoolMonitoring/ReleaseMempool.swift:17:19: error: conformance of 'Never' to 'Encodable' is only available in watchOS 10.0 or newer
 15 |
 16 |     // MARK: - Request
 17 |     public struct Request: JSONRPCRequest {
    |                   |- error: conformance of 'Never' to 'Encodable' is only available in watchOS 10.0 or newer
    |                   |- note: add '@available' attribute to enclosing struct
    |                   |- note: add '@available' attribute to enclosing struct
    |                   `- note: in associated type 'Self.T' (inferred as 'Optional<Never>')
 18 |         public let jsonrpc: String
 19 |         public let method: String
/Users/admin/builder/spi-builder-workspace/.dependencies/checkouts/swift-ogmios/Sources/SwiftOgmios/MiniProtocols/MempoolMonitoring/SizeOfMempool.swift:17:19: error: conformance of 'Never' to 'Decodable' is only available in watchOS 10.0 or newer
 15 |
 16 |     // MARK: - Request
 17 |     public struct Request: JSONRPCRequest {
    |                   |- error: conformance of 'Never' to 'Decodable' is only available in watchOS 10.0 or newer
    |                   |- note: add '@available' attribute to enclosing struct
    |                   |- note: add '@available' attribute to enclosing struct
    |                   `- note: in associated type 'Self.T' (inferred as 'Optional<Never>')
 18 |         public let jsonrpc: String
 19 |         public let method: String
/Users/admin/builder/spi-builder-workspace/.dependencies/checkouts/swift-ogmios/Sources/SwiftOgmios/MiniProtocols/MempoolMonitoring/SizeOfMempool.swift:17:19: error: conformance of 'Never' to 'Encodable' is only available in watchOS 10.0 or newer
 15 |
 16 |     // MARK: - Request
 17 |     public struct Request: JSONRPCRequest {
    |                   |- error: conformance of 'Never' to 'Encodable' is only available in watchOS 10.0 or newer
    |                   |- note: add '@available' attribute to enclosing struct
    |                   |- note: add '@available' attribute to enclosing struct
    |                   `- note: in associated type 'Self.T' (inferred as 'Optional<Never>')
 18 |         public let jsonrpc: String
 19 |         public let method: String
/Users/admin/builder/spi-builder-workspace/.dependencies/checkouts/swift-ogmios/Sources/SwiftOgmios/MiniProtocols/StateQueries/LedgerStateQueries/QueryLedgerStateConstitution.swift:17:19: error: conformance of 'Never' to 'Decodable' is only available in watchOS 10.0 or newer
 15 |
 16 |     // MARK: - Request
 17 |     public struct Request: JSONRPCRequest {
    |                   |- error: conformance of 'Never' to 'Decodable' is only available in watchOS 10.0 or newer
    |                   |- note: add '@available' attribute to enclosing struct
    |                   |- note: add '@available' attribute to enclosing struct
    |                   `- note: in associated type 'Self.T' (inferred as 'Optional<Never>')
 18 |         public let jsonrpc: String
 19 |         public let method: String
/Users/admin/builder/spi-builder-workspace/.dependencies/checkouts/swift-ogmios/Sources/SwiftOgmios/MiniProtocols/StateQueries/LedgerStateQueries/QueryLedgerStateConstitution.swift:17:19: error: conformance of 'Never' to 'Encodable' is only available in watchOS 10.0 or newer
 15 |
 16 |     // MARK: - Request
 17 |     public struct Request: JSONRPCRequest {
    |                   |- error: conformance of 'Never' to 'Encodable' is only available in watchOS 10.0 or newer
    |                   |- note: add '@available' attribute to enclosing struct
    |                   |- note: add '@available' attribute to enclosing struct
    |                   `- note: in associated type 'Self.T' (inferred as 'Optional<Never>')
 18 |         public let jsonrpc: String
 19 |         public let method: String
/Users/admin/builder/spi-builder-workspace/.dependencies/checkouts/swift-ogmios/Sources/SwiftOgmios/MiniProtocols/StateQueries/LedgerStateQueries/QueryLedgerStateConstitutionalCommittee.swift:17:19: error: conformance of 'Never' to 'Decodable' is only available in watchOS 10.0 or newer
 15 |
 16 |     // MARK: - Request
 17 |     public struct Request: JSONRPCRequest {
    |                   |- error: conformance of 'Never' to 'Decodable' is only available in watchOS 10.0 or newer
    |                   |- note: add '@available' attribute to enclosing struct
    |                   |- note: add '@available' attribute to enclosing struct
    |                   `- note: in associated type 'Self.T' (inferred as 'Optional<Never>')
 18 |         public let jsonrpc: String
 19 |         public let method: String
/Users/admin/builder/spi-builder-workspace/.dependencies/checkouts/swift-ogmios/Sources/SwiftOgmios/MiniProtocols/StateQueries/LedgerStateQueries/QueryLedgerStateConstitutionalCommittee.swift:17:19: error: conformance of 'Never' to 'Encodable' is only available in watchOS 10.0 or newer
 15 |
 16 |     // MARK: - Request
 17 |     public struct Request: JSONRPCRequest {
    |                   |- error: conformance of 'Never' to 'Encodable' is only available in watchOS 10.0 or newer
    |                   |- note: add '@available' attribute to enclosing struct
    |                   |- note: add '@available' attribute to enclosing struct
    |                   `- note: in associated type 'Self.T' (inferred as 'Optional<Never>')
 18 |         public let jsonrpc: String
 19 |         public let method: String
/Users/admin/builder/spi-builder-workspace/.dependencies/checkouts/swift-ogmios/Sources/SwiftOgmios/MiniProtocols/StateQueries/LedgerStateQueries/QueryLedgerStateDump.swift:42:19: error: conformance of 'Never' to 'Decodable' is only available in watchOS 10.0 or newer
 40 |
 41 |     // MARK: - Response
 42 |     public struct Response: JSONRPCResponse {
    |                   |- error: conformance of 'Never' to 'Decodable' is only available in watchOS 10.0 or newer
    |                   |- note: add '@available' attribute to enclosing struct
    |                   |- note: add '@available' attribute to enclosing struct
    |                   `- note: in associated type 'Self.T' (inferred as 'Optional<Never>')
 43 |         public let jsonrpc: String
 44 |         public let method: String
/Users/admin/builder/spi-builder-workspace/.dependencies/checkouts/swift-ogmios/Sources/SwiftOgmios/MiniProtocols/StateQueries/LedgerStateQueries/QueryLedgerStateDump.swift:42:19: error: conformance of 'Never' to 'Encodable' is only available in watchOS 10.0 or newer
 40 |
 41 |     // MARK: - Response
 42 |     public struct Response: JSONRPCResponse {
    |                   |- error: conformance of 'Never' to 'Encodable' is only available in watchOS 10.0 or newer
    |                   |- note: add '@available' attribute to enclosing struct
    |                   |- note: add '@available' attribute to enclosing struct
    |                   `- note: in associated type 'Self.T' (inferred as 'Optional<Never>')
 43 |         public let jsonrpc: String
 44 |         public let method: String
/Users/admin/builder/spi-builder-workspace/.dependencies/checkouts/swift-ogmios/Sources/SwiftOgmios/MiniProtocols/StateQueries/LedgerStateQueries/QueryLedgerStateEpoch.swift:15:19: error: conformance of 'Never' to 'Decodable' is only available in watchOS 10.0 or newer
 13 |
 14 |     // MARK: - Request
 15 |     public struct Request: JSONRPCRequest {
    |                   |- error: conformance of 'Never' to 'Decodable' is only available in watchOS 10.0 or newer
    |                   |- note: add '@available' attribute to enclosing struct
    |                   |- note: add '@available' attribute to enclosing struct
    |                   `- note: in associated type 'Self.T' (inferred as 'Optional<Never>')
 16 |         public let jsonrpc: String
 17 |         public let method: String
/Users/admin/builder/spi-builder-workspace/.dependencies/checkouts/swift-ogmios/Sources/SwiftOgmios/MiniProtocols/StateQueries/LedgerStateQueries/QueryLedgerStateEpoch.swift:15:19: error: conformance of 'Never' to 'Encodable' is only available in watchOS 10.0 or newer
 13 |
 14 |     // MARK: - Request
 15 |     public struct Request: JSONRPCRequest {
    |                   |- error: conformance of 'Never' to 'Encodable' is only available in watchOS 10.0 or newer
    |                   |- note: add '@available' attribute to enclosing struct
    |                   |- note: add '@available' attribute to enclosing struct
    |                   `- note: in associated type 'Self.T' (inferred as 'Optional<Never>')
 16 |         public let jsonrpc: String
 17 |         public let method: String
/Users/admin/builder/spi-builder-workspace/.dependencies/checkouts/swift-ogmios/Sources/SwiftOgmios/MiniProtocols/StateQueries/LedgerStateQueries/QueryLedgerStateEraStart.swift:17:19: error: conformance of 'Never' to 'Decodable' is only available in watchOS 10.0 or newer
 15 |
 16 |     // MARK: - Request
 17 |     public struct Request: JSONRPCRequest {
    |                   |- error: conformance of 'Never' to 'Decodable' is only available in watchOS 10.0 or newer
    |                   |- note: add '@available' attribute to enclosing struct
    |                   |- note: add '@available' attribute to enclosing struct
    |                   `- note: in associated type 'Self.T' (inferred as 'Optional<Never>')
 18 |         public let jsonrpc: String
 19 |         public let method: String
/Users/admin/builder/spi-builder-workspace/.dependencies/checkouts/swift-ogmios/Sources/SwiftOgmios/MiniProtocols/StateQueries/LedgerStateQueries/QueryLedgerStateEraStart.swift:17:19: error: conformance of 'Never' to 'Encodable' is only available in watchOS 10.0 or newer
 15 |
 16 |     // MARK: - Request
 17 |     public struct Request: JSONRPCRequest {
    |                   |- error: conformance of 'Never' to 'Encodable' is only available in watchOS 10.0 or newer
    |                   |- note: add '@available' attribute to enclosing struct
    |                   |- note: add '@available' attribute to enclosing struct
    |                   `- note: in associated type 'Self.T' (inferred as 'Optional<Never>')
 18 |         public let jsonrpc: String
 19 |         public let method: String
/Users/admin/builder/spi-builder-workspace/.dependencies/checkouts/swift-ogmios/Sources/SwiftOgmios/MiniProtocols/StateQueries/LedgerStateQueries/QueryLedgerStateEraSummaries.swift:18:19: error: conformance of 'Never' to 'Decodable' is only available in watchOS 10.0 or newer
 16 |
 17 |     // MARK: - Request
 18 |     public struct Request: JSONRPCRequest {
    |                   |- error: conformance of 'Never' to 'Decodable' is only available in watchOS 10.0 or newer
    |                   |- note: add '@available' attribute to enclosing struct
    |                   |- note: add '@available' attribute to enclosing struct
    |                   `- note: in associated type 'Self.T' (inferred as 'Optional<Never>')
 19 |         public let jsonrpc: String
 20 |         public let method: String
/Users/admin/builder/spi-builder-workspace/.dependencies/checkouts/swift-ogmios/Sources/SwiftOgmios/MiniProtocols/StateQueries/LedgerStateQueries/QueryLedgerStateEraSummaries.swift:18:19: error: conformance of 'Never' to 'Encodable' is only available in watchOS 10.0 or newer
 16 |
 17 |     // MARK: - Request
 18 |     public struct Request: JSONRPCRequest {
    |                   |- error: conformance of 'Never' to 'Encodable' is only available in watchOS 10.0 or newer
    |                   |- note: add '@available' attribute to enclosing struct
    |                   |- note: add '@available' attribute to enclosing struct
    |                   `- note: in associated type 'Self.T' (inferred as 'Optional<Never>')
 19 |         public let jsonrpc: String
 20 |         public let method: String
/Users/admin/builder/spi-builder-workspace/.dependencies/checkouts/swift-ogmios/Sources/SwiftOgmios/MiniProtocols/StateQueries/LedgerStateQueries/QueryLedgerStateLiveStakeDistribution.swift:17:19: error: conformance of 'Never' to 'Decodable' is only available in watchOS 10.0 or newer
 15 |
 16 |     // MARK: - Request
 17 |     public struct Request: JSONRPCRequest {
    |                   |- error: conformance of 'Never' to 'Decodable' is only available in watchOS 10.0 or newer
    |                   |- note: add '@available' attribute to enclosing struct
    |                   |- note: add '@available' attribute to enclosing struct
    |                   `- note: in associated type 'Self.T' (inferred as 'Optional<Never>')
 18 |         public let jsonrpc: String
 19 |         public let method: String
/Users/admin/builder/spi-builder-workspace/.dependencies/checkouts/swift-ogmios/Sources/SwiftOgmios/MiniProtocols/StateQueries/LedgerStateQueries/QueryLedgerStateLiveStakeDistribution.swift:17:19: error: conformance of 'Never' to 'Encodable' is only available in watchOS 10.0 or newer
 15 |
 16 |     // MARK: - Request
 17 |     public struct Request: JSONRPCRequest {
    |                   |- error: conformance of 'Never' to 'Encodable' is only available in watchOS 10.0 or newer
    |                   |- note: add '@available' attribute to enclosing struct
    |                   |- note: add '@available' attribute to enclosing struct
    |                   `- note: in associated type 'Self.T' (inferred as 'Optional<Never>')
 18 |         public let jsonrpc: String
 19 |         public let method: String
/Users/admin/builder/spi-builder-workspace/.dependencies/checkouts/swift-ogmios/Sources/SwiftOgmios/MiniProtocols/StateQueries/LedgerStateQueries/QueryLedgerStateNonces.swift:17:19: error: conformance of 'Never' to 'Decodable' is only available in watchOS 10.0 or newer
 15 |
 16 |     // MARK: - Request
 17 |     public struct Request: JSONRPCRequest {
    |                   |- error: conformance of 'Never' to 'Decodable' is only available in watchOS 10.0 or newer
    |                   |- note: add '@available' attribute to enclosing struct
    |                   |- note: add '@available' attribute to enclosing struct
    |                   `- note: in associated type 'Self.T' (inferred as 'Optional<Never>')
 18 |         public let jsonrpc: String
 19 |         public let method: String
/Users/admin/builder/spi-builder-workspace/.dependencies/checkouts/swift-ogmios/Sources/SwiftOgmios/MiniProtocols/StateQueries/LedgerStateQueries/QueryLedgerStateNonces.swift:17:19: error: conformance of 'Never' to 'Encodable' is only available in watchOS 10.0 or newer
 15 |
 16 |     // MARK: - Request
 17 |     public struct Request: JSONRPCRequest {
    |                   |- error: conformance of 'Never' to 'Encodable' is only available in watchOS 10.0 or newer
    |                   |- note: add '@available' attribute to enclosing struct
    |                   |- note: add '@available' attribute to enclosing struct
    |                   `- note: in associated type 'Self.T' (inferred as 'Optional<Never>')
 18 |         public let jsonrpc: String
 19 |         public let method: String
/Users/admin/builder/spi-builder-workspace/.dependencies/checkouts/swift-ogmios/Sources/SwiftOgmios/MiniProtocols/StateQueries/LedgerStateQueries/QueryLedgerStateOperationalCertificates.swift:17:19: error: conformance of 'Never' to 'Decodable' is only available in watchOS 10.0 or newer
 15 |
 16 |     // MARK: - Request
 17 |     public struct Request: JSONRPCRequest {
    |                   |- error: conformance of 'Never' to 'Decodable' is only available in watchOS 10.0 or newer
    |                   |- note: add '@available' attribute to enclosing struct
    |                   |- note: add '@available' attribute to enclosing struct
    |                   `- note: in associated type 'Self.T' (inferred as 'Optional<Never>')
 18 |         public let jsonrpc: String
 19 |         public let method: String
/Users/admin/builder/spi-builder-workspace/.dependencies/checkouts/swift-ogmios/Sources/SwiftOgmios/MiniProtocols/StateQueries/LedgerStateQueries/QueryLedgerStateOperationalCertificates.swift:17:19: error: conformance of 'Never' to 'Encodable' is only available in watchOS 10.0 or newer
 15 |
 16 |     // MARK: - Request
 17 |     public struct Request: JSONRPCRequest {
    |                   |- error: conformance of 'Never' to 'Encodable' is only available in watchOS 10.0 or newer
    |                   |- note: add '@available' attribute to enclosing struct
    |                   |- note: add '@available' attribute to enclosing struct
    |                   `- note: in associated type 'Self.T' (inferred as 'Optional<Never>')
 18 |         public let jsonrpc: String
 19 |         public let method: String
/Users/admin/builder/spi-builder-workspace/.dependencies/checkouts/swift-ogmios/Sources/SwiftOgmios/MiniProtocols/StateQueries/LedgerStateQueries/QueryLedgerStateProposedProtocolParameters.swift:14:19: error: conformance of 'Never' to 'Decodable' is only available in watchOS 10.0 or newer
 12 |
 13 |     // MARK: - Request
 14 |     public struct Request: JSONRPCRequest {
    |                   |- error: conformance of 'Never' to 'Decodable' is only available in watchOS 10.0 or newer
    |                   |- note: add '@available' attribute to enclosing struct
    |                   |- note: add '@available' attribute to enclosing struct
    |                   `- note: in associated type 'Self.T' (inferred as 'Optional<Never>')
 15 |         public let jsonrpc: String
 16 |         public let method: String
/Users/admin/builder/spi-builder-workspace/.dependencies/checkouts/swift-ogmios/Sources/SwiftOgmios/MiniProtocols/StateQueries/LedgerStateQueries/QueryLedgerStateProposedProtocolParameters.swift:14:19: error: conformance of 'Never' to 'Encodable' is only available in watchOS 10.0 or newer
 12 |
 13 |     // MARK: - Request
 14 |     public struct Request: JSONRPCRequest {
    |                   |- error: conformance of 'Never' to 'Encodable' is only available in watchOS 10.0 or newer
    |                   |- note: add '@available' attribute to enclosing struct
    |                   |- note: add '@available' attribute to enclosing struct
    |                   `- note: in associated type 'Self.T' (inferred as 'Optional<Never>')
 15 |         public let jsonrpc: String
 16 |         public let method: String
/Users/admin/builder/spi-builder-workspace/.dependencies/checkouts/swift-ogmios/Sources/SwiftOgmios/MiniProtocols/StateQueries/LedgerStateQueries/QueryLedgerStateProtocolParameters.swift:14:19: error: conformance of 'Never' to 'Decodable' is only available in watchOS 10.0 or newer
 12 |
 13 |     // MARK: - Request
 14 |     public struct Request: JSONRPCRequest {
    |                   |- error: conformance of 'Never' to 'Decodable' is only available in watchOS 10.0 or newer
    |                   |- note: add '@available' attribute to enclosing struct
    |                   |- note: add '@available' attribute to enclosing struct
    |                   `- note: in associated type 'Self.T' (inferred as 'Optional<Never>')
 15 |         public let jsonrpc: String
 16 |         public let method: String
/Users/admin/builder/spi-builder-workspace/.dependencies/checkouts/swift-ogmios/Sources/SwiftOgmios/MiniProtocols/StateQueries/LedgerStateQueries/QueryLedgerStateProtocolParameters.swift:14:19: error: conformance of 'Never' to 'Encodable' is only available in watchOS 10.0 or newer
 12 |
 13 |     // MARK: - Request
 14 |     public struct Request: JSONRPCRequest {
    |                   |- error: conformance of 'Never' to 'Encodable' is only available in watchOS 10.0 or newer
    |                   |- note: add '@available' attribute to enclosing struct
    |                   |- note: add '@available' attribute to enclosing struct
    |                   `- note: in associated type 'Self.T' (inferred as 'Optional<Never>')
 15 |         public let jsonrpc: String
 16 |         public let method: String
/Users/admin/builder/spi-builder-workspace/.dependencies/checkouts/swift-ogmios/Sources/SwiftOgmios/MiniProtocols/StateQueries/LedgerStateQueries/QueryLedgerStateRewardsProvenance.swift:17:19: error: conformance of 'Never' to 'Decodable' is only available in watchOS 10.0 or newer
 15 |
 16 |     // MARK: - Request
 17 |     public struct Request: JSONRPCRequest {
    |                   |- error: conformance of 'Never' to 'Decodable' is only available in watchOS 10.0 or newer
    |                   |- note: add '@available' attribute to enclosing struct
    |                   |- note: add '@available' attribute to enclosing struct
    |                   `- note: in associated type 'Self.T' (inferred as 'Optional<Never>')
 18 |         public let jsonrpc: String
 19 |         public let method: String
/Users/admin/builder/spi-builder-workspace/.dependencies/checkouts/swift-ogmios/Sources/SwiftOgmios/MiniProtocols/StateQueries/LedgerStateQueries/QueryLedgerStateRewardsProvenance.swift:17:19: error: conformance of 'Never' to 'Encodable' is only available in watchOS 10.0 or newer
 15 |
 16 |     // MARK: - Request
 17 |     public struct Request: JSONRPCRequest {
    |                   |- error: conformance of 'Never' to 'Encodable' is only available in watchOS 10.0 or newer
    |                   |- note: add '@available' attribute to enclosing struct
    |                   |- note: add '@available' attribute to enclosing struct
    |                   `- note: in associated type 'Self.T' (inferred as 'Optional<Never>')
 18 |         public let jsonrpc: String
 19 |         public let method: String
/Users/admin/builder/spi-builder-workspace/.dependencies/checkouts/swift-ogmios/Sources/SwiftOgmios/MiniProtocols/StateQueries/LedgerStateQueries/QueryLedgerStateStakePoolsPerformances.swift:17:19: error: conformance of 'Never' to 'Decodable' is only available in watchOS 10.0 or newer
 15 |
 16 |     // MARK: - Request
 17 |     public struct Request: JSONRPCRequest {
    |                   |- error: conformance of 'Never' to 'Decodable' is only available in watchOS 10.0 or newer
    |                   |- note: add '@available' attribute to enclosing struct
    |                   |- note: add '@available' attribute to enclosing struct
    |                   `- note: in associated type 'Self.T' (inferred as 'Optional<Never>')
 18 |         public let jsonrpc: String
 19 |         public let method: String
/Users/admin/builder/spi-builder-workspace/.dependencies/checkouts/swift-ogmios/Sources/SwiftOgmios/MiniProtocols/StateQueries/LedgerStateQueries/QueryLedgerStateStakePoolsPerformances.swift:17:19: error: conformance of 'Never' to 'Encodable' is only available in watchOS 10.0 or newer
 15 |
 16 |     // MARK: - Request
 17 |     public struct Request: JSONRPCRequest {
    |                   |- error: conformance of 'Never' to 'Encodable' is only available in watchOS 10.0 or newer
    |                   |- note: add '@available' attribute to enclosing struct
    |                   |- note: add '@available' attribute to enclosing struct
    |                   `- note: in associated type 'Self.T' (inferred as 'Optional<Never>')
 18 |         public let jsonrpc: String
 19 |         public let method: String
/Users/admin/builder/spi-builder-workspace/.dependencies/checkouts/swift-ogmios/Sources/SwiftOgmios/MiniProtocols/StateQueries/LedgerStateQueries/QueryLedgerStateTip.swift:18:19: error: conformance of 'Never' to 'Decodable' is only available in watchOS 10.0 or newer
 16 |
 17 |     // MARK: - Request
 18 |     public struct Request: JSONRPCRequest {
    |                   |- error: conformance of 'Never' to 'Decodable' is only available in watchOS 10.0 or newer
    |                   |- note: add '@available' attribute to enclosing struct
    |                   |- note: add '@available' attribute to enclosing struct
    |                   `- note: in associated type 'Self.T' (inferred as 'Optional<Never>')
 19 |         public let jsonrpc: String
 20 |         public let method: String
/Users/admin/builder/spi-builder-workspace/.dependencies/checkouts/swift-ogmios/Sources/SwiftOgmios/MiniProtocols/StateQueries/LedgerStateQueries/QueryLedgerStateTip.swift:18:19: error: conformance of 'Never' to 'Encodable' is only available in watchOS 10.0 or newer
 16 |
 17 |     // MARK: - Request
 18 |     public struct Request: JSONRPCRequest {
    |                   |- error: conformance of 'Never' to 'Encodable' is only available in watchOS 10.0 or newer
    |                   |- note: add '@available' attribute to enclosing struct
    |                   |- note: add '@available' attribute to enclosing struct
    |                   `- note: in associated type 'Self.T' (inferred as 'Optional<Never>')
 19 |         public let jsonrpc: String
 20 |         public let method: String
/Users/admin/builder/spi-builder-workspace/.dependencies/checkouts/swift-ogmios/Sources/SwiftOgmios/MiniProtocols/StateQueries/LedgerStateQueries/QueryLedgerStateTreasuryAndReserves.swift:14:19: error: conformance of 'Never' to 'Decodable' is only available in watchOS 10.0 or newer
 12 |
 13 |     // MARK: - Request
 14 |     public struct Request: JSONRPCRequest {
    |                   |- error: conformance of 'Never' to 'Decodable' is only available in watchOS 10.0 or newer
    |                   |- note: add '@available' attribute to enclosing struct
    |                   |- note: add '@available' attribute to enclosing struct
    |                   `- note: in associated type 'Self.T' (inferred as 'Optional<Never>')
 15 |         public let jsonrpc: String
 16 |         public let method: String
/Users/admin/builder/spi-builder-workspace/.dependencies/checkouts/swift-ogmios/Sources/SwiftOgmios/MiniProtocols/StateQueries/LedgerStateQueries/QueryLedgerStateTreasuryAndReserves.swift:14:19: error: conformance of 'Never' to 'Encodable' is only available in watchOS 10.0 or newer
 12 |
 13 |     // MARK: - Request
 14 |     public struct Request: JSONRPCRequest {
    |                   |- error: conformance of 'Never' to 'Encodable' is only available in watchOS 10.0 or newer
    |                   |- note: add '@available' attribute to enclosing struct
    |                   |- note: add '@available' attribute to enclosing struct
    |                   `- note: in associated type 'Self.T' (inferred as 'Optional<Never>')
 15 |         public let jsonrpc: String
 16 |         public let method: String
/Users/admin/builder/spi-builder-workspace/.dependencies/checkouts/swift-ogmios/Sources/SwiftOgmios/MiniProtocols/StateQueries/NetworkQueries/QueryNetworkBlockHeight.swift:16:19: error: conformance of 'Never' to 'Decodable' is only available in watchOS 10.0 or newer
14 |
15 |     // MARK: - Request
16 |     public struct Request: JSONRPCRequest {
   |                   |- error: conformance of 'Never' to 'Decodable' is only available in watchOS 10.0 or newer
   |                   |- note: add '@available' attribute to enclosing struct
   |                   |- note: add '@available' attribute to enclosing struct
   |                   `- note: in associated type 'Self.T' (inferred as 'Optional<Never>')
17 |         public let jsonrpc: String
18 |         public let method: String
/Users/admin/builder/spi-builder-workspace/.dependencies/checkouts/swift-ogmios/Sources/SwiftOgmios/MiniProtocols/StateQueries/NetworkQueries/QueryNetworkBlockHeight.swift:16:19: error: conformance of 'Never' to 'Encodable' is only available in watchOS 10.0 or newer
14 |
15 |     // MARK: - Request
16 |     public struct Request: JSONRPCRequest {
   |                   |- error: conformance of 'Never' to 'Encodable' is only available in watchOS 10.0 or newer
   |                   |- note: add '@available' attribute to enclosing struct
   |                   |- note: add '@available' attribute to enclosing struct
   |                   `- note: in associated type 'Self.T' (inferred as 'Optional<Never>')
17 |         public let jsonrpc: String
18 |         public let method: String
/Users/admin/builder/spi-builder-workspace/.dependencies/checkouts/swift-ogmios/Sources/SwiftOgmios/MiniProtocols/StateQueries/NetworkQueries/QueryNetworkStartTime.swift:16:19: error: conformance of 'Never' to 'Decodable' is only available in watchOS 10.0 or newer
14 |
15 |     // MARK: - Request
16 |     public struct Request: JSONRPCRequest {
   |                   |- error: conformance of 'Never' to 'Decodable' is only available in watchOS 10.0 or newer
   |                   |- note: add '@available' attribute to enclosing struct
   |                   |- note: add '@available' attribute to enclosing struct
   |                   `- note: in associated type 'Self.T' (inferred as 'Optional<Never>')
17 |         public let jsonrpc: String
18 |         public let method: String
/Users/admin/builder/spi-builder-workspace/.dependencies/checkouts/swift-ogmios/Sources/SwiftOgmios/MiniProtocols/StateQueries/NetworkQueries/QueryNetworkStartTime.swift:16:19: error: conformance of 'Never' to 'Encodable' is only available in watchOS 10.0 or newer
14 |
15 |     // MARK: - Request
16 |     public struct Request: JSONRPCRequest {
   |                   |- error: conformance of 'Never' to 'Encodable' is only available in watchOS 10.0 or newer
   |                   |- note: add '@available' attribute to enclosing struct
   |                   |- note: add '@available' attribute to enclosing struct
   |                   `- note: in associated type 'Self.T' (inferred as 'Optional<Never>')
17 |         public let jsonrpc: String
18 |         public let method: String
/Users/admin/builder/spi-builder-workspace/.dependencies/checkouts/swift-ogmios/Sources/SwiftOgmios/MiniProtocols/StateQueries/NetworkQueries/QueryNetworkTip.swift:16:19: error: conformance of 'Never' to 'Decodable' is only available in watchOS 10.0 or newer
14 |
15 |     // MARK: - Request
16 |     public struct Request: JSONRPCRequest {
   |                   |- error: conformance of 'Never' to 'Decodable' is only available in watchOS 10.0 or newer
   |                   |- note: add '@available' attribute to enclosing struct
   |                   |- note: add '@available' attribute to enclosing struct
   |                   `- note: in associated type 'Self.T' (inferred as 'Optional<Never>')
17 |         public let jsonrpc: String
18 |         public let method: String
/Users/admin/builder/spi-builder-workspace/.dependencies/checkouts/swift-ogmios/Sources/SwiftOgmios/MiniProtocols/StateQueries/NetworkQueries/QueryNetworkTip.swift:16:19: error: conformance of 'Never' to 'Encodable' is only available in watchOS 10.0 or newer
14 |
15 |     // MARK: - Request
16 |     public struct Request: JSONRPCRequest {
   |                   |- error: conformance of 'Never' to 'Encodable' is only available in watchOS 10.0 or newer
   |                   |- note: add '@available' attribute to enclosing struct
   |                   |- note: add '@available' attribute to enclosing struct
   |                   `- note: in associated type 'Self.T' (inferred as 'Optional<Never>')
17 |         public let jsonrpc: String
18 |         public let method: String
/Users/admin/builder/spi-builder-workspace/.dependencies/checkouts/swift-ogmios/Sources/SwiftOgmios/Types/Cardano/TypeAliases.swift:4:32: error: 'UInt128' is only available in watchOS 11.0 or newer
  2 |
  3 | /// A block number, the i-th block to be minted is number i.
  4 | public typealias BlockHeight = UInt128
    |                  |             `- error: 'UInt128' is only available in watchOS 11.0 or newer
    |                  `- note: add '@available' attribute to enclosing type alias
  5 |
  6 | /// An epoch number or length.
SwiftCompile normal arm64 (in target 'SwiftOgmios' from project 'SwiftOgmios')
    cd /Users/admin/builder/spi-builder-workspace/.swiftpm/xcode

SwiftDriverJobDiscovery normal arm64 Compiling Types.swift (in target 'SwiftKoios' from project 'SwiftKoios')
SwiftCompile normal arm64 Compiling\ GovernanceAction.swift,\ GovernanceProposalReference.swift,\ GovernanceVote.swift,\ ProposedProtocolParameters.swift,\ Origin.swift,\ ProtocolParameters.swift,\ RelativeTime.swift,\ RewardAccount.swift,\ StakePool.swift /Users/admin/builder/spi-builder-workspace/.dependencies/checkouts/swift-ogmios/Sources/SwiftOgmios/Types/Cardano/Governance/GovernanceAction.swift /Users/admin/builder/spi-builder-workspace/.dependencies/checkouts/swift-ogmios/Sources/SwiftOgmios/Types/Cardano/Governance/GovernanceProposalReference.swift /Users/admin/builder/spi-builder-workspace/.dependencies/checkouts/swift-ogmios/Sources/SwiftOgmios/Types/Cardano/Governance/GovernanceVote.swift /Users/admin/builder/spi-builder-workspace/.dependencies/checkouts/swift-ogmios/Sources/SwiftOgmios/Types/Cardano/Governance/ProposedProtocolParameters.swift /Users/admin/builder/spi-builder-workspace/.dependencies/checkouts/swift-ogmios/Sources/SwiftOgmios/Types/Cardano/Origin.swift /Users/admin/builder/spi-builder-workspace/.dependencies/checkouts/swift-ogmios/Sources/SwiftOgmios/Types/Cardano/ProtocolParameters.swift /Users/admin/builder/spi-builder-workspace/.dependencies/checkouts/swift-ogmios/Sources/SwiftOgmios/Types/Cardano/RelativeTime.swift /Users/admin/builder/spi-builder-workspace/.dependencies/checkouts/swift-ogmios/Sources/SwiftOgmios/Types/Cardano/RewardAccount.swift /Users/admin/builder/spi-builder-workspace/.dependencies/checkouts/swift-ogmios/Sources/SwiftOgmios/Types/Cardano/StakePool.swift (in target 'SwiftOgmios' from project 'SwiftOgmios')
SwiftCompile normal arm64 /Users/admin/builder/spi-builder-workspace/.dependencies/checkouts/swift-ogmios/Sources/SwiftOgmios/Types/Cardano/Governance/GovernanceAction.swift (in target 'SwiftOgmios' from project 'SwiftOgmios')
    cd /Users/admin/builder/spi-builder-workspace/.swiftpm/xcode
    builtin-SwiftPerFileCompile GovernanceAction.swift
SwiftCompile normal arm64 /Users/admin/builder/spi-builder-workspace/.dependencies/checkouts/swift-ogmios/Sources/SwiftOgmios/Types/Cardano/Governance/GovernanceProposalReference.swift (in target 'SwiftOgmios' from project 'SwiftOgmios')
    cd /Users/admin/builder/spi-builder-workspace/.swiftpm/xcode
    builtin-SwiftPerFileCompile GovernanceProposalReference.swift
SwiftCompile normal arm64 /Users/admin/builder/spi-builder-workspace/.dependencies/checkouts/swift-ogmios/Sources/SwiftOgmios/Types/Cardano/Governance/GovernanceVote.swift (in target 'SwiftOgmios' from project 'SwiftOgmios')
    cd /Users/admin/builder/spi-builder-workspace/.swiftpm/xcode
    builtin-SwiftPerFileCompile GovernanceVote.swift
SwiftCompile normal arm64 /Users/admin/builder/spi-builder-workspace/.dependencies/checkouts/swift-ogmios/Sources/SwiftOgmios/Types/Cardano/Governance/ProposedProtocolParameters.swift (in target 'SwiftOgmios' from project 'SwiftOgmios')
    cd /Users/admin/builder/spi-builder-workspace/.swiftpm/xcode
    builtin-SwiftPerFileCompile ProposedProtocolParameters.swift
SwiftCompile normal arm64 /Users/admin/builder/spi-builder-workspace/.dependencies/checkouts/swift-ogmios/Sources/SwiftOgmios/Types/Cardano/Origin.swift (in target 'SwiftOgmios' from project 'SwiftOgmios')
    cd /Users/admin/builder/spi-builder-workspace/.swiftpm/xcode
    builtin-SwiftPerFileCompile Origin.swift
SwiftCompile normal arm64 /Users/admin/builder/spi-builder-workspace/.dependencies/checkouts/swift-ogmios/Sources/SwiftOgmios/Types/Cardano/ProtocolParameters.swift (in target 'SwiftOgmios' from project 'SwiftOgmios')
    cd /Users/admin/builder/spi-builder-workspace/.swiftpm/xcode
    builtin-SwiftPerFileCompile ProtocolParameters.swift
SwiftCompile normal arm64 /Users/admin/builder/spi-builder-workspace/.dependencies/checkouts/swift-ogmios/Sources/SwiftOgmios/Types/Cardano/RelativeTime.swift (in target 'SwiftOgmios' from project 'SwiftOgmios')
    cd /Users/admin/builder/spi-builder-workspace/.swiftpm/xcode
    builtin-SwiftPerFileCompile RelativeTime.swift
SwiftCompile normal arm64 /Users/admin/builder/spi-builder-workspace/.dependencies/checkouts/swift-ogmios/Sources/SwiftOgmios/Types/Cardano/RewardAccount.swift (in target 'SwiftOgmios' from project 'SwiftOgmios')
    cd /Users/admin/builder/spi-builder-workspace/.swiftpm/xcode
    builtin-SwiftPerFileCompile RewardAccount.swift
SwiftCompile normal arm64 /Users/admin/builder/spi-builder-workspace/.dependencies/checkouts/swift-ogmios/Sources/SwiftOgmios/Types/Cardano/StakePool.swift (in target 'SwiftOgmios' from project 'SwiftOgmios')
    cd /Users/admin/builder/spi-builder-workspace/.swiftpm/xcode
    builtin-SwiftPerFileCompile StakePool.swift
SwiftCompile normal arm64_32 Compiling\ Transaction.swift,\ TypeAliases.swift,\ Utxo.swift,\ Value.swift,\ VerificationKey.swift,\ Health.swift,\ JSON-RPC.swift,\ AnyCredential.swift,\ Bech32.swift /Users/admin/builder/spi-builder-workspace/.dependencies/checkouts/swift-ogmios/Sources/SwiftOgmios/Types/Cardano/Transaction.swift /Users/admin/builder/spi-builder-workspace/.dependencies/checkouts/swift-ogmios/Sources/SwiftOgmios/Types/Cardano/TypeAliases.swift /Users/admin/builder/spi-builder-workspace/.dependencies/checkouts/swift-ogmios/Sources/SwiftOgmios/Types/Cardano/Utxo.swift /Users/admin/builder/spi-builder-workspace/.dependencies/checkouts/swift-ogmios/Sources/SwiftOgmios/Types/Cardano/Value.swift /Users/admin/builder/spi-builder-workspace/.dependencies/checkouts/swift-ogmios/Sources/SwiftOgmios/Types/Cardano/VerificationKey.swift /Users/admin/builder/spi-builder-workspace/.dependencies/checkouts/swift-ogmios/Sources/SwiftOgmios/Types/Health.swift /Users/admin/builder/spi-builder-workspace/.dependencies/checkouts/swift-ogmios/Sources/SwiftOgmios/Types/JSON-RPC.swift /Users/admin/builder/spi-builder-workspace/.dependencies/checkouts/swift-ogmios/Sources/SwiftOgmios/Types/Ogmios/AnyCredential.swift /Users/admin/builder/spi-builder-workspace/.dependencies/checkouts/swift-ogmios/Sources/SwiftOgmios/Types/Ogmios/Bech32.swift (in target 'SwiftOgmios' from project 'SwiftOgmios')
/Users/admin/builder/spi-builder-workspace/.dependencies/checkouts/swift-ogmios/Sources/SwiftOgmios/Types/Cardano/TypeAliases.swift:4:32: error: 'UInt128' is only available in watchOS 11.0 or newer
  2 |
  3 | /// A block number, the i-th block to be minted is number i.
  4 | public typealias BlockHeight = UInt128
    |                  |             `- error: 'UInt128' is only available in watchOS 11.0 or newer
    |                  `- note: add '@available' attribute to enclosing type alias
  5 |
  6 | /// An epoch number or length.
/Users/admin/builder/spi-builder-workspace/.dependencies/checkouts/swift-ogmios/Sources/SwiftOgmios/Types/Cardano/TypeAliases.swift:10:25: error: 'UInt128' is only available in watchOS 11.0 or newer
  8 |
  9 | /// An absolute slot number.
 10 | public typealias Slot = UInt128
    |                  |      `- error: 'UInt128' is only available in watchOS 11.0 or newer
    |                  `- note: add '@available' attribute to enclosing type alias
 11 |
 12 | /// A hash digest from an unspecified algorithm and length.
Failed frontend command:
/Applications/Xcode-27.0.0.app/Contents/Developer/Toolchains/XcodeDefault.xctoolchain/usr/bin/swift-frontend -frontend -c /Users/admin/builder/spi-builder-workspace/.dependencies/checkouts/swift-ogmios/Sources/SwiftOgmios/Connection/Connectable.swift /Users/admin/builder/spi-builder-workspace/.dependencies/checkouts/swift-ogmios/Sources/SwiftOgmios/Connection/HTTPConnection.swift /Users/admin/builder/spi-builder-workspace/.dependencies/checkouts/swift-ogmios/Sources/SwiftOgmios/Connection/WebSocketConnection.swift /Users/admin/builder/spi-builder-workspace/.dependencies/checkouts/swift-ogmios/Sources/SwiftOgmios/Errors.swift /Users/admin/builder/spi-builder-workspace/.dependencies/checkouts/swift-ogmios/Sources/SwiftOgmios/Logging.swift /Users/admin/builder/spi-builder-workspace/.dependencies/checkouts/swift-ogmios/Sources/SwiftOgmios/MiniProtocols/ChainSynchronization/FindIntersection.swift /Users/admin/builder/spi-builder-workspace/.dependencies/checkouts/swift-ogmios/Sources/SwiftOgmios/MiniProtocols/ChainSynchronization/NextBlock.swift /Users/admin/builder/spi-builder-workspace/.dependencies/checkouts/swift-ogmios/Sources/SwiftOgmios/MiniProtocols/MempoolMonitoring/AcquireMempool.swift /Users/admin/builder/spi-builder-workspace/.dependencies/checkouts/swift-ogmios/Sources/SwiftOgmios/MiniProtocols/MempoolMonitoring/HasTransaction.swift /Users/admin/builder/spi-builder-workspace/.dependencies/checkouts/swift-ogmios/Sources/SwiftOgmios/MiniProtocols/MempoolMonitoring/NextTransaction.swift /Users/admin/builder/spi-builder-workspace/.dependencies/checkouts/swift-ogmios/Sources/SwiftOgmios/MiniProtocols/MempoolMonitoring/ReleaseMempool.swift /Users/admin/builder/spi-builder-workspace/.dependencies/checkouts/swift-ogmios/Sources/SwiftOgmios/MiniProtocols/MempoolMonitoring/SizeOfMempool.swift /Users/admin/builder/spi-builder-workspace/.dependencies/checkouts/swift-ogmios/Sources/SwiftOgmios/MiniProtocols/StateQueries/LedgerStateQueries/QueryLedgerStateConstitution.swift /Users/admin/builder/spi-builder-workspace/.dependencies/checkouts/swift-ogmios/Sources/SwiftOgmios/MiniProtocols/StateQueries/LedgerStateQueries/QueryLedgerStateConstitutionalCommittee.swift /Users/admin/builder/spi-builder-workspace/.dependencies/checkouts/swift-ogmios/Sources/SwiftOgmios/MiniProtocols/StateQueries/LedgerStateQueries/QueryLedgerStateDelegateRepresentatives.swift /Users/admin/builder/spi-builder-workspace/.dependencies/checkouts/swift-ogmios/Sources/SwiftOgmios/MiniProtocols/StateQueries/LedgerStateQueries/QueryLedgerStateDump.swift /Users/admin/builder/spi-builder-workspace/.dependencies/checkouts/swift-ogmios/Sources/SwiftOgmios/MiniProtocols/StateQueries/LedgerStateQueries/QueryLedgerStateEpoch.swift /Users/admin/builder/spi-builder-workspace/.dependencies/checkouts/swift-ogmios/Sources/SwiftOgmios/MiniProtocols/StateQueries/LedgerStateQueries/QueryLedgerStateEraStart.swift /Users/admin/builder/spi-builder-workspace/.dependencies/checkouts/swift-ogmios/Sources/SwiftOgmios/MiniProtocols/StateQueries/LedgerStateQueries/QueryLedgerStateEraSummaries.swift /Users/admin/builder/spi-builder-workspace/.dependencies/checkouts/swift-ogmios/Sources/SwiftOgmios/MiniProtocols/StateQueries/LedgerStateQueries/QueryLedgerStateGovernanceProposals.swift /Users/admin/builder/spi-builder-workspace/.dependencies/checkouts/swift-ogmios/Sources/SwiftOgmios/MiniProtocols/StateQueries/LedgerStateQueries/QueryLedgerStateLiveStakeDistribution.swift /Users/admin/builder/spi-builder-workspace/.dependencies/checkouts/swift-ogmios/Sources/SwiftOgmios/MiniProtocols/StateQueries/LedgerStateQueries/QueryLedgerStateNonces.swift /Users/admin/builder/spi-builder-workspace/.dependencies/checkouts/swift-ogmios/Sources/SwiftOgmios/MiniProtocols/StateQueries/LedgerStateQueries/QueryLedgerStateOperationalCertificates.swift /Users/admin/builder/spi-builder-workspace/.dependencies/checkouts/swift-ogmios/Sources/SwiftOgmios/MiniProtocols/StateQueries/LedgerStateQueries/QueryLedgerStateProjectedRewards.swift /Users/admin/builder/spi-builder-workspace/.dependencies/checkouts/swift-ogmios/Sources/SwiftOgmios/MiniProtocols/StateQueries/LedgerStateQueries/QueryLedgerStateProposedProtocolParameters.swift /Users/admin/builder/spi-builder-workspace/.dependencies/checkouts/swift-ogmios/Sources/SwiftOgmios/MiniProtocols/StateQueries/LedgerStateQueries/QueryLedgerStateProtocolParameters.swift /Users/admin/builder/spi-builder-workspace/.dependencies/checkouts/swift-ogmios/Sources/SwiftOgmios/MiniProtocols/StateQueries/LedgerStateQueries/QueryLedgerStateRewardAccountSummaries.swift /Users/admin/builder/spi-builder-workspace/.dependencies/checkouts/swift-ogmios/Sources/SwiftOgmios/MiniProtocols/StateQueries/LedgerStateQueries/QueryLedgerStateRewardsProvenance.swift /Users/admin/builder/spi-builder-workspace/.dependencies/checkouts/swift-ogmios/Sources/SwiftOgmios/MiniProtocols/StateQueries/LedgerStateQueries/QueryLedgerStateStakePools.swift /Users/admin/builder/spi-builder-workspace/.dependencies/checkouts/swift-ogmios/Sources/SwiftOgmios/MiniProtocols/StateQueries/LedgerStateQueries/QueryLedgerStateStakePoolsPerformances.swift /Users/admin/builder/spi-builder-workspace/.dependencies/checkouts/swift-ogmios/Sources/SwiftOgmios/MiniProtocols/StateQueries/LedgerStateQueries/QueryLedgerStateTip.swift /Users/admin/builder/spi-builder-workspace/.dependencies/checkouts/swift-ogmios/Sources/SwiftOgmios/MiniProtocols/StateQueries/LedgerStateQueries/QueryLedgerStateTreasuryAndReserves.swift /Users/admin/builder/spi-builder-workspace/.dependencies/checkouts/swift-ogmios/Sources/SwiftOgmios/MiniProtocols/StateQueries/LedgerStateQueries/QueryLedgerStateUtxo.swift /Users/admin/builder/spi-builder-workspace/.dependencies/checkouts/swift-ogmios/Sources/SwiftOgmios/MiniProtocols/StateQueries/NetworkQueries/QueryNetworkBlockHeight.swift /Users/admin/builder/spi-builder-workspace/.dependencies/checkouts/swift-ogmios/Sources/SwiftOgmios/MiniProtocols/StateQueries/NetworkQueries/QueryNetworkGenesisConfiguration.swift /Users/admin/builder/spi-builder-workspace/.dependencies/checkouts/swift-ogmios/Sources/SwiftOgmios/MiniProtocols/StateQueries/NetworkQueries/QueryNetworkStartTime.swift /Users/admin/builder/spi-builder-workspace/.dependencies/checkouts/swift-ogmios/Sources/SwiftOgmios/MiniProtocols/StateQueries/NetworkQueries/QueryNetworkTip.swift /Users/admin/builder/spi-builder-workspace/.dependencies/checkouts/swift-ogmios/Sources/SwiftOgmios/MiniProtocols/TransactionSubmission/EvaluateTransaction.swift /Users/admin/builder/spi-builder-workspace/.dependencies/checkouts/swift-ogmios/Sources/SwiftOgmios/MiniProtocols/TransactionSubmission/SubmitTransaction.swift /Users/admin/builder/spi-builder-workspace/.dependencies/checkouts/swift-ogmios/Sources/SwiftOgmios/NanoID.swift /Users/admin/builder/spi-builder-workspace/.dependencies/checkouts/swift-ogmios/Sources/SwiftOgmios/OgmiosClient.swift /Users/admin/builder/spi-builder-workspace/.dependencies/checkouts/swift-ogmios/Sources/SwiftOgmios/Types/Cardano/Address.swift /Users/admin/builder/spi-builder-workspace/.dependencies/checkouts/swift-ogmios/Sources/SwiftOgmios/Types/Cardano/Anchor.swift /Users/admin/builder/spi-builder-workspace/.dependencies/checkouts/swift-ogmios/Sources/SwiftOgmios/Types/Cardano/Block.swift /Users/admin/builder/spi-builder-workspace/.dependencies/checkouts/swift-ogmios/Sources/SwiftOgmios/Types/Cardano/Bound.swift /Users/admin/builder/spi-builder-workspace/.dependencies/checkouts/swift-ogmios/Sources/SwiftOgmios/Types/Cardano/DelegateRepresentativeSummary.swift /Users/admin/builder/spi-builder-workspace/.dependencies/checkouts/swift-ogmios/Sources/SwiftOgmios/Types/Cardano/DigestBlake2b.swift /Users/admin/builder/spi-builder-workspace/.dependencies/checkouts/swift-ogmios/Sources/SwiftOgmios/Types/Cardano/Era.swift /Users/admin/builder/spi-builder-workspace/.dependencies/checkouts/swift-ogmios/Sources/SwiftOgmios/Types/Cardano/Genesis.swift /Users/admin/builder/spi-builder-workspace/.dependencies/checkouts/swift-ogmios/Sources/SwiftOgmios/Types/Cardano/Governance/Constitution.swift /Users/admin/builder/spi-builder-workspace/.dependencies/checkouts/swift-ogmios/Sources/SwiftOgmios/Types/Cardano/Governance/GovernanceAction.swift /Users/admin/builder/spi-builder-workspace/.dependencies/checkouts/swift-ogmios/Sources/SwiftOgmios/Types/Cardano/Governance/GovernanceProposalReference.swift /Users/admin/builder/spi-builder-workspace/.dependencies/checkouts/swift-ogmios/Sources/SwiftOgmios/Types/Cardano/Governance/GovernanceVote.swift /Users/admin/builder/spi-builder-workspace/.dependencies/checkouts/swift-ogmios/Sources/SwiftOgmios/Types/Cardano/Governance/ProposedProtocolParameters.swift /Users/admin/builder/spi-builder-workspace/.dependencies/checkouts/swift-ogmios/Sources/SwiftOgmios/Types/Cardano/Origin.swift /Users/admin/builder/spi-builder-workspace/.dependencies/checkouts/swift-ogmios/Sources/SwiftOgmios/Types/Cardano/ProtocolParameters.swift /Users/admin/builder/spi-builder-workspace/.dependencies/checkouts/swift-ogmios/Sources/SwiftOgmios/Types/Cardano/RelativeTime.swift /Users/admin/builder/spi-builder-workspace/.dependencies/checkouts/swift-ogmios/Sources/SwiftOgmios/Types/Cardano/RewardAccount.swift /Users/admin/builder/spi-builder-workspace/.dependencies/checkouts/swift-ogmios/Sources/SwiftOgmios/Types/Cardano/StakePool.swift -primary-file /Users/admin/builder/spi-builder-workspace/.dependencies/checkouts/swift-ogmios/Sources/SwiftOgmios/Types/Cardano/Transaction.swift -primary-file /Users/admin/builder/spi-builder-workspace/.dependencies/checkouts/swift-ogmios/Sources/SwiftOgmios/Types/Cardano/TypeAliases.swift -primary-file /Users/admin/builder/spi-builder-workspace/.dependencies/checkouts/swift-ogmios/Sources/SwiftOgmios/Types/Cardano/Utxo.swift -primary-file /Users/admin/builder/spi-builder-workspace/.dependencies/checkouts/swift-ogmios/Sources/SwiftOgmios/Types/Cardano/Value.swift -primary-file /Users/admin/builder/spi-builder-workspace/.dependencies/checkouts/swift-ogmios/Sources/SwiftOgmios/Types/Cardano/VerificationKey.swift -primary-file /Users/admin/builder/spi-builder-workspace/.dependencies/checkouts/swift-ogmios/Sources/SwiftOgmios/Types/Health.swift -primary-file /Users/admin/builder/spi-builder-workspace/.dependencies/checkouts/swift-ogmios/Sources/SwiftOgmios/Types/JSON-RPC.swift -primary-file /Users/admin/builder/spi-builder-workspace/.dependencies/checkouts/swift-ogmios/Sources/SwiftOgmios/Types/Ogmios/AnyCredential.swift -primary-file /Users/admin/builder/spi-builder-workspace/.dependencies/checkouts/swift-ogmios/Sources/SwiftOgmios/Types/Ogmios/Bech32.swift /Users/admin/builder/spi-builder-workspace/.dependencies/checkouts/swift-ogmios/Sources/SwiftOgmios/Types/Ogmios/DeserialisationFailure.swift /Users/admin/builder/spi-builder-workspace/.dependencies/checkouts/swift-ogmios/Sources/SwiftOgmios/Types/Ogmios/EncodingBase16.swift /Users/admin/builder/spi-builder-workspace/.dependencies/checkouts/swift-ogmios/Sources/SwiftOgmios/Types/Ogmios/EraMismatch.swift /Users/admin/builder/spi-builder-workspace/.dependencies/checkouts/swift-ogmios/Sources/SwiftOgmios/Types/Ogmios/EvaluateTransactionDeserialisationError.swift /Users/admin/builder/spi-builder-workspace/.dependencies/checkouts/swift-ogmios/Sources/SwiftOgmios/Types/Ogmios/EvaluateTransactionError.swift /Users/admin/builder/spi-builder-workspace/.dependencies/checkouts/swift-ogmios/Sources/SwiftOgmios/Types/Ogmios/EvaluateTransactionFailure.swift /Users/admin/builder/spi-builder-workspace/.dependencies/checkouts/swift-ogmios/Sources/SwiftOgmios/Types/Ogmios/FindIntersectionError.swift /Users/admin/builder/spi-builder-workspace/.dependencies/checkouts/swift-ogmios/Sources/SwiftOgmios/Types/Ogmios/LiveStakeDistribution.swift /Users/admin/builder/spi-builder-workspace/.dependencies/checkouts/swift-ogmios/Sources/SwiftOgmios/Types/Ogmios/MustAcquireMempoolFirst.swift /Users/admin/builder/spi-builder-workspace/.dependencies/checkouts/swift-ogmios/Sources/SwiftOgmios/Types/Ogmios/Nonces.swift /Users/admin/builder/spi-builder-workspace/.dependencies/checkouts/swift-ogmios/Sources/SwiftOgmios/Types/Ogmios/OperationalCertificates.swift /Users/admin/builder/spi-builder-workspace/.dependencies/checkouts/swift-ogmios/Sources/SwiftOgmios/Types/Ogmios/PointOrOrigin.swift /Users/admin/builder/spi-builder-workspace/.dependencies/checkouts/swift-ogmios/Sources/SwiftOgmios/Types/Ogmios/ProjectedRewards.swift /Users/admin/builder/spi-builder-workspace/.dependencies/checkouts/swift-ogmios/Sources/SwiftOgmios/Types/Ogmios/QueryLedgerStateAcquiredExpired.swift /Users/admin/builder/spi-builder-workspace/.dependencies/checkouts/swift-ogmios/Sources/SwiftOgmios/Types/Ogmios/QueryLedgerStateEraMismatch.swift /Users/admin/builder/spi-builder-workspace/.dependencies/checkouts/swift-ogmios/Sources/SwiftOgmios/Types/Ogmios/QueryLedgerStateUnavailableInCurrentEra.swift /Users/admin/builder/spi-builder-workspace/.dependencies/checkouts/swift-ogmios/Sources/SwiftOgmios/Types/Ogmios/QueryNetworkInvalidGenesis.swift /Users/admin/builder/spi-builder-workspace/.dependencies/checkouts/swift-ogmios/Sources/SwiftOgmios/Types/Ogmios/RewardAccountSummary.swift /Users/admin/builder/spi-builder-workspace/.dependencies/checkouts/swift-ogmios/Sources/SwiftOgmios/Types/Ogmios/RewardsProvenance.swift /Users/admin/builder/spi-builder-workspace/.dependencies/checkouts/swift-ogmios/Sources/SwiftOgmios/Types/Ogmios/ScriptExecutionFailure.swift /Users/admin/builder/spi-builder-workspace/.dependencies/checkouts/swift-ogmios/Sources/SwiftOgmios/Types/Ogmios/StakePoolsPerformances.swift /Users/admin/builder/spi-builder-workspace/.dependencies/checkouts/swift-ogmios/Sources/SwiftOgmios/Types/Ogmios/SubmitTransactionDeserialisationError.swift /Users/admin/builder/spi-builder-workspace/.dependencies/checkouts/swift-ogmios/Sources/SwiftOgmios/Types/Ogmios/SubmitTransactionError.swift /Users/admin/builder/spi-builder-workspace/.dependencies/checkouts/swift-ogmios/Sources/SwiftOgmios/Types/Ogmios/SubmitTransactionFailure.swift /Users/admin/builder/spi-builder-workspace/.dependencies/checkouts/swift-ogmios/Sources/SwiftOgmios/Types/Ogmios/TransactionCBOR.swift /Users/admin/builder/spi-builder-workspace/.dependencies/checkouts/swift-ogmios/Sources/SwiftOgmios/Types/TypeCallable.swift /Users/admin/builder/spi-builder-workspace/.dependencies/checkouts/swift-ogmios/Sources/SwiftOgmios/Types/Wrappers.swift -supplementary-output-file-map /Users/admin/builder/spi-builder-workspace/.derivedData/Build/Intermediates.noindex/SwiftOgmios.build/Debug-watchos/SwiftOgmios-t.build/Objects-normal/arm64_32/supplementaryOutputs-13 -target arm64_32-apple-watchos9.0 -disable-cross-import-overlay-search -swift-module-cross-import Darwin /Applications/Xcode-27.0.0.app/Contents/Developer/Platforms/WatchOS.platform/Developer/SDKs/WatchOS.sdk/usr/include/Darwin.swiftcrossimport/xlocale.swiftoverlay -load-resolved-plugin /Applications/Xcode-27.0.0.app/Contents/Developer/Platforms/WatchOS.platform/Developer/usr/lib/swift/host/plugins/libFoundationMacros.dylib\#/Applications/Xcode-27.0.0.app/Contents/Developer/Platforms/WatchOS.platform/Developer/usr/bin/swift-plugin-server\#FoundationMacros -load-resolved-plugin /Applications/Xcode-27.0.0.app/Contents/Developer/Platforms/WatchOS.platform/Developer/usr/lib/swift/host/plugins/libObservationMacros.dylib\#/Applications/Xcode-27.0.0.app/Contents/Developer/Platforms/WatchOS.platform/Developer/usr/bin/swift-plugin-server\#ObservationMacros -load-resolved-plugin /Applications/Xcode-27.0.0.app/Contents/Developer/Platforms/WatchOS.platform/Developer/usr/lib/swift/host/plugins/libSwiftMacros.dylib\#/Applications/Xcode-27.0.0.app/Contents/Developer/Platforms/WatchOS.platform/Developer/usr/bin/swift-plugin-server\#SwiftMacros -disable-implicit-swift-modules -Xcc -fno-implicit-modules -Xcc -fno-implicit-module-maps -explicit-swift-module-map-file /Users/admin/builder/spi-builder-workspace/.derivedData/Build/Intermediates.noindex/SwiftOgmios.build/Debug-watchos/SwiftOgmios-t.build/Objects-normal/arm64_32/SwiftOgmios-dependencies-2.json -enable-objc-interop -sdk /Applications/Xcode-27.0.0.app/Contents/Developer/Platforms/WatchOS.platform/Developer/SDKs/WatchOS27.0.sdk -I /Users/admin/builder/spi-builder-workspace/.derivedData/Build/Products/Debug-watchos -Isystem /Applications/Xcode-27.0.0.app/Contents/Developer/Platforms/WatchOS.platform/Developer/usr/lib -F /Users/admin/builder/spi-builder-workspace/.derivedData/Build/Products/Debug-watchos/PackageFrameworks -F /Users/admin/builder/spi-builder-workspace/.derivedData/Build/Products/Debug-watchos -F /Applications/Xcode-27.0.0.app/Contents/Developer/Platforms/WatchOS.platform/Developer/Library/Frameworks -F /Applications/Xcode-27.0.0.app/Contents/Developer/Platforms/WatchOS.platform/Developer/SDKs/WatchOS27.0.sdk/Developer/Library/Frameworks -module-cache-path /Users/admin/builder/spi-builder-workspace/.derivedData/Build/Intermediates.noindex/SwiftExplicitPrecompiledModules -no-color-diagnostics -Xcc -fno-color-diagnostics -enable-testing -g -debug-info-format\=dwarf -dwarf-version\=4 -suppress-warnings -profile-generate -profile-coverage-mapping -swift-version 6 -Onone -D SWIFT_PACKAGE -D DEBUG -D SWIFT_MODULE_RESOURCE_BUNDLE_UNAVAILABLE -D Xcode -serialize-debugging-options -enable-experimental-feature DebugDescriptionMacro -empty-abi-descriptor -user-module-version 0.3.2 -validate-clang-modules-once -clang-build-session-file /Users/admin/builder/spi-builder-workspace/.derivedData/ModuleCache.noindex/Session.modulevalidation -Xcc -working-directory -Xcc /Users/admin/builder/spi-builder-workspace/.swiftpm/xcode -enable-anonymous-context-mangled-names -file-compilation-dir /Users/admin/builder/spi-builder-workspace/.swiftpm/xcode -Xcc -fmodule-map-file\=/Users/admin/builder/spi-builder-workspace/.derivedData/Build/Intermediates.noindex/GeneratedModuleMaps-watchos/CNIOBoringSSLShims.modulemap -Xcc -fmodule-map-file\=/Users/admin/builder/spi-builder-workspace/.dependencies/checkouts/swift-nio-ssl/Sources/CNIOBoringSSL/include/module.modulemap -Xcc -fmodule-map-file\=/Users/admin/builder/spi-builder-workspace/.derivedData/Build/Intermediates.noindex/GeneratedModuleMaps-watchos/CNIOSHA1.modulemap -Xcc -fmodule-map-file\=/Users/admin/builder/spi-builder-workspace/.derivedData/Build/Intermediates.noindex/GeneratedModuleMaps-watchos/CNIOLLHTTP.modulemap -Xcc -fmodule-map-file\=/Users/admin/builder/spi-builder-workspace/.derivedData/Build/Intermediates.noindex/GeneratedModuleMaps-watchos/CNIOPosix.modulemap -Xcc -fmodule-map-file\=/Users/admin/builder/spi-builder-workspace/.derivedData/Build/Intermediates.noindex/GeneratedModuleMaps-watchos/CNIOWASI.modulemap -Xcc -fmodule-map-file\=/Users/admin/builder/spi-builder-workspace/.dependencies/checkouts/swift-nio/Sources/CNIOWindows/include/module.modulemap -Xcc -fmodule-map-file\=/Users/admin/builder/spi-builder-workspace/.derivedData/Build/Intermediates.noindex/GeneratedModuleMaps-watchos/CNIOLinux.modulemap -Xcc -fmodule-map-file\=/Users/admin/builder/spi-builder-workspace/.derivedData/Build/Intermediates.noindex/GeneratedModuleMaps-watchos/CNIODarwin.modulemap -Xcc -fmodule-map-file\=/Users/admin/builder/spi-builder-workspace/.derivedData/Build/Intermediates.noindex/GeneratedModuleMaps-watchos/CNIOFreeBSD.modulemap -Xcc -fmodule-map-file\=/Users/admin/builder/spi-builder-workspace/.derivedData/Build/Intermediates.noindex/GeneratedModuleMaps-watchos/CNIOOpenBSD.modulemap -Xcc -fmodule-map-file\=/Users/admin/builder/spi-builder-workspace/.derivedData/Build/Intermediates.noindex/GeneratedModuleMaps-watchos/CNIOAtomics.modulemap -Xcc -fmodule-map-file\=/Users/admin/builder/spi-builder-workspace/.dependencies/checkouts/swift-atomics/Sources/_AtomicsShims/include/module.modulemap -Xcc -D_LIBCPP_HARDENING_MODE\=_LIBCPP_HARDENING_MODE_DEBUG -Xcc -ivfsstatcache -Xcc /Users/admin/builder/spi-builder-workspace/.derivedData/SDKStatCaches.noindex/watchos27.0-24R360-e829b21a6f8c9b70876ba0858053c044b9db9bc9c079ee3c7b5f3373b13d10bc.sdkstatcache -Xcc -fmodules-prune-interval\=86400 -Xcc -fmodules-prune-after\=345600 -Xcc -I/Users/admin/builder/spi-builder-workspace/.dependencies/checkouts/swift-nio-ssl/Sources/CNIOBoringSSLShims/include -Xcc -I/Users/admin/builder/spi-builder-workspace/.dependencies/checkouts/swift-nio-ssl/Sources/CNIOBoringSSL/include -Xcc -I/Users/admin/builder/spi-builder-workspace/.dependencies/checkouts/swift-nio/Sources/CNIOSHA1/include -Xcc -I/Users/admin/builder/spi-builder-workspace/.dependencies/checkouts/swift-nio/Sources/CNIOLLHTTP/include -Xcc -I/Users/admin/builder/spi-builder-workspace/.dependencies/checkouts/swift-nio/Sources/CNIOPosix/include -Xcc -I/Users/admin/builder/spi-builder-workspace/.dependencies/checkouts/swift-nio/Sources/CNIOWASI/include -Xcc -I/Users/admin/builder/spi-builder-workspace/.dependencies/checkouts/swift-nio/Sources/CNIOWindows/include -Xcc -I/Users/admin/builder/spi-builder-workspace/.dependencies/checkouts/swift-nio/Sources/CNIOLinux/include -Xcc -I/Users/admin/builder/spi-builder-workspace/.dependencies/checkouts/swift-nio/Sources/CNIODarwin/include -Xcc -I/Users/admin/builder/spi-builder-workspace/.dependencies/checkouts/swift-nio/Sources/CNIOFreeBSD/include -Xcc -I/Users/admin/builder/spi-builder-workspace/.dependencies/checkouts/swift-nio/Sources/CNIOOpenBSD/include -Xcc -I/Users/admin/builder/spi-builder-workspace/.dependencies/checkouts/swift-nio/Sources/CNIOAtomics/include -Xcc -I/Users/admin/builder/spi-builder-workspace/.dependencies/checkouts/swift-atomics/Sources/_AtomicsShims/include -Xcc -I/Users/admin/builder/spi-builder-workspace/.derivedData/Build/Products/Debug-watchos/include -Xcc -I/Users/admin/builder/spi-builder-workspace/.derivedData/Build/Intermediates.noindex/SwiftOgmios.build/Debug-watchos/SwiftOgmios-t.build/DerivedSources-normal/arm64_32 -Xcc -I/Users/admin/builder/spi-builder-workspace/.derivedData/Build/Intermediates.noindex/SwiftOgmios.build/Debug-watchos/SwiftOgmios-t.build/DerivedSources/arm64_32 -Xcc -I/Users/admin/builder/spi-builder-workspace/.derivedData/Build/Intermediates.noindex/SwiftOgmios.build/Debug-watchos/SwiftOgmios-t.build/DerivedSources -Xcc -DSWIFT_PACKAGE -Xcc -DDEBUG\=1 -no-auto-bridging-header-chaining -module-name SwiftOgmios -package-name swift_ogmios -const-gather-protocols-file /Users/admin/builder/spi-builder-workspace/.derivedData/Build/Intermediates.noindex/SwiftOgmios.build/Debug-watchos/SwiftOgmios-t.build/Objects-normal/arm64_32/SwiftOgmios_const_extract_protocols.json -disable-clang-spi -clang-target arm64_32-apple-watchos27.0 -target-sdk-version 27.0 -target-sdk-name watchos27.0 -in-process-plugin-server-path /Applications/Xcode-27.0.0.app/Contents/Developer/Toolchains/XcodeDefault.xctoolchain/usr/lib/swift/host/libSwiftInProcPluginServer.dylib -parse-as-library -o /Users/admin/builder/spi-builder-workspace/.derivedData/Build/Intermediates.noindex/SwiftOgmios.build/Debug-watchos/SwiftOgmios-t.build/Objects-normal/arm64_32/Transaction.o -o /Users/admin/builder/spi-builder-workspace/.derivedData/Build/Intermediates.noindex/SwiftOgmios.build/Debug-watchos/SwiftOgmios-t.build/Objects-normal/arm64_32/TypeAliases.o -o /Users/admin/builder/spi-builder-workspace/.derivedData/Build/Intermediates.noindex/SwiftOgmios.build/Debug-watchos/SwiftOgmios-t.build/Objects-normal/arm64_32/Utxo.o -o /Users/admin/builder/spi-builder-workspace/.derivedData/Build/Intermediates.noindex/SwiftOgmios.build/Debug-watchos/SwiftOgmios-t.build/Objects-normal/arm64_32/Value.o -o /Users/admin/builder/spi-builder-workspace/.derivedData/Build/Intermediates.noindex/SwiftOgmios.build/Debug-watchos/SwiftOgmios-t.build/Objects-normal/arm64_32/VerificationKey.o -o /Users/admin/builder/spi-builder-workspace/.derivedData/Build/Intermediates.noindex/SwiftOgmios.build/Debug-watchos/SwiftOgmios-t.build/Objects-normal/arm64_32/Health.o -o /Users/admin/builder/spi-builder-workspace/.derivedData/Build/Intermediates.noindex/SwiftOgmios.build/Debug-watchos/SwiftOgmios-t.build/Objects-normal/arm64_32/JSON-RPC.o -o /Users/admin/builder/spi-builder-workspace/.derivedData/Build/Intermediates.noindex/SwiftOgmios.build/Debug-watchos/SwiftOgmios-t.build/Objects-normal/arm64_32/AnyCredential.o -o /Users/admin/builder/spi-builder-workspace/.derivedData/Build/Intermediates.noindex/SwiftOgmios.build/Debug-watchos/SwiftOgmios-t.build/Objects-normal/arm64_32/Bech32.o -debug-module-path /Users/admin/builder/spi-builder-workspace/.derivedData/Build/Intermediates.noindex/SwiftOgmios.build/Debug-watchos/SwiftOgmios-t.build/Objects-normal/arm64_32/SwiftOgmios.swiftmodule -index-unit-output-path /SwiftOgmios.build/Debug-watchos/SwiftOgmios-t.build/Objects-normal/arm64_32/Transaction.o -index-unit-output-path /SwiftOgmios.build/Debug-watchos/SwiftOgmios-t.build/Objects-normal/arm64_32/TypeAliases.o -index-unit-output-path /SwiftOgmios.build/Debug-watchos/SwiftOgmios-t.build/Objects-normal/arm64_32/Utxo.o -index-unit-output-path /SwiftOgmios.build/Debug-watchos/SwiftOgmios-t.build/Objects-normal/arm64_32/Value.o -index-unit-output-path /SwiftOgmios.build/Debug-watchos/SwiftOgmios-t.build/Objects-normal/arm64_32/VerificationKey.o -index-unit-output-path /SwiftOgmios.build/Debug-watchos/SwiftOgmios-t.build/Objects-normal/arm64_32/Health.o -index-unit-output-path /SwiftOgmios.build/Debug-watchos/SwiftOgmios-t.build/Objects-normal/arm64_32/JSON-RPC.o -index-unit-output-path /SwiftOgmios.build/Debug-watchos/SwiftOgmios-t.build/Objects-normal/arm64_32/AnyCredential.o -index-unit-output-path /SwiftOgmios.build/Debug-watchos/SwiftOgmios-t.build/Objects-normal/arm64_32/Bech32.o -index-store-path /Users/admin/builder/spi-builder-workspace/.derivedData/Index.noindex/DataStore -index-system-modules
SwiftCompile normal arm64_32 /Users/admin/builder/spi-builder-workspace/.dependencies/checkouts/swift-ogmios/Sources/SwiftOgmios/Types/Cardano/Transaction.swift (in target 'SwiftOgmios' from project 'SwiftOgmios')
    cd /Users/admin/builder/spi-builder-workspace/.swiftpm/xcode
    builtin-SwiftPerFileCompile Transaction.swift
SwiftCompile normal arm64_32 /Users/admin/builder/spi-builder-workspace/.dependencies/checkouts/swift-ogmios/Sources/SwiftOgmios/Types/Cardano/TypeAliases.swift (in target 'SwiftOgmios' from project 'SwiftOgmios')
    cd /Users/admin/builder/spi-builder-workspace/.swiftpm/xcode
    builtin-SwiftPerFileCompile TypeAliases.swift
SwiftCompile normal arm64_32 /Users/admin/builder/spi-builder-workspace/.dependencies/checkouts/swift-ogmios/Sources/SwiftOgmios/Types/Cardano/Utxo.swift (in target 'SwiftOgmios' from project 'SwiftOgmios')
    cd /Users/admin/builder/spi-builder-workspace/.swiftpm/xcode
    builtin-SwiftPerFileCompile Utxo.swift
SwiftCompile normal arm64_32 /Users/admin/builder/spi-builder-workspace/.dependencies/checkouts/swift-ogmios/Sources/SwiftOgmios/Types/Cardano/Value.swift (in target 'SwiftOgmios' from project 'SwiftOgmios')
    cd /Users/admin/builder/spi-builder-workspace/.swiftpm/xcode
    builtin-SwiftPerFileCompile Value.swift
SwiftCompile normal arm64_32 /Users/admin/builder/spi-builder-workspace/.dependencies/checkouts/swift-ogmios/Sources/SwiftOgmios/Types/Cardano/VerificationKey.swift (in target 'SwiftOgmios' from project 'SwiftOgmios')
    cd /Users/admin/builder/spi-builder-workspace/.swiftpm/xcode
    builtin-SwiftPerFileCompile VerificationKey.swift
SwiftCompile normal arm64_32 /Users/admin/builder/spi-builder-workspace/.dependencies/checkouts/swift-ogmios/Sources/SwiftOgmios/Types/Health.swift (in target 'SwiftOgmios' from project 'SwiftOgmios')
    cd /Users/admin/builder/spi-builder-workspace/.swiftpm/xcode
    builtin-SwiftPerFileCompile Health.swift
SwiftCompile normal arm64_32 /Users/admin/builder/spi-builder-workspace/.dependencies/checkouts/swift-ogmios/Sources/SwiftOgmios/Types/JSON-RPC.swift (in target 'SwiftOgmios' from project 'SwiftOgmios')
    cd /Users/admin/builder/spi-builder-workspace/.swiftpm/xcode
    builtin-SwiftPerFileCompile JSON-RPC.swift
SwiftCompile normal arm64_32 /Users/admin/builder/spi-builder-workspace/.dependencies/checkouts/swift-ogmios/Sources/SwiftOgmios/Types/Ogmios/AnyCredential.swift (in target 'SwiftOgmios' from project 'SwiftOgmios')
    cd /Users/admin/builder/spi-builder-workspace/.swiftpm/xcode
    builtin-SwiftPerFileCompile AnyCredential.swift
SwiftCompile normal arm64_32 /Users/admin/builder/spi-builder-workspace/.dependencies/checkouts/swift-ogmios/Sources/SwiftOgmios/Types/Ogmios/Bech32.swift (in target 'SwiftOgmios' from project 'SwiftOgmios')
    cd /Users/admin/builder/spi-builder-workspace/.swiftpm/xcode
    builtin-SwiftPerFileCompile Bech32.swift
SwiftEmitModule normal arm64 Emitting\ module\ for\ SwiftCardanoNetwork (in target 'SwiftCardanoNetwork' from project 'SwiftCardanoNetwork')
SwiftCompile normal arm64 (in target 'SwiftCardanoNetwork' from project 'SwiftCardanoNetwork')
    cd /Users/admin/builder/spi-builder-workspace/.swiftpm/xcode

SwiftDriverJobDiscovery normal arm64 Compiling Types+Components+RequestBodies.swift (in target 'SwiftKoios' from project 'SwiftKoios')
PruneExplicitPrecompiledModules /Users/admin/builder/spi-builder-workspace/.derivedData/Build/Intermediates.noindex/SwiftExplicitPrecompiledModules
PruneExplicitPrecompiledModules /Users/admin/builder/spi-builder-workspace/.derivedData/SDKExplicitPrecompiledModules
PruneExplicitPrecompiledModules /Users/admin/builder/spi-builder-workspace/.derivedData/Build/Intermediates.noindex/ExplicitPrecompiledModules
2026-10-10 00:46:58.268 xcodebuild[7125:30775] [MT] IDERunDestination: Supported platforms for the buildables in the current scheme is empty.
** BUILD FAILED **
The following build commands failed:
	SwiftCompile normal arm64_32 Compiling\ Transaction.swift,\ TypeAliases.swift,\ Utxo.swift,\ Value.swift,\ VerificationKey.swift,\ Health.swift,\ JSON-RPC.swift,\ AnyCredential.swift,\ Bech32.swift /Users/admin/builder/spi-builder-workspace/.dependencies/checkouts/swift-ogmios/Sources/SwiftOgmios/Types/Cardano/Transaction.swift /Users/admin/builder/spi-builder-workspace/.dependencies/checkouts/swift-ogmios/Sources/SwiftOgmios/Types/Cardano/TypeAliases.swift /Users/admin/builder/spi-builder-workspace/.dependencies/checkouts/swift-ogmios/Sources/SwiftOgmios/Types/Cardano/Utxo.swift /Users/admin/builder/spi-builder-workspace/.dependencies/checkouts/swift-ogmios/Sources/SwiftOgmios/Types/Cardano/Value.swift /Users/admin/builder/spi-builder-workspace/.dependencies/checkouts/swift-ogmios/Sources/SwiftOgmios/Types/Cardano/VerificationKey.swift /Users/admin/builder/spi-builder-workspace/.dependencies/checkouts/swift-ogmios/Sources/SwiftOgmios/Types/Health.swift /Users/admin/builder/spi-builder-workspace/.dependencies/checkouts/swift-ogmios/Sources/SwiftOgmios/Types/JSON-RPC.swift /Users/admin/builder/spi-builder-workspace/.dependencies/checkouts/swift-ogmios/Sources/SwiftOgmios/Types/Ogmios/AnyCredential.swift /Users/admin/builder/spi-builder-workspace/.dependencies/checkouts/swift-ogmios/Sources/SwiftOgmios/Types/Ogmios/Bech32.swift (in target 'SwiftOgmios' from project 'SwiftOgmios')
	SwiftCompile normal arm64_32 /Users/admin/builder/spi-builder-workspace/.dependencies/checkouts/swift-ogmios/Sources/SwiftOgmios/Types/Cardano/TypeAliases.swift (in target 'SwiftOgmios' from project 'SwiftOgmios')
	Building workspace SwiftCardanoTxValidator with scheme SwiftCardanoTxValidator
(3 failures)
BUILD FAILURE 6.4 watchOS