The Swift Package Index logo.Swift Package Index

Build Information

Failed to build CDB, reference 0.3.0 (118e3f), with Swift 6.1 for Android on 10 Aug 2026 18:07:40 UTC.

Build Command

bash -c docker run --pull=always --rm -v "checkouts-54344844-0":/host -w "$PWD" -e JAVA_HOME="/root/.sdkman/candidates/java/current" -e SPI_BUILD="1" -e SPI_PROCESSING="1" registry.gitlab.com/saguaro1/spi-images:android-6.1-latest swift build --swift-sdk aarch64-unknown-linux-android24 2>&1

Build Log

========================================
RunAll
========================================
Builder version: 729ceb5fcd9493dc13ee340bc4f0908bd201f85d
Interrupt handler set up.
========================================
Checkout
========================================
Clone URL: https://github.com/aisk/swift-cdb.git
Reference: 0.3.0
Initialized empty Git repository in /host/spi-builder-workspace/.git/
hint: Using 'master' as the name for the initial branch. This default branch name
hint: is subject to change. To configure the initial branch name to use in all
hint: of your new repositories, which will suppress this warning, call:
hint:
hint: 	git config --global init.defaultBranch <name>
hint:
hint: Names commonly chosen instead of 'master' are 'main', 'trunk' and
hint: 'development'. The just-created branch can be renamed via this command:
hint:
hint: 	git branch -m <name>
From https://github.com/aisk/swift-cdb
 * tag               0.3.0      -> FETCH_HEAD
HEAD is now at 118e3f5 📝 Complete binary API documentation
Cloned https://github.com/aisk/swift-cdb.git
Revision (git rev-parse @):
118e3f568099682e052fe5004df0aec36f3ecc4a
SUCCESS checkout https://github.com/aisk/swift-cdb.git at 0.3.0
========================================
Build
========================================
Selected platform:         android
Swift version:             6.1
Building package at path:  $PWD
https://github.com/aisk/swift-cdb.git
https://github.com/aisk/swift-cdb.git
WARNING: environment variable SUPPRESS_SWIFT_6_FLAGS is not set
Running build ...
bash -c docker run --pull=always --rm -v "checkouts-54344844-0":/host -w "$PWD" -e JAVA_HOME="/root/.sdkman/candidates/java/current" -e SPI_BUILD="1" -e SPI_PROCESSING="1" registry.gitlab.com/saguaro1/spi-images:android-6.1-latest swift build --swift-sdk aarch64-unknown-linux-android24 -Xswiftc -Xfrontend -Xswiftc -stats-output-dir -Xswiftc -Xfrontend -Xswiftc .stats -Xswiftc -strict-concurrency=complete -Xswiftc -enable-upcoming-feature -Xswiftc StrictConcurrency -Xswiftc -enable-upcoming-feature -Xswiftc DisableOutwardActorInference -Xswiftc -enable-upcoming-feature -Xswiftc GlobalActorIsolatedTypesUsability -Xswiftc -enable-upcoming-feature -Xswiftc InferSendableFromCaptures 2>&1
android-6.1-latest: Pulling from saguaro1/spi-images
Digest: sha256:0cd0efb458d677a6de9b5e028d30e2aa1d1b247c2277202ba317a28ce9e867e0
Status: Image is up to date for registry.gitlab.com/saguaro1/spi-images:android-6.1-latest
Building for debugging...
[0/4] Write sources
/host/spi-builder-workspace/Sources/cdbc/source/host.c:55:29: error: invalid application of 'sizeof' to an incomplete type 'FILE' (aka 'struct __sFILE')
   55 |         file_t *fb = malloc(sizeof (*f) + length);
      |                                    ^~~~
/root/.swiftpm/swift-sdks/swift-6.1-RELEASE-android-24-0.1.artifactbundle/swift-6.1-release-android-24-sdk/android-27c-sysroot/usr/include/stdio.h:58:8: note: forward declaration of 'struct __sFILE'
   58 | struct __sFILE;
      |        ^
1 error generated.
[1/4] Compiling host.c
[1/4] Compiling cdb.c
[1/4] Write swift-version-24593BA9C3E375BF.txt
Running build ...
bash -c docker run --pull=always --rm -v "checkouts-54344844-0":/host -w "$PWD" -e JAVA_HOME="/root/.sdkman/candidates/java/current" -e SPI_BUILD="1" -e SPI_PROCESSING="1" registry.gitlab.com/saguaro1/spi-images:android-6.1-latest swift build --swift-sdk aarch64-unknown-linux-android24 2>&1
android-6.1-latest: Pulling from saguaro1/spi-images
Digest: sha256:0cd0efb458d677a6de9b5e028d30e2aa1d1b247c2277202ba317a28ce9e867e0
Status: Image is up to date for registry.gitlab.com/saguaro1/spi-images:android-6.1-latest
[0/1] Planning build
Building for debugging...
[0/3] Compiling cdb.c
/host/spi-builder-workspace/Sources/cdbc/source/host.c:55:29: error: invalid application of 'sizeof' to an incomplete type 'FILE' (aka 'struct __sFILE')
   55 |         file_t *fb = malloc(sizeof (*f) + length);
      |                                    ^~~~
/root/.swiftpm/swift-sdks/swift-6.1-RELEASE-android-24-0.1.artifactbundle/swift-6.1-release-android-24-sdk/android-27c-sysroot/usr/include/stdio.h:58:8: note: forward declaration of 'struct __sFILE'
   58 | struct __sFILE;
      |        ^
1 error generated.
[1/3] Compiling host.c
[1/3] Write swift-version-24593BA9C3E375BF.txt
BUILD FAILURE 6.1 android