Build Information
Failed to build Flagship, reference 5.0.1 (b1edcf), with Swift 6.1 for Linux on 30 Sep 2026 23:55:32 UTC.
Build Command
bash -c docker run --pull=always --rm -v "checkouts-53886770-1":/host -w "$PWD" -e JAVA_HOME="/root/.sdkman/candidates/java/current" -e SPI_BUILD="1" -e SPI_PROCESSING="1" registry.gitlab.com/saguaro1/spi-images:basic-6.1-latest swift build --triple x86_64-unknown-linux-gnu 2>&1Build Log
========================================
RunAll
========================================
Builder version: 5.1.1
Interrupt handler set up.
========================================
Checkout
========================================
Clone URL: https://github.com/flagship-io/flagship-ios.git
Reference: 5.0.1
Initialized empty Git repository in /host/spi-builder-workspace/.git/
hint: Using 'master' as the name for the initial branch. This default branch name
hint: is subject to change. To configure the initial branch name to use in all
hint: of your new repositories, which will suppress this warning, call:
hint:
hint: git config --global init.defaultBranch <name>
hint:
hint: Names commonly chosen instead of 'master' are 'main', 'trunk' and
hint: 'development'. The just-created branch can be renamed via this command:
hint:
hint: git branch -m <name>
From https://github.com/flagship-io/flagship-ios
* tag 5.0.1 -> FETCH_HEAD
HEAD is now at b1edcf4 Merge pull request #70 from flagship-io/cleanRepo
Cloned https://github.com/flagship-io/flagship-ios.git
Revision (git rev-parse @):
b1edcf4f524c21254a04d679d0ce9c3992b82cd7
SUCCESS checkout https://github.com/flagship-io/flagship-ios.git at 5.0.1
========================================
Build
========================================
Selected platform: linux
Swift version: 6.1
Building package at path: $PWD
https://github.com/flagship-io/flagship-ios.git
https://github.com/flagship-io/flagship-ios.git
WARNING: environment variable SUPPRESS_SWIFT_6_FLAGS is not set
Running build ...
bash -c docker run --pull=always --rm -v "checkouts-53886770-1":/host -w "$PWD" -e JAVA_HOME="/root/.sdkman/candidates/java/current" -e SPI_BUILD="1" -e SPI_PROCESSING="1" registry.gitlab.com/saguaro1/spi-images:basic-6.1-latest swift build --triple x86_64-unknown-linux-gnu -Xswiftc -Xfrontend -Xswiftc -stats-output-dir -Xswiftc -Xfrontend -Xswiftc .stats -Xswiftc -strict-concurrency=complete -Xswiftc -enable-upcoming-feature -Xswiftc StrictConcurrency -Xswiftc -enable-upcoming-feature -Xswiftc DisableOutwardActorInference -Xswiftc -enable-upcoming-feature -Xswiftc GlobalActorIsolatedTypesUsability -Xswiftc -enable-upcoming-feature -Xswiftc InferSendableFromCaptures 2>&1
basic-6.1-latest: Pulling from saguaro1/spi-images
Digest: sha256:bebe373f64586285d153a73cebf57004d534988a7110464fd581e50dd24c756b
Status: Image is up to date for registry.gitlab.com/saguaro1/spi-images:basic-6.1-latest
Building for debugging...
[0/2] Write sources
[1/2] Write swift-version-24593BA9C3E375BF.txt
[3/80] Compiling Flagship FSVisitor.swift
/host/spi-builder-workspace/FlagShip/Source/Storage/FSQLiteWrapper.swift:11:8: error: no such module 'SQLite3'
9 | import Foundation
10 |
11 | import SQLite3
| `- error: no such module 'SQLite3'
12 |
13 | let VISITOR_DATA_BASE = "visitor_database.db"
[4/80] Compiling Flagship FSVisitorBuilder.swift
/host/spi-builder-workspace/FlagShip/Source/Storage/FSQLiteWrapper.swift:11:8: error: no such module 'SQLite3'
9 | import Foundation
10 |
11 | import SQLite3
| `- error: no such module 'SQLite3'
12 |
13 | let VISITOR_DATA_BASE = "visitor_database.db"
[5/80] Compiling Flagship FSVisitorExposed.swift
/host/spi-builder-workspace/FlagShip/Source/Storage/FSQLiteWrapper.swift:11:8: error: no such module 'SQLite3'
9 | import Foundation
10 |
11 | import SQLite3
| `- error: no such module 'SQLite3'
12 |
13 | let VISITOR_DATA_BASE = "visitor_database.db"
[6/80] Compiling Flagship FSFlag+Additions.swift
/host/spi-builder-workspace/FlagShip/Source/Storage/FSQLiteWrapper.swift:11:8: error: no such module 'SQLite3'
9 | import Foundation
10 |
11 | import SQLite3
| `- error: no such module 'SQLite3'
12 |
13 | let VISITOR_DATA_BASE = "visitor_database.db"
[7/80] Compiling Flagship FSFlag.swift
/host/spi-builder-workspace/FlagShip/Source/Storage/FSQLiteWrapper.swift:11:8: error: no such module 'SQLite3'
9 | import Foundation
10 |
11 | import SQLite3
| `- error: no such module 'SQLite3'
12 |
13 | let VISITOR_DATA_BASE = "visitor_database.db"
[8/80] Compiling Flagship Flagship+EmotionAI.swift
/host/spi-builder-workspace/FlagShip/Source/Storage/FSQLiteWrapper.swift:11:8: error: no such module 'SQLite3'
9 | import Foundation
10 |
11 | import SQLite3
| `- error: no such module 'SQLite3'
12 |
13 | let VISITOR_DATA_BASE = "visitor_database.db"
[9/80] Compiling Flagship Flagship.swift
/host/spi-builder-workspace/FlagShip/Source/Storage/FSQLiteWrapper.swift:11:8: error: no such module 'SQLite3'
9 | import Foundation
10 |
11 | import SQLite3
| `- error: no such module 'SQLite3'
12 |
13 | let VISITOR_DATA_BASE = "visitor_database.db"
[10/80] Compiling Flagship FSBucketingManager.swift
/host/spi-builder-workspace/FlagShip/Source/Storage/FSQLiteWrapper.swift:11:8: error: no such module 'SQLite3'
9 | import Foundation
10 |
11 | import SQLite3
| `- error: no such module 'SQLite3'
12 |
13 | let VISITOR_DATA_BASE = "visitor_database.db"
[11/80] Compiling Flagship FSPollingScript.swift
/host/spi-builder-workspace/FlagShip/Source/Storage/FSQLiteWrapper.swift:11:8: error: no such module 'SQLite3'
9 | import Foundation
10 |
11 | import SQLite3
| `- error: no such module 'SQLite3'
12 |
13 | let VISITOR_DATA_BASE = "visitor_database.db"
[12/80] Compiling Flagship FSTargetingManager.swift
/host/spi-builder-workspace/FlagShip/Source/Storage/FSQLiteWrapper.swift:11:8: error: no such module 'SQLite3'
9 | import Foundation
10 |
11 | import SQLite3
| `- error: no such module 'SQLite3'
12 |
13 | let VISITOR_DATA_BASE = "visitor_database.db"
[13/80] Compiling Flagship FSDecisionManager.swift
/host/spi-builder-workspace/FlagShip/Source/Storage/FSQLiteWrapper.swift:11:8: error: no such module 'SQLite3'
9 | import Foundation
10 |
11 | import SQLite3
| `- error: no such module 'SQLite3'
12 |
13 | let VISITOR_DATA_BASE = "visitor_database.db"
[14/90] Compiling Flagship FSConfigManager.swift
/host/spi-builder-workspace/FlagShip/Source/Storage/FSQLiteWrapper.swift:11:8: error: no such module 'SQLite3'
9 | import Foundation
10 |
11 | import SQLite3
| `- error: no such module 'SQLite3'
12 |
13 | let VISITOR_DATA_BASE = "visitor_database.db"
[15/90] Compiling Flagship FSTrackingManagerConfig.swift
/host/spi-builder-workspace/FlagShip/Source/Storage/FSQLiteWrapper.swift:11:8: error: no such module 'SQLite3'
9 | import Foundation
10 |
11 | import SQLite3
| `- error: no such module 'SQLite3'
12 |
13 | let VISITOR_DATA_BASE = "visitor_database.db"
[16/90] Compiling Flagship FlagshipConfig.swift
/host/spi-builder-workspace/FlagShip/Source/Storage/FSQLiteWrapper.swift:11:8: error: no such module 'SQLite3'
9 | import Foundation
10 |
11 | import SQLite3
| `- error: no such module 'SQLite3'
12 |
13 | let VISITOR_DATA_BASE = "visitor_database.db"
[17/90] Compiling Flagship FSExposedFlag.swift
/host/spi-builder-workspace/FlagShip/Source/Storage/FSQLiteWrapper.swift:11:8: error: no such module 'SQLite3'
9 | import Foundation
10 |
11 | import SQLite3
| `- error: no such module 'SQLite3'
12 |
13 | let VISITOR_DATA_BASE = "visitor_database.db"
[18/90] Compiling Flagship FSFlagMetadata.swift
/host/spi-builder-workspace/FlagShip/Source/Storage/FSQLiteWrapper.swift:11:8: error: no such module 'SQLite3'
9 | import Foundation
10 |
11 | import SQLite3
| `- error: no such module 'SQLite3'
12 |
13 | let VISITOR_DATA_BASE = "visitor_database.db"
[19/90] Compiling Flagship FSStatus.swift
/host/spi-builder-workspace/FlagShip/Source/Storage/FSQLiteWrapper.swift:11:8: error: no such module 'SQLite3'
9 | import Foundation
10 |
11 | import SQLite3
| `- error: no such module 'SQLite3'
12 |
13 | let VISITOR_DATA_BASE = "visitor_database.db"
[20/90] Compiling Flagship FSVisitor+Campaigns.swift
/host/spi-builder-workspace/FlagShip/Source/Storage/FSQLiteWrapper.swift:11:8: error: no such module 'SQLite3'
9 | import Foundation
10 |
11 | import SQLite3
| `- error: no such module 'SQLite3'
12 |
13 | let VISITOR_DATA_BASE = "visitor_database.db"
[21/90] Compiling Flagship FSVisitor+EmotionAI.swift
/host/spi-builder-workspace/FlagShip/Source/Storage/FSQLiteWrapper.swift:11:8: error: no such module 'SQLite3'
9 | import Foundation
10 |
11 | import SQLite3
| `- error: no such module 'SQLite3'
12 |
13 | let VISITOR_DATA_BASE = "visitor_database.db"
[22/90] Compiling Flagship FSVisitor+Flags.swift
/host/spi-builder-workspace/FlagShip/Source/Storage/FSQLiteWrapper.swift:11:8: error: no such module 'SQLite3'
9 | import Foundation
10 |
11 | import SQLite3
| `- error: no such module 'SQLite3'
12 |
13 | let VISITOR_DATA_BASE = "visitor_database.db"
[23/90] Compiling Flagship FSVisitor+Reconcilliation.swift
/host/spi-builder-workspace/FlagShip/Source/Storage/FSQLiteWrapper.swift:11:8: error: no such module 'SQLite3'
9 | import Foundation
10 |
11 | import SQLite3
| `- error: no such module 'SQLite3'
12 |
13 | let VISITOR_DATA_BASE = "visitor_database.db"
[24/90] Compiling Flagship FSVisitor+objc.swift
/host/spi-builder-workspace/FlagShip/Source/Storage/FSQLiteWrapper.swift:11:8: error: no such module 'SQLite3'
9 | import Foundation
10 |
11 | import SQLite3
| `- error: no such module 'SQLite3'
12 |
13 | let VISITOR_DATA_BASE = "visitor_database.db"
[25/90] Compiling Flagship FSDefaultStrategy.swift
/host/spi-builder-workspace/FlagShip/Source/Storage/FSQLiteWrapper.swift:11:8: error: no such module 'SQLite3'
9 | import Foundation
10 |
11 | import SQLite3
| `- error: no such module 'SQLite3'
12 |
13 | let VISITOR_DATA_BASE = "visitor_database.db"
[26/90] Compiling Flagship FSNoConsentStrategy.swift
/host/spi-builder-workspace/FlagShip/Source/Storage/FSQLiteWrapper.swift:11:8: error: no such module 'SQLite3'
9 | import Foundation
10 |
11 | import SQLite3
| `- error: no such module 'SQLite3'
12 |
13 | let VISITOR_DATA_BASE = "visitor_database.db"
[27/90] Compiling Flagship FSNotReadyStrategy.swift
/host/spi-builder-workspace/FlagShip/Source/Storage/FSQLiteWrapper.swift:11:8: error: no such module 'SQLite3'
9 | import Foundation
10 |
11 | import SQLite3
| `- error: no such module 'SQLite3'
12 |
13 | let VISITOR_DATA_BASE = "visitor_database.db"
[28/90] Compiling Flagship FSPanicStrategy.swift
/host/spi-builder-workspace/FlagShip/Source/Storage/FSQLiteWrapper.swift:11:8: error: no such module 'SQLite3'
9 | import Foundation
10 |
11 | import SQLite3
| `- error: no such module 'SQLite3'
12 |
13 | let VISITOR_DATA_BASE = "visitor_database.db"
[29/90] Compiling Flagship FSQAssistantStrategy.swift
/host/spi-builder-workspace/FlagShip/Source/Storage/FSQLiteWrapper.swift:11:8: error: no such module 'SQLite3'
9 | import Foundation
10 |
11 | import SQLite3
| `- error: no such module 'SQLite3'
12 |
13 | let VISITOR_DATA_BASE = "visitor_database.db"
[30/90] Compiling Flagship Data+PrettyPrint.swift
/host/spi-builder-workspace/FlagShip/Source/Storage/FSQLiteWrapper.swift:11:8: error: no such module 'SQLite3'
9 | import Foundation
10 |
11 | import SQLite3
| `- error: no such module 'SQLite3'
12 |
13 | let VISITOR_DATA_BASE = "visitor_database.db"
[31/90] Compiling Flagship FSGenerator.swift
/host/spi-builder-workspace/FlagShip/Source/Storage/FSQLiteWrapper.swift:11:8: error: no such module 'SQLite3'
9 | import Foundation
10 |
11 | import SQLite3
| `- error: no such module 'SQLite3'
12 |
13 | let VISITOR_DATA_BASE = "visitor_database.db"
[32/90] Compiling Flagship FSTools.swift
/host/spi-builder-workspace/FlagShip/Source/Storage/FSQLiteWrapper.swift:11:8: error: no such module 'SQLite3'
9 | import Foundation
10 |
11 | import SQLite3
| `- error: no such module 'SQLite3'
12 |
13 | let VISITOR_DATA_BASE = "visitor_database.db"
[33/90] Compiling Flagship FlagShipVersion.swift
/host/spi-builder-workspace/FlagShip/Source/Storage/FSQLiteWrapper.swift:11:8: error: no such module 'SQLite3'
9 | import Foundation
10 |
11 | import SQLite3
| `- error: no such module 'SQLite3'
12 |
13 | let VISITOR_DATA_BASE = "visitor_database.db"
[34/90] Compiling Flagship decode-json-swift.swift
/host/spi-builder-workspace/FlagShip/Source/Storage/FSQLiteWrapper.swift:11:8: error: no such module 'SQLite3'
9 | import Foundation
10 |
11 | import SQLite3
| `- error: no such module 'SQLite3'
12 |
13 | let VISITOR_DATA_BASE = "visitor_database.db"
[35/90] Compiling Flagship murmurhash3.swift
/host/spi-builder-workspace/FlagShip/Source/Storage/FSQLiteWrapper.swift:11:8: error: no such module 'SQLite3'
9 | import Foundation
10 |
11 | import SQLite3
| `- error: no such module 'SQLite3'
12 |
13 | let VISITOR_DATA_BASE = "visitor_database.db"
[36/90] Compiling Flagship FSHits.swift
/host/spi-builder-workspace/FlagShip/Source/Storage/FSQLiteWrapper.swift:11:8: error: no such module 'SQLite3'
9 | import Foundation
10 |
11 | import SQLite3
| `- error: no such module 'SQLite3'
12 |
13 | let VISITOR_DATA_BASE = "visitor_database.db"
[37/90] Compiling Flagship FSSegment.swift
/host/spi-builder-workspace/FlagShip/Source/Storage/FSQLiteWrapper.swift:11:8: error: no such module 'SQLite3'
9 | import Foundation
10 |
11 | import SQLite3
| `- error: no such module 'SQLite3'
12 |
13 | let VISITOR_DATA_BASE = "visitor_database.db"
[38/90] Compiling Flagship FSTracking+Codable.swift
/host/spi-builder-workspace/FlagShip/Source/Storage/FSQLiteWrapper.swift:11:8: error: no such module 'SQLite3'
9 | import Foundation
10 |
11 | import SQLite3
| `- error: no such module 'SQLite3'
12 |
13 | let VISITOR_DATA_BASE = "visitor_database.db"
[39/90] Compiling Flagship FSTracking.swift
/host/spi-builder-workspace/FlagShip/Source/Storage/FSQLiteWrapper.swift:11:8: error: no such module 'SQLite3'
9 | import Foundation
10 |
11 | import SQLite3
| `- error: no such module 'SQLite3'
12 |
13 | let VISITOR_DATA_BASE = "visitor_database.db"
[40/90] Compiling Flagship FSQAMessageService.swift
/host/spi-builder-workspace/FlagShip/Source/Storage/FSQLiteWrapper.swift:11:8: error: no such module 'SQLite3'
9 | import Foundation
10 |
11 | import SQLite3
| `- error: no such module 'SQLite3'
12 |
13 | let VISITOR_DATA_BASE = "visitor_database.db"
[41/90] Compiling Flagship FSBucketCache.swift
/host/spi-builder-workspace/FlagShip/Source/Storage/FSQLiteWrapper.swift:11:8: error: no such module 'SQLite3'
9 | import Foundation
10 |
11 | import SQLite3
| `- error: no such module 'SQLite3'
12 |
13 | let VISITOR_DATA_BASE = "visitor_database.db"
[42/90] Compiling Flagship FSQLiteWrapper.swift
/host/spi-builder-workspace/FlagShip/Source/Storage/FSQLiteWrapper.swift:11:8: error: no such module 'SQLite3'
9 | import Foundation
10 |
11 | import SQLite3
| `- error: no such module 'SQLite3'
12 |
13 | let VISITOR_DATA_BASE = "visitor_database.db"
[43/90] Compiling Flagship FSStorage.swift
/host/spi-builder-workspace/FlagShip/Source/Storage/FSQLiteWrapper.swift:11:8: error: no such module 'SQLite3'
9 | import Foundation
10 |
11 | import SQLite3
| `- error: no such module 'SQLite3'
12 |
13 | let VISITOR_DATA_BASE = "visitor_database.db"
[44/90] Compiling Flagship FSStorageManager.swift
/host/spi-builder-workspace/FlagShip/Source/Storage/FSQLiteWrapper.swift:11:8: error: no such module 'SQLite3'
9 | import Foundation
10 |
11 | import SQLite3
| `- error: no such module 'SQLite3'
12 |
13 | let VISITOR_DATA_BASE = "visitor_database.db"
[45/90] Compiling Flagship FSTrackingDbMgt.swift
/host/spi-builder-workspace/FlagShip/Source/Storage/FSQLiteWrapper.swift:11:8: error: no such module 'SQLite3'
9 | import Foundation
10 |
11 | import SQLite3
| `- error: no such module 'SQLite3'
12 |
13 | let VISITOR_DATA_BASE = "visitor_database.db"
[46/90] Compiling Flagship FSVisitorDbMgt.swift
/host/spi-builder-workspace/FlagShip/Source/Storage/FSQLiteWrapper.swift:11:8: error: no such module 'SQLite3'
9 | import Foundation
10 |
11 | import SQLite3
| `- error: no such module 'SQLite3'
12 |
13 | let VISITOR_DATA_BASE = "visitor_database.db"
[47/90] Compiling Flagship FSDataUsageTracking+EmotionAI.swift
/host/spi-builder-workspace/FlagShip/Source/Storage/FSQLiteWrapper.swift:11:8: error: no such module 'SQLite3'
9 | import Foundation
10 |
11 | import SQLite3
| `- error: no such module 'SQLite3'
12 |
13 | let VISITOR_DATA_BASE = "visitor_database.db"
[48/90] Compiling Flagship FSEmotionAI.swift
/host/spi-builder-workspace/FlagShip/Source/Storage/FSQLiteWrapper.swift:11:8: error: no such module 'SQLite3'
9 | import Foundation
10 |
11 | import SQLite3
| `- error: no such module 'SQLite3'
12 |
13 | let VISITOR_DATA_BASE = "visitor_database.db"
[49/90] Compiling Flagship FSEmotionEvent.swift
/host/spi-builder-workspace/FlagShip/Source/Storage/FSQLiteWrapper.swift:11:8: error: no such module 'SQLite3'
9 | import Foundation
10 |
11 | import SQLite3
| `- error: no such module 'SQLite3'
12 |
13 | let VISITOR_DATA_BASE = "visitor_database.db"
[50/90] Compiling Flagship FSEmotionPageView.swift
/host/spi-builder-workspace/FlagShip/Source/Storage/FSQLiteWrapper.swift:11:8: error: no such module 'SQLite3'
9 | import Foundation
10 |
11 | import SQLite3
| `- error: no such module 'SQLite3'
12 |
13 | let VISITOR_DATA_BASE = "visitor_database.db"
[51/90] Compiling Flagship FSPollingScore.swift
/host/spi-builder-workspace/FlagShip/Source/Storage/FSQLiteWrapper.swift:11:8: error: no such module 'SQLite3'
9 | import Foundation
10 |
11 | import SQLite3
| `- error: no such module 'SQLite3'
12 |
13 | let VISITOR_DATA_BASE = "visitor_database.db"
[52/90] Compiling Flagship FSWindow.swift
/host/spi-builder-workspace/FlagShip/Source/Storage/FSQLiteWrapper.swift:11:8: error: no such module 'SQLite3'
9 | import Foundation
10 |
11 | import SQLite3
| `- error: no such module 'SQLite3'
12 |
13 | let VISITOR_DATA_BASE = "visitor_database.db"
[53/90] Compiling Flagship FSError.swift
/host/spi-builder-workspace/FlagShip/Source/Storage/FSQLiteWrapper.swift:11:8: error: no such module 'SQLite3'
9 | import Foundation
10 |
11 | import SQLite3
| `- error: no such module 'SQLite3'
12 |
13 | let VISITOR_DATA_BASE = "visitor_database.db"
[54/90] Compiling Flagship FSLogManager.swift
/host/spi-builder-workspace/FlagShip/Source/Storage/FSQLiteWrapper.swift:11:8: error: no such module 'SQLite3'
9 | import Foundation
10 |
11 | import SQLite3
| `- error: no such module 'SQLite3'
12 |
13 | let VISITOR_DATA_BASE = "visitor_database.db"
[55/90] Compiling Flagship FlagshipConstants.swift
/host/spi-builder-workspace/FlagShip/Source/Storage/FSQLiteWrapper.swift:11:8: error: no such module 'SQLite3'
9 | import Foundation
10 |
11 | import SQLite3
| `- error: no such module 'SQLite3'
12 |
13 | let VISITOR_DATA_BASE = "visitor_database.db"
[56/90] Compiling Flagship FlagshipLogManager.swift
/host/spi-builder-workspace/FlagShip/Source/Storage/FSQLiteWrapper.swift:11:8: error: no such module 'SQLite3'
9 | import Foundation
10 |
11 | import SQLite3
| `- error: no such module 'SQLite3'
12 |
13 | let VISITOR_DATA_BASE = "visitor_database.db"
[57/90] Compiling Flagship FSAccountSettings.swift
/host/spi-builder-workspace/FlagShip/Source/Storage/FSQLiteWrapper.swift:11:8: error: no such module 'SQLite3'
9 | import Foundation
10 |
11 | import SQLite3
| `- error: no such module 'SQLite3'
12 |
13 | let VISITOR_DATA_BASE = "visitor_database.db"
[58/90] Compiling Flagship FSBucket.swift
/host/spi-builder-workspace/FlagShip/Source/Storage/FSQLiteWrapper.swift:11:8: error: no such module 'SQLite3'
9 | import Foundation
10 |
11 | import SQLite3
| `- error: no such module 'SQLite3'
12 |
13 | let VISITOR_DATA_BASE = "visitor_database.db"
[59/90] Compiling Flagship FSCacheVisitor.swift
/host/spi-builder-workspace/FlagShip/Source/Storage/FSQLiteWrapper.swift:11:8: error: no such module 'SQLite3'
9 | import Foundation
10 |
11 | import SQLite3
| `- error: no such module 'SQLite3'
12 |
13 | let VISITOR_DATA_BASE = "visitor_database.db"
[60/90] Compiling Flagship FSCampaign.swift
/host/spi-builder-workspace/FlagShip/Source/Storage/FSQLiteWrapper.swift:11:8: error: no such module 'SQLite3'
9 | import Foundation
10 |
11 | import SQLite3
| `- error: no such module 'SQLite3'
12 |
13 | let VISITOR_DATA_BASE = "visitor_database.db"
[61/90] Compiling Flagship FSCampaigns.swift
/host/spi-builder-workspace/FlagShip/Source/Storage/FSQLiteWrapper.swift:11:8: error: no such module 'SQLite3'
9 | import Foundation
10 |
11 | import SQLite3
| `- error: no such module 'SQLite3'
12 |
13 | let VISITOR_DATA_BASE = "visitor_database.db"
[62/90] Compiling Flagship FSContext.swift
/host/spi-builder-workspace/FlagShip/Source/Storage/FSQLiteWrapper.swift:11:8: error: no such module 'SQLite3'
9 | import Foundation
10 |
11 | import SQLite3
| `- error: no such module 'SQLite3'
12 |
13 | let VISITOR_DATA_BASE = "visitor_database.db"
[63/90] Compiling Flagship FSModification.swift
/host/spi-builder-workspace/FlagShip/Source/Storage/FSQLiteWrapper.swift:11:8: error: no such module 'SQLite3'
9 | import Foundation
10 |
11 | import SQLite3
| `- error: no such module 'SQLite3'
12 |
13 | let VISITOR_DATA_BASE = "visitor_database.db"
[64/90] Compiling Flagship FSModifications.swift
/host/spi-builder-workspace/FlagShip/Source/Storage/FSQLiteWrapper.swift:11:8: error: no such module 'SQLite3'
9 | import Foundation
10 |
11 | import SQLite3
| `- error: no such module 'SQLite3'
12 |
13 | let VISITOR_DATA_BASE = "visitor_database.db"
[65/90] Compiling Flagship FSTargets.swift
/host/spi-builder-workspace/FlagShip/Source/Storage/FSQLiteWrapper.swift:11:8: error: no such module 'SQLite3'
9 | import Foundation
10 |
11 | import SQLite3
| `- error: no such module 'SQLite3'
12 |
13 | let VISITOR_DATA_BASE = "visitor_database.db"
[66/90] Compiling Flagship FSTroubleshooting.swift
/host/spi-builder-workspace/FlagShip/Source/Storage/FSQLiteWrapper.swift:11:8: error: no such module 'SQLite3'
9 | import Foundation
10 |
11 | import SQLite3
| `- error: no such module 'SQLite3'
12 |
13 | let VISITOR_DATA_BASE = "visitor_database.db"
[67/90] Compiling Flagship FSBatch.swift
/host/spi-builder-workspace/FlagShip/Source/Storage/FSQLiteWrapper.swift:11:8: error: no such module 'SQLite3'
9 | import Foundation
10 |
11 | import SQLite3
| `- error: no such module 'SQLite3'
12 |
13 | let VISITOR_DATA_BASE = "visitor_database.db"
[68/90] Compiling Flagship FSCacheHit.swift
/host/spi-builder-workspace/FlagShip/Source/Storage/FSQLiteWrapper.swift:11:8: error: no such module 'SQLite3'
9 | import Foundation
10 |
11 | import SQLite3
| `- error: no such module 'SQLite3'
12 |
13 | let VISITOR_DATA_BASE = "visitor_database.db"
error: emit-module command failed with exit code 1 (use -v to see invocation)
[69/90] Emitting module Flagship
/host/spi-builder-workspace/FlagShip/Source/Storage/FSQLiteWrapper.swift:11:8: error: no such module 'SQLite3'
9 | import Foundation
10 |
11 | import SQLite3
| `- error: no such module 'SQLite3'
12 |
13 | let VISITOR_DATA_BASE = "visitor_database.db"
[70/90] Compiling Flagship FSConstant.swift
/host/spi-builder-workspace/FlagShip/Source/Storage/FSQLiteWrapper.swift:11:8: error: no such module 'SQLite3'
9 | import Foundation
10 |
11 | import SQLite3
| `- error: no such module 'SQLite3'
12 |
13 | let VISITOR_DATA_BASE = "visitor_database.db"
[71/90] Compiling Flagship FSService+Bucketing.swift
/host/spi-builder-workspace/FlagShip/Source/Storage/FSQLiteWrapper.swift:11:8: error: no such module 'SQLite3'
9 | import Foundation
10 |
11 | import SQLite3
| `- error: no such module 'SQLite3'
12 |
13 | let VISITOR_DATA_BASE = "visitor_database.db"
[72/90] Compiling Flagship FSService+Request.swift
/host/spi-builder-workspace/FlagShip/Source/Storage/FSQLiteWrapper.swift:11:8: error: no such module 'SQLite3'
9 | import Foundation
10 |
11 | import SQLite3
| `- error: no such module 'SQLite3'
12 |
13 | let VISITOR_DATA_BASE = "visitor_database.db"
[73/90] Compiling Flagship FSService.swift
/host/spi-builder-workspace/FlagShip/Source/Storage/FSQLiteWrapper.swift:11:8: error: no such module 'SQLite3'
9 | import Foundation
10 |
11 | import SQLite3
| `- error: no such module 'SQLite3'
12 |
13 | let VISITOR_DATA_BASE = "visitor_database.db"
[74/90] Compiling Flagship FSSettings.swift
/host/spi-builder-workspace/FlagShip/Source/Storage/FSQLiteWrapper.swift:11:8: error: no such module 'SQLite3'
9 | import Foundation
10 |
11 | import SQLite3
| `- error: no such module 'SQLite3'
12 |
13 | let VISITOR_DATA_BASE = "visitor_database.db"
[75/90] Compiling Flagship FSDevice.swift
/host/spi-builder-workspace/FlagShip/Source/Storage/FSQLiteWrapper.swift:11:8: error: no such module 'SQLite3'
9 | import Foundation
10 |
11 | import SQLite3
| `- error: no such module 'SQLite3'
12 |
13 | let VISITOR_DATA_BASE = "visitor_database.db"
[76/90] Compiling Flagship FlagshipContext.swift
/host/spi-builder-workspace/FlagShip/Source/Storage/FSQLiteWrapper.swift:11:8: error: no such module 'SQLite3'
9 | import Foundation
10 |
11 | import SQLite3
| `- error: no such module 'SQLite3'
12 |
13 | let VISITOR_DATA_BASE = "visitor_database.db"
[77/90] Compiling Flagship FlagshipContextManager.swift
/host/spi-builder-workspace/FlagShip/Source/Storage/FSQLiteWrapper.swift:11:8: error: no such module 'SQLite3'
9 | import Foundation
10 |
11 | import SQLite3
| `- error: no such module 'SQLite3'
12 |
13 | let VISITOR_DATA_BASE = "visitor_database.db"
[78/90] Compiling Flagship FSCacheDelegate.swift
/host/spi-builder-workspace/FlagShip/Source/Storage/FSQLiteWrapper.swift:11:8: error: no such module 'SQLite3'
9 | import Foundation
10 |
11 | import SQLite3
| `- error: no such module 'SQLite3'
12 |
13 | let VISITOR_DATA_BASE = "visitor_database.db"
[79/90] Compiling Flagship FSCacheManager.swift
/host/spi-builder-workspace/FlagShip/Source/Storage/FSQLiteWrapper.swift:11:8: error: no such module 'SQLite3'
9 | import Foundation
10 |
11 | import SQLite3
| `- error: no such module 'SQLite3'
12 |
13 | let VISITOR_DATA_BASE = "visitor_database.db"
[80/90] Compiling Flagship FSDefaultCache.swift
/host/spi-builder-workspace/FlagShip/Source/Storage/FSQLiteWrapper.swift:11:8: error: no such module 'SQLite3'
9 | import Foundation
10 |
11 | import SQLite3
| `- error: no such module 'SQLite3'
12 |
13 | let VISITOR_DATA_BASE = "visitor_database.db"
[81/90] Compiling Flagship FSBatchManager.swift
/host/spi-builder-workspace/FlagShip/Source/Storage/FSQLiteWrapper.swift:11:8: error: no such module 'SQLite3'
9 | import Foundation
10 |
11 | import SQLite3
| `- error: no such module 'SQLite3'
12 |
13 | let VISITOR_DATA_BASE = "visitor_database.db"
[82/90] Compiling Flagship FSPoolQueue.swift
/host/spi-builder-workspace/FlagShip/Source/Storage/FSQLiteWrapper.swift:11:8: error: no such module 'SQLite3'
9 | import Foundation
10 |
11 | import SQLite3
| `- error: no such module 'SQLite3'
12 |
13 | let VISITOR_DATA_BASE = "visitor_database.db"
[83/90] Compiling Flagship FSITrackingManager.swift
/host/spi-builder-workspace/FlagShip/Source/Storage/FSQLiteWrapper.swift:11:8: error: no such module 'SQLite3'
9 | import Foundation
10 |
11 | import SQLite3
| `- error: no such module 'SQLite3'
12 |
13 | let VISITOR_DATA_BASE = "visitor_database.db"
[84/90] Compiling Flagship FSTrackingManager.swift
/host/spi-builder-workspace/FlagShip/Source/Storage/FSQLiteWrapper.swift:11:8: error: no such module 'SQLite3'
9 | import Foundation
10 |
11 | import SQLite3
| `- error: no such module 'SQLite3'
12 |
13 | let VISITOR_DATA_BASE = "visitor_database.db"
[85/90] Compiling Flagship FSContinuousTrackingManager.swift
/host/spi-builder-workspace/FlagShip/Source/Storage/FSQLiteWrapper.swift:11:8: error: no such module 'SQLite3'
9 | import Foundation
10 |
11 | import SQLite3
| `- error: no such module 'SQLite3'
12 |
13 | let VISITOR_DATA_BASE = "visitor_database.db"
[86/90] Compiling Flagship FSPeriodicTrackingManager.swift
/host/spi-builder-workspace/FlagShip/Source/Storage/FSQLiteWrapper.swift:11:8: error: no such module 'SQLite3'
9 | import Foundation
10 |
11 | import SQLite3
| `- error: no such module 'SQLite3'
12 |
13 | let VISITOR_DATA_BASE = "visitor_database.db"
[87/90] Compiling Flagship FSDataReportUsage.swift
/host/spi-builder-workspace/FlagShip/Source/Storage/FSQLiteWrapper.swift:11:8: error: no such module 'SQLite3'
9 | import Foundation
10 |
11 | import SQLite3
| `- error: no such module 'SQLite3'
12 |
13 | let VISITOR_DATA_BASE = "visitor_database.db"
[88/90] Compiling Flagship FSDataUsageTracking+Criticals.swift
/host/spi-builder-workspace/FlagShip/Source/Storage/FSQLiteWrapper.swift:11:8: error: no such module 'SQLite3'
9 | import Foundation
10 |
11 | import SQLite3
| `- error: no such module 'SQLite3'
12 |
13 | let VISITOR_DATA_BASE = "visitor_database.db"
[89/90] Compiling Flagship FSDataUsageTracking+Tools.swift
/host/spi-builder-workspace/FlagShip/Source/Storage/FSQLiteWrapper.swift:11:8: error: no such module 'SQLite3'
9 | import Foundation
10 |
11 | import SQLite3
| `- error: no such module 'SQLite3'
12 |
13 | let VISITOR_DATA_BASE = "visitor_database.db"
[90/90] Compiling Flagship FSDataUsageTracking.swift
/host/spi-builder-workspace/FlagShip/Source/Storage/FSQLiteWrapper.swift:11:8: error: no such module 'SQLite3'
9 | import Foundation
10 |
11 | import SQLite3
| `- error: no such module 'SQLite3'
12 |
13 | let VISITOR_DATA_BASE = "visitor_database.db"
Running build ...
bash -c docker run --pull=always --rm -v "checkouts-53886770-1":/host -w "$PWD" -e JAVA_HOME="/root/.sdkman/candidates/java/current" -e SPI_BUILD="1" -e SPI_PROCESSING="1" registry.gitlab.com/saguaro1/spi-images:basic-6.1-latest swift build --triple x86_64-unknown-linux-gnu 2>&1
basic-6.1-latest: Pulling from saguaro1/spi-images
Digest: sha256:bebe373f64586285d153a73cebf57004d534988a7110464fd581e50dd24c756b
Status: Image is up to date for registry.gitlab.com/saguaro1/spi-images:basic-6.1-latest
[0/1] Planning build
Building for debugging...
[0/1] Write swift-version-24593BA9C3E375BF.txt
error: emit-module command failed with exit code 1 (use -v to see invocation)
[2/79] Emitting module Flagship
/host/spi-builder-workspace/FlagShip/Source/Storage/FSQLiteWrapper.swift:11:8: error: no such module 'SQLite3'
9 | import Foundation
10 |
11 | import SQLite3
| `- error: no such module 'SQLite3'
12 |
13 | let VISITOR_DATA_BASE = "visitor_database.db"
[3/79] Compiling Flagship FSConstant.swift
/host/spi-builder-workspace/FlagShip/Source/Storage/FSQLiteWrapper.swift:11:8: error: no such module 'SQLite3'
9 | import Foundation
10 |
11 | import SQLite3
| `- error: no such module 'SQLite3'
12 |
13 | let VISITOR_DATA_BASE = "visitor_database.db"
[4/79] Compiling Flagship FSService+Bucketing.swift
/host/spi-builder-workspace/FlagShip/Source/Storage/FSQLiteWrapper.swift:11:8: error: no such module 'SQLite3'
9 | import Foundation
10 |
11 | import SQLite3
| `- error: no such module 'SQLite3'
12 |
13 | let VISITOR_DATA_BASE = "visitor_database.db"
[5/79] Compiling Flagship FSService+Request.swift
/host/spi-builder-workspace/FlagShip/Source/Storage/FSQLiteWrapper.swift:11:8: error: no such module 'SQLite3'
9 | import Foundation
10 |
11 | import SQLite3
| `- error: no such module 'SQLite3'
12 |
13 | let VISITOR_DATA_BASE = "visitor_database.db"
[6/79] Compiling Flagship FSService.swift
/host/spi-builder-workspace/FlagShip/Source/Storage/FSQLiteWrapper.swift:11:8: error: no such module 'SQLite3'
9 | import Foundation
10 |
11 | import SQLite3
| `- error: no such module 'SQLite3'
12 |
13 | let VISITOR_DATA_BASE = "visitor_database.db"
[7/79] Compiling Flagship FSSettings.swift
/host/spi-builder-workspace/FlagShip/Source/Storage/FSQLiteWrapper.swift:11:8: error: no such module 'SQLite3'
9 | import Foundation
10 |
11 | import SQLite3
| `- error: no such module 'SQLite3'
12 |
13 | let VISITOR_DATA_BASE = "visitor_database.db"
[8/79] Compiling Flagship FSDevice.swift
/host/spi-builder-workspace/FlagShip/Source/Storage/FSQLiteWrapper.swift:11:8: error: no such module 'SQLite3'
9 | import Foundation
10 |
11 | import SQLite3
| `- error: no such module 'SQLite3'
12 |
13 | let VISITOR_DATA_BASE = "visitor_database.db"
[9/79] Compiling Flagship FlagshipContext.swift
/host/spi-builder-workspace/FlagShip/Source/Storage/FSQLiteWrapper.swift:11:8: error: no such module 'SQLite3'
9 | import Foundation
10 |
11 | import SQLite3
| `- error: no such module 'SQLite3'
12 |
13 | let VISITOR_DATA_BASE = "visitor_database.db"
[10/79] Compiling Flagship FlagshipContextManager.swift
/host/spi-builder-workspace/FlagShip/Source/Storage/FSQLiteWrapper.swift:11:8: error: no such module 'SQLite3'
9 | import Foundation
10 |
11 | import SQLite3
| `- error: no such module 'SQLite3'
12 |
13 | let VISITOR_DATA_BASE = "visitor_database.db"
[11/79] Compiling Flagship FSCacheDelegate.swift
/host/spi-builder-workspace/FlagShip/Source/Storage/FSQLiteWrapper.swift:11:8: error: no such module 'SQLite3'
9 | import Foundation
10 |
11 | import SQLite3
| `- error: no such module 'SQLite3'
12 |
13 | let VISITOR_DATA_BASE = "visitor_database.db"
[12/79] Compiling Flagship FSCacheManager.swift
/host/spi-builder-workspace/FlagShip/Source/Storage/FSQLiteWrapper.swift:11:8: error: no such module 'SQLite3'
9 | import Foundation
10 |
11 | import SQLite3
| `- error: no such module 'SQLite3'
12 |
13 | let VISITOR_DATA_BASE = "visitor_database.db"
[13/79] Compiling Flagship FSDefaultCache.swift
/host/spi-builder-workspace/FlagShip/Source/Storage/FSQLiteWrapper.swift:11:8: error: no such module 'SQLite3'
9 | import Foundation
10 |
11 | import SQLite3
| `- error: no such module 'SQLite3'
12 |
13 | let VISITOR_DATA_BASE = "visitor_database.db"
[14/89] Compiling Flagship FSConfigManager.swift
/host/spi-builder-workspace/FlagShip/Source/Storage/FSQLiteWrapper.swift:11:8: error: no such module 'SQLite3'
9 | import Foundation
10 |
11 | import SQLite3
| `- error: no such module 'SQLite3'
12 |
13 | let VISITOR_DATA_BASE = "visitor_database.db"
[15/89] Compiling Flagship FSTrackingManagerConfig.swift
/host/spi-builder-workspace/FlagShip/Source/Storage/FSQLiteWrapper.swift:11:8: error: no such module 'SQLite3'
9 | import Foundation
10 |
11 | import SQLite3
| `- error: no such module 'SQLite3'
12 |
13 | let VISITOR_DATA_BASE = "visitor_database.db"
[16/89] Compiling Flagship FlagshipConfig.swift
/host/spi-builder-workspace/FlagShip/Source/Storage/FSQLiteWrapper.swift:11:8: error: no such module 'SQLite3'
9 | import Foundation
10 |
11 | import SQLite3
| `- error: no such module 'SQLite3'
12 |
13 | let VISITOR_DATA_BASE = "visitor_database.db"
[17/89] Compiling Flagship FSExposedFlag.swift
/host/spi-builder-workspace/FlagShip/Source/Storage/FSQLiteWrapper.swift:11:8: error: no such module 'SQLite3'
9 | import Foundation
10 |
11 | import SQLite3
| `- error: no such module 'SQLite3'
12 |
13 | let VISITOR_DATA_BASE = "visitor_database.db"
[18/89] Compiling Flagship FSFlagMetadata.swift
/host/spi-builder-workspace/FlagShip/Source/Storage/FSQLiteWrapper.swift:11:8: error: no such module 'SQLite3'
9 | import Foundation
10 |
11 | import SQLite3
| `- error: no such module 'SQLite3'
12 |
13 | let VISITOR_DATA_BASE = "visitor_database.db"
[19/89] Compiling Flagship FSStatus.swift
/host/spi-builder-workspace/FlagShip/Source/Storage/FSQLiteWrapper.swift:11:8: error: no such module 'SQLite3'
9 | import Foundation
10 |
11 | import SQLite3
| `- error: no such module 'SQLite3'
12 |
13 | let VISITOR_DATA_BASE = "visitor_database.db"
[20/89] Compiling Flagship FSVisitor+Campaigns.swift
/host/spi-builder-workspace/FlagShip/Source/Storage/FSQLiteWrapper.swift:11:8: error: no such module 'SQLite3'
9 | import Foundation
10 |
11 | import SQLite3
| `- error: no such module 'SQLite3'
12 |
13 | let VISITOR_DATA_BASE = "visitor_database.db"
[21/89] Compiling Flagship FSVisitor+EmotionAI.swift
/host/spi-builder-workspace/FlagShip/Source/Storage/FSQLiteWrapper.swift:11:8: error: no such module 'SQLite3'
9 | import Foundation
10 |
11 | import SQLite3
| `- error: no such module 'SQLite3'
12 |
13 | let VISITOR_DATA_BASE = "visitor_database.db"
[22/89] Compiling Flagship FSVisitor+Flags.swift
/host/spi-builder-workspace/FlagShip/Source/Storage/FSQLiteWrapper.swift:11:8: error: no such module 'SQLite3'
9 | import Foundation
10 |
11 | import SQLite3
| `- error: no such module 'SQLite3'
12 |
13 | let VISITOR_DATA_BASE = "visitor_database.db"
[23/89] Compiling Flagship FSVisitor+Reconcilliation.swift
/host/spi-builder-workspace/FlagShip/Source/Storage/FSQLiteWrapper.swift:11:8: error: no such module 'SQLite3'
9 | import Foundation
10 |
11 | import SQLite3
| `- error: no such module 'SQLite3'
12 |
13 | let VISITOR_DATA_BASE = "visitor_database.db"
[24/89] Compiling Flagship FSVisitor+objc.swift
/host/spi-builder-workspace/FlagShip/Source/Storage/FSQLiteWrapper.swift:11:8: error: no such module 'SQLite3'
9 | import Foundation
10 |
11 | import SQLite3
| `- error: no such module 'SQLite3'
12 |
13 | let VISITOR_DATA_BASE = "visitor_database.db"
[25/89] Compiling Flagship FSBatchManager.swift
/host/spi-builder-workspace/FlagShip/Source/Storage/FSQLiteWrapper.swift:11:8: error: no such module 'SQLite3'
9 | import Foundation
10 |
11 | import SQLite3
| `- error: no such module 'SQLite3'
12 |
13 | let VISITOR_DATA_BASE = "visitor_database.db"
[26/89] Compiling Flagship FSPoolQueue.swift
/host/spi-builder-workspace/FlagShip/Source/Storage/FSQLiteWrapper.swift:11:8: error: no such module 'SQLite3'
9 | import Foundation
10 |
11 | import SQLite3
| `- error: no such module 'SQLite3'
12 |
13 | let VISITOR_DATA_BASE = "visitor_database.db"
[27/89] Compiling Flagship FSITrackingManager.swift
/host/spi-builder-workspace/FlagShip/Source/Storage/FSQLiteWrapper.swift:11:8: error: no such module 'SQLite3'
9 | import Foundation
10 |
11 | import SQLite3
| `- error: no such module 'SQLite3'
12 |
13 | let VISITOR_DATA_BASE = "visitor_database.db"
[28/89] Compiling Flagship FSTrackingManager.swift
/host/spi-builder-workspace/FlagShip/Source/Storage/FSQLiteWrapper.swift:11:8: error: no such module 'SQLite3'
9 | import Foundation
10 |
11 | import SQLite3
| `- error: no such module 'SQLite3'
12 |
13 | let VISITOR_DATA_BASE = "visitor_database.db"
[29/89] Compiling Flagship FSContinuousTrackingManager.swift
/host/spi-builder-workspace/FlagShip/Source/Storage/FSQLiteWrapper.swift:11:8: error: no such module 'SQLite3'
9 | import Foundation
10 |
11 | import SQLite3
| `- error: no such module 'SQLite3'
12 |
13 | let VISITOR_DATA_BASE = "visitor_database.db"
[30/89] Compiling Flagship FSPeriodicTrackingManager.swift
/host/spi-builder-workspace/FlagShip/Source/Storage/FSQLiteWrapper.swift:11:8: error: no such module 'SQLite3'
9 | import Foundation
10 |
11 | import SQLite3
| `- error: no such module 'SQLite3'
12 |
13 | let VISITOR_DATA_BASE = "visitor_database.db"
[31/89] Compiling Flagship FSDataReportUsage.swift
/host/spi-builder-workspace/FlagShip/Source/Storage/FSQLiteWrapper.swift:11:8: error: no such module 'SQLite3'
9 | import Foundation
10 |
11 | import SQLite3
| `- error: no such module 'SQLite3'
12 |
13 | let VISITOR_DATA_BASE = "visitor_database.db"
[32/89] Compiling Flagship FSDataUsageTracking+Criticals.swift
/host/spi-builder-workspace/FlagShip/Source/Storage/FSQLiteWrapper.swift:11:8: error: no such module 'SQLite3'
9 | import Foundation
10 |
11 | import SQLite3
| `- error: no such module 'SQLite3'
12 |
13 | let VISITOR_DATA_BASE = "visitor_database.db"
[33/89] Compiling Flagship FSDataUsageTracking+Tools.swift
/host/spi-builder-workspace/FlagShip/Source/Storage/FSQLiteWrapper.swift:11:8: error: no such module 'SQLite3'
9 | import Foundation
10 |
11 | import SQLite3
| `- error: no such module 'SQLite3'
12 |
13 | let VISITOR_DATA_BASE = "visitor_database.db"
[34/89] Compiling Flagship FSDataUsageTracking.swift
/host/spi-builder-workspace/FlagShip/Source/Storage/FSQLiteWrapper.swift:11:8: error: no such module 'SQLite3'
9 | import Foundation
10 |
11 | import SQLite3
| `- error: no such module 'SQLite3'
12 |
13 | let VISITOR_DATA_BASE = "visitor_database.db"
[35/89] Compiling Flagship FSDataUsageTracking+EmotionAI.swift
/host/spi-builder-workspace/FlagShip/Source/Storage/FSQLiteWrapper.swift:11:8: error: no such module 'SQLite3'
9 | import Foundation
10 |
11 | import SQLite3
| `- error: no such module 'SQLite3'
12 |
13 | let VISITOR_DATA_BASE = "visitor_database.db"
[36/89] Compiling Flagship FSEmotionAI.swift
/host/spi-builder-workspace/FlagShip/Source/Storage/FSQLiteWrapper.swift:11:8: error: no such module 'SQLite3'
9 | import Foundation
10 |
11 | import SQLite3
| `- error: no such module 'SQLite3'
12 |
13 | let VISITOR_DATA_BASE = "visitor_database.db"
[37/89] Compiling Flagship FSEmotionEvent.swift
/host/spi-builder-workspace/FlagShip/Source/Storage/FSQLiteWrapper.swift:11:8: error: no such module 'SQLite3'
9 | import Foundation
10 |
11 | import SQLite3
| `- error: no such module 'SQLite3'
12 |
13 | let VISITOR_DATA_BASE = "visitor_database.db"
[38/89] Compiling Flagship FSEmotionPageView.swift
/host/spi-builder-workspace/FlagShip/Source/Storage/FSQLiteWrapper.swift:11:8: error: no such module 'SQLite3'
9 | import Foundation
10 |
11 | import SQLite3
| `- error: no such module 'SQLite3'
12 |
13 | let VISITOR_DATA_BASE = "visitor_database.db"
[39/89] Compiling Flagship FSPollingScore.swift
/host/spi-builder-workspace/FlagShip/Source/Storage/FSQLiteWrapper.swift:11:8: error: no such module 'SQLite3'
9 | import Foundation
10 |
11 | import SQLite3
| `- error: no such module 'SQLite3'
12 |
13 | let VISITOR_DATA_BASE = "visitor_database.db"
[40/89] Compiling Flagship FSWindow.swift
/host/spi-builder-workspace/FlagShip/Source/Storage/FSQLiteWrapper.swift:11:8: error: no such module 'SQLite3'
9 | import Foundation
10 |
11 | import SQLite3
| `- error: no such module 'SQLite3'
12 |
13 | let VISITOR_DATA_BASE = "visitor_database.db"
[41/89] Compiling Flagship FSError.swift
/host/spi-builder-workspace/FlagShip/Source/Storage/FSQLiteWrapper.swift:11:8: error: no such module 'SQLite3'
9 | import Foundation
10 |
11 | import SQLite3
| `- error: no such module 'SQLite3'
12 |
13 | let VISITOR_DATA_BASE = "visitor_database.db"
[42/89] Compiling Flagship FSLogManager.swift
/host/spi-builder-workspace/FlagShip/Source/Storage/FSQLiteWrapper.swift:11:8: error: no such module 'SQLite3'
9 | import Foundation
10 |
11 | import SQLite3
| `- error: no such module 'SQLite3'
12 |
13 | let VISITOR_DATA_BASE = "visitor_database.db"
[43/89] Compiling Flagship FlagshipConstants.swift
/host/spi-builder-workspace/FlagShip/Source/Storage/FSQLiteWrapper.swift:11:8: error: no such module 'SQLite3'
9 | import Foundation
10 |
11 | import SQLite3
| `- error: no such module 'SQLite3'
12 |
13 | let VISITOR_DATA_BASE = "visitor_database.db"
[44/89] Compiling Flagship FlagshipLogManager.swift
/host/spi-builder-workspace/FlagShip/Source/Storage/FSQLiteWrapper.swift:11:8: error: no such module 'SQLite3'
9 | import Foundation
10 |
11 | import SQLite3
| `- error: no such module 'SQLite3'
12 |
13 | let VISITOR_DATA_BASE = "visitor_database.db"
[45/89] Compiling Flagship FSAccountSettings.swift
/host/spi-builder-workspace/FlagShip/Source/Storage/FSQLiteWrapper.swift:11:8: error: no such module 'SQLite3'
9 | import Foundation
10 |
11 | import SQLite3
| `- error: no such module 'SQLite3'
12 |
13 | let VISITOR_DATA_BASE = "visitor_database.db"
[46/89] Compiling Flagship FSVisitor.swift
/host/spi-builder-workspace/FlagShip/Source/Storage/FSQLiteWrapper.swift:11:8: error: no such module 'SQLite3'
9 | import Foundation
10 |
11 | import SQLite3
| `- error: no such module 'SQLite3'
12 |
13 | let VISITOR_DATA_BASE = "visitor_database.db"
[47/89] Compiling Flagship FSVisitorBuilder.swift
/host/spi-builder-workspace/FlagShip/Source/Storage/FSQLiteWrapper.swift:11:8: error: no such module 'SQLite3'
9 | import Foundation
10 |
11 | import SQLite3
| `- error: no such module 'SQLite3'
12 |
13 | let VISITOR_DATA_BASE = "visitor_database.db"
[48/89] Compiling Flagship FSVisitorExposed.swift
/host/spi-builder-workspace/FlagShip/Source/Storage/FSQLiteWrapper.swift:11:8: error: no such module 'SQLite3'
9 | import Foundation
10 |
11 | import SQLite3
| `- error: no such module 'SQLite3'
12 |
13 | let VISITOR_DATA_BASE = "visitor_database.db"
[49/89] Compiling Flagship FSFlag+Additions.swift
/host/spi-builder-workspace/FlagShip/Source/Storage/FSQLiteWrapper.swift:11:8: error: no such module 'SQLite3'
9 | import Foundation
10 |
11 | import SQLite3
| `- error: no such module 'SQLite3'
12 |
13 | let VISITOR_DATA_BASE = "visitor_database.db"
[50/89] Compiling Flagship FSFlag.swift
/host/spi-builder-workspace/FlagShip/Source/Storage/FSQLiteWrapper.swift:11:8: error: no such module 'SQLite3'
9 | import Foundation
10 |
11 | import SQLite3
| `- error: no such module 'SQLite3'
12 |
13 | let VISITOR_DATA_BASE = "visitor_database.db"
[51/89] Compiling Flagship Flagship+EmotionAI.swift
/host/spi-builder-workspace/FlagShip/Source/Storage/FSQLiteWrapper.swift:11:8: error: no such module 'SQLite3'
9 | import Foundation
10 |
11 | import SQLite3
| `- error: no such module 'SQLite3'
12 |
13 | let VISITOR_DATA_BASE = "visitor_database.db"
[52/89] Compiling Flagship Flagship.swift
/host/spi-builder-workspace/FlagShip/Source/Storage/FSQLiteWrapper.swift:11:8: error: no such module 'SQLite3'
9 | import Foundation
10 |
11 | import SQLite3
| `- error: no such module 'SQLite3'
12 |
13 | let VISITOR_DATA_BASE = "visitor_database.db"
[53/89] Compiling Flagship FSBucketingManager.swift
/host/spi-builder-workspace/FlagShip/Source/Storage/FSQLiteWrapper.swift:11:8: error: no such module 'SQLite3'
9 | import Foundation
10 |
11 | import SQLite3
| `- error: no such module 'SQLite3'
12 |
13 | let VISITOR_DATA_BASE = "visitor_database.db"
[54/89] Compiling Flagship FSPollingScript.swift
/host/spi-builder-workspace/FlagShip/Source/Storage/FSQLiteWrapper.swift:11:8: error: no such module 'SQLite3'
9 | import Foundation
10 |
11 | import SQLite3
| `- error: no such module 'SQLite3'
12 |
13 | let VISITOR_DATA_BASE = "visitor_database.db"
[55/89] Compiling Flagship FSTargetingManager.swift
/host/spi-builder-workspace/FlagShip/Source/Storage/FSQLiteWrapper.swift:11:8: error: no such module 'SQLite3'
9 | import Foundation
10 |
11 | import SQLite3
| `- error: no such module 'SQLite3'
12 |
13 | let VISITOR_DATA_BASE = "visitor_database.db"
[56/89] Compiling Flagship FSDecisionManager.swift
/host/spi-builder-workspace/FlagShip/Source/Storage/FSQLiteWrapper.swift:11:8: error: no such module 'SQLite3'
9 | import Foundation
10 |
11 | import SQLite3
| `- error: no such module 'SQLite3'
12 |
13 | let VISITOR_DATA_BASE = "visitor_database.db"
[57/89] Compiling Flagship FSDefaultStrategy.swift
/host/spi-builder-workspace/FlagShip/Source/Storage/FSQLiteWrapper.swift:11:8: error: no such module 'SQLite3'
9 | import Foundation
10 |
11 | import SQLite3
| `- error: no such module 'SQLite3'
12 |
13 | let VISITOR_DATA_BASE = "visitor_database.db"
[58/89] Compiling Flagship FSNoConsentStrategy.swift
/host/spi-builder-workspace/FlagShip/Source/Storage/FSQLiteWrapper.swift:11:8: error: no such module 'SQLite3'
9 | import Foundation
10 |
11 | import SQLite3
| `- error: no such module 'SQLite3'
12 |
13 | let VISITOR_DATA_BASE = "visitor_database.db"
[59/89] Compiling Flagship FSNotReadyStrategy.swift
/host/spi-builder-workspace/FlagShip/Source/Storage/FSQLiteWrapper.swift:11:8: error: no such module 'SQLite3'
9 | import Foundation
10 |
11 | import SQLite3
| `- error: no such module 'SQLite3'
12 |
13 | let VISITOR_DATA_BASE = "visitor_database.db"
[60/89] Compiling Flagship FSPanicStrategy.swift
/host/spi-builder-workspace/FlagShip/Source/Storage/FSQLiteWrapper.swift:11:8: error: no such module 'SQLite3'
9 | import Foundation
10 |
11 | import SQLite3
| `- error: no such module 'SQLite3'
12 |
13 | let VISITOR_DATA_BASE = "visitor_database.db"
[61/89] Compiling Flagship FSQAssistantStrategy.swift
/host/spi-builder-workspace/FlagShip/Source/Storage/FSQLiteWrapper.swift:11:8: error: no such module 'SQLite3'
9 | import Foundation
10 |
11 | import SQLite3
| `- error: no such module 'SQLite3'
12 |
13 | let VISITOR_DATA_BASE = "visitor_database.db"
[62/89] Compiling Flagship Data+PrettyPrint.swift
/host/spi-builder-workspace/FlagShip/Source/Storage/FSQLiteWrapper.swift:11:8: error: no such module 'SQLite3'
9 | import Foundation
10 |
11 | import SQLite3
| `- error: no such module 'SQLite3'
12 |
13 | let VISITOR_DATA_BASE = "visitor_database.db"
[63/89] Compiling Flagship FSGenerator.swift
/host/spi-builder-workspace/FlagShip/Source/Storage/FSQLiteWrapper.swift:11:8: error: no such module 'SQLite3'
9 | import Foundation
10 |
11 | import SQLite3
| `- error: no such module 'SQLite3'
12 |
13 | let VISITOR_DATA_BASE = "visitor_database.db"
[64/89] Compiling Flagship FSTools.swift
/host/spi-builder-workspace/FlagShip/Source/Storage/FSQLiteWrapper.swift:11:8: error: no such module 'SQLite3'
9 | import Foundation
10 |
11 | import SQLite3
| `- error: no such module 'SQLite3'
12 |
13 | let VISITOR_DATA_BASE = "visitor_database.db"
[65/89] Compiling Flagship FlagShipVersion.swift
/host/spi-builder-workspace/FlagShip/Source/Storage/FSQLiteWrapper.swift:11:8: error: no such module 'SQLite3'
9 | import Foundation
10 |
11 | import SQLite3
| `- error: no such module 'SQLite3'
12 |
13 | let VISITOR_DATA_BASE = "visitor_database.db"
[66/89] Compiling Flagship decode-json-swift.swift
/host/spi-builder-workspace/FlagShip/Source/Storage/FSQLiteWrapper.swift:11:8: error: no such module 'SQLite3'
9 | import Foundation
10 |
11 | import SQLite3
| `- error: no such module 'SQLite3'
12 |
13 | let VISITOR_DATA_BASE = "visitor_database.db"
[67/89] Compiling Flagship murmurhash3.swift
/host/spi-builder-workspace/FlagShip/Source/Storage/FSQLiteWrapper.swift:11:8: error: no such module 'SQLite3'
9 | import Foundation
10 |
11 | import SQLite3
| `- error: no such module 'SQLite3'
12 |
13 | let VISITOR_DATA_BASE = "visitor_database.db"
[68/89] Compiling Flagship FSBucket.swift
/host/spi-builder-workspace/FlagShip/Source/Storage/FSQLiteWrapper.swift:11:8: error: no such module 'SQLite3'
9 | import Foundation
10 |
11 | import SQLite3
| `- error: no such module 'SQLite3'
12 |
13 | let VISITOR_DATA_BASE = "visitor_database.db"
[69/89] Compiling Flagship FSCacheVisitor.swift
/host/spi-builder-workspace/FlagShip/Source/Storage/FSQLiteWrapper.swift:11:8: error: no such module 'SQLite3'
9 | import Foundation
10 |
11 | import SQLite3
| `- error: no such module 'SQLite3'
12 |
13 | let VISITOR_DATA_BASE = "visitor_database.db"
[70/89] Compiling Flagship FSCampaign.swift
/host/spi-builder-workspace/FlagShip/Source/Storage/FSQLiteWrapper.swift:11:8: error: no such module 'SQLite3'
9 | import Foundation
10 |
11 | import SQLite3
| `- error: no such module 'SQLite3'
12 |
13 | let VISITOR_DATA_BASE = "visitor_database.db"
[71/89] Compiling Flagship FSCampaigns.swift
/host/spi-builder-workspace/FlagShip/Source/Storage/FSQLiteWrapper.swift:11:8: error: no such module 'SQLite3'
9 | import Foundation
10 |
11 | import SQLite3
| `- error: no such module 'SQLite3'
12 |
13 | let VISITOR_DATA_BASE = "visitor_database.db"
[72/89] Compiling Flagship FSContext.swift
/host/spi-builder-workspace/FlagShip/Source/Storage/FSQLiteWrapper.swift:11:8: error: no such module 'SQLite3'
9 | import Foundation
10 |
11 | import SQLite3
| `- error: no such module 'SQLite3'
12 |
13 | let VISITOR_DATA_BASE = "visitor_database.db"
[73/89] Compiling Flagship FSModification.swift
/host/spi-builder-workspace/FlagShip/Source/Storage/FSQLiteWrapper.swift:11:8: error: no such module 'SQLite3'
9 | import Foundation
10 |
11 | import SQLite3
| `- error: no such module 'SQLite3'
12 |
13 | let VISITOR_DATA_BASE = "visitor_database.db"
[74/89] Compiling Flagship FSModifications.swift
/host/spi-builder-workspace/FlagShip/Source/Storage/FSQLiteWrapper.swift:11:8: error: no such module 'SQLite3'
9 | import Foundation
10 |
11 | import SQLite3
| `- error: no such module 'SQLite3'
12 |
13 | let VISITOR_DATA_BASE = "visitor_database.db"
[75/89] Compiling Flagship FSTargets.swift
/host/spi-builder-workspace/FlagShip/Source/Storage/FSQLiteWrapper.swift:11:8: error: no such module 'SQLite3'
9 | import Foundation
10 |
11 | import SQLite3
| `- error: no such module 'SQLite3'
12 |
13 | let VISITOR_DATA_BASE = "visitor_database.db"
[76/89] Compiling Flagship FSTroubleshooting.swift
/host/spi-builder-workspace/FlagShip/Source/Storage/FSQLiteWrapper.swift:11:8: error: no such module 'SQLite3'
9 | import Foundation
10 |
11 | import SQLite3
| `- error: no such module 'SQLite3'
12 |
13 | let VISITOR_DATA_BASE = "visitor_database.db"
[77/89] Compiling Flagship FSBatch.swift
/host/spi-builder-workspace/FlagShip/Source/Storage/FSQLiteWrapper.swift:11:8: error: no such module 'SQLite3'
9 | import Foundation
10 |
11 | import SQLite3
| `- error: no such module 'SQLite3'
12 |
13 | let VISITOR_DATA_BASE = "visitor_database.db"
[78/89] Compiling Flagship FSCacheHit.swift
/host/spi-builder-workspace/FlagShip/Source/Storage/FSQLiteWrapper.swift:11:8: error: no such module 'SQLite3'
9 | import Foundation
10 |
11 | import SQLite3
| `- error: no such module 'SQLite3'
12 |
13 | let VISITOR_DATA_BASE = "visitor_database.db"
[79/89] Compiling Flagship FSHits.swift
/host/spi-builder-workspace/FlagShip/Source/Storage/FSQLiteWrapper.swift:11:8: error: no such module 'SQLite3'
9 | import Foundation
10 |
11 | import SQLite3
| `- error: no such module 'SQLite3'
12 |
13 | let VISITOR_DATA_BASE = "visitor_database.db"
[80/89] Compiling Flagship FSSegment.swift
/host/spi-builder-workspace/FlagShip/Source/Storage/FSQLiteWrapper.swift:11:8: error: no such module 'SQLite3'
9 | import Foundation
10 |
11 | import SQLite3
| `- error: no such module 'SQLite3'
12 |
13 | let VISITOR_DATA_BASE = "visitor_database.db"
[81/89] Compiling Flagship FSTracking+Codable.swift
/host/spi-builder-workspace/FlagShip/Source/Storage/FSQLiteWrapper.swift:11:8: error: no such module 'SQLite3'
9 | import Foundation
10 |
11 | import SQLite3
| `- error: no such module 'SQLite3'
12 |
13 | let VISITOR_DATA_BASE = "visitor_database.db"
[82/89] Compiling Flagship FSTracking.swift
/host/spi-builder-workspace/FlagShip/Source/Storage/FSQLiteWrapper.swift:11:8: error: no such module 'SQLite3'
9 | import Foundation
10 |
11 | import SQLite3
| `- error: no such module 'SQLite3'
12 |
13 | let VISITOR_DATA_BASE = "visitor_database.db"
[83/89] Compiling Flagship FSQAMessageService.swift
/host/spi-builder-workspace/FlagShip/Source/Storage/FSQLiteWrapper.swift:11:8: error: no such module 'SQLite3'
9 | import Foundation
10 |
11 | import SQLite3
| `- error: no such module 'SQLite3'
12 |
13 | let VISITOR_DATA_BASE = "visitor_database.db"
[84/89] Compiling Flagship FSBucketCache.swift
/host/spi-builder-workspace/FlagShip/Source/Storage/FSQLiteWrapper.swift:11:8: error: no such module 'SQLite3'
9 | import Foundation
10 |
11 | import SQLite3
| `- error: no such module 'SQLite3'
12 |
13 | let VISITOR_DATA_BASE = "visitor_database.db"
[85/89] Compiling Flagship FSQLiteWrapper.swift
/host/spi-builder-workspace/FlagShip/Source/Storage/FSQLiteWrapper.swift:11:8: error: no such module 'SQLite3'
9 | import Foundation
10 |
11 | import SQLite3
| `- error: no such module 'SQLite3'
12 |
13 | let VISITOR_DATA_BASE = "visitor_database.db"
[86/89] Compiling Flagship FSStorage.swift
/host/spi-builder-workspace/FlagShip/Source/Storage/FSQLiteWrapper.swift:11:8: error: no such module 'SQLite3'
9 | import Foundation
10 |
11 | import SQLite3
| `- error: no such module 'SQLite3'
12 |
13 | let VISITOR_DATA_BASE = "visitor_database.db"
[87/89] Compiling Flagship FSStorageManager.swift
/host/spi-builder-workspace/FlagShip/Source/Storage/FSQLiteWrapper.swift:11:8: error: no such module 'SQLite3'
9 | import Foundation
10 |
11 | import SQLite3
| `- error: no such module 'SQLite3'
12 |
13 | let VISITOR_DATA_BASE = "visitor_database.db"
[88/89] Compiling Flagship FSTrackingDbMgt.swift
/host/spi-builder-workspace/FlagShip/Source/Storage/FSQLiteWrapper.swift:11:8: error: no such module 'SQLite3'
9 | import Foundation
10 |
11 | import SQLite3
| `- error: no such module 'SQLite3'
12 |
13 | let VISITOR_DATA_BASE = "visitor_database.db"
[89/89] Compiling Flagship FSVisitorDbMgt.swift
/host/spi-builder-workspace/FlagShip/Source/Storage/FSQLiteWrapper.swift:11:8: error: no such module 'SQLite3'
9 | import Foundation
10 |
11 | import SQLite3
| `- error: no such module 'SQLite3'
12 |
13 | let VISITOR_DATA_BASE = "visitor_database.db"
BUILD FAILURE 6.1 linux