Build Information
Failed to build WWSignInWith3rd_Apple, reference main (70378f), with Swift 6.4 for macOS (Xcode) using Xcode 27.0 on 22 Sep 2026 03:44:47 UTC.
Build Command
env DEVELOPER_DIR=/Applications/Xcode-27.0.0-Release.Candidate.app xcrun xcodebuild -IDEClonedSourcePackagesDirPathOverride=$PWD/.dependencies -skipMacroValidation -skipPackagePluginValidation -derivedDataPath $PWD/.derivedData build -scheme WWSignInWith3rd_Apple -destination platform=macOS,arch=arm64Build Log
========================================
RunAll
========================================
Builder version: 5.1.0
Interrupt handler set up.
========================================
Checkout
========================================
Clone URL: https://github.com/William-Weng/WWSignInWith3rd_Apple.git
Reference: main
Initialized empty Git repository in /Users/admin/builder/spi-builder-workspace/.git/
From https://github.com/William-Weng/WWSignInWith3rd_Apple
* branch main -> FETCH_HEAD
* [new branch] main -> origin/main
HEAD is now at 70378fd - public extension WKWebsiteDataStore
Cloned https://github.com/William-Weng/WWSignInWith3rd_Apple.git
Revision (git rev-parse @):
70378fd27b11179e59f877ac21dbbc890987deae
SUCCESS checkout https://github.com/William-Weng/WWSignInWith3rd_Apple.git at main
========================================
Build
========================================
Selected platform: macosXcodebuild
Swift version: 6.4
Building package at path: $PWD
https://github.com/William-Weng/WWSignInWith3rd_Apple.git
Command line invocation:
/Applications/Xcode-27.0.0-Release.Candidate.app/Contents/Developer/usr/bin/xcodebuild -IDEClonedSourcePackagesDirPathOverride=/Users/admin/builder/spi-builder-workspace/.dependencies -resolvePackageDependencies
Resolve Package Graph
Resolve Package Graph
Resolved source packages:
WWSignInWith3rd_Apple: /Users/admin/builder/spi-builder-workspace
resolved source packages: WWSignInWith3rd_Apple
2026-09-21 23:43:52.392 xcodebuild[529:3057] [MT] IDERunDestination: Supported platforms for the buildables in the current scheme is empty.
{
"dependencies" : [
],
"manifest_display_name" : "WWSignInWith3rd_Apple",
"name" : "WWSignInWith3rd_Apple",
"path" : "/Users/admin/builder/spi-builder-workspace",
"platforms" : [
{
"name" : "ios",
"version" : "15.0"
}
],
"products" : [
{
"name" : "WWSignInWith3rd_Apple",
"targets" : [
"WWSignInWith3rd_Apple"
],
"type" : {
"library" : [
"automatic"
]
}
}
],
"swift_languages_versions" : [
"5"
],
"targets" : [
{
"c99name" : "WWSignInWith3rd_Apple",
"module_type" : "SwiftTarget",
"name" : "WWSignInWith3rd_Apple",
"path" : "Sources/WWSignInWith3rd_Apple",
"product_memberships" : [
"WWSignInWith3rd_Apple"
],
"resources" : [
{
"path" : "/Users/admin/builder/spi-builder-workspace/Sources/WWSignInWith3rd_Apple/Privacy",
"rule" : {
"copy" : {
}
}
}
],
"sources" : [
"Utility/Constant.swift",
"Utility/Extension+Apple.swift",
"Utility/Extension.swift",
"WWSignInWith3rd.swift",
"WWSignInWith3rd_Apple.swift"
],
"type" : "library"
}
],
"tools_version" : "5.7"
}
{
"workspace" : {
"name" : "WWSignInWith3rd_Apple",
"schemes" : [
"WWSignInWith3rd_Apple"
]
}
}
2026-09-21 23:44:33.343 xcodebuild[655:4218] [MT] IDERunDestination: Supported platforms for the buildables in the current scheme is empty.
Running build ...
env DEVELOPER_DIR=/Applications/Xcode-27.0.0-Release.Candidate.app xcrun xcodebuild -IDEClonedSourcePackagesDirPathOverride=$PWD/.dependencies -skipMacroValidation -skipPackagePluginValidation -derivedDataPath $PWD/.derivedData build -scheme WWSignInWith3rd_Apple -destination platform=macOS,arch=arm64
Command line invocation:
/Applications/Xcode-27.0.0-Release.Candidate.app/Contents/Developer/usr/bin/xcodebuild -IDEClonedSourcePackagesDirPathOverride=/Users/admin/builder/spi-builder-workspace/.dependencies -skipMacroValidation -skipPackagePluginValidation -derivedDataPath /Users/admin/builder/spi-builder-workspace/.derivedData build -scheme WWSignInWith3rd_Apple -destination platform=macOS,arch=arm64
Resolve Package Graph
Resolved source packages:
WWSignInWith3rd_Apple: /Users/admin/builder/spi-builder-workspace
ComputePackagePrebuildTargetDependencyGraph
Prepare packages
CreateBuildRequest
SendProjectDescription
CreateBuildOperation
ComputeTargetDependencyGraph
note: Building targets in dependency order
note: Target dependency graph (3 targets)
Target 'WWSignInWith3rd_Apple-product' in project 'WWSignInWith3rd_Apple'
➜ Explicit dependency on target 'WWSignInWith3rd_Apple' in project 'WWSignInWith3rd_Apple'
➜ Explicit dependency on target 'WWSignInWith3rd_Apple_WWSignInWith3rd_Apple' in project 'WWSignInWith3rd_Apple'
Target 'WWSignInWith3rd_Apple' in project 'WWSignInWith3rd_Apple'
➜ Explicit dependency on target 'WWSignInWith3rd_Apple_WWSignInWith3rd_Apple' in project 'WWSignInWith3rd_Apple'
Target 'WWSignInWith3rd_Apple_WWSignInWith3rd_Apple' in project 'WWSignInWith3rd_Apple' (no dependencies)
GatherProvisioningInputs
CreateBuildDescription
ExecuteExternalTool /Applications/Xcode-27.0.0-Release.Candidate.app/Contents/Developer/Toolchains/XcodeDefault.xctoolchain/usr/bin/clang -v -E -dM -isysroot /Applications/Xcode-27.0.0-Release.Candidate.app/Contents/Developer/Platforms/MacOSX.platform/Developer/SDKs/MacOSX27.0.sdk -x c -c /dev/null
ExecuteExternalTool /Applications/Xcode-27.0.0-Release.Candidate.app/Contents/Developer/Toolchains/XcodeDefault.xctoolchain/usr/bin/swiftc --version
ExecuteExternalTool /Applications/Xcode-27.0.0-Release.Candidate.app/Contents/Developer/Toolchains/XcodeDefault.xctoolchain/usr/bin/ld -version_details
Build description signature: b1365de6b923fc596910de41479123d4
Build description path: /Users/admin/builder/spi-builder-workspace/.derivedData/Build/Intermediates.noindex/XCBuildData/b1365de6b923fc596910de41479123d4.xcbuilddata
CreateBuildDirectory /Users/admin/builder/spi-builder-workspace/.derivedData/SDKExplicitPrecompiledModules
cd /Users/admin/builder/spi-builder-workspace/.swiftpm/xcode
builtin-create-build-directory /Users/admin/builder/spi-builder-workspace/.derivedData/SDKExplicitPrecompiledModules
CreateBuildDirectory /Users/admin/builder/spi-builder-workspace/.derivedData/ModuleCache.noindex
cd /Users/admin/builder/spi-builder-workspace/.swiftpm/xcode
builtin-create-build-directory /Users/admin/builder/spi-builder-workspace/.derivedData/ModuleCache.noindex
CreateBuildDirectory /Users/admin/builder/spi-builder-workspace/.derivedData/CompilationCache.noindex
cd /Users/admin/builder/spi-builder-workspace/.swiftpm/xcode
builtin-create-build-directory /Users/admin/builder/spi-builder-workspace/.derivedData/CompilationCache.noindex
CreateBuildDirectory /Users/admin/builder/spi-builder-workspace/.derivedData/Build/Intermediates.noindex
cd /Users/admin/builder/spi-builder-workspace/.swiftpm/xcode
builtin-create-build-directory /Users/admin/builder/spi-builder-workspace/.derivedData/Build/Intermediates.noindex
ClangStatCache /Applications/Xcode-27.0.0-Release.Candidate.app/Contents/Developer/Toolchains/XcodeDefault.xctoolchain/usr/bin/clang-stat-cache /Applications/Xcode-27.0.0-Release.Candidate.app/Contents/Developer/Platforms/MacOSX.platform/Developer/SDKs/MacOSX27.0.sdk /Users/admin/builder/spi-builder-workspace/.derivedData/SDKStatCaches.noindex/macosx27.0-26A425-e829b21a6f8c9b70876ba0858053c0446a22442a12e9d48fe1a705f55a1adfc4.sdkstatcache
cd /Users/admin/builder/spi-builder-workspace/.swiftpm/xcode
/Applications/Xcode-27.0.0-Release.Candidate.app/Contents/Developer/Toolchains/XcodeDefault.xctoolchain/usr/bin/clang-stat-cache /Applications/Xcode-27.0.0-Release.Candidate.app/Contents/Developer/Platforms/MacOSX.platform/Developer/SDKs/MacOSX27.0.sdk -o /Users/admin/builder/spi-builder-workspace/.derivedData/SDKStatCaches.noindex/macosx27.0-26A425-e829b21a6f8c9b70876ba0858053c0446a22442a12e9d48fe1a705f55a1adfc4.sdkstatcache
CreateBuildDirectory /Users/admin/builder/spi-builder-workspace/.derivedData/Build/Products
cd /Users/admin/builder/spi-builder-workspace/.swiftpm/xcode
builtin-create-build-directory /Users/admin/builder/spi-builder-workspace/.derivedData/Build/Products
CreateBuildDirectory /Users/admin/builder/spi-builder-workspace/.derivedData/Build/Intermediates.noindex/SwiftExplicitPrecompiledModules
cd /Users/admin/builder/spi-builder-workspace/.swiftpm/xcode
builtin-create-build-directory /Users/admin/builder/spi-builder-workspace/.derivedData/Build/Intermediates.noindex/SwiftExplicitPrecompiledModules
CreateBuildDirectory /Users/admin/builder/spi-builder-workspace/.derivedData/Build/Intermediates.noindex/PrecompiledHeaders
cd /Users/admin/builder/spi-builder-workspace/.swiftpm/xcode
builtin-create-build-directory /Users/admin/builder/spi-builder-workspace/.derivedData/Build/Intermediates.noindex/PrecompiledHeaders
CreateBuildDirectory /Users/admin/builder/spi-builder-workspace/.derivedData/Build/Intermediates.noindex/ExplicitPrecompiledModules
cd /Users/admin/builder/spi-builder-workspace/.swiftpm/xcode
builtin-create-build-directory /Users/admin/builder/spi-builder-workspace/.derivedData/Build/Intermediates.noindex/ExplicitPrecompiledModules
CreateBuildDirectory /Users/admin/builder/spi-builder-workspace/.derivedData/Build/Intermediates.noindex/EagerLinkingTBDs/Debug
cd /Users/admin/builder/spi-builder-workspace/.swiftpm/xcode
builtin-create-build-directory /Users/admin/builder/spi-builder-workspace/.derivedData/Build/Intermediates.noindex/EagerLinkingTBDs/Debug
CreateBuildDirectory /Users/admin/builder/spi-builder-workspace/.derivedData/Build/Products/Debug
cd /Users/admin/builder/spi-builder-workspace/.swiftpm/xcode
builtin-create-build-directory /Users/admin/builder/spi-builder-workspace/.derivedData/Build/Products/Debug
CreateBuildDirectory /Users/admin/builder/spi-builder-workspace/.derivedData/Build/Products/Debug/PackageFrameworks
cd /Users/admin/builder/spi-builder-workspace/.swiftpm/xcode
builtin-create-build-directory /Users/admin/builder/spi-builder-workspace/.derivedData/Build/Products/Debug/PackageFrameworks
WriteAuxiliaryFile /Users/admin/builder/spi-builder-workspace/.derivedData/Build/Intermediates.noindex/WWSignInWith3rd_Apple.build/Debug/WWSignInWith3rd_Apple_WWSignInWith3rd_Apple-b.build/WWSignInWith3rd_Apple_WWSignInWith3rd_Apple.DependencyStaticMetadataFileList (in target 'WWSignInWith3rd_Apple_WWSignInWith3rd_Apple' from project 'WWSignInWith3rd_Apple')
cd /Users/admin/builder/spi-builder-workspace
write-file /Users/admin/builder/spi-builder-workspace/.derivedData/Build/Intermediates.noindex/WWSignInWith3rd_Apple.build/Debug/WWSignInWith3rd_Apple_WWSignInWith3rd_Apple-b.build/WWSignInWith3rd_Apple_WWSignInWith3rd_Apple.DependencyStaticMetadataFileList
WriteAuxiliaryFile /Users/admin/builder/spi-builder-workspace/.derivedData/Build/Intermediates.noindex/WWSignInWith3rd_Apple.build/Debug/WWSignInWith3rd_Apple_WWSignInWith3rd_Apple-b.build/WWSignInWith3rd_Apple_WWSignInWith3rd_Apple.DependencyMetadataFileList (in target 'WWSignInWith3rd_Apple_WWSignInWith3rd_Apple' from project 'WWSignInWith3rd_Apple')
cd /Users/admin/builder/spi-builder-workspace
write-file /Users/admin/builder/spi-builder-workspace/.derivedData/Build/Intermediates.noindex/WWSignInWith3rd_Apple.build/Debug/WWSignInWith3rd_Apple_WWSignInWith3rd_Apple-b.build/WWSignInWith3rd_Apple_WWSignInWith3rd_Apple.DependencyMetadataFileList
WriteAuxiliaryFile /Users/admin/builder/spi-builder-workspace/.derivedData/Build/Intermediates.noindex/WWSignInWith3rd_Apple.build/Debug/WWSignInWith3rd_Apple-t.build/WWSignInWith3rd_Apple.modulemap (in target 'WWSignInWith3rd_Apple' from project 'WWSignInWith3rd_Apple')
cd /Users/admin/builder/spi-builder-workspace
write-file /Users/admin/builder/spi-builder-workspace/.derivedData/Build/Intermediates.noindex/WWSignInWith3rd_Apple.build/Debug/WWSignInWith3rd_Apple-t.build/WWSignInWith3rd_Apple.modulemap
MkDir /Users/admin/builder/spi-builder-workspace/.derivedData/Build/Products/Debug/WWSignInWith3rd_Apple_WWSignInWith3rd_Apple.bundle/Contents (in target 'WWSignInWith3rd_Apple_WWSignInWith3rd_Apple' from project 'WWSignInWith3rd_Apple')
cd /Users/admin/builder/spi-builder-workspace
/bin/mkdir -p /Users/admin/builder/spi-builder-workspace/.derivedData/Build/Products/Debug/WWSignInWith3rd_Apple_WWSignInWith3rd_Apple.bundle/Contents
WriteAuxiliaryFile /Users/admin/builder/spi-builder-workspace/.derivedData/Build/Intermediates.noindex/WWSignInWith3rd_Apple.build/Debug/WWSignInWith3rd_Apple_WWSignInWith3rd_Apple-b.build/empty-WWSignInWith3rd_Apple_WWSignInWith3rd_Apple.plist (in target 'WWSignInWith3rd_Apple_WWSignInWith3rd_Apple' from project 'WWSignInWith3rd_Apple')
cd /Users/admin/builder/spi-builder-workspace
write-file /Users/admin/builder/spi-builder-workspace/.derivedData/Build/Intermediates.noindex/WWSignInWith3rd_Apple.build/Debug/WWSignInWith3rd_Apple_WWSignInWith3rd_Apple-b.build/empty-WWSignInWith3rd_Apple_WWSignInWith3rd_Apple.plist
WriteAuxiliaryFile /Users/admin/builder/spi-builder-workspace/.derivedData/Build/Intermediates.noindex/WWSignInWith3rd_Apple.build/Debug/WWSignInWith3rd_Apple-t.build/WWSignInWith3rd_Apple.DependencyStaticMetadataFileList (in target 'WWSignInWith3rd_Apple' from project 'WWSignInWith3rd_Apple')
cd /Users/admin/builder/spi-builder-workspace
write-file /Users/admin/builder/spi-builder-workspace/.derivedData/Build/Intermediates.noindex/WWSignInWith3rd_Apple.build/Debug/WWSignInWith3rd_Apple-t.build/WWSignInWith3rd_Apple.DependencyStaticMetadataFileList
WriteAuxiliaryFile /Users/admin/builder/spi-builder-workspace/.derivedData/Build/Intermediates.noindex/WWSignInWith3rd_Apple.build/Debug/WWSignInWith3rd_Apple-t.build/WWSignInWith3rd_Apple.DependencyMetadataFileList (in target 'WWSignInWith3rd_Apple' from project 'WWSignInWith3rd_Apple')
cd /Users/admin/builder/spi-builder-workspace
write-file /Users/admin/builder/spi-builder-workspace/.derivedData/Build/Intermediates.noindex/WWSignInWith3rd_Apple.build/Debug/WWSignInWith3rd_Apple-t.build/WWSignInWith3rd_Apple.DependencyMetadataFileList
MkDir /Users/admin/builder/spi-builder-workspace/.derivedData/Build/Products/Debug/WWSignInWith3rd_Apple_WWSignInWith3rd_Apple.bundle/Contents/Resources (in target 'WWSignInWith3rd_Apple_WWSignInWith3rd_Apple' from project 'WWSignInWith3rd_Apple')
cd /Users/admin/builder/spi-builder-workspace
/bin/mkdir -p /Users/admin/builder/spi-builder-workspace/.derivedData/Build/Products/Debug/WWSignInWith3rd_Apple_WWSignInWith3rd_Apple.bundle/Contents/Resources
WriteAuxiliaryFile /Users/admin/builder/spi-builder-workspace/.derivedData/Build/Intermediates.noindex/WWSignInWith3rd_Apple.build/Debug/WWSignInWith3rd_Apple-t.build/Objects-normal/arm64/WWSignInWith3rd_Apple_const_extract_protocols.json (in target 'WWSignInWith3rd_Apple' from project 'WWSignInWith3rd_Apple')
cd /Users/admin/builder/spi-builder-workspace
write-file /Users/admin/builder/spi-builder-workspace/.derivedData/Build/Intermediates.noindex/WWSignInWith3rd_Apple.build/Debug/WWSignInWith3rd_Apple-t.build/Objects-normal/arm64/WWSignInWith3rd_Apple_const_extract_protocols.json
WriteAuxiliaryFile /Users/admin/builder/spi-builder-workspace/.derivedData/Build/Intermediates.noindex/WWSignInWith3rd_Apple.build/Debug/WWSignInWith3rd_Apple-t.build/Objects-normal/arm64/WWSignInWith3rd_Apple.SwiftFileList (in target 'WWSignInWith3rd_Apple' from project 'WWSignInWith3rd_Apple')
cd /Users/admin/builder/spi-builder-workspace
write-file /Users/admin/builder/spi-builder-workspace/.derivedData/Build/Intermediates.noindex/WWSignInWith3rd_Apple.build/Debug/WWSignInWith3rd_Apple-t.build/Objects-normal/arm64/WWSignInWith3rd_Apple.SwiftFileList
WriteAuxiliaryFile /Users/admin/builder/spi-builder-workspace/.derivedData/Build/Intermediates.noindex/WWSignInWith3rd_Apple.build/Debug/WWSignInWith3rd_Apple-t.build/Objects-normal/arm64/WWSignInWith3rd_Apple.SwiftConstValuesFileList (in target 'WWSignInWith3rd_Apple' from project 'WWSignInWith3rd_Apple')
cd /Users/admin/builder/spi-builder-workspace
write-file /Users/admin/builder/spi-builder-workspace/.derivedData/Build/Intermediates.noindex/WWSignInWith3rd_Apple.build/Debug/WWSignInWith3rd_Apple-t.build/Objects-normal/arm64/WWSignInWith3rd_Apple.SwiftConstValuesFileList
WriteAuxiliaryFile /Users/admin/builder/spi-builder-workspace/.derivedData/Build/Intermediates.noindex/WWSignInWith3rd_Apple.build/Debug/WWSignInWith3rd_Apple-t.build/Objects-normal/arm64/WWSignInWith3rd_Apple.LinkFileList (in target 'WWSignInWith3rd_Apple' from project 'WWSignInWith3rd_Apple')
cd /Users/admin/builder/spi-builder-workspace
write-file /Users/admin/builder/spi-builder-workspace/.derivedData/Build/Intermediates.noindex/WWSignInWith3rd_Apple.build/Debug/WWSignInWith3rd_Apple-t.build/Objects-normal/arm64/WWSignInWith3rd_Apple.LinkFileList
WriteAuxiliaryFile /Users/admin/builder/spi-builder-workspace/.derivedData/Build/Intermediates.noindex/WWSignInWith3rd_Apple.build/Debug/WWSignInWith3rd_Apple-t.build/Objects-normal/arm64/WWSignInWith3rd_Apple-OutputFileMap.json (in target 'WWSignInWith3rd_Apple' from project 'WWSignInWith3rd_Apple')
cd /Users/admin/builder/spi-builder-workspace
write-file /Users/admin/builder/spi-builder-workspace/.derivedData/Build/Intermediates.noindex/WWSignInWith3rd_Apple.build/Debug/WWSignInWith3rd_Apple-t.build/Objects-normal/arm64/WWSignInWith3rd_Apple-OutputFileMap.json
WriteAuxiliaryFile /Users/admin/builder/spi-builder-workspace/.derivedData/Build/Intermediates.noindex/WWSignInWith3rd_Apple.build/Debug/WWSignInWith3rd_Apple-t.build/DerivedSources/resource_bundle_accessor.swift (in target 'WWSignInWith3rd_Apple' from project 'WWSignInWith3rd_Apple')
cd /Users/admin/builder/spi-builder-workspace
write-file /Users/admin/builder/spi-builder-workspace/.derivedData/Build/Intermediates.noindex/WWSignInWith3rd_Apple.build/Debug/WWSignInWith3rd_Apple-t.build/DerivedSources/resource_bundle_accessor.swift
Copy /Users/admin/builder/spi-builder-workspace/.derivedData/Build/Intermediates.noindex/GeneratedModuleMaps/WWSignInWith3rd_Apple.modulemap /Users/admin/builder/spi-builder-workspace/.derivedData/Build/Intermediates.noindex/WWSignInWith3rd_Apple.build/Debug/WWSignInWith3rd_Apple-t.build/WWSignInWith3rd_Apple.modulemap (in target 'WWSignInWith3rd_Apple' from project 'WWSignInWith3rd_Apple')
cd /Users/admin/builder/spi-builder-workspace
builtin-copy -exclude .DS_Store -exclude CVS -exclude .svn -exclude .git -exclude .hg -resolve-src-symlinks /Users/admin/builder/spi-builder-workspace/.derivedData/Build/Intermediates.noindex/WWSignInWith3rd_Apple.build/Debug/WWSignInWith3rd_Apple-t.build/WWSignInWith3rd_Apple.modulemap /Users/admin/builder/spi-builder-workspace/.derivedData/Build/Intermediates.noindex/GeneratedModuleMaps
MkDir /Users/admin/builder/spi-builder-workspace/.derivedData/Build/Products/Debug/WWSignInWith3rd_Apple_WWSignInWith3rd_Apple.bundle (in target 'WWSignInWith3rd_Apple_WWSignInWith3rd_Apple' from project 'WWSignInWith3rd_Apple')
cd /Users/admin/builder/spi-builder-workspace
/bin/mkdir -p /Users/admin/builder/spi-builder-workspace/.derivedData/Build/Products/Debug/WWSignInWith3rd_Apple_WWSignInWith3rd_Apple.bundle
CpResource /Users/admin/builder/spi-builder-workspace/.derivedData/Build/Products/Debug/WWSignInWith3rd_Apple_WWSignInWith3rd_Apple.bundle/Contents/Resources/Privacy /Users/admin/builder/spi-builder-workspace/Sources/WWSignInWith3rd_Apple/Privacy (in target 'WWSignInWith3rd_Apple_WWSignInWith3rd_Apple' from project 'WWSignInWith3rd_Apple')
cd /Users/admin/builder/spi-builder-workspace
builtin-copy -exclude .DS_Store -exclude CVS -exclude .svn -exclude .git -exclude .hg -resolve-src-symlinks /Users/admin/builder/spi-builder-workspace/Sources/WWSignInWith3rd_Apple/Privacy /Users/admin/builder/spi-builder-workspace/.derivedData/Build/Products/Debug/WWSignInWith3rd_Apple_WWSignInWith3rd_Apple.bundle/Contents/Resources
ProcessInfoPlistFile /Users/admin/builder/spi-builder-workspace/.derivedData/Build/Products/Debug/WWSignInWith3rd_Apple_WWSignInWith3rd_Apple.bundle/Contents/Info.plist /Users/admin/builder/spi-builder-workspace/.derivedData/Build/Intermediates.noindex/WWSignInWith3rd_Apple.build/Debug/WWSignInWith3rd_Apple_WWSignInWith3rd_Apple-b.build/empty-WWSignInWith3rd_Apple_WWSignInWith3rd_Apple.plist (in target 'WWSignInWith3rd_Apple_WWSignInWith3rd_Apple' from project 'WWSignInWith3rd_Apple')
cd /Users/admin/builder/spi-builder-workspace
builtin-infoPlistUtility /Users/admin/builder/spi-builder-workspace/.derivedData/Build/Intermediates.noindex/WWSignInWith3rd_Apple.build/Debug/WWSignInWith3rd_Apple_WWSignInWith3rd_Apple-b.build/empty-WWSignInWith3rd_Apple_WWSignInWith3rd_Apple.plist -producttype com.apple.product-type.bundle -expandbuildsettings -platform macosx -o /Users/admin/builder/spi-builder-workspace/.derivedData/Build/Products/Debug/WWSignInWith3rd_Apple_WWSignInWith3rd_Apple.bundle/Contents/Info.plist
RegisterExecutionPolicyException /Users/admin/builder/spi-builder-workspace/.derivedData/Build/Products/Debug/WWSignInWith3rd_Apple_WWSignInWith3rd_Apple.bundle (in target 'WWSignInWith3rd_Apple_WWSignInWith3rd_Apple' from project 'WWSignInWith3rd_Apple')
cd /Users/admin/builder/spi-builder-workspace
builtin-RegisterExecutionPolicyException /Users/admin/builder/spi-builder-workspace/.derivedData/Build/Products/Debug/WWSignInWith3rd_Apple_WWSignInWith3rd_Apple.bundle
Touch /Users/admin/builder/spi-builder-workspace/.derivedData/Build/Products/Debug/WWSignInWith3rd_Apple_WWSignInWith3rd_Apple.bundle (in target 'WWSignInWith3rd_Apple_WWSignInWith3rd_Apple' from project 'WWSignInWith3rd_Apple')
cd /Users/admin/builder/spi-builder-workspace
/usr/bin/touch -c /Users/admin/builder/spi-builder-workspace/.derivedData/Build/Products/Debug/WWSignInWith3rd_Apple_WWSignInWith3rd_Apple.bundle
SwiftDriver WWSignInWith3rd_Apple normal arm64 com.apple.xcode.tools.swift.compiler (in target 'WWSignInWith3rd_Apple' from project 'WWSignInWith3rd_Apple')
cd /Users/admin/builder/spi-builder-workspace/.swiftpm/xcode
builtin-SwiftDriver -- /Applications/Xcode-27.0.0-Release.Candidate.app/Contents/Developer/Toolchains/XcodeDefault.xctoolchain/usr/bin/swiftc -parse-as-library -module-name WWSignInWith3rd_Apple -Onone @/Users/admin/builder/spi-builder-workspace/.derivedData/Build/Intermediates.noindex/WWSignInWith3rd_Apple.build/Debug/WWSignInWith3rd_Apple-t.build/Objects-normal/arm64/WWSignInWith3rd_Apple.SwiftFileList -DSWIFT_PACKAGE -DDEBUG -DSWIFT_MODULE_RESOURCE_BUNDLE_AVAILABLE -DXcode -plugin-path /Applications/Xcode-27.0.0-Release.Candidate.app/Contents/Developer/Toolchains/XcodeDefault.xctoolchain/usr/lib/swift/host/plugins/testing -enable-experimental-feature DebugDescriptionMacro -sdk /Applications/Xcode-27.0.0-Release.Candidate.app/Contents/Developer/Platforms/MacOSX.platform/Developer/SDKs/MacOSX27.0.sdk -target arm64-apple-macos12.0 -g -module-cache-path /Users/admin/builder/spi-builder-workspace/.derivedData/ModuleCache.noindex -Xfrontend -serialize-debugging-options -enable-testing -index-store-path /Users/admin/builder/spi-builder-workspace/.derivedData/Index.noindex/DataStore -Xcc -D_LIBCPP_HARDENING_MODE\=_LIBCPP_HARDENING_MODE_DEBUG -swift-version 5 -I /Users/admin/builder/spi-builder-workspace/.derivedData/Build/Products/Debug -Isystem /Applications/Xcode-27.0.0-Release.Candidate.app/Contents/Developer/Platforms/MacOSX.platform/Developer/usr/lib -F /Users/admin/builder/spi-builder-workspace/.derivedData/Build/Products/Debug -F /Applications/Xcode-27.0.0-Release.Candidate.app/Contents/Developer/Platforms/MacOSX.platform/Developer/Library/Frameworks -c -j10 -enable-batch-mode -incremental -Xcc -ivfsstatcache -Xcc /Users/admin/builder/spi-builder-workspace/.derivedData/SDKStatCaches.noindex/macosx27.0-26A425-e829b21a6f8c9b70876ba0858053c0446a22442a12e9d48fe1a705f55a1adfc4.sdkstatcache -output-file-map /Users/admin/builder/spi-builder-workspace/.derivedData/Build/Intermediates.noindex/WWSignInWith3rd_Apple.build/Debug/WWSignInWith3rd_Apple-t.build/Objects-normal/arm64/WWSignInWith3rd_Apple-OutputFileMap.json -save-temps -no-color-diagnostics -explicit-module-build -module-cache-path /Users/admin/builder/spi-builder-workspace/.derivedData/Build/Intermediates.noindex/SwiftExplicitPrecompiledModules -clang-scanner-module-cache-path /Users/admin/builder/spi-builder-workspace/.derivedData/ModuleCache.noindex -sdk-module-cache-path /Users/admin/builder/spi-builder-workspace/.derivedData/SDKExplicitPrecompiledModules -emit-dependencies -emit-module -emit-module-path /Users/admin/builder/spi-builder-workspace/.derivedData/Build/Intermediates.noindex/WWSignInWith3rd_Apple.build/Debug/WWSignInWith3rd_Apple-t.build/Objects-normal/arm64/WWSignInWith3rd_Apple.swiftmodule -serialize-diagnostics -dependency-scan-serialize-diagnostics-path /Users/admin/builder/spi-builder-workspace/.derivedData/Build/Intermediates.noindex/WWSignInWith3rd_Apple.build/Debug/WWSignInWith3rd_Apple-t.build/Objects-normal/arm64/WWSignInWith3rd_Apple-dependency-scan.dia -validate-clang-modules-once -clang-build-session-file /Users/admin/builder/spi-builder-workspace/.derivedData/ModuleCache.noindex/Session.modulevalidation -Xcc -fmodules-prune-interval\=86400 -Xcc -fmodules-prune-after\=345600 -emit-const-values -const-gather-protocols-list /Users/admin/builder/spi-builder-workspace/.derivedData/Build/Intermediates.noindex/WWSignInWith3rd_Apple.build/Debug/WWSignInWith3rd_Apple-t.build/Objects-normal/arm64/WWSignInWith3rd_Apple_const_extract_protocols.json -Xcc -I/Users/admin/builder/spi-builder-workspace/.derivedData/Build/Products/Debug/include -Xcc -I/Users/admin/builder/spi-builder-workspace/.derivedData/Build/Intermediates.noindex/WWSignInWith3rd_Apple.build/Debug/WWSignInWith3rd_Apple-t.build/DerivedSources-normal/arm64 -Xcc -I/Users/admin/builder/spi-builder-workspace/.derivedData/Build/Intermediates.noindex/WWSignInWith3rd_Apple.build/Debug/WWSignInWith3rd_Apple-t.build/DerivedSources/arm64 -Xcc -I/Users/admin/builder/spi-builder-workspace/.derivedData/Build/Intermediates.noindex/WWSignInWith3rd_Apple.build/Debug/WWSignInWith3rd_Apple-t.build/DerivedSources -Xcc -DSWIFT_PACKAGE -Xcc -DDEBUG\=1 -emit-objc-header -emit-objc-header-path /Users/admin/builder/spi-builder-workspace/.derivedData/Build/Intermediates.noindex/WWSignInWith3rd_Apple.build/Debug/WWSignInWith3rd_Apple-t.build/Objects-normal/arm64/WWSignInWith3rd_Apple-Swift.h -working-directory /Users/admin/builder/spi-builder-workspace/.swiftpm/xcode -experimental-emit-module-separately -disable-cmo
SwiftExplicitDependencyGeneratePcm arm64 /Users/admin/builder/spi-builder-workspace/.derivedData/SDKExplicitPrecompiledModules/_Builtin_float-105CRCDRP90FQCQO5ZX1LHV7H.pcm
SwiftExplicitDependencyGeneratePcm arm64 /Users/admin/builder/spi-builder-workspace/.derivedData/SDKExplicitPrecompiledModules/_AvailabilityInternal-CJTV5E7EL3MWRA437DUFPBVN2.pcm
SwiftExplicitDependencyGeneratePcm arm64 /Users/admin/builder/spi-builder-workspace/.derivedData/SDKExplicitPrecompiledModules/ptrcheck-DHLCBWKPNUZOYTPJ1J3QVTCXK.pcm
SwiftExplicitDependencyGeneratePcm arm64 /Users/admin/builder/spi-builder-workspace/.derivedData/SDKExplicitPrecompiledModules/SwiftShims-C4V0DQ62WSTCYBYGILXXGQNO3.pcm
SwiftExplicitDependencyGeneratePcm arm64 /Users/admin/builder/spi-builder-workspace/.derivedData/SDKExplicitPrecompiledModules/DeveloperToolsSupport-13SNQ6N57G3DOS3KQA7V91OE7.pcm
SwiftExplicitDependencyGeneratePcm arm64 /Users/admin/builder/spi-builder-workspace/.derivedData/SDKExplicitPrecompiledModules/_Builtin_stdbool-KYV2HKP8IKLKMKQS9DGA2GUQ.pcm
SwiftExplicitDependencyGeneratePcm arm64 /Users/admin/builder/spi-builder-workspace/.derivedData/SDKExplicitPrecompiledModules/_Builtin_stdarg-7CFWA9OSW5N24E7PG4ZOCF1VH.pcm
SwiftExplicitDependencyGeneratePcm arm64 /Users/admin/builder/spi-builder-workspace/.derivedData/SDKExplicitPrecompiledModules/_Builtin_stddef-3GI9GOKXSW3QCTFOI1USFLDZO.pcm
SwiftExplicitDependencyGeneratePcm arm64 /Users/admin/builder/spi-builder-workspace/.derivedData/SDKExplicitPrecompiledModules/_SwiftConcurrencyShims-BLUUWKI6AGMD7TJ4RGYS7DP6T.pcm
SwiftExplicitDependencyGeneratePcm arm64 /Users/admin/builder/spi-builder-workspace/.derivedData/SDKExplicitPrecompiledModules/ptrauth-2W92ZJRLNJU99RJUQGGJG3OC3.pcm
SwiftExplicitDependencyGeneratePcm arm64 /Users/admin/builder/spi-builder-workspace/.derivedData/SDKExplicitPrecompiledModules/_DarwinFoundation1-7PRJIG163YE9KSKYA3BS35ZZP.pcm
SwiftExplicitDependencyGeneratePcm arm64 /Users/admin/builder/spi-builder-workspace/.derivedData/SDKExplicitPrecompiledModules/_Builtin_limits-AXGUGXBFPC0I7QDLJFB0K341Y.pcm
SwiftExplicitDependencyGeneratePcm arm64 /Users/admin/builder/spi-builder-workspace/.derivedData/SDKExplicitPrecompiledModules/_DarwinFoundation2-94WUUGE4H5R03OWXE0QFZX1DN.pcm
SwiftExplicitDependencyGeneratePcm arm64 /Users/admin/builder/spi-builder-workspace/.derivedData/SDKExplicitPrecompiledModules/string_h-10WPXBF3YFYMX5HUAW06LSABR.pcm
SwiftExplicitDependencyGeneratePcm arm64 /Users/admin/builder/spi-builder-workspace/.derivedData/SDKExplicitPrecompiledModules/_Builtin_tgmath-52XE6HC8DWOG6S7B5QAI046D1.pcm
SwiftExplicitDependencyGeneratePcm arm64 /Users/admin/builder/spi-builder-workspace/.derivedData/SDKExplicitPrecompiledModules/_Builtin_stdint-22CBBOK8BNSF0UELDCAXSHGB.pcm
SwiftExplicitDependencyGeneratePcm arm64 /Users/admin/builder/spi-builder-workspace/.derivedData/SDKExplicitPrecompiledModules/sys_types-F4RNCN6UR5R5OWTLTOUM7TN3E.pcm
SwiftExplicitDependencyGeneratePcm arm64 /Users/admin/builder/spi-builder-workspace/.derivedData/SDKExplicitPrecompiledModules/libDER-5RCYOD0PCUUY2UGMBNE9LI8N9.pcm
SwiftExplicitDependencyGeneratePcm arm64 /Users/admin/builder/spi-builder-workspace/.derivedData/SDKExplicitPrecompiledModules/_DarwinFoundation3-32PO5Q4RCB6WXH5VFO3HA3AVS.pcm
SwiftExplicitDependencyGeneratePcm arm64 /Users/admin/builder/spi-builder-workspace/.derivedData/SDKExplicitPrecompiledModules/_Builtin_intrinsics-4O6R03GTH5FLWSHEUBP0Z3GZ2.pcm
SwiftExplicitDependencyGeneratePcm arm64 /Users/admin/builder/spi-builder-workspace/.derivedData/SDKExplicitPrecompiledModules/_Builtin_stdatomic-8LN7S35C6I48KJOCW7VPXX04X.pcm
SwiftExplicitDependencyGeneratePcm arm64 /Users/admin/builder/spi-builder-workspace/.derivedData/SDKExplicitPrecompiledModules/_Builtin_inttypes-1U6AP9A8AJ4G9WD98E9RHLGTJ.pcm
SwiftExplicitDependencyGeneratePcm arm64 /Users/admin/builder/spi-builder-workspace/.derivedData/SDKExplicitPrecompiledModules/Darwin-1RAAWNGKQM8YGHV0YJNNN5YDY.pcm
SwiftExplicitDependencyGeneratePcm arm64 /Users/admin/builder/spi-builder-workspace/.derivedData/SDKExplicitPrecompiledModules/simd-A9TKR8OE9APRJ1RNS7F0OBY4Q.pcm
SwiftExplicitDependencyGeneratePcm arm64 /Users/admin/builder/spi-builder-workspace/.derivedData/SDKExplicitPrecompiledModules/launch-2XAORMJNLLVS0OVKC1M0752GY.pcm
SwiftExplicitDependencyGeneratePcm arm64 /Users/admin/builder/spi-builder-workspace/.derivedData/SDKExplicitPrecompiledModules/MachO-AWTJ65TFR7TMST2NUE6ZCC1SL.pcm
SwiftExplicitDependencyGeneratePcm arm64 /Users/admin/builder/spi-builder-workspace/.derivedData/SDKExplicitPrecompiledModules/libkern-22MDXN9G35RPO3OLKX9B2PN16.pcm
SwiftExplicitDependencyGeneratePcm arm64 /Users/admin/builder/spi-builder-workspace/.derivedData/SDKExplicitPrecompiledModules/CUPS-45MNISAOHSEBD6VQA5G0MXN9H.pcm
SwiftExplicitDependencyGeneratePcm arm64 /Users/admin/builder/spi-builder-workspace/.derivedData/SDKExplicitPrecompiledModules/ObjectiveC-B89IQP2TC4CFSWOUMTUZRI1VZ.pcm
SwiftExplicitDependencyGeneratePcm arm64 /Users/admin/builder/spi-builder-workspace/.derivedData/SDKExplicitPrecompiledModules/Spatial-2JNOU2HNJ0Q174XCFCD0GCOUQ.pcm
SwiftExplicitDependencyGeneratePcm arm64 /Users/admin/builder/spi-builder-workspace/.derivedData/SDKExplicitPrecompiledModules/os_object-3KLCCI03OX6OQTLJ92KQH2KIO.pcm
SwiftExplicitDependencyGeneratePcm arm64 /Users/admin/builder/spi-builder-workspace/.derivedData/SDKExplicitPrecompiledModules/os_workgroup-10SJ5M8R2OB4BG1TPFL9SZMKV.pcm
SwiftExplicitDependencyGeneratePcm arm64 /Users/admin/builder/spi-builder-workspace/.derivedData/SDKExplicitPrecompiledModules/Dispatch-NAMWF9KN29KC7Z5OS3TTTAE8.pcm
SwiftExplicitDependencyGeneratePcm arm64 /Users/admin/builder/spi-builder-workspace/.derivedData/SDKExplicitPrecompiledModules/XPC-E1MSAZG4ZNL24S2WK6K6Y7GWW.pcm
SwiftExplicitDependencyGeneratePcm arm64 /Users/admin/builder/spi-builder-workspace/.derivedData/SDKExplicitPrecompiledModules/CoreFoundation-4ZIITQ30SOGUQE8KJAB99ZV0Q.pcm
SwiftExplicitDependencyGeneratePcm arm64 /Users/admin/builder/spi-builder-workspace/.derivedData/SDKExplicitPrecompiledModules/dnssd-5V92N9LLMCLZ0RRCJ1W0WH553.pcm
SwiftExplicitDependencyGeneratePcm arm64 /Users/admin/builder/spi-builder-workspace/.derivedData/SDKExplicitPrecompiledModules/os-BYOEVK2GEMB4Q8WWHGZGREA00.pcm
SwiftExplicitDependencyGeneratePcm arm64 /Users/admin/builder/spi-builder-workspace/.derivedData/SDKExplicitPrecompiledModules/ColorSync-BBCIZDDQ6O3QECFAWJQ6RU4ZJ.pcm
SwiftExplicitDependencyGeneratePcm arm64 /Users/admin/builder/spi-builder-workspace/.derivedData/SDKExplicitPrecompiledModules/IOKit-6H3X691EDBH124EYTC2PEOP5T.pcm
SwiftExplicitDependencyGeneratePcm arm64 /Users/admin/builder/spi-builder-workspace/.derivedData/SDKExplicitPrecompiledModules/Security-ESPJ7FP0YAY1EL3VXBGY9MCZ8.pcm
SwiftExplicitDependencyGeneratePcm arm64 /Users/admin/builder/spi-builder-workspace/.derivedData/SDKExplicitPrecompiledModules/CFNetwork-CVHS5CT20191MFYXQIEDWSRGJ.pcm
SwiftExplicitDependencyGeneratePcm arm64 /Users/admin/builder/spi-builder-workspace/.derivedData/SDKExplicitPrecompiledModules/DiskArbitration-ZNZZU7T0SYELB0DAR56WQF0R.pcm
SwiftExplicitDependencyGeneratePcm arm64 /Users/admin/builder/spi-builder-workspace/.derivedData/SDKExplicitPrecompiledModules/CoreGraphics-5TRMNDB7ZP6FFMRNSZCWEOZMD.pcm
SwiftExplicitDependencyGeneratePcm arm64 /Users/admin/builder/spi-builder-workspace/.derivedData/SDKExplicitPrecompiledModules/CoreServices-CGCGY0FOMEQGSNMO3HQSC09XU.pcm
SwiftExplicitDependencyGeneratePcm arm64 /Users/admin/builder/spi-builder-workspace/.derivedData/SDKExplicitPrecompiledModules/ImageIO-88YNP2EU498GB5YXIFJ9ANNYW.pcm
SwiftExplicitDependencyGeneratePcm arm64 /Users/admin/builder/spi-builder-workspace/.derivedData/SDKExplicitPrecompiledModules/CoreText-C1WSF2HWGIKVJ2XHWBKXQBSEY.pcm
SwiftExplicitDependencyGeneratePcm arm64 /Users/admin/builder/spi-builder-workspace/.derivedData/SDKExplicitPrecompiledModules/Foundation-44WR0NU86C67CV5BW8W1MGKNG.pcm
SwiftExplicitDependencyGeneratePcm arm64 /Users/admin/builder/spi-builder-workspace/.derivedData/SDKExplicitPrecompiledModules/IOSurface-1TUG4NQVIPJF59WSUNATZ447F.pcm
SwiftExplicitDependencyGeneratePcm arm64 /Users/admin/builder/spi-builder-workspace/.derivedData/SDKExplicitPrecompiledModules/OSLog-1GSRGGGEESVJH9OULZA91RAA3.pcm
SwiftExplicitDependencyGeneratePcm arm64 /Users/admin/builder/spi-builder-workspace/.derivedData/SDKExplicitPrecompiledModules/LocalAuthentication-8T1JVW9JOJ0KH24ATQIF5OCZU.pcm
SwiftExplicitDependencyGeneratePcm arm64 /Users/admin/builder/spi-builder-workspace/.derivedData/SDKExplicitPrecompiledModules/CoreTransferable-2HJ1Z8HJBPECRD89AVJ0X7S63.pcm
SwiftExplicitDependencyGeneratePcm arm64 /Users/admin/builder/spi-builder-workspace/.derivedData/SDKExplicitPrecompiledModules/DataDetection-5GDUUWT6YIA10PE5D9A8SXWZ9.pcm
SwiftExplicitDependencyGeneratePcm arm64 /Users/admin/builder/spi-builder-workspace/.derivedData/SDKExplicitPrecompiledModules/Symbols-2NFSQR6R0R96WH1KKGBXW1J.pcm
SwiftExplicitDependencyGeneratePcm arm64 /Users/admin/builder/spi-builder-workspace/.derivedData/SDKExplicitPrecompiledModules/CoreData-4EPJ39F9L3QQ9486B5AMG5G6J.pcm
SwiftExplicitDependencyGeneratePcm arm64 /Users/admin/builder/spi-builder-workspace/.derivedData/SDKExplicitPrecompiledModules/JavaScriptCore-E3CCS97D24U12V9SQB1H9K5YE.pcm
SwiftExplicitDependencyGeneratePcm arm64 /Users/admin/builder/spi-builder-workspace/.derivedData/SDKExplicitPrecompiledModules/UniformTypeIdentifiers-5LG8RE3Q01MBLZVRR3FFHHL5H.pcm
SwiftExplicitDependencyGeneratePcm arm64 /Users/admin/builder/spi-builder-workspace/.derivedData/SDKExplicitPrecompiledModules/Accessibility-6F38G4T85MOHD9AA2EH4U2PJS.pcm
SwiftExplicitDependencyGeneratePcm arm64 /Users/admin/builder/spi-builder-workspace/.derivedData/SDKExplicitPrecompiledModules/Network-DNJ6CH9B8OJ51G462QPX58B5X.pcm
SwiftExplicitDependencyGeneratePcm arm64 /Users/admin/builder/spi-builder-workspace/.derivedData/SDKExplicitPrecompiledModules/ApplicationServices-ALXSS633FQY42UMJSLR6MNLSK.pcm
SwiftExplicitDependencyGeneratePcm arm64 /Users/admin/builder/spi-builder-workspace/.derivedData/SDKExplicitPrecompiledModules/Metal-KM8CI04R5X5OUWMGRMNZE4KP.pcm
SwiftExplicitDependencyGeneratePcm arm64 /Users/admin/builder/spi-builder-workspace/.derivedData/SDKExplicitPrecompiledModules/OpenGL-FXV81CD8YS42YTVJKJH1VLGA.pcm
SwiftExplicitDependencyGeneratePcm arm64 /Users/admin/builder/spi-builder-workspace/.derivedData/SDKExplicitPrecompiledModules/CoreVideo-11TKSDKW0L2K02H4B9ZHWLM3B.pcm
SwiftExplicitDependencyGeneratePcm arm64 /Users/admin/builder/spi-builder-workspace/.derivedData/SDKExplicitPrecompiledModules/CoreImage-AKYY8VSFWQ6KIIXG3EQJ7PW5T.pcm
SwiftExplicitDependencyGeneratePcm arm64 /Users/admin/builder/spi-builder-workspace/.derivedData/SDKExplicitPrecompiledModules/QuartzCore-AP21NXF3BYPWOG416U3DI6QME.pcm
SwiftExplicitDependencyGeneratePcm arm64 /Users/admin/builder/spi-builder-workspace/.derivedData/SDKExplicitPrecompiledModules/SwiftUICore-ESLJM4CVIQEQNCRTK6KPAF1I7.pcm
SwiftExplicitDependencyGeneratePcm arm64 /Users/admin/builder/spi-builder-workspace/.derivedData/SDKExplicitPrecompiledModules/AppKit-C2WRQ26QXORUMMNQB0M8H4QYD.pcm
SwiftExplicitDependencyGeneratePcm arm64 /Users/admin/builder/spi-builder-workspace/.derivedData/SDKExplicitPrecompiledModules/WebKit-BULFI2S46IKD55LJG2JRB0DL8.pcm
SwiftExplicitDependencyGeneratePcm arm64 /Users/admin/builder/spi-builder-workspace/.derivedData/SDKExplicitPrecompiledModules/AuthenticationServices-BZ4TSD5DOKJA608SGFQL3LAGZ.pcm
SwiftEmitModule normal arm64 Emitting\ module\ for\ WWSignInWith3rd_Apple (in target 'WWSignInWith3rd_Apple' from project 'WWSignInWith3rd_Apple')
SwiftCompile normal arm64 (in target 'WWSignInWith3rd_Apple' from project 'WWSignInWith3rd_Apple')
cd /Users/admin/builder/spi-builder-workspace/.swiftpm/xcode
/Users/admin/builder/spi-builder-workspace/Sources/WWSignInWith3rd_Apple/Utility/Extension.swift:64:18: error: cannot find type 'UIWindow' in scope
62 |
63 | // MARK: - UIWindow (function)
64 | public extension UIWindow {
| `- error: cannot find type 'UIWindow' in scope
65 |
66 | /// [取得作用中的KeyWindow](https://stackoverflow.com/questions/57134259/how-to-resolve-keywindow-was-deprecated-in-ios-13-0)
/Users/admin/builder/spi-builder-workspace/Sources/WWSignInWith3rd_Apple/Utility/Extension.swift:90:187: error: cannot find type 'UIScrollView' in scope
88 | /// - contentInsetAdjustmentBehavior: scrollView是否為全畫面 => 滿版(導覽列)
89 | /// - Returns: WKWebView
90 | static func _build(delegate: (WKNavigationDelegate & WKUIDelegate)?, frame: CGRect, configuration: WKWebViewConfiguration = WKWebViewConfiguration(), contentInsetAdjustmentBehavior: UIScrollView.ContentInsetAdjustmentBehavior = .never) -> WKWebView {
| `- error: cannot find type 'UIScrollView' in scope
91 |
92 | let webView = WKWebView(frame: frame, configuration: configuration)
Failed frontend command:
/Applications/Xcode-27.0.0-Release.Candidate.app/Contents/Developer/Toolchains/XcodeDefault.xctoolchain/usr/bin/swift-frontend -frontend -emit-module -experimental-skip-non-inlinable-function-bodies-without-types /Users/admin/builder/spi-builder-workspace/.derivedData/Build/Intermediates.noindex/WWSignInWith3rd_Apple.build/Debug/WWSignInWith3rd_Apple-t.build/DerivedSources/resource_bundle_accessor.swift /Users/admin/builder/spi-builder-workspace/Sources/WWSignInWith3rd_Apple/Utility/Constant.swift /Users/admin/builder/spi-builder-workspace/Sources/WWSignInWith3rd_Apple/Utility/Extension+Apple.swift /Users/admin/builder/spi-builder-workspace/Sources/WWSignInWith3rd_Apple/Utility/Extension.swift /Users/admin/builder/spi-builder-workspace/Sources/WWSignInWith3rd_Apple/WWSignInWith3rd.swift /Users/admin/builder/spi-builder-workspace/Sources/WWSignInWith3rd_Apple/WWSignInWith3rd_Apple.swift -target arm64-apple-macos12.0 -disable-cross-import-overlay-search -swift-module-cross-import AuthenticationServices /Applications/Xcode-27.0.0-Release.Candidate.app/Contents/Developer/Platforms/MacOSX.platform/Developer/SDKs/MacOSX.sdk/System/Cryptexes/OS/System/Library/Frameworks/AuthenticationServices.framework/Modules/AuthenticationServices.swiftcrossimport/SwiftUI.swiftoverlay -swift-module-cross-import AuthenticationServices /Applications/Xcode-27.0.0-Release.Candidate.app/Contents/Developer/Platforms/MacOSX.platform/Developer/SDKs/MacOSX27.0.sdk/System/Library/Frameworks/AuthenticationServices.framework/Modules/AuthenticationServices.swiftcrossimport/SwiftUI.swiftoverlay -swift-module-cross-import WebKit /Applications/Xcode-27.0.0-Release.Candidate.app/Contents/Developer/Platforms/MacOSX.platform/Developer/SDKs/MacOSX.sdk/System/Cryptexes/OS/System/Library/Frameworks/WebKit.framework/Modules/WebKit.swiftcrossimport/SwiftUI.swiftoverlay -swift-module-cross-import WebKit /Applications/Xcode-27.0.0-Release.Candidate.app/Contents/Developer/Platforms/MacOSX.platform/Developer/SDKs/MacOSX27.0.sdk/System/Library/Frameworks/WebKit.framework/Modules/WebKit.swiftcrossimport/SwiftUI.swiftoverlay -load-resolved-plugin /Applications/Xcode-27.0.0-Release.Candidate.app/Contents/Developer/Platforms/MacOSX.platform/Developer/usr/lib/swift/host/plugins/libFoundationMacros.dylib\#/Applications/Xcode-27.0.0-Release.Candidate.app/Contents/Developer/Platforms/MacOSX.platform/Developer/usr/bin/swift-plugin-server\#FoundationMacros -load-resolved-plugin /Applications/Xcode-27.0.0-Release.Candidate.app/Contents/Developer/Platforms/MacOSX.platform/Developer/usr/lib/swift/host/plugins/libObservationMacros.dylib\#/Applications/Xcode-27.0.0-Release.Candidate.app/Contents/Developer/Platforms/MacOSX.platform/Developer/usr/bin/swift-plugin-server\#ObservationMacros -load-resolved-plugin /Applications/Xcode-27.0.0-Release.Candidate.app/Contents/Developer/Platforms/MacOSX.platform/Developer/usr/lib/swift/host/plugins/libPreviewsMacros.dylib\#/Applications/Xcode-27.0.0-Release.Candidate.app/Contents/Developer/Platforms/MacOSX.platform/Developer/usr/bin/swift-plugin-server\#PreviewsMacros -load-resolved-plugin /Applications/Xcode-27.0.0-Release.Candidate.app/Contents/Developer/Platforms/MacOSX.platform/Developer/usr/lib/swift/host/plugins/libSwiftMacros.dylib\#/Applications/Xcode-27.0.0-Release.Candidate.app/Contents/Developer/Platforms/MacOSX.platform/Developer/usr/bin/swift-plugin-server\#SwiftMacros -load-resolved-plugin /Applications/Xcode-27.0.0-Release.Candidate.app/Contents/Developer/Platforms/MacOSX.platform/Developer/usr/lib/swift/host/plugins/libSwiftUIMacros.dylib\#/Applications/Xcode-27.0.0-Release.Candidate.app/Contents/Developer/Platforms/MacOSX.platform/Developer/usr/bin/swift-plugin-server\#SwiftUIMacros -disable-implicit-swift-modules -Xcc -fno-implicit-modules -Xcc -fno-implicit-module-maps -explicit-swift-module-map-file /Users/admin/builder/spi-builder-workspace/.derivedData/Build/Intermediates.noindex/WWSignInWith3rd_Apple.build/Debug/WWSignInWith3rd_Apple-t.build/Objects-normal/arm64/WWSignInWith3rd_Apple-dependencies-1.json -Xllvm -aarch64-use-tbi -enable-objc-interop -stack-check -sdk /Applications/Xcode-27.0.0-Release.Candidate.app/Contents/Developer/Platforms/MacOSX.platform/Developer/SDKs/MacOSX27.0.sdk -I /Users/admin/builder/spi-builder-workspace/.derivedData/Build/Products/Debug -Isystem /Applications/Xcode-27.0.0-Release.Candidate.app/Contents/Developer/Platforms/MacOSX.platform/Developer/usr/lib -F /Users/admin/builder/spi-builder-workspace/.derivedData/Build/Products/Debug -F /Applications/Xcode-27.0.0-Release.Candidate.app/Contents/Developer/Platforms/MacOSX.platform/Developer/Library/Frameworks -module-cache-path /Users/admin/builder/spi-builder-workspace/.derivedData/Build/Intermediates.noindex/SwiftExplicitPrecompiledModules -no-color-diagnostics -Xcc -fno-color-diagnostics -enable-testing -g -debug-info-format\=dwarf -dwarf-version\=4 -swift-version 5 -Onone -D SWIFT_PACKAGE -D DEBUG -D SWIFT_MODULE_RESOURCE_BUNDLE_AVAILABLE -D Xcode -serialize-debugging-options -enable-experimental-feature DebugDescriptionMacro -empty-abi-descriptor -validate-clang-modules-once -clang-build-session-file /Users/admin/builder/spi-builder-workspace/.derivedData/ModuleCache.noindex/Session.modulevalidation -Xcc -working-directory -Xcc /Users/admin/builder/spi-builder-workspace/.swiftpm/xcode -enable-anonymous-context-mangled-names -file-compilation-dir /Users/admin/builder/spi-builder-workspace/.swiftpm/xcode -Xcc -D_LIBCPP_HARDENING_MODE\=_LIBCPP_HARDENING_MODE_DEBUG -Xcc -ivfsstatcache -Xcc /Users/admin/builder/spi-builder-workspace/.derivedData/SDKStatCaches.noindex/macosx27.0-26A425-e829b21a6f8c9b70876ba0858053c0446a22442a12e9d48fe1a705f55a1adfc4.sdkstatcache -Xcc -fmodules-prune-interval\=86400 -Xcc -fmodules-prune-after\=345600 -Xcc -I/Users/admin/builder/spi-builder-workspace/.derivedData/Build/Products/Debug/include -Xcc -I/Users/admin/builder/spi-builder-workspace/.derivedData/Build/Intermediates.noindex/WWSignInWith3rd_Apple.build/Debug/WWSignInWith3rd_Apple-t.build/DerivedSources-normal/arm64 -Xcc -I/Users/admin/builder/spi-builder-workspace/.derivedData/Build/Intermediates.noindex/WWSignInWith3rd_Apple.build/Debug/WWSignInWith3rd_Apple-t.build/DerivedSources/arm64 -Xcc -I/Users/admin/builder/spi-builder-workspace/.derivedData/Build/Intermediates.noindex/WWSignInWith3rd_Apple.build/Debug/WWSignInWith3rd_Apple-t.build/DerivedSources -Xcc -DSWIFT_PACKAGE -Xcc -DDEBUG\=1 -no-auto-bridging-header-chaining -module-name WWSignInWith3rd_Apple -const-gather-protocols-file /Users/admin/builder/spi-builder-workspace/.derivedData/Build/Intermediates.noindex/WWSignInWith3rd_Apple.build/Debug/WWSignInWith3rd_Apple-t.build/Objects-normal/arm64/WWSignInWith3rd_Apple_const_extract_protocols.json -disable-clang-spi -clang-target arm64-apple-macos27.0 -target-sdk-version 27.0 -target-sdk-name macosx27.0 -in-process-plugin-server-path /Applications/Xcode-27.0.0-Release.Candidate.app/Contents/Developer/Toolchains/XcodeDefault.xctoolchain/usr/lib/swift/host/libSwiftInProcPluginServer.dylib -emit-module-doc-path /Users/admin/builder/spi-builder-workspace/.derivedData/Build/Intermediates.noindex/WWSignInWith3rd_Apple.build/Debug/WWSignInWith3rd_Apple-t.build/Objects-normal/arm64/WWSignInWith3rd_Apple.swiftdoc -emit-module-source-info-path /Users/admin/builder/spi-builder-workspace/.derivedData/Build/Intermediates.noindex/WWSignInWith3rd_Apple.build/Debug/WWSignInWith3rd_Apple-t.build/Objects-normal/arm64/WWSignInWith3rd_Apple.swiftsourceinfo -emit-objc-header-path /Users/admin/builder/spi-builder-workspace/.derivedData/Build/Intermediates.noindex/WWSignInWith3rd_Apple.build/Debug/WWSignInWith3rd_Apple-t.build/Objects-normal/arm64/WWSignInWith3rd_Apple-Swift.h -serialize-diagnostics-path /Users/admin/builder/spi-builder-workspace/.derivedData/Build/Intermediates.noindex/WWSignInWith3rd_Apple.build/Debug/WWSignInWith3rd_Apple-t.build/Objects-normal/arm64/WWSignInWith3rd_Apple-primary-emit-module.dia -emit-dependencies-path /Users/admin/builder/spi-builder-workspace/.derivedData/Build/Intermediates.noindex/WWSignInWith3rd_Apple.build/Debug/WWSignInWith3rd_Apple-t.build/Objects-normal/arm64/WWSignInWith3rd_Apple-primary-emit-module.d -parse-as-library -o /Users/admin/builder/spi-builder-workspace/.derivedData/Build/Intermediates.noindex/WWSignInWith3rd_Apple.build/Debug/WWSignInWith3rd_Apple-t.build/Objects-normal/arm64/WWSignInWith3rd_Apple.swiftmodule -emit-abi-descriptor-path /Users/admin/builder/spi-builder-workspace/.derivedData/Build/Intermediates.noindex/WWSignInWith3rd_Apple.build/Debug/WWSignInWith3rd_Apple-t.build/Objects-normal/arm64/WWSignInWith3rd_Apple.abi.json
SwiftCompile normal arm64 Compiling\ Extension+Apple.swift /Users/admin/builder/spi-builder-workspace/Sources/WWSignInWith3rd_Apple/Utility/Extension+Apple.swift (in target 'WWSignInWith3rd_Apple' from project 'WWSignInWith3rd_Apple')
SwiftCompile normal arm64 /Users/admin/builder/spi-builder-workspace/Sources/WWSignInWith3rd_Apple/Utility/Extension+Apple.swift (in target 'WWSignInWith3rd_Apple' from project 'WWSignInWith3rd_Apple')
cd /Users/admin/builder/spi-builder-workspace/.swiftpm/xcode
builtin-SwiftPerFileCompile Extension+Apple.swift
SwiftCompile normal arm64 Compiling\ WWSignInWith3rd_Apple.swift /Users/admin/builder/spi-builder-workspace/Sources/WWSignInWith3rd_Apple/WWSignInWith3rd_Apple.swift (in target 'WWSignInWith3rd_Apple' from project 'WWSignInWith3rd_Apple')
/Users/admin/builder/spi-builder-workspace/Sources/WWSignInWith3rd_Apple/WWSignInWith3rd_Apple.swift:30:112: error: cannot find 'UIWindow' in scope
28 | public func authorizationController(controller: ASAuthorizationController, didCompleteWithAuthorization authorization: ASAuthorization) { loginInformation(with: controller, authorization: authorization) }
29 | public func authorizationController(controller: ASAuthorizationController, didCompleteWithError error: Error) { completionBlock?(.failure(error)) }
30 | public func presentationAnchor(for controller: ASAuthorizationController) -> ASPresentationAnchor { return UIWindow._keyWindow() ?? UIWindow() }
| `- error: cannot find 'UIWindow' in scope
31 | }
32 |
SwiftCompile normal arm64 /Users/admin/builder/spi-builder-workspace/Sources/WWSignInWith3rd_Apple/WWSignInWith3rd_Apple.swift (in target 'WWSignInWith3rd_Apple' from project 'WWSignInWith3rd_Apple')
cd /Users/admin/builder/spi-builder-workspace/.swiftpm/xcode
builtin-SwiftPerFileCompile WWSignInWith3rd_Apple.swift
SwiftCompile normal arm64 Compiling\ Extension.swift /Users/admin/builder/spi-builder-workspace/Sources/WWSignInWith3rd_Apple/Utility/Extension.swift (in target 'WWSignInWith3rd_Apple' from project 'WWSignInWith3rd_Apple')
SwiftCompile normal arm64 /Users/admin/builder/spi-builder-workspace/Sources/WWSignInWith3rd_Apple/Utility/Extension.swift (in target 'WWSignInWith3rd_Apple' from project 'WWSignInWith3rd_Apple')
cd /Users/admin/builder/spi-builder-workspace/.swiftpm/xcode
builtin-SwiftPerFileCompile Extension.swift
/Users/admin/builder/spi-builder-workspace/Sources/WWSignInWith3rd_Apple/Utility/Extension.swift:64:18: error: cannot find type 'UIWindow' in scope
62 |
63 | // MARK: - UIWindow (function)
64 | public extension UIWindow {
| `- error: cannot find type 'UIWindow' in scope
65 |
66 | /// [取得作用中的KeyWindow](https://stackoverflow.com/questions/57134259/how-to-resolve-keywindow-was-deprecated-in-ios-13-0)
SwiftCompile normal arm64 Compiling\ WWSignInWith3rd.swift /Users/admin/builder/spi-builder-workspace/Sources/WWSignInWith3rd_Apple/WWSignInWith3rd.swift (in target 'WWSignInWith3rd_Apple' from project 'WWSignInWith3rd_Apple')
SwiftCompile normal arm64 /Users/admin/builder/spi-builder-workspace/Sources/WWSignInWith3rd_Apple/WWSignInWith3rd.swift (in target 'WWSignInWith3rd_Apple' from project 'WWSignInWith3rd_Apple')
cd /Users/admin/builder/spi-builder-workspace/.swiftpm/xcode
builtin-SwiftPerFileCompile WWSignInWith3rd.swift
SwiftCompile normal arm64 Compiling\ resource_bundle_accessor.swift /Users/admin/builder/spi-builder-workspace/.derivedData/Build/Intermediates.noindex/WWSignInWith3rd_Apple.build/Debug/WWSignInWith3rd_Apple-t.build/DerivedSources/resource_bundle_accessor.swift (in target 'WWSignInWith3rd_Apple' from project 'WWSignInWith3rd_Apple')
SwiftCompile normal arm64 /Users/admin/builder/spi-builder-workspace/.derivedData/Build/Intermediates.noindex/WWSignInWith3rd_Apple.build/Debug/WWSignInWith3rd_Apple-t.build/DerivedSources/resource_bundle_accessor.swift (in target 'WWSignInWith3rd_Apple' from project 'WWSignInWith3rd_Apple')
cd /Users/admin/builder/spi-builder-workspace/.swiftpm/xcode
builtin-SwiftPerFileCompile resource_bundle_accessor.swift
SwiftCompile normal arm64 Compiling\ Constant.swift /Users/admin/builder/spi-builder-workspace/Sources/WWSignInWith3rd_Apple/Utility/Constant.swift (in target 'WWSignInWith3rd_Apple' from project 'WWSignInWith3rd_Apple')
SwiftCompile normal arm64 /Users/admin/builder/spi-builder-workspace/Sources/WWSignInWith3rd_Apple/Utility/Constant.swift (in target 'WWSignInWith3rd_Apple' from project 'WWSignInWith3rd_Apple')
cd /Users/admin/builder/spi-builder-workspace/.swiftpm/xcode
builtin-SwiftPerFileCompile Constant.swift
PruneExplicitPrecompiledModules /Users/admin/builder/spi-builder-workspace/.derivedData/Build/Intermediates.noindex/ExplicitPrecompiledModules
PruneExplicitPrecompiledModules /Users/admin/builder/spi-builder-workspace/.derivedData/SDKExplicitPrecompiledModules
PruneExplicitPrecompiledModules /Users/admin/builder/spi-builder-workspace/.derivedData/Build/Intermediates.noindex/SwiftExplicitPrecompiledModules
2026-09-21 23:44:34.927 xcodebuild[656:4263] [MT] IDERunDestination: Supported platforms for the buildables in the current scheme is empty.
--- xcodebuild: WARNING: Using the first of multiple matching destinations:
{ platform:macOS, arch:arm64, id:ec5c75d657a690e57ee82e15c1f18b912ad58413, name:My Mac }
{ platform:macOS, arch:arm64, variant:Mac Catalyst, id:ec5c75d657a690e57ee82e15c1f18b912ad58413, name:My Mac }
{ platform:macOS, arch:arm64, variant:DriverKit, id:ec5c75d657a690e57ee82e15c1f18b912ad58413, name:My Mac }
{ platform:macOS, arch:arm64, variant:Designed for [iPad,iPhone], id:ec5c75d657a690e57ee82e15c1f18b912ad58413, name:My Mac }
** BUILD FAILED **
The following build commands failed:
SwiftCompile normal arm64 (in target 'WWSignInWith3rd_Apple' from project 'WWSignInWith3rd_Apple')
SwiftEmitModule normal arm64 Emitting\ module\ for\ WWSignInWith3rd_Apple (in target 'WWSignInWith3rd_Apple' from project 'WWSignInWith3rd_Apple')
Building workspace WWSignInWith3rd_Apple with scheme WWSignInWith3rd_Apple
(3 failures)
Command line invocation:
/Applications/Xcode-27.0.0-Release.Candidate.app/Contents/Developer/usr/bin/xcodebuild -IDEClonedSourcePackagesDirPathOverride=/Users/admin/builder/spi-builder-workspace/.dependencies -resolvePackageDependencies
Resolve Package Graph
Resolved source packages:
WWSignInWith3rd_Apple: /Users/admin/builder/spi-builder-workspace
resolved source packages: WWSignInWith3rd_Apple
2026-09-21 23:44:43.857 xcodebuild[747:4647] [MT] IDERunDestination: Supported platforms for the buildables in the current scheme is empty.
{
"dependencies" : [
],
"manifest_display_name" : "WWSignInWith3rd_Apple",
"name" : "WWSignInWith3rd_Apple",
"path" : "/Users/admin/builder/spi-builder-workspace",
"platforms" : [
{
"name" : "ios",
"version" : "15.0"
}
],
"products" : [
{
"name" : "WWSignInWith3rd_Apple",
"targets" : [
"WWSignInWith3rd_Apple"
],
"type" : {
"library" : [
"automatic"
]
}
}
],
"swift_languages_versions" : [
"5"
],
"targets" : [
{
"c99name" : "WWSignInWith3rd_Apple",
"module_type" : "SwiftTarget",
"name" : "WWSignInWith3rd_Apple",
"path" : "Sources/WWSignInWith3rd_Apple",
"product_memberships" : [
"WWSignInWith3rd_Apple"
],
"resources" : [
{
"path" : "/Users/admin/builder/spi-builder-workspace/Sources/WWSignInWith3rd_Apple/Privacy",
"rule" : {
"copy" : {
}
}
}
],
"sources" : [
"Utility/Constant.swift",
"Utility/Extension+Apple.swift",
"Utility/Extension.swift",
"WWSignInWith3rd.swift",
"WWSignInWith3rd_Apple.swift"
],
"type" : "library"
}
],
"tools_version" : "5.7"
}
{
"workspace" : {
"name" : "WWSignInWith3rd_Apple",
"schemes" : [
"WWSignInWith3rd_Apple"
]
}
}
2026-09-21 23:44:45.100 xcodebuild[755:4717] [MT] IDERunDestination: Supported platforms for the buildables in the current scheme is empty.
Running build ...
env DEVELOPER_DIR=/Applications/Xcode-27.0.0-Release.Candidate.app xcrun xcodebuild -IDEClonedSourcePackagesDirPathOverride=$PWD/.dependencies -skipMacroValidation -skipPackagePluginValidation -derivedDataPath $PWD/.derivedData build -scheme WWSignInWith3rd_Apple -destination platform=macOS,arch=arm64
Command line invocation:
/Applications/Xcode-27.0.0-Release.Candidate.app/Contents/Developer/usr/bin/xcodebuild -IDEClonedSourcePackagesDirPathOverride=/Users/admin/builder/spi-builder-workspace/.dependencies -skipMacroValidation -skipPackagePluginValidation -derivedDataPath /Users/admin/builder/spi-builder-workspace/.derivedData build -scheme WWSignInWith3rd_Apple -destination platform=macOS,arch=arm64
Resolve Package Graph
Resolved source packages:
WWSignInWith3rd_Apple: /Users/admin/builder/spi-builder-workspace
ComputePackagePrebuildTargetDependencyGraph
Prepare packages
CreateBuildRequest
SendProjectDescription
CreateBuildOperation
ComputeTargetDependencyGraph
note: Building targets in dependency order
note: Target dependency graph (3 targets)
Target 'WWSignInWith3rd_Apple-product' in project 'WWSignInWith3rd_Apple'
➜ Explicit dependency on target 'WWSignInWith3rd_Apple' in project 'WWSignInWith3rd_Apple'
➜ Explicit dependency on target 'WWSignInWith3rd_Apple_WWSignInWith3rd_Apple' in project 'WWSignInWith3rd_Apple'
Target 'WWSignInWith3rd_Apple' in project 'WWSignInWith3rd_Apple'
➜ Explicit dependency on target 'WWSignInWith3rd_Apple_WWSignInWith3rd_Apple' in project 'WWSignInWith3rd_Apple'
Target 'WWSignInWith3rd_Apple_WWSignInWith3rd_Apple' in project 'WWSignInWith3rd_Apple' (no dependencies)
GatherProvisioningInputs
CreateBuildDescription
ClangStatCache /Applications/Xcode-27.0.0-Release.Candidate.app/Contents/Developer/Toolchains/XcodeDefault.xctoolchain/usr/bin/clang-stat-cache /Applications/Xcode-27.0.0-Release.Candidate.app/Contents/Developer/Platforms/MacOSX.platform/Developer/SDKs/MacOSX27.0.sdk /Users/admin/builder/spi-builder-workspace/.derivedData/SDKStatCaches.noindex/macosx27.0-26A425-e829b21a6f8c9b70876ba0858053c0446a22442a12e9d48fe1a705f55a1adfc4.sdkstatcache
cd /Users/admin/builder/spi-builder-workspace/.swiftpm/xcode
/Applications/Xcode-27.0.0-Release.Candidate.app/Contents/Developer/Toolchains/XcodeDefault.xctoolchain/usr/bin/clang-stat-cache /Applications/Xcode-27.0.0-Release.Candidate.app/Contents/Developer/Platforms/MacOSX.platform/Developer/SDKs/MacOSX27.0.sdk -o /Users/admin/builder/spi-builder-workspace/.derivedData/SDKStatCaches.noindex/macosx27.0-26A425-e829b21a6f8c9b70876ba0858053c0446a22442a12e9d48fe1a705f55a1adfc4.sdkstatcache
SwiftDriver WWSignInWith3rd_Apple normal arm64 com.apple.xcode.tools.swift.compiler (in target 'WWSignInWith3rd_Apple' from project 'WWSignInWith3rd_Apple')
cd /Users/admin/builder/spi-builder-workspace/.swiftpm/xcode
builtin-SwiftDriver -- /Applications/Xcode-27.0.0-Release.Candidate.app/Contents/Developer/Toolchains/XcodeDefault.xctoolchain/usr/bin/swiftc -parse-as-library -module-name WWSignInWith3rd_Apple -Onone @/Users/admin/builder/spi-builder-workspace/.derivedData/Build/Intermediates.noindex/WWSignInWith3rd_Apple.build/Debug/WWSignInWith3rd_Apple-t.build/Objects-normal/arm64/WWSignInWith3rd_Apple.SwiftFileList -DSWIFT_PACKAGE -DDEBUG -DSWIFT_MODULE_RESOURCE_BUNDLE_AVAILABLE -DXcode -plugin-path /Applications/Xcode-27.0.0-Release.Candidate.app/Contents/Developer/Toolchains/XcodeDefault.xctoolchain/usr/lib/swift/host/plugins/testing -enable-experimental-feature DebugDescriptionMacro -sdk /Applications/Xcode-27.0.0-Release.Candidate.app/Contents/Developer/Platforms/MacOSX.platform/Developer/SDKs/MacOSX27.0.sdk -target arm64-apple-macos12.0 -g -module-cache-path /Users/admin/builder/spi-builder-workspace/.derivedData/ModuleCache.noindex -Xfrontend -serialize-debugging-options -enable-testing -index-store-path /Users/admin/builder/spi-builder-workspace/.derivedData/Index.noindex/DataStore -Xcc -D_LIBCPP_HARDENING_MODE\=_LIBCPP_HARDENING_MODE_DEBUG -swift-version 5 -I /Users/admin/builder/spi-builder-workspace/.derivedData/Build/Products/Debug -Isystem /Applications/Xcode-27.0.0-Release.Candidate.app/Contents/Developer/Platforms/MacOSX.platform/Developer/usr/lib -F /Users/admin/builder/spi-builder-workspace/.derivedData/Build/Products/Debug -F /Applications/Xcode-27.0.0-Release.Candidate.app/Contents/Developer/Platforms/MacOSX.platform/Developer/Library/Frameworks -c -j10 -enable-batch-mode -incremental -Xcc -ivfsstatcache -Xcc /Users/admin/builder/spi-builder-workspace/.derivedData/SDKStatCaches.noindex/macosx27.0-26A425-e829b21a6f8c9b70876ba0858053c0446a22442a12e9d48fe1a705f55a1adfc4.sdkstatcache -output-file-map /Users/admin/builder/spi-builder-workspace/.derivedData/Build/Intermediates.noindex/WWSignInWith3rd_Apple.build/Debug/WWSignInWith3rd_Apple-t.build/Objects-normal/arm64/WWSignInWith3rd_Apple-OutputFileMap.json -save-temps -no-color-diagnostics -explicit-module-build -module-cache-path /Users/admin/builder/spi-builder-workspace/.derivedData/Build/Intermediates.noindex/SwiftExplicitPrecompiledModules -clang-scanner-module-cache-path /Users/admin/builder/spi-builder-workspace/.derivedData/ModuleCache.noindex -sdk-module-cache-path /Users/admin/builder/spi-builder-workspace/.derivedData/SDKExplicitPrecompiledModules -emit-dependencies -emit-module -emit-module-path /Users/admin/builder/spi-builder-workspace/.derivedData/Build/Intermediates.noindex/WWSignInWith3rd_Apple.build/Debug/WWSignInWith3rd_Apple-t.build/Objects-normal/arm64/WWSignInWith3rd_Apple.swiftmodule -serialize-diagnostics -dependency-scan-serialize-diagnostics-path /Users/admin/builder/spi-builder-workspace/.derivedData/Build/Intermediates.noindex/WWSignInWith3rd_Apple.build/Debug/WWSignInWith3rd_Apple-t.build/Objects-normal/arm64/WWSignInWith3rd_Apple-dependency-scan.dia -validate-clang-modules-once -clang-build-session-file /Users/admin/builder/spi-builder-workspace/.derivedData/ModuleCache.noindex/Session.modulevalidation -Xcc -fmodules-prune-interval\=86400 -Xcc -fmodules-prune-after\=345600 -emit-const-values -const-gather-protocols-list /Users/admin/builder/spi-builder-workspace/.derivedData/Build/Intermediates.noindex/WWSignInWith3rd_Apple.build/Debug/WWSignInWith3rd_Apple-t.build/Objects-normal/arm64/WWSignInWith3rd_Apple_const_extract_protocols.json -Xcc -I/Users/admin/builder/spi-builder-workspace/.derivedData/Build/Products/Debug/include -Xcc -I/Users/admin/builder/spi-builder-workspace/.derivedData/Build/Intermediates.noindex/WWSignInWith3rd_Apple.build/Debug/WWSignInWith3rd_Apple-t.build/DerivedSources-normal/arm64 -Xcc -I/Users/admin/builder/spi-builder-workspace/.derivedData/Build/Intermediates.noindex/WWSignInWith3rd_Apple.build/Debug/WWSignInWith3rd_Apple-t.build/DerivedSources/arm64 -Xcc -I/Users/admin/builder/spi-builder-workspace/.derivedData/Build/Intermediates.noindex/WWSignInWith3rd_Apple.build/Debug/WWSignInWith3rd_Apple-t.build/DerivedSources -Xcc -DSWIFT_PACKAGE -Xcc -DDEBUG\=1 -emit-objc-header -emit-objc-header-path /Users/admin/builder/spi-builder-workspace/.derivedData/Build/Intermediates.noindex/WWSignInWith3rd_Apple.build/Debug/WWSignInWith3rd_Apple-t.build/Objects-normal/arm64/WWSignInWith3rd_Apple-Swift.h -working-directory /Users/admin/builder/spi-builder-workspace/.swiftpm/xcode -experimental-emit-module-separately -disable-cmo
SwiftCompile normal arm64 Compiling\ WWSignInWith3rd.swift /Users/admin/builder/spi-builder-workspace/Sources/WWSignInWith3rd_Apple/WWSignInWith3rd.swift (in target 'WWSignInWith3rd_Apple' from project 'WWSignInWith3rd_Apple')
SwiftCompile normal arm64 /Users/admin/builder/spi-builder-workspace/Sources/WWSignInWith3rd_Apple/WWSignInWith3rd.swift (in target 'WWSignInWith3rd_Apple' from project 'WWSignInWith3rd_Apple')
cd /Users/admin/builder/spi-builder-workspace/.swiftpm/xcode
builtin-SwiftPerFileCompile WWSignInWith3rd.swift
SwiftCompile normal arm64 Compiling\ Extension+Apple.swift /Users/admin/builder/spi-builder-workspace/Sources/WWSignInWith3rd_Apple/Utility/Extension+Apple.swift (in target 'WWSignInWith3rd_Apple' from project 'WWSignInWith3rd_Apple')
SwiftCompile normal arm64 /Users/admin/builder/spi-builder-workspace/Sources/WWSignInWith3rd_Apple/Utility/Extension+Apple.swift (in target 'WWSignInWith3rd_Apple' from project 'WWSignInWith3rd_Apple')
cd /Users/admin/builder/spi-builder-workspace/.swiftpm/xcode
builtin-SwiftPerFileCompile Extension+Apple.swift
SwiftCompile normal arm64 Compiling\ resource_bundle_accessor.swift /Users/admin/builder/spi-builder-workspace/.derivedData/Build/Intermediates.noindex/WWSignInWith3rd_Apple.build/Debug/WWSignInWith3rd_Apple-t.build/DerivedSources/resource_bundle_accessor.swift (in target 'WWSignInWith3rd_Apple' from project 'WWSignInWith3rd_Apple')
SwiftCompile normal arm64 /Users/admin/builder/spi-builder-workspace/.derivedData/Build/Intermediates.noindex/WWSignInWith3rd_Apple.build/Debug/WWSignInWith3rd_Apple-t.build/DerivedSources/resource_bundle_accessor.swift (in target 'WWSignInWith3rd_Apple' from project 'WWSignInWith3rd_Apple')
cd /Users/admin/builder/spi-builder-workspace/.swiftpm/xcode
builtin-SwiftPerFileCompile resource_bundle_accessor.swift
SwiftCompile normal arm64 Compiling\ Extension.swift /Users/admin/builder/spi-builder-workspace/Sources/WWSignInWith3rd_Apple/Utility/Extension.swift (in target 'WWSignInWith3rd_Apple' from project 'WWSignInWith3rd_Apple')
/Users/admin/builder/spi-builder-workspace/Sources/WWSignInWith3rd_Apple/Utility/Extension.swift:64:18: error: cannot find type 'UIWindow' in scope
62 |
63 | // MARK: - UIWindow (function)
64 | public extension UIWindow {
| `- error: cannot find type 'UIWindow' in scope
65 |
66 | /// [取得作用中的KeyWindow](https://stackoverflow.com/questions/57134259/how-to-resolve-keywindow-was-deprecated-in-ios-13-0)
SwiftCompile normal arm64 /Users/admin/builder/spi-builder-workspace/Sources/WWSignInWith3rd_Apple/Utility/Extension.swift (in target 'WWSignInWith3rd_Apple' from project 'WWSignInWith3rd_Apple')
cd /Users/admin/builder/spi-builder-workspace/.swiftpm/xcode
builtin-SwiftPerFileCompile Extension.swift
SwiftCompile normal arm64 Compiling\ Constant.swift /Users/admin/builder/spi-builder-workspace/Sources/WWSignInWith3rd_Apple/Utility/Constant.swift (in target 'WWSignInWith3rd_Apple' from project 'WWSignInWith3rd_Apple')
SwiftCompile normal arm64 /Users/admin/builder/spi-builder-workspace/Sources/WWSignInWith3rd_Apple/Utility/Constant.swift (in target 'WWSignInWith3rd_Apple' from project 'WWSignInWith3rd_Apple')
cd /Users/admin/builder/spi-builder-workspace/.swiftpm/xcode
builtin-SwiftPerFileCompile Constant.swift
SwiftEmitModule normal arm64 Emitting\ module\ for\ WWSignInWith3rd_Apple (in target 'WWSignInWith3rd_Apple' from project 'WWSignInWith3rd_Apple')
/Users/admin/builder/spi-builder-workspace/Sources/WWSignInWith3rd_Apple/Utility/Extension.swift:64:18: error: cannot find type 'UIWindow' in scope
62 |
63 | // MARK: - UIWindow (function)
64 | public extension UIWindow {
| `- error: cannot find type 'UIWindow' in scope
65 |
66 | /// [取得作用中的KeyWindow](https://stackoverflow.com/questions/57134259/how-to-resolve-keywindow-was-deprecated-in-ios-13-0)
/Users/admin/builder/spi-builder-workspace/Sources/WWSignInWith3rd_Apple/Utility/Extension.swift:90:187: error: cannot find type 'UIScrollView' in scope
88 | /// - contentInsetAdjustmentBehavior: scrollView是否為全畫面 => 滿版(導覽列)
89 | /// - Returns: WKWebView
90 | static func _build(delegate: (WKNavigationDelegate & WKUIDelegate)?, frame: CGRect, configuration: WKWebViewConfiguration = WKWebViewConfiguration(), contentInsetAdjustmentBehavior: UIScrollView.ContentInsetAdjustmentBehavior = .never) -> WKWebView {
| `- error: cannot find type 'UIScrollView' in scope
91 |
92 | let webView = WKWebView(frame: frame, configuration: configuration)
Failed frontend command:
/Applications/Xcode-27.0.0-Release.Candidate.app/Contents/Developer/Toolchains/XcodeDefault.xctoolchain/usr/bin/swift-frontend -frontend -emit-module -experimental-skip-non-inlinable-function-bodies-without-types /Users/admin/builder/spi-builder-workspace/.derivedData/Build/Intermediates.noindex/WWSignInWith3rd_Apple.build/Debug/WWSignInWith3rd_Apple-t.build/DerivedSources/resource_bundle_accessor.swift /Users/admin/builder/spi-builder-workspace/Sources/WWSignInWith3rd_Apple/Utility/Constant.swift /Users/admin/builder/spi-builder-workspace/Sources/WWSignInWith3rd_Apple/Utility/Extension+Apple.swift /Users/admin/builder/spi-builder-workspace/Sources/WWSignInWith3rd_Apple/Utility/Extension.swift /Users/admin/builder/spi-builder-workspace/Sources/WWSignInWith3rd_Apple/WWSignInWith3rd.swift /Users/admin/builder/spi-builder-workspace/Sources/WWSignInWith3rd_Apple/WWSignInWith3rd_Apple.swift -target arm64-apple-macos12.0 -disable-cross-import-overlay-search -swift-module-cross-import AuthenticationServices /Applications/Xcode-27.0.0-Release.Candidate.app/Contents/Developer/Platforms/MacOSX.platform/Developer/SDKs/MacOSX.sdk/System/Cryptexes/OS/System/Library/Frameworks/AuthenticationServices.framework/Modules/AuthenticationServices.swiftcrossimport/SwiftUI.swiftoverlay -swift-module-cross-import AuthenticationServices /Applications/Xcode-27.0.0-Release.Candidate.app/Contents/Developer/Platforms/MacOSX.platform/Developer/SDKs/MacOSX27.0.sdk/System/Library/Frameworks/AuthenticationServices.framework/Modules/AuthenticationServices.swiftcrossimport/SwiftUI.swiftoverlay -swift-module-cross-import WebKit /Applications/Xcode-27.0.0-Release.Candidate.app/Contents/Developer/Platforms/MacOSX.platform/Developer/SDKs/MacOSX.sdk/System/Cryptexes/OS/System/Library/Frameworks/WebKit.framework/Modules/WebKit.swiftcrossimport/SwiftUI.swiftoverlay -swift-module-cross-import WebKit /Applications/Xcode-27.0.0-Release.Candidate.app/Contents/Developer/Platforms/MacOSX.platform/Developer/SDKs/MacOSX27.0.sdk/System/Library/Frameworks/WebKit.framework/Modules/WebKit.swiftcrossimport/SwiftUI.swiftoverlay -load-resolved-plugin /Applications/Xcode-27.0.0-Release.Candidate.app/Contents/Developer/Platforms/MacOSX.platform/Developer/usr/lib/swift/host/plugins/libFoundationMacros.dylib\#/Applications/Xcode-27.0.0-Release.Candidate.app/Contents/Developer/Platforms/MacOSX.platform/Developer/usr/bin/swift-plugin-server\#FoundationMacros -load-resolved-plugin /Applications/Xcode-27.0.0-Release.Candidate.app/Contents/Developer/Platforms/MacOSX.platform/Developer/usr/lib/swift/host/plugins/libObservationMacros.dylib\#/Applications/Xcode-27.0.0-Release.Candidate.app/Contents/Developer/Platforms/MacOSX.platform/Developer/usr/bin/swift-plugin-server\#ObservationMacros -load-resolved-plugin /Applications/Xcode-27.0.0-Release.Candidate.app/Contents/Developer/Platforms/MacOSX.platform/Developer/usr/lib/swift/host/plugins/libPreviewsMacros.dylib\#/Applications/Xcode-27.0.0-Release.Candidate.app/Contents/Developer/Platforms/MacOSX.platform/Developer/usr/bin/swift-plugin-server\#PreviewsMacros -load-resolved-plugin /Applications/Xcode-27.0.0-Release.Candidate.app/Contents/Developer/Platforms/MacOSX.platform/Developer/usr/lib/swift/host/plugins/libSwiftMacros.dylib\#/Applications/Xcode-27.0.0-Release.Candidate.app/Contents/Developer/Platforms/MacOSX.platform/Developer/usr/bin/swift-plugin-server\#SwiftMacros -load-resolved-plugin /Applications/Xcode-27.0.0-Release.Candidate.app/Contents/Developer/Platforms/MacOSX.platform/Developer/usr/lib/swift/host/plugins/libSwiftUIMacros.dylib\#/Applications/Xcode-27.0.0-Release.Candidate.app/Contents/Developer/Platforms/MacOSX.platform/Developer/usr/bin/swift-plugin-server\#SwiftUIMacros -disable-implicit-swift-modules -Xcc -fno-implicit-modules -Xcc -fno-implicit-module-maps -explicit-swift-module-map-file /Users/admin/builder/spi-builder-workspace/.derivedData/Build/Intermediates.noindex/WWSignInWith3rd_Apple.build/Debug/WWSignInWith3rd_Apple-t.build/Objects-normal/arm64/WWSignInWith3rd_Apple-dependencies-1.json -Xllvm -aarch64-use-tbi -enable-objc-interop -stack-check -sdk /Applications/Xcode-27.0.0-Release.Candidate.app/Contents/Developer/Platforms/MacOSX.platform/Developer/SDKs/MacOSX27.0.sdk -I /Users/admin/builder/spi-builder-workspace/.derivedData/Build/Products/Debug -Isystem /Applications/Xcode-27.0.0-Release.Candidate.app/Contents/Developer/Platforms/MacOSX.platform/Developer/usr/lib -F /Users/admin/builder/spi-builder-workspace/.derivedData/Build/Products/Debug -F /Applications/Xcode-27.0.0-Release.Candidate.app/Contents/Developer/Platforms/MacOSX.platform/Developer/Library/Frameworks -module-cache-path /Users/admin/builder/spi-builder-workspace/.derivedData/Build/Intermediates.noindex/SwiftExplicitPrecompiledModules -no-color-diagnostics -Xcc -fno-color-diagnostics -enable-testing -g -debug-info-format\=dwarf -dwarf-version\=4 -swift-version 5 -Onone -D SWIFT_PACKAGE -D DEBUG -D SWIFT_MODULE_RESOURCE_BUNDLE_AVAILABLE -D Xcode -serialize-debugging-options -enable-experimental-feature DebugDescriptionMacro -empty-abi-descriptor -validate-clang-modules-once -clang-build-session-file /Users/admin/builder/spi-builder-workspace/.derivedData/ModuleCache.noindex/Session.modulevalidation -Xcc -working-directory -Xcc /Users/admin/builder/spi-builder-workspace/.swiftpm/xcode -enable-anonymous-context-mangled-names -file-compilation-dir /Users/admin/builder/spi-builder-workspace/.swiftpm/xcode -Xcc -D_LIBCPP_HARDENING_MODE\=_LIBCPP_HARDENING_MODE_DEBUG -Xcc -ivfsstatcache -Xcc /Users/admin/builder/spi-builder-workspace/.derivedData/SDKStatCaches.noindex/macosx27.0-26A425-e829b21a6f8c9b70876ba0858053c0446a22442a12e9d48fe1a705f55a1adfc4.sdkstatcache -Xcc -fmodules-prune-interval\=86400 -Xcc -fmodules-prune-after\=345600 -Xcc -I/Users/admin/builder/spi-builder-workspace/.derivedData/Build/Products/Debug/include -Xcc -I/Users/admin/builder/spi-builder-workspace/.derivedData/Build/Intermediates.noindex/WWSignInWith3rd_Apple.build/Debug/WWSignInWith3rd_Apple-t.build/DerivedSources-normal/arm64 -Xcc -I/Users/admin/builder/spi-builder-workspace/.derivedData/Build/Intermediates.noindex/WWSignInWith3rd_Apple.build/Debug/WWSignInWith3rd_Apple-t.build/DerivedSources/arm64 -Xcc -I/Users/admin/builder/spi-builder-workspace/.derivedData/Build/Intermediates.noindex/WWSignInWith3rd_Apple.build/Debug/WWSignInWith3rd_Apple-t.build/DerivedSources -Xcc -DSWIFT_PACKAGE -Xcc -DDEBUG\=1 -no-auto-bridging-header-chaining -module-name WWSignInWith3rd_Apple -const-gather-protocols-file /Users/admin/builder/spi-builder-workspace/.derivedData/Build/Intermediates.noindex/WWSignInWith3rd_Apple.build/Debug/WWSignInWith3rd_Apple-t.build/Objects-normal/arm64/WWSignInWith3rd_Apple_const_extract_protocols.json -disable-clang-spi -clang-target arm64-apple-macos27.0 -target-sdk-version 27.0 -target-sdk-name macosx27.0 -in-process-plugin-server-path /Applications/Xcode-27.0.0-Release.Candidate.app/Contents/Developer/Toolchains/XcodeDefault.xctoolchain/usr/lib/swift/host/libSwiftInProcPluginServer.dylib -emit-module-doc-path /Users/admin/builder/spi-builder-workspace/.derivedData/Build/Intermediates.noindex/WWSignInWith3rd_Apple.build/Debug/WWSignInWith3rd_Apple-t.build/Objects-normal/arm64/WWSignInWith3rd_Apple.swiftdoc -emit-module-source-info-path /Users/admin/builder/spi-builder-workspace/.derivedData/Build/Intermediates.noindex/WWSignInWith3rd_Apple.build/Debug/WWSignInWith3rd_Apple-t.build/Objects-normal/arm64/WWSignInWith3rd_Apple.swiftsourceinfo -emit-objc-header-path /Users/admin/builder/spi-builder-workspace/.derivedData/Build/Intermediates.noindex/WWSignInWith3rd_Apple.build/Debug/WWSignInWith3rd_Apple-t.build/Objects-normal/arm64/WWSignInWith3rd_Apple-Swift.h -serialize-diagnostics-path /Users/admin/builder/spi-builder-workspace/.derivedData/Build/Intermediates.noindex/WWSignInWith3rd_Apple.build/Debug/WWSignInWith3rd_Apple-t.build/Objects-normal/arm64/WWSignInWith3rd_Apple-primary-emit-module.dia -emit-dependencies-path /Users/admin/builder/spi-builder-workspace/.derivedData/Build/Intermediates.noindex/WWSignInWith3rd_Apple.build/Debug/WWSignInWith3rd_Apple-t.build/Objects-normal/arm64/WWSignInWith3rd_Apple-primary-emit-module.d -parse-as-library -o /Users/admin/builder/spi-builder-workspace/.derivedData/Build/Intermediates.noindex/WWSignInWith3rd_Apple.build/Debug/WWSignInWith3rd_Apple-t.build/Objects-normal/arm64/WWSignInWith3rd_Apple.swiftmodule -emit-abi-descriptor-path /Users/admin/builder/spi-builder-workspace/.derivedData/Build/Intermediates.noindex/WWSignInWith3rd_Apple.build/Debug/WWSignInWith3rd_Apple-t.build/Objects-normal/arm64/WWSignInWith3rd_Apple.abi.json
SwiftCompile normal arm64 (in target 'WWSignInWith3rd_Apple' from project 'WWSignInWith3rd_Apple')
cd /Users/admin/builder/spi-builder-workspace/.swiftpm/xcode
SwiftCompile normal arm64 Compiling\ WWSignInWith3rd_Apple.swift /Users/admin/builder/spi-builder-workspace/Sources/WWSignInWith3rd_Apple/WWSignInWith3rd_Apple.swift (in target 'WWSignInWith3rd_Apple' from project 'WWSignInWith3rd_Apple')
/Users/admin/builder/spi-builder-workspace/Sources/WWSignInWith3rd_Apple/WWSignInWith3rd_Apple.swift:30:112: error: cannot find 'UIWindow' in scope
28 | public func authorizationController(controller: ASAuthorizationController, didCompleteWithAuthorization authorization: ASAuthorization) { loginInformation(with: controller, authorization: authorization) }
29 | public func authorizationController(controller: ASAuthorizationController, didCompleteWithError error: Error) { completionBlock?(.failure(error)) }
30 | public func presentationAnchor(for controller: ASAuthorizationController) -> ASPresentationAnchor { return UIWindow._keyWindow() ?? UIWindow() }
| `- error: cannot find 'UIWindow' in scope
31 | }
32 |
SwiftCompile normal arm64 /Users/admin/builder/spi-builder-workspace/Sources/WWSignInWith3rd_Apple/WWSignInWith3rd_Apple.swift (in target 'WWSignInWith3rd_Apple' from project 'WWSignInWith3rd_Apple')
cd /Users/admin/builder/spi-builder-workspace/.swiftpm/xcode
builtin-SwiftPerFileCompile WWSignInWith3rd_Apple.swift
PruneExplicitPrecompiledModules /Users/admin/builder/spi-builder-workspace/.derivedData/Build/Intermediates.noindex/SwiftExplicitPrecompiledModules
PruneExplicitPrecompiledModules /Users/admin/builder/spi-builder-workspace/.derivedData/Build/Intermediates.noindex/ExplicitPrecompiledModules
PruneExplicitPrecompiledModules /Users/admin/builder/spi-builder-workspace/.derivedData/SDKExplicitPrecompiledModules
2026-09-21 23:44:46.062 xcodebuild[756:4743] [MT] IDERunDestination: Supported platforms for the buildables in the current scheme is empty.
--- xcodebuild: WARNING: Using the first of multiple matching destinations:
{ platform:macOS, arch:arm64, id:ec5c75d657a690e57ee82e15c1f18b912ad58413, name:My Mac }
{ platform:macOS, arch:arm64, variant:Mac Catalyst, id:ec5c75d657a690e57ee82e15c1f18b912ad58413, name:My Mac }
{ platform:macOS, arch:arm64, variant:DriverKit, id:ec5c75d657a690e57ee82e15c1f18b912ad58413, name:My Mac }
{ platform:macOS, arch:arm64, variant:Designed for [iPad,iPhone], id:ec5c75d657a690e57ee82e15c1f18b912ad58413, name:My Mac }
** BUILD FAILED **
The following build commands failed:
SwiftEmitModule normal arm64 Emitting\ module\ for\ WWSignInWith3rd_Apple (in target 'WWSignInWith3rd_Apple' from project 'WWSignInWith3rd_Apple')
SwiftCompile normal arm64 (in target 'WWSignInWith3rd_Apple' from project 'WWSignInWith3rd_Apple')
Building workspace WWSignInWith3rd_Apple with scheme WWSignInWith3rd_Apple
(3 failures)
BUILD FAILURE 6.4 macosXcodebuild