The Swift Package Index logo.Swift Package Index

Build Information

Failed to build EPUBKit, reference 0.5.0 (0dec82), with Swift 6.4 for Wasm on 23 Sep 2026 13:11:02 UTC.

Build Command

bash -c docker run --pull=always --rm -v "checkouts-54344845-1":/host -w "$PWD" -e JAVA_HOME="/root/.sdkman/candidates/java/current" -e SPI_BUILD="1" -e SPI_PROCESSING="1" registry.gitlab.com/saguaro1/spi-images:wasm-6.4-latest swift build --swift-sdk swift-6.4.x-DEVELOPMENT-SNAPSHOT-2026-09-04-a_wasm 2>&1

Build Log

========================================
RunAll
========================================
Builder version: 5.1.0
Interrupt handler set up.
========================================
Checkout
========================================
Clone URL: https://github.com/witekbobrowski/EPUBKit.git
Reference: 0.5.0
Initialized empty Git repository in /host/spi-builder-workspace/.git/
hint: Using 'master' as the name for the initial branch. This default branch name
hint: is subject to change. To configure the initial branch name to use in all
hint: of your new repositories, which will suppress this warning, call:
hint:
hint: 	git config --global init.defaultBranch <name>
hint:
hint: Names commonly chosen instead of 'master' are 'main', 'trunk' and
hint: 'development'. The just-created branch can be renamed via this command:
hint:
hint: 	git branch -m <name>
From https://github.com/witekbobrowski/EPUBKit
 * tag               0.5.0      -> FETCH_HEAD
HEAD is now at 0dec82e Bump dependencies versions
Cloned https://github.com/witekbobrowski/EPUBKit.git
Revision (git rev-parse @):
0dec82ec767c7b4bfee3fe36677b67013ba19ab5
SUCCESS checkout https://github.com/witekbobrowski/EPUBKit.git at 0.5.0
========================================
Build
========================================
Selected platform:         wasm
Swift version:             6.4
Building package at path:  $PWD
https://github.com/witekbobrowski/EPUBKit.git
Running build ...
bash -c docker run --pull=always --rm -v "checkouts-54344845-1":/host -w "$PWD" -e JAVA_HOME="/root/.sdkman/candidates/java/current" -e SPI_BUILD="1" -e SPI_PROCESSING="1" registry.gitlab.com/saguaro1/spi-images:wasm-6.4-latest swift build --swift-sdk swift-6.4.x-DEVELOPMENT-SNAPSHOT-2026-09-04-a_wasm 2>&1
wasm-6.4-latest: Pulling from saguaro1/spi-images
Digest: sha256:4328fdb43c680d205c1d6761b1e3267aa38277eefdda9ddfb17b6a0f1a77857a
Status: Image is up to date for registry.gitlab.com/saguaro1/spi-images:wasm-6.4-latest
Fetching https://github.com/tadija/AEXML
Fetching https://github.com/marmelroy/Zip
[1/2000] Fetching zip
Fetched https://github.com/marmelroy/Zip (0.70s)
[1/2159] Fetching aexml
Fetched https://github.com/tadija/AEXML (1.93s)
Computing version for https://github.com/marmelroy/Zip
Computed https://github.com/marmelroy/Zip at 2.1.2 (3.06s)
Computing version for https://github.com/tadija/AEXML
warning: 'aexml': /Package.swift:11:19: warning: 'v4' is deprecated: watchOS 9.0 is the oldest supported version [#DeprecatedDeclaration]
 9 |         .macOS(.v10_13),
10 |         .tvOS(.v12),
11 |         .watchOS(.v4)
   |                   `- warning: 'v4' is deprecated: watchOS 9.0 is the oldest supported version [#DeprecatedDeclaration]
12 |     ],
13 |     products: [
[#DeprecatedDeclaration]: <https://docs.swift.org/compiler/documentation/diagnostics/deprecated-declaration>
Computed https://github.com/tadija/AEXML at 4.7.0 (0.15s)
Creating working copy for https://github.com/tadija/AEXML
Working copy of https://github.com/tadija/AEXML resolved at 4.7.0
Creating working copy for https://github.com/marmelroy/Zip
Working copy of https://github.com/marmelroy/Zip resolved at 2.1.2
warning: 'aexml': /host/spi-builder-workspace/.build/checkouts/AEXML/Package.swift:11:19: warning: 'v4' is deprecated: watchOS 9.0 is the oldest supported version [#DeprecatedDeclaration]
 9 |         .macOS(.v10_13),
10 |         .tvOS(.v12),
11 |         .watchOS(.v4)
   |                   `- warning: 'v4' is deprecated: watchOS 9.0 is the oldest supported version [#DeprecatedDeclaration]
12 |     ],
13 |     products: [
[#DeprecatedDeclaration]: <https://docs.swift.org/compiler/documentation/diagnostics/deprecated-declaration>
Building for debugging...
[Constructing description]
[Planning deferred tasks]
In file included from /host/spi-builder-workspace/.build/checkouts/Zip/Zip/minizip/ioapi.c:17:
/host/spi-builder-workspace/.build/checkouts/Zip/Zip/minizip/include/ioapi.h:36:10: fatal error: 'zlib.h' file not found
   36 | #include <zlib.h>
      |          ^~~~~~~~
1 error generated.
error: CompileC /host/spi-builder-workspace/.build/out/Intermediates.noindex/Zip.build/Debug-webassembly-wasm32/Minizip-t.build/Objects-normal/wasm32/ioapi.o /host/spi-builder-workspace/.build/checkouts/Zip/Zip/minizip/ioapi.c normal wasm32 c com.apple.compilers.llvm.clang.1_0.compiler failed with a nonzero exit code. Command line:     cd /host

    Using response file: /host/spi-builder-workspace/.build/out/Intermediates.noindex/Zip.build/Debug-webassembly-wasm32/Minizip-t.build/Objects-normal/wasm32/9f65232cb83f8421e3a495a5062eba382369c975104ee97bafc405ab795bfc5e-common-args.resp

    /usr/bin/clang -x c -target wasm32-unknown-wasip1 -fmessage-length\=0 -fdiagnostics-show-note-include-stack -fmacro-backtrace-limit\=0 -fcolor-diagnostics -Wno-trigraphs -Wno-missing-field-initializers -Wno-missing-prototypes -Wno-return-type -Wno-missing-braces -Wparentheses -Wswitch -Wno-unused-function -Wno-unused-label -Wno-unused-parameter -Wno-unused-variable -Wunused-value -Wno-empty-body -Wno-uninitialized -Wno-unknown-pragmas -w -Wno-shadow -Wno-four-char-constants -Wno-conversion -Wno-constant-conversion -Wno-int-conversion -Wno-bool-conversion -Wno-enum-conversion -Wno-float-conversion -Wno-non-literal-null-conversion -Wno-objc-literal-conversion -Wno-shorten-64-to-32 -Wpointer-sign -Wno-newline-eof -Wno-implicit-fallthrough -fstrict-aliasing -Wdeprecated-declarations -Wno-sign-conversion -Wno-infinite-recursion -Wno-comma -Wno-block-capture-autoreleasing -Wno-strict-prototypes -Wno-semicolon-before-method-body --sysroot /root/.swiftpm/swift-sdks/swift-6.4.x-DEVELOPMENT-SNAPSHOT-2026-09-04-a_wasm.artifactbundle/swift-6.4.x-DEVELOPMENT-SNAPSHOT-2026-09-04-a_wasm/wasm32-unknown-wasip1/WASI.sdk @/host/spi-builder-workspace/.build/out/Intermediates.noindex/Zip.build/Debug-webassembly-wasm32/Minizip-t.build/Objects-normal/wasm32/9f65232cb83f8421e3a495a5062eba382369c975104ee97bafc405ab795bfc5e-common-args.resp -MMD -MT dependencies -MF /host/spi-builder-workspace/.build/out/Intermediates.noindex/Zip.build/Debug-webassembly-wasm32/Minizip-t.build/Objects-normal/wasm32/ioapi.d --serialize-diagnostics /host/spi-builder-workspace/.build/out/Intermediates.noindex/Zip.build/Debug-webassembly-wasm32/Minizip-t.build/Objects-normal/wasm32/ioapi.dia -c /host/spi-builder-workspace/.build/checkouts/Zip/Zip/minizip/ioapi.c -o /host/spi-builder-workspace/.build/out/Intermediates.noindex/Zip.build/Debug-webassembly-wasm32/Minizip-t.build/Objects-normal/wasm32/ioapi.o
/host/spi-builder-workspace/.build/checkouts/Zip/Zip/minizip/unzip.c:27:10: fatal error: 'zlib.h' file not found
   27 | #include <zlib.h>
      |          ^~~~~~~~
1 error generated.
error: CompileC /host/spi-builder-workspace/.build/out/Intermediates.noindex/Zip.build/Debug-webassembly-wasm32/Minizip-t.build/Objects-normal/wasm32/unzip.o /host/spi-builder-workspace/.build/checkouts/Zip/Zip/minizip/unzip.c normal wasm32 c com.apple.compilers.llvm.clang.1_0.compiler failed with a nonzero exit code. Command line:     cd /host

    Using response file: /host/spi-builder-workspace/.build/out/Intermediates.noindex/Zip.build/Debug-webassembly-wasm32/Minizip-t.build/Objects-normal/wasm32/9f65232cb83f8421e3a495a5062eba382369c975104ee97bafc405ab795bfc5e-common-args.resp

    /usr/bin/clang -x c -target wasm32-unknown-wasip1 -fmessage-length\=0 -fdiagnostics-show-note-include-stack -fmacro-backtrace-limit\=0 -fcolor-diagnostics -Wno-trigraphs -Wno-missing-field-initializers -Wno-missing-prototypes -Wno-return-type -Wno-missing-braces -Wparentheses -Wswitch -Wno-unused-function -Wno-unused-label -Wno-unused-parameter -Wno-unused-variable -Wunused-value -Wno-empty-body -Wno-uninitialized -Wno-unknown-pragmas -w -Wno-shadow -Wno-four-char-constants -Wno-conversion -Wno-constant-conversion -Wno-int-conversion -Wno-bool-conversion -Wno-enum-conversion -Wno-float-conversion -Wno-non-literal-null-conversion -Wno-objc-literal-conversion -Wno-shorten-64-to-32 -Wpointer-sign -Wno-newline-eof -Wno-implicit-fallthrough -fstrict-aliasing -Wdeprecated-declarations -Wno-sign-conversion -Wno-infinite-recursion -Wno-comma -Wno-block-capture-autoreleasing -Wno-strict-prototypes -Wno-semicolon-before-method-body --sysroot /root/.swiftpm/swift-sdks/swift-6.4.x-DEVELOPMENT-SNAPSHOT-2026-09-04-a_wasm.artifactbundle/swift-6.4.x-DEVELOPMENT-SNAPSHOT-2026-09-04-a_wasm/wasm32-unknown-wasip1/WASI.sdk @/host/spi-builder-workspace/.build/out/Intermediates.noindex/Zip.build/Debug-webassembly-wasm32/Minizip-t.build/Objects-normal/wasm32/9f65232cb83f8421e3a495a5062eba382369c975104ee97bafc405ab795bfc5e-common-args.resp -MMD -MT dependencies -MF /host/spi-builder-workspace/.build/out/Intermediates.noindex/Zip.build/Debug-webassembly-wasm32/Minizip-t.build/Objects-normal/wasm32/unzip.d --serialize-diagnostics /host/spi-builder-workspace/.build/out/Intermediates.noindex/Zip.build/Debug-webassembly-wasm32/Minizip-t.build/Objects-normal/wasm32/unzip.dia -c /host/spi-builder-workspace/.build/checkouts/Zip/Zip/minizip/unzip.c -o /host/spi-builder-workspace/.build/out/Intermediates.noindex/Zip.build/Debug-webassembly-wasm32/Minizip-t.build/Objects-normal/wasm32/unzip.o
/host/spi-builder-workspace/.build/checkouts/Zip/Zip/minizip/zip.c:21:10: fatal error: 'zlib.h' file not found
   21 | #include <zlib.h>
      |          ^~~~~~~~
1 error generated.
error: CompileC /host/spi-builder-workspace/.build/out/Intermediates.noindex/Zip.build/Debug-webassembly-wasm32/Minizip-t.build/Objects-normal/wasm32/zip.o /host/spi-builder-workspace/.build/checkouts/Zip/Zip/minizip/zip.c normal wasm32 c com.apple.compilers.llvm.clang.1_0.compiler failed with a nonzero exit code. Command line:     cd /host

    Using response file: /host/spi-builder-workspace/.build/out/Intermediates.noindex/Zip.build/Debug-webassembly-wasm32/Minizip-t.build/Objects-normal/wasm32/9f65232cb83f8421e3a495a5062eba382369c975104ee97bafc405ab795bfc5e-common-args.resp

    /usr/bin/clang -x c -target wasm32-unknown-wasip1 -fmessage-length\=0 -fdiagnostics-show-note-include-stack -fmacro-backtrace-limit\=0 -fcolor-diagnostics -Wno-trigraphs -Wno-missing-field-initializers -Wno-missing-prototypes -Wno-return-type -Wno-missing-braces -Wparentheses -Wswitch -Wno-unused-function -Wno-unused-label -Wno-unused-parameter -Wno-unused-variable -Wunused-value -Wno-empty-body -Wno-uninitialized -Wno-unknown-pragmas -w -Wno-shadow -Wno-four-char-constants -Wno-conversion -Wno-constant-conversion -Wno-int-conversion -Wno-bool-conversion -Wno-enum-conversion -Wno-float-conversion -Wno-non-literal-null-conversion -Wno-objc-literal-conversion -Wno-shorten-64-to-32 -Wpointer-sign -Wno-newline-eof -Wno-implicit-fallthrough -fstrict-aliasing -Wdeprecated-declarations -Wno-sign-conversion -Wno-infinite-recursion -Wno-comma -Wno-block-capture-autoreleasing -Wno-strict-prototypes -Wno-semicolon-before-method-body --sysroot /root/.swiftpm/swift-sdks/swift-6.4.x-DEVELOPMENT-SNAPSHOT-2026-09-04-a_wasm.artifactbundle/swift-6.4.x-DEVELOPMENT-SNAPSHOT-2026-09-04-a_wasm/wasm32-unknown-wasip1/WASI.sdk @/host/spi-builder-workspace/.build/out/Intermediates.noindex/Zip.build/Debug-webassembly-wasm32/Minizip-t.build/Objects-normal/wasm32/9f65232cb83f8421e3a495a5062eba382369c975104ee97bafc405ab795bfc5e-common-args.resp -MMD -MT dependencies -MF /host/spi-builder-workspace/.build/out/Intermediates.noindex/Zip.build/Debug-webassembly-wasm32/Minizip-t.build/Objects-normal/wasm32/zip.d --serialize-diagnostics /host/spi-builder-workspace/.build/out/Intermediates.noindex/Zip.build/Debug-webassembly-wasm32/Minizip-t.build/Objects-normal/wasm32/zip.dia -c /host/spi-builder-workspace/.build/checkouts/Zip/Zip/minizip/zip.c -o /host/spi-builder-workspace/.build/out/Intermediates.noindex/Zip.build/Debug-webassembly-wasm32/Minizip-t.build/Objects-normal/wasm32/zip.o
error: Build failed
BUILD FAILURE 6.4 wasm