The Swift Package Index logo.Swift Package Index

Build Information

Failed to build SwiftAdditions, reference master (ada32c), with Swift 6.4 for macOS (SPM) on 16 Sep 2026 11:56:26 UTC.

Build Command

env DEVELOPER_DIR=/Applications/Xcode-27.0.0-Release.Candidate.app xcrun swift build --arch arm64

Build Log

========================================
RunAll
========================================
Builder version: 5.1.0
Interrupt handler set up.
========================================
Checkout
========================================
Clone URL: https://github.com/maddthesane/swiftmactypes.git
Reference: master
Initialized empty Git repository in /Users/admin/builder/spi-builder-workspace/.git/
From https://github.com/maddthesane/swiftmactypes
 * branch            master     -> FETCH_HEAD
 * [new branch]      master     -> origin/master
HEAD is now at ada32cd Fix documentation stuff.
Cloned https://github.com/maddthesane/swiftmactypes.git
Revision (git rev-parse @):
ada32cd34c5c2e11a6e2184194eebbf591894d86
SUCCESS checkout https://github.com/maddthesane/swiftmactypes.git at master
========================================
Build
========================================
Selected platform:         macosSpm
Swift version:             6.4
Building package at path:  $PWD
https://github.com/maddthesane/swiftmactypes.git
Running build ...
env DEVELOPER_DIR=/Applications/Xcode-27.0.0-Release.Candidate.app xcrun swift build --arch arm64
Building for debugging...
[Computing dependencies]
[Pre-planning 1 / 386]
[Planning deferred tasks]
[58 / 115]
[61 / 117] CTAdditionsSwiftHelpers
[74 / 197]
[81 / 197]
[89 / 197]
[93 / 197]
[95 / 197]
[100 / 197]
[107 / 197]
[111 / 197]
[114 / 197]
[120 / 197]
[124 / 197]
[127 / 197] CTAdditionsSwiftHelpers
[128 / 197]
[129 / 197]
[140 / 197] FoundationAdditions
[141 / 197] UTTypeOSTypes
[145 / 197] UTTypeOSTypes
[155 / 197] FoundationAdditions-product
[163 / 199]
[163 / 199] CoreTextAdditions
[164 / 213]
[165 / 213]
[177 / 248] CoreTextAdditions
[189 / 248]
[190 / 248]
warning: 'spi-builder-workspace': found 1 file(s) which are unhandled; explicitly declare them as resources or exclude from the target
    /Users/admin/builder/spi-builder-workspace/SwiftAudioAdditionsTests/Info.plist
warning: 'spi-builder-workspace': found 1 file(s) which are unhandled; explicitly declare them as resources or exclude from the target
    /Users/admin/builder/spi-builder-workspace/SwiftAdditionsTests/Info.plist
warning: 'spi-builder-workspace': found 1 file(s) which are unhandled; explicitly declare them as resources or exclude from the target
    /Users/admin/builder/spi-builder-workspace/FoundationAdditionsTests/Info.plist
warning: 'spi-builder-workspace': found 2 file(s) which are unhandled; explicitly declare them as resources or exclude from the target
    /Users/admin/builder/spi-builder-workspace/CoreTextAdditionsTests/Info.plist
    /Users/admin/builder/spi-builder-workspace/CoreTextAdditionsTests/PostCrypt.pfb
warning: 'spi-builder-workspace': found 1 file(s) which are unhandled; explicitly declare them as resources or exclude from the target
    /Users/admin/builder/spi-builder-workspace/FoundationAdditions/Info.plist
warning: 'spi-builder-workspace': found 1 file(s) which are unhandled; explicitly declare them as resources or exclude from the target
    /Users/admin/builder/spi-builder-workspace/SwiftAdditions/Info.plist
warning: 'spi-builder-workspace': found 1 file(s) which are unhandled; explicitly declare them as resources or exclude from the target
    /Users/admin/builder/spi-builder-workspace/SwiftAudioAdditions/Info.plist
warning: 'spi-builder-workspace': found 1 file(s) which are unhandled; explicitly declare them as resources or exclude from the target
    /Users/admin/builder/spi-builder-workspace/CoreTextAdditions/Info.plist
error: SwiftCompile normal arm64 failed with a nonzero exit code. Command line:     cd /Users/admin/builder

/Users/admin/builder/spi-builder-workspace/CoreTextAdditions/CTFontAdditions.swift:13:22: warning: safely use '@_implementationOnly' without library evolution by setting '-enable-experimental-feature CheckImplementationOnly' for 'CoreTextAdditions' [#]8;;https://docs.swift.org/compiler/documentation/diagnostics/implementation-only-deprecated\ImplementationOnlyDeprecated]8;;\]
  11 | import FoundationAdditions
  12 | #if SWIFT_PACKAGE
  13 | @_implementationOnly import CTAdditionsSwiftHelpers
     |                      `- warning: safely use '@_implementationOnly' without library evolution by setting '-enable-experimental-feature CheckImplementationOnly' for 'CoreTextAdditions' [#]8;;https://docs.swift.org/compiler/documentation/diagnostics/implementation-only-deprecated\ImplementationOnlyDeprecated]8;;\]
  14 | #endif
  15 |
/Users/admin/builder/spi-builder-workspace/CoreTextAdditions/CTMisc.swift:13:19: error: 'retroactive' attribute does not apply; 'CFTypeProtocol' is declared in the same package
 11 | import CoreText
 12 |
 13 | extension CTFont: @retroactive CFTypeProtocol {
    |                   `- error: 'retroactive' attribute does not apply; 'CFTypeProtocol' is declared in the same package
 14 | 	/// Returns the Core Foundation type identifier for for the opaque type `CTFont`.
 15 | 	@inlinable public class var typeID: CFTypeID {
/Users/admin/builder/spi-builder-workspace/CoreTextAdditions/CTMisc.swift:20:29: error: 'retroactive' attribute does not apply; 'CFTypeProtocol' is declared in the same package
 18 | }
 19 |
 20 | extension CTFontCollection: @retroactive CFTypeProtocol {
    |                             `- error: 'retroactive' attribute does not apply; 'CFTypeProtocol' is declared in the same package
 21 | 	/// The Core Foundation type identifier for the opaque type `CTFontCollection`.
 22 | 	@inlinable public class var typeID: CFTypeID {
/Users/admin/builder/spi-builder-workspace/CoreTextAdditions/CTMisc.swift:27:29: error: 'retroactive' attribute does not apply; 'CFTypeProtocol' is declared in the same package
 25 | }
 26 |
 27 | extension CTFontDescriptor: @retroactive CFTypeProtocol {
    |                             `- error: 'retroactive' attribute does not apply; 'CFTypeProtocol' is declared in the same package
 28 | 	/// Returns the Core Foundation type identifier for the opaque type `CTFontDescriptor`.
 29 | 	@inlinable public class var typeID: CFTypeID {
/Users/admin/builder/spi-builder-workspace/CoreTextAdditions/CTMisc.swift:34:20: error: 'retroactive' attribute does not apply; 'CFTypeProtocol' is declared in the same package
 32 | }
 33 |
 34 | extension CTFrame: @retroactive CFTypeProtocol {
    |                    `- error: 'retroactive' attribute does not apply; 'CFTypeProtocol' is declared in the same package
 35 | 	/// Returns the Core Foundation type identifier for the opaque type `CTFrame`.
 36 | 	@inlinable public class var typeID: CFTypeID {
/Users/admin/builder/spi-builder-workspace/CoreTextAdditions/CTMisc.swift:41:26: error: 'retroactive' attribute does not apply; 'CFTypeProtocol' is declared in the same package
 39 | }
 40 |
 41 | extension CTFramesetter: @retroactive CFTypeProtocol {
    |                          `- error: 'retroactive' attribute does not apply; 'CFTypeProtocol' is declared in the same package
 42 | 	/// Returns the Core Foundation type identifier the opaque type `CTFramesetter`.
 43 | 	@inlinable public class var typeID: CFTypeID {
/Users/admin/builder/spi-builder-workspace/CoreTextAdditions/CTMisc.swift:48:19: error: 'retroactive' attribute does not apply; 'CFTypeProtocol' is declared in the same package
 46 | }
 47 |
 48 | extension CTLine: @retroactive CFTypeProtocol {
    |                   `- error: 'retroactive' attribute does not apply; 'CFTypeProtocol' is declared in the same package
 49 | 	/// Returns the Core Foundation type identifier for the opaque type `CTLineRef`.
 50 | 	@inlinable public class var typeID: CFTypeID {
/Users/admin/builder/spi-builder-workspace/CoreTextAdditions/CTMisc.swift:55:29: error: 'retroactive' attribute does not apply; 'CFTypeProtocol' is declared in the same package
 53 | }
 54 |
 55 | extension CTParagraphStyle: @retroactive CFTypeProtocol {
    |                             `- error: 'retroactive' attribute does not apply; 'CFTypeProtocol' is declared in the same package
 56 | 	/// Returns the Core Foundation type identifier of the paragraph style object.
 57 | 	@inlinable public class var typeID: CFTypeID {
/Users/admin/builder/spi-builder-workspace/CoreTextAdditions/CTMisc.swift:62:29: error: 'retroactive' attribute does not apply; 'CFTypeProtocol' is declared in the same package
 60 | }
 61 |
 62 | extension CTRubyAnnotation: @retroactive CFTypeProtocol {
    |                             `- error: 'retroactive' attribute does not apply; 'CFTypeProtocol' is declared in the same package
 63 | 	/// Returns the Core Foundation type identifier for the opaque type `CTRubyAnnotation`.
 64 | 	@inlinable public class var typeID: CFTypeID {
/Users/admin/builder/spi-builder-workspace/CoreTextAdditions/CTMisc.swift:69:18: error: 'retroactive' attribute does not apply; 'CFTypeProtocol' is declared in the same package
 67 | }
 68 |
 69 | extension CTRun: @retroactive CFTypeProtocol {
    |                  `- error: 'retroactive' attribute does not apply; 'CFTypeProtocol' is declared in the same package
 70 | 	/// Returns the Core Foundation type identifier for the opaque type `CTRun`.
 71 | 	@inlinable public class var typeID: CFTypeID {
/Users/admin/builder/spi-builder-workspace/CoreTextAdditions/CTMisc.swift:76:26: error: 'retroactive' attribute does not apply; 'CFTypeProtocol' is declared in the same package
 74 | }
 75 |
 76 | extension CTRunDelegate: @retroactive CFTypeProtocol {
    |                          `- error: 'retroactive' attribute does not apply; 'CFTypeProtocol' is declared in the same package
 77 | 	/// The Core Foundation type identifier for the opaque type `CTRunDelegate`.
 78 | 	@inlinable public static var typeID: CFTypeID {
/Users/admin/builder/spi-builder-workspace/CoreTextAdditions/CTMisc.swift:83:22: error: 'retroactive' attribute does not apply; 'CFTypeProtocol' is declared in the same package
 81 | }
 82 |
 83 | extension CTTextTab: @retroactive CFTypeProtocol {
    |                      `- error: 'retroactive' attribute does not apply; 'CFTypeProtocol' is declared in the same package
 84 | 	/// Returns the Core Foundation type identifier for the opaque type `CTTextTab`.
 85 | 	@inlinable public class var typeID: CFTypeID {
/Users/admin/builder/spi-builder-workspace/CoreTextAdditions/CTMisc.swift:90:25: error: 'retroactive' attribute does not apply; 'CFTypeProtocol' is declared in the same package
 88 | }
 89 |
 90 | extension CTTypesetter: @retroactive CFTypeProtocol {
    |                         `- error: 'retroactive' attribute does not apply; 'CFTypeProtocol' is declared in the same package
 91 | 	/// Returns the Core Foundation type identifier for the opaque type `CTTypesetter`.
 92 | 	@inlinable public static var typeID: CFTypeID {
/Users/admin/builder/spi-builder-workspace/CoreTextAdditions/CTMisc.swift:97:24: error: 'retroactive' attribute does not apply; 'CFTypeProtocol' is declared in the same package
 95 | }
 96 |
 97 | extension CTGlyphInfo: @retroactive CFTypeProtocol {
    |                        `- error: 'retroactive' attribute does not apply; 'CFTypeProtocol' is declared in the same package
 98 | 	/// Returns the Core Foundation type identifier for the opaque type `CTGlyphInfo`.
 99 | 	@inlinable public static var typeID: CFTypeID {
[#ImplementationOnlyDeprecated]: <https://docs.swift.org/compiler/documentation/diagnostics/implementation-only-deprecated>
Failed frontend command:
/Applications/Xcode-27.0.0-Release.Candidate.app/Contents/Developer/Toolchains/XcodeDefault.xctoolchain/usr/bin/swift-frontend -frontend -emit-module -experimental-skip-non-inlinable-function-bodies-without-types /Users/admin/builder/spi-builder-workspace/CoreTextAdditions/CTAFontManagerErrors.swift /Users/admin/builder/spi-builder-workspace/CoreTextAdditions/CTFontAdditions.swift /Users/admin/builder/spi-builder-workspace/CoreTextAdditions/CTFontCollectionAdditions.swift /Users/admin/builder/spi-builder-workspace/CoreTextAdditions/CTFontDescriptorAdditions.swift /Users/admin/builder/spi-builder-workspace/CoreTextAdditions/CTFontManagerAdditions.swift /Users/admin/builder/spi-builder-workspace/CoreTextAdditions/CTFrameAdditions.swift /Users/admin/builder/spi-builder-workspace/CoreTextAdditions/CTFramesetterAdditions.swift /Users/admin/builder/spi-builder-workspace/CoreTextAdditions/CTGlyphInfoAdditions.swift /Users/admin/builder/spi-builder-workspace/CoreTextAdditions/CTLineAdditions.swift /Users/admin/builder/spi-builder-workspace/CoreTextAdditions/CTMisc.swift /Users/admin/builder/spi-builder-workspace/CoreTextAdditions/CTParagraphStyleAdditions.swift /Users/admin/builder/spi-builder-workspace/CoreTextAdditions/CTRubyAnnotationAdditions.swift /Users/admin/builder/spi-builder-workspace/CoreTextAdditions/CTRunAdditions.swift /Users/admin/builder/spi-builder-workspace/CoreTextAdditions/CTRunDelegateAdditions.swift /Users/admin/builder/spi-builder-workspace/CoreTextAdditions/CTStringAttributesAdditions.swift /Users/admin/builder/spi-builder-workspace/CoreTextAdditions/CTTextTabAdditions.swift /Users/admin/builder/spi-builder-workspace/CoreTextAdditions/CTTypesetterAdditions.swift -target arm64-apple-macos12.0 -disable-cross-import-overlay-search -load-resolved-plugin /Applications/Xcode-27.0.0-Release.Candidate.app/Contents/Developer/Platforms/MacOSX.platform/Developer/usr/lib/swift/host/plugins/libFoundationMacros.dylib\#/Applications/Xcode-27.0.0-Release.Candidate.app/Contents/Developer/Platforms/MacOSX.platform/Developer/usr/bin/swift-plugin-server\#FoundationMacros -load-resolved-plugin /Applications/Xcode-27.0.0-Release.Candidate.app/Contents/Developer/Platforms/MacOSX.platform/Developer/usr/lib/swift/host/plugins/libObservationMacros.dylib\#/Applications/Xcode-27.0.0-Release.Candidate.app/Contents/Developer/Platforms/MacOSX.platform/Developer/usr/bin/swift-plugin-server\#ObservationMacros -load-resolved-plugin /Applications/Xcode-27.0.0-Release.Candidate.app/Contents/Developer/Platforms/MacOSX.platform/Developer/usr/lib/swift/host/plugins/libSwiftMacros.dylib\#/Applications/Xcode-27.0.0-Release.Candidate.app/Contents/Developer/Platforms/MacOSX.platform/Developer/usr/bin/swift-plugin-server\#SwiftMacros -disable-implicit-swift-modules -Xcc -fno-implicit-modules -Xcc -fno-implicit-module-maps -explicit-swift-module-map-file /Users/admin/builder/spi-builder-workspace/.build/out/Intermediates.noindex/SwiftAdditions.build/Debug/CoreTextAdditions-t.build/Objects-normal/arm64/CoreTextAdditions-dependencies-1.json -Xllvm -aarch64-use-tbi -enable-objc-interop -stack-check -sdk /Applications/Xcode-27.0.0-Release.Candidate.app/Contents/Developer/Platforms/MacOSX.platform/Developer/SDKs/MacOSX27.0.sdk -I /Users/admin/builder/spi-builder-workspace/.build/out/Products/Debug -Isystem /Applications/Xcode-27.0.0-Release.Candidate.app/Contents/Developer/Platforms/MacOSX.platform/Developer/usr/lib -F /Users/admin/builder/spi-builder-workspace/.build/out/Products/Debug/PackageFrameworks -F /Users/admin/builder/spi-builder-workspace/.build/out/Products/Debug -F /Applications/Xcode-27.0.0-Release.Candidate.app/Contents/Developer/Platforms/MacOSX.platform/Developer/Library/Frameworks -module-cache-path /Users/admin/builder/spi-builder-workspace/.build/out/Intermediates.noindex/SwiftExplicitPrecompiledModules -color-diagnostics -Xcc -fcolor-diagnostics -enable-testing -g -debug-info-format\=dwarf -dwarf-version\=4 -swift-version 6 -Onone -D SWIFT_PACKAGE -D DEBUG -D SWIFT_MODULE_RESOURCE_BUNDLE_UNAVAILABLE -D Xcode -serialize-debugging-options -enable-experimental-feature DebugDescriptionMacro -empty-abi-descriptor -validate-clang-modules-once -clang-build-session-file /Users/admin/builder/spi-builder-workspace/.build/out/ModuleCache.noindex/Session.modulevalidation -Xcc -working-directory -Xcc /Users/admin/builder -enable-anonymous-context-mangled-names -file-compilation-dir /Users/admin/builder -Xcc -fmodule-map-file\=/Users/admin/builder/spi-builder-workspace/.build/out/Intermediates.noindex/GeneratedModuleMaps/CTAdditionsSwiftHelpers.modulemap -Xcc -D_LIBCPP_HARDENING_MODE\=_LIBCPP_HARDENING_MODE_DEBUG -Xcc -ivfsstatcache -Xcc /Users/admin/builder/spi-builder-workspace/.build/out/SDKStatCaches.noindex/macosx27.0-26A425-80c5bbf1d171475443272936d42f90a36a22442a12e9d48fe1a705f55a1adfc4.sdkstatcache -Xcc -fmodules-prune-interval\=86400 -Xcc -fmodules-prune-after\=345600 -Xcc -I/Users/admin/builder/spi-builder-workspace/CTAdditionsSwiftHelpers/include -Xcc -I/Users/admin/builder/spi-builder-workspace/.build/out/Products/Debug/include -Xcc -I/Users/admin/builder/spi-builder-workspace/.build/out/Intermediates.noindex/SwiftAdditions.build/Debug/CoreTextAdditions-t.build/DerivedSources-normal/arm64 -Xcc -I/Users/admin/builder/spi-builder-workspace/.build/out/Intermediates.noindex/SwiftAdditions.build/Debug/CoreTextAdditions-t.build/DerivedSources/arm64 -Xcc -I/Users/admin/builder/spi-builder-workspace/.build/out/Intermediates.noindex/SwiftAdditions.build/Debug/CoreTextAdditions-t.build/DerivedSources -Xcc -DSWIFT_PACKAGE -Xcc -DDEBUG\=1 -no-auto-bridging-header-chaining -module-name CoreTextAdditions -package-name spi_builder_workspace -const-gather-protocols-file /Users/admin/builder/spi-builder-workspace/.build/out/Intermediates.noindex/SwiftAdditions.build/Debug/CoreTextAdditions-t.build/Objects-normal/arm64/CoreTextAdditions_const_extract_protocols.json -disable-clang-spi -clang-target arm64-apple-macos27.0 -target-sdk-version 27.0 -target-sdk-name macosx27.0 -in-process-plugin-server-path /Applications/Xcode-27.0.0-Release.Candidate.app/Contents/Developer/Toolchains/XcodeDefault.xctoolchain/usr/lib/swift/host/libSwiftInProcPluginServer.dylib -emit-module-doc-path /Users/admin/builder/spi-builder-workspace/.build/out/Intermediates.noindex/SwiftAdditions.build/Debug/CoreTextAdditions-t.build/Objects-normal/arm64/CoreTextAdditions.swiftdoc -emit-module-source-info-path /Users/admin/builder/spi-builder-workspace/.build/out/Intermediates.noindex/SwiftAdditions.build/Debug/CoreTextAdditions-t.build/Objects-normal/arm64/CoreTextAdditions.swiftsourceinfo -emit-objc-header-path /Users/admin/builder/spi-builder-workspace/.build/out/Intermediates.noindex/SwiftAdditions.build/Debug/CoreTextAdditions-t.build/Objects-normal/arm64/CoreTextAdditions-Swift.h -serialize-diagnostics-path /Users/admin/builder/spi-builder-workspace/.build/out/Intermediates.noindex/SwiftAdditions.build/Debug/CoreTextAdditions-t.build/Objects-normal/arm64/CoreTextAdditions-primary-emit-module.dia -emit-dependencies-path /Users/admin/builder/spi-builder-workspace/.build/out/Intermediates.noindex/SwiftAdditions.build/Debug/CoreTextAdditions-t.build/Objects-normal/arm64/CoreTextAdditions-primary-emit-module.d -parse-as-library -o /Users/admin/builder/spi-builder-workspace/.build/out/Intermediates.noindex/SwiftAdditions.build/Debug/CoreTextAdditions-t.build/Objects-normal/arm64/CoreTextAdditions.swiftmodule -emit-abi-descriptor-path /Users/admin/builder/spi-builder-workspace/.build/out/Intermediates.noindex/SwiftAdditions.build/Debug/CoreTextAdditions-t.build/Objects-normal/arm64/CoreTextAdditions.abi.json
error: Build failed
BUILD FAILURE 6.4 macosSpm