The Swift Package Index logo.Swift Package Index

Build Information

Failed to build PersistentHistoryTrackingKit, reference main (2968cc), with Swift 6.3 for Linux on 17 Jul 2026 19:27:10 UTC.

Build Command

bash -c docker run --pull=always --rm -v "checkouts-54344847-0":/host -w "$PWD" -e JAVA_HOME="/root/.sdkman/candidates/java/current" -e SPI_BUILD="1" -e SPI_PROCESSING="1" registry.gitlab.com/saguaro1/spi-images:basic-6.3-latest swift build --triple x86_64-unknown-linux-gnu 2>&1

Build Log

========================================
RunAll
========================================
Builder version: 333316120c8b89ed7d21f1b34865290794301d91
Interrupt handler set up.
========================================
Checkout
========================================
Clone URL: https://github.com/fatbobman/PersistentHistoryTrackingKit.git
Reference: main
Initialized empty Git repository in /host/spi-builder-workspace/.git/
hint: Using 'master' as the name for the initial branch. This default branch name
hint: is subject to change. To configure the initial branch name to use in all
hint: of your new repositories, which will suppress this warning, call:
hint:
hint: 	git config --global init.defaultBranch <name>
hint:
hint: Names commonly chosen instead of 'master' are 'main', 'trunk' and
hint: 'development'. The just-created branch can be renamed via this command:
hint:
hint: 	git branch -m <name>
From https://github.com/fatbobman/PersistentHistoryTrackingKit
 * branch            main       -> FETCH_HEAD
 * [new branch]      main       -> origin/main
HEAD is now at 2968cc6 docs(readme): remove Star History section
Cloned https://github.com/fatbobman/PersistentHistoryTrackingKit.git
Revision (git rev-parse @):
2968cc66002b0a88ae1d8fa2560cc0681c00b9d8
SUCCESS checkout https://github.com/fatbobman/PersistentHistoryTrackingKit.git at main
========================================
Build
========================================
Selected platform:         linux
Swift version:             6.3
Building package at path:  $PWD
https://github.com/fatbobman/PersistentHistoryTrackingKit.git
Running build ...
bash -c docker run --pull=always --rm -v "checkouts-54344847-0":/host -w "$PWD" -e JAVA_HOME="/root/.sdkman/candidates/java/current" -e SPI_BUILD="1" -e SPI_PROCESSING="1" registry.gitlab.com/saguaro1/spi-images:basic-6.3-latest swift build --triple x86_64-unknown-linux-gnu 2>&1
basic-6.3-latest: Pulling from saguaro1/spi-images
Digest: sha256:518d581a7f3cc0f988d8921e0dce92c3361f942cd4cc7d944cb46f8707e06c63
Status: Image is up to date for registry.gitlab.com/saguaro1/spi-images:basic-6.3-latest
Fetching https://github.com/fatbobman/CoreDataEvolution.git
[1/3511] Fetching coredataevolution
Fetched https://github.com/fatbobman/CoreDataEvolution.git from cache (0.49s)
Computing version for https://github.com/fatbobman/CoreDataEvolution.git
Computed https://github.com/fatbobman/CoreDataEvolution.git at 0.9.3 (1.51s)
Fetching https://github.com/swiftlang/swift-syntax
Fetching https://github.com/apple/swift-argument-parser
[1/18127] Fetching swift-argument-parser
Fetched https://github.com/apple/swift-argument-parser from cache (0.75s)
[1/76057] Fetching swift-syntax
Fetched https://github.com/swiftlang/swift-syntax from cache (3.22s)
Computing version for https://github.com/swiftlang/swift-syntax
Computed https://github.com/swiftlang/swift-syntax at 602.0.0 (4.19s)
Computing version for https://github.com/apple/swift-argument-parser
Computed https://github.com/apple/swift-argument-parser at 1.8.2 (0.15s)
Creating working copy for https://github.com/fatbobman/CoreDataEvolution.git
Working copy of https://github.com/fatbobman/CoreDataEvolution.git resolved at 0.9.3
Creating working copy for https://github.com/apple/swift-argument-parser
Working copy of https://github.com/apple/swift-argument-parser resolved at 1.8.2
Creating working copy for https://github.com/swiftlang/swift-syntax
Working copy of https://github.com/swiftlang/swift-syntax resolved at 602.0.0
Downloading package prebuilt https://download.swift.org/prebuilts/swift-syntax/602.0.0/swift-6.3.2-RELEASE-ubuntu_jammy_x86_64-MacroSupport.tar.gz
Downloaded https://download.swift.org/prebuilts/swift-syntax/602.0.0/swift-6.3.2-RELEASE-ubuntu_jammy_x86_64-MacroSupport.tar.gz (0.26s)
[1/1] Compiling plugin GenerateManual
[2/2] Compiling plugin GenerateDoccReference
Building for debugging...
[2/9] Write sources
[5/9] Write swift-version-24593BA9C3E375BF.txt
[7/35] Emitting module CoreDataEvolutionMacros
[8/38] Compiling CoreDataEvolutionMacros PersistentModelMacro.swift
[9/38] Compiling CoreDataEvolutionMacros PersistentModelMemberGeneration.swift
[10/38] Compiling CoreDataEvolutionMacros PersistentModelModelParsing.swift
[11/38] Compiling CoreDataEvolutionMacros PublicRelationshipMacro.swift
[12/38] Compiling CoreDataEvolutionMacros RelationshipMacro.swift
[13/38] Compiling CoreDataEvolutionMacros RuntimeSchemaHelpers.swift
[14/38] Compiling CoreDataEvolutionMacros AttributeValidationPeers.swift
[15/38] Compiling CoreDataEvolutionMacros AttributeMacro.swift
[16/38] Compiling CoreDataEvolutionMacros CDObservedMacro.swift
[17/38] Compiling CoreDataEvolutionMacros CompositionFieldMacro.swift
[18/38] Compiling CoreDataEvolutionMacros PersistentModelSyntaxHelpers.swift
[19/38] Compiling CoreDataEvolutionMacros PersistentModelTypes.swift
[20/38] Compiling CoreDataEvolutionMacros Plugins.swift
[21/38] Compiling CoreDataEvolutionMacros NSMainModelActorMacro.swift
[22/38] Compiling CoreDataEvolutionMacros NSModelActorMacro.swift
[23/38] Compiling CoreDataEvolutionMacros ObservationCodegenSupport.swift
[24/38] Compiling CoreDataEvolutionMacros PersistentModelArgumentParsing.swift
[25/38] Compiling CoreDataEvolutionMacros AttributeAccessorBuilders.swift
[26/38] Compiling CoreDataEvolutionMacros AttributeModels.swift
[27/38] Compiling CoreDataEvolutionMacros AttributeParsing.swift
[28/38] Compiling CoreDataEvolutionMacros AttributeTypeHelpers.swift
[29/38] Compiling CoreDataEvolutionMacros CompositionFieldSupport.swift
[30/38] Compiling CoreDataEvolutionMacros CompositionMacro.swift
[31/38] Compiling CoreDataEvolutionMacros Helper.swift
[32/38] Compiling CoreDataEvolutionMacros IgnoreMacro.swift
[33/38] Compiling CoreDataEvolutionMacros StoredPropertyValidation.swift
[34/38] Compiling CoreDataEvolutionMacros StringLiteralHelpers.swift
[35/38] Compiling CoreDataEvolutionMacros SyntaxTypeHelpers.swift
[36/39] Wrapping AST for CoreDataEvolutionMacros for debugging
[37/39] Write Objects.LinkFileList
[38/39] Linking CoreDataEvolutionMacros-tool
[40/70] Compiling CoreDataEvolution AttributeMacroValidation.swift
/host/spi-builder-workspace/.build/checkouts/CoreDataEvolution/Sources/CoreDataEvolution/ModelActorSupport.swift:12:8: error: no such module 'CoreData'
 10 | //  Copyright © 2024-present Fatbobman. All rights reserved.
 11 |
 12 | import CoreData
    |        `- error: no such module 'CoreData'
 13 | import Foundation
 14 |
Internal Error: DecodingError.dataCorrupted: Data was corrupted. Debug description: Corrupted JSON. Underlying error: unexpected end of file
[41/70] Compiling CoreDataEvolution Macros.swift
/host/spi-builder-workspace/.build/checkouts/CoreDataEvolution/Sources/CoreDataEvolution/ModelActorSupport.swift:12:8: error: no such module 'CoreData'
 10 | //  Copyright © 2024-present Fatbobman. All rights reserved.
 11 |
 12 | import CoreData
    |        `- error: no such module 'CoreData'
 13 | import Foundation
 14 |
Internal Error: DecodingError.dataCorrupted: Data was corrupted. Debug description: Corrupted JSON. Underlying error: unexpected end of file
[42/70] Compiling CoreDataEvolution MainModelActor.swift
/host/spi-builder-workspace/.build/checkouts/CoreDataEvolution/Sources/CoreDataEvolution/ModelActorSupport.swift:12:8: error: no such module 'CoreData'
 10 | //  Copyright © 2024-present Fatbobman. All rights reserved.
 11 |
 12 | import CoreData
    |        `- error: no such module 'CoreData'
 13 | import Foundation
 14 |
Internal Error: DecodingError.dataCorrupted: Data was corrupted. Debug description: Corrupted JSON. Underlying error: unexpected end of file
[43/70] Compiling CoreDataEvolution ModelActorSupport.swift
/host/spi-builder-workspace/.build/checkouts/CoreDataEvolution/Sources/CoreDataEvolution/ModelActorSupport.swift:12:8: error: no such module 'CoreData'
 10 | //  Copyright © 2024-present Fatbobman. All rights reserved.
 11 |
 12 | import CoreData
    |        `- error: no such module 'CoreData'
 13 | import Foundation
 14 |
Internal Error: DecodingError.dataCorrupted: Data was corrupted. Debug description: Corrupted JSON. Underlying error: unexpected end of file
[44/70] Compiling CoreDataEvolution NSMainModelActor.swift
/host/spi-builder-workspace/.build/checkouts/CoreDataEvolution/Sources/CoreDataEvolution/ModelActorSupport.swift:12:8: error: no such module 'CoreData'
 10 | //  Copyright © 2024-present Fatbobman. All rights reserved.
 11 |
 12 | import CoreData
    |        `- error: no such module 'CoreData'
 13 | import Foundation
 14 |
Internal Error: DecodingError.dataCorrupted: Data was corrupted. Debug description: Corrupted JSON. Underlying error: unexpected end of file
[45/70] Compiling CoreDataEvolution RuntimeModelStack.swift
/host/spi-builder-workspace/.build/checkouts/CoreDataEvolution/Sources/CoreDataEvolution/ModelActorSupport.swift:12:8: error: no such module 'CoreData'
 10 | //  Copyright © 2024-present Fatbobman. All rights reserved.
 11 |
 12 | import CoreData
    |        `- error: no such module 'CoreData'
 13 | import Foundation
 14 |
[46/70] Compiling CoreDataEvolution RuntimeSchemaProviding.swift
/host/spi-builder-workspace/.build/checkouts/CoreDataEvolution/Sources/CoreDataEvolution/ModelActorSupport.swift:12:8: error: no such module 'CoreData'
 10 | //  Copyright © 2024-present Fatbobman. All rights reserved.
 11 |
 12 | import CoreData
    |        `- error: no such module 'CoreData'
 13 | import Foundation
 14 |
[47/70] Compiling CoreDataEvolution RuntimeSchemaTypes.swift
/host/spi-builder-workspace/.build/checkouts/CoreDataEvolution/Sources/CoreDataEvolution/ModelActorSupport.swift:12:8: error: no such module 'CoreData'
 10 | //  Copyright © 2024-present Fatbobman. All rights reserved.
 11 |
 12 | import CoreData
    |        `- error: no such module 'CoreData'
 13 | import Foundation
 14 |
[48/70] Compiling CoreDataEvolution CompositionSupport.swift
/host/spi-builder-workspace/.build/checkouts/CoreDataEvolution/Sources/CoreDataEvolution/ModelActorSupport.swift:12:8: error: no such module 'CoreData'
 10 | //  Copyright © 2024-present Fatbobman. All rights reserved.
 11 |
 12 | import CoreData
    |        `- error: no such module 'CoreData'
 13 | import Foundation
 14 |
error: emit-module command failed with exit code 1 (use -v to see invocation)
[49/74] Emitting module CoreDataEvolution
/host/spi-builder-workspace/.build/checkouts/CoreDataEvolution/Sources/CoreDataEvolution/ModelActorSupport.swift:12:8: error: no such module 'CoreData'
 10 | //  Copyright © 2024-present Fatbobman. All rights reserved.
 11 |
 12 | import CoreData
    |        `- error: no such module 'CoreData'
 13 | import Foundation
 14 |
Internal Error: DecodingError.dataCorrupted: Data was corrupted. Debug description: Corrupted JSON. Underlying error: unexpected end of file
[50/74] Compiling CoreDataEvolution Filtering.swift
/host/spi-builder-workspace/.build/checkouts/CoreDataEvolution/Sources/CoreDataEvolution/ModelActorSupport.swift:12:8: error: no such module 'CoreData'
 10 | //  Copyright © 2024-present Fatbobman. All rights reserved.
 11 |
 12 | import CoreData
    |        `- error: no such module 'CoreData'
 13 | import Foundation
 14 |
[51/74] Compiling CoreDataEvolution ModelMetadata.swift
/host/spi-builder-workspace/.build/checkouts/CoreDataEvolution/Sources/CoreDataEvolution/ModelActorSupport.swift:12:8: error: no such module 'CoreData'
 10 | //  Copyright © 2024-present Fatbobman. All rights reserved.
 11 |
 12 | import CoreData
    |        `- error: no such module 'CoreData'
 13 | import Foundation
 14 |
[52/74] Compiling CoreDataEvolution PathProtocols.swift
/host/spi-builder-workspace/.build/checkouts/CoreDataEvolution/Sources/CoreDataEvolution/ModelActorSupport.swift:12:8: error: no such module 'CoreData'
 10 | //  Copyright © 2024-present Fatbobman. All rights reserved.
 11 |
 12 | import CoreData
    |        `- error: no such module 'CoreData'
 13 | import Foundation
 14 |
[53/74] Compiling CoreDataEvolution RelationshipSupport.swift
/host/spi-builder-workspace/.build/checkouts/CoreDataEvolution/Sources/CoreDataEvolution/ModelActorSupport.swift:12:8: error: no such module 'CoreData'
 10 | //  Copyright © 2024-present Fatbobman. All rights reserved.
 11 |
 12 | import CoreData
    |        `- error: no such module 'CoreData'
 13 | import Foundation
 14 |
[54/74] Compiling CoreDataEvolution CDEObservationDomain.swift
/host/spi-builder-workspace/.build/checkouts/CoreDataEvolution/Sources/CoreDataEvolution/ModelActorSupport.swift:12:8: error: no such module 'CoreData'
 10 | //  Copyright © 2024-present Fatbobman. All rights reserved.
 11 |
 12 | import CoreData
    |        `- error: no such module 'CoreData'
 13 | import Foundation
 14 |
[55/74] Compiling CoreDataEvolution CDEObservationDomainRegistry.swift
/host/spi-builder-workspace/.build/checkouts/CoreDataEvolution/Sources/CoreDataEvolution/ModelActorSupport.swift:12:8: error: no such module 'CoreData'
 10 | //  Copyright © 2024-present Fatbobman. All rights reserved.
 11 |
 12 | import CoreData
    |        `- error: no such module 'CoreData'
 13 | import Foundation
 14 |
[56/74] Compiling CoreDataEvolution CDEObservationFieldMap.swift
/host/spi-builder-workspace/.build/checkouts/CoreDataEvolution/Sources/CoreDataEvolution/ModelActorSupport.swift:12:8: error: no such module 'CoreData'
 10 | //  Copyright © 2024-present Fatbobman. All rights reserved.
 11 |
 12 | import CoreData
    |        `- error: no such module 'CoreData'
 13 | import Foundation
 14 |
[57/74] Compiling CoreDataEvolution CDEObservationObjectIDTable.swift
/host/spi-builder-workspace/.build/checkouts/CoreDataEvolution/Sources/CoreDataEvolution/ModelActorSupport.swift:12:8: error: no such module 'CoreData'
 10 | //  Copyright © 2024-present Fatbobman. All rights reserved.
 11 |
 12 | import CoreData
    |        `- error: no such module 'CoreData'
 13 | import Foundation
 14 |
[58/74] Compiling CoreDataEvolution Sorting.swift
/host/spi-builder-workspace/.build/checkouts/CoreDataEvolution/Sources/CoreDataEvolution/ModelActorSupport.swift:12:8: error: no such module 'CoreData'
 10 | //  Copyright © 2024-present Fatbobman. All rights reserved.
 11 |
 12 | import CoreData
    |        `- error: no such module 'CoreData'
 13 | import Foundation
 14 |
[59/74] Compiling CoreDataEvolution ToManyFilterPaths.swift
/host/spi-builder-workspace/.build/checkouts/CoreDataEvolution/Sources/CoreDataEvolution/ModelActorSupport.swift:12:8: error: no such module 'CoreData'
 10 | //  Copyright © 2024-present Fatbobman. All rights reserved.
 11 |
 12 | import CoreData
    |        `- error: no such module 'CoreData'
 13 | import Foundation
 14 |
[60/74] Compiling CoreDataEvolution ValueTransformerRegistration.swift
/host/spi-builder-workspace/.build/checkouts/CoreDataEvolution/Sources/CoreDataEvolution/ModelActorSupport.swift:12:8: error: no such module 'CoreData'
 10 | //  Copyright © 2024-present Fatbobman. All rights reserved.
 11 |
 12 | import CoreData
    |        `- error: no such module 'CoreData'
 13 | import Foundation
 14 |
[61/74] Compiling CoreDataEvolution module.swift
/host/spi-builder-workspace/.build/checkouts/CoreDataEvolution/Sources/CoreDataEvolution/ModelActorSupport.swift:12:8: error: no such module 'CoreData'
 10 | //  Copyright © 2024-present Fatbobman. All rights reserved.
 11 |
 12 | import CoreData
    |        `- error: no such module 'CoreData'
 13 | import Foundation
 14 |
[62/74] Compiling CoreDataEvolution CDEObservationPendingBuffer.swift
/host/spi-builder-workspace/.build/checkouts/CoreDataEvolution/Sources/CoreDataEvolution/ModelActorSupport.swift:12:8: error: no such module 'CoreData'
 10 | //  Copyright © 2024-present Fatbobman. All rights reserved.
 11 |
 12 | import CoreData
    |        `- error: no such module 'CoreData'
 13 | import Foundation
 14 |
[63/74] Compiling CoreDataEvolution CDEObservationProducerRegistration.swift
/host/spi-builder-workspace/.build/checkouts/CoreDataEvolution/Sources/CoreDataEvolution/ModelActorSupport.swift:12:8: error: no such module 'CoreData'
 10 | //  Copyright © 2024-present Fatbobman. All rights reserved.
 11 |
 12 | import CoreData
    |        `- error: no such module 'CoreData'
 13 | import Foundation
 14 |
[64/74] Compiling CoreDataEvolution CDEObservationRoutingTypes.swift
/host/spi-builder-workspace/.build/checkouts/CoreDataEvolution/Sources/CoreDataEvolution/ModelActorSupport.swift:12:8: error: no such module 'CoreData'
 10 | //  Copyright © 2024-present Fatbobman. All rights reserved.
 11 |
 12 | import CoreData
    |        `- error: no such module 'CoreData'
 13 | import Foundation
 14 |
[65/74] Compiling CoreDataEvolution RuntimeModelBuilder.swift
/host/spi-builder-workspace/.build/checkouts/CoreDataEvolution/Sources/CoreDataEvolution/ModelActorSupport.swift:12:8: error: no such module 'CoreData'
 10 | //  Copyright © 2024-present Fatbobman. All rights reserved.
 11 |
 12 | import CoreData
    |        `- error: no such module 'CoreData'
 13 | import Foundation
 14 |
[66/74] Compiling CoreDataEvolution NSModelActor.swift
/host/spi-builder-workspace/.build/checkouts/CoreDataEvolution/Sources/CoreDataEvolution/ModelActorSupport.swift:12:8: error: no such module 'CoreData'
 10 | //  Copyright © 2024-present Fatbobman. All rights reserved.
 11 |
 12 | import CoreData
    |        `- error: no such module 'CoreData'
 13 | import Foundation
 14 |
[67/74] Compiling CoreDataEvolution NSModelObjectContextExecutor.swift
/host/spi-builder-workspace/.build/checkouts/CoreDataEvolution/Sources/CoreDataEvolution/ModelActorSupport.swift:12:8: error: no such module 'CoreData'
 10 | //  Copyright © 2024-present Fatbobman. All rights reserved.
 11 |
 12 | import CoreData
    |        `- error: no such module 'CoreData'
 13 | import Foundation
 14 |
[68/74] Compiling CoreDataEvolution NSPersistentContainer+Testing.swift
/host/spi-builder-workspace/.build/checkouts/CoreDataEvolution/Sources/CoreDataEvolution/ModelActorSupport.swift:12:8: error: no such module 'CoreData'
 10 | //  Copyright © 2024-present Fatbobman. All rights reserved.
 11 |
 12 | import CoreData
    |        `- error: no such module 'CoreData'
 13 | import Foundation
 14 |
[69/74] Compiling CoreDataEvolution CDEObservationAccess.swift
/host/spi-builder-workspace/.build/checkouts/CoreDataEvolution/Sources/CoreDataEvolution/ModelActorSupport.swift:12:8: error: no such module 'CoreData'
 10 | //  Copyright © 2024-present Fatbobman. All rights reserved.
 11 |
 12 | import CoreData
    |        `- error: no such module 'CoreData'
 13 | import Foundation
 14 |
[70/74] Compiling CoreDataEvolution CDEObservationDomain+Debug.swift
/host/spi-builder-workspace/.build/checkouts/CoreDataEvolution/Sources/CoreDataEvolution/ModelActorSupport.swift:12:8: error: no such module 'CoreData'
 10 | //  Copyright © 2024-present Fatbobman. All rights reserved.
 11 |
 12 | import CoreData
    |        `- error: no such module 'CoreData'
 13 | import Foundation
 14 |
[71/74] Compiling CoreDataEvolution CDEObservationDomain+EchoSuppression.swift
/host/spi-builder-workspace/.build/checkouts/CoreDataEvolution/Sources/CoreDataEvolution/ModelActorSupport.swift:12:8: error: no such module 'CoreData'
 10 | //  Copyright © 2024-present Fatbobman. All rights reserved.
 11 |
 12 | import CoreData
    |        `- error: no such module 'CoreData'
 13 | import Foundation
 14 |
[72/74] Compiling CoreDataEvolution CDEObservationDomain+Notifications.swift
/host/spi-builder-workspace/.build/checkouts/CoreDataEvolution/Sources/CoreDataEvolution/ModelActorSupport.swift:12:8: error: no such module 'CoreData'
 10 | //  Copyright © 2024-present Fatbobman. All rights reserved.
 11 |
 12 | import CoreData
    |        `- error: no such module 'CoreData'
 13 | import Foundation
 14 |
[73/74] Compiling CoreDataEvolution CDEObservationDomain+ObjectIDs.swift
/host/spi-builder-workspace/.build/checkouts/CoreDataEvolution/Sources/CoreDataEvolution/ModelActorSupport.swift:12:8: error: no such module 'CoreData'
 10 | //  Copyright © 2024-present Fatbobman. All rights reserved.
 11 |
 12 | import CoreData
    |        `- error: no such module 'CoreData'
 13 | import Foundation
 14 |
[74/74] Compiling CoreDataEvolution CDEObservationDomain+Routing.swift
/host/spi-builder-workspace/.build/checkouts/CoreDataEvolution/Sources/CoreDataEvolution/ModelActorSupport.swift:12:8: error: no such module 'CoreData'
 10 | //  Copyright © 2024-present Fatbobman. All rights reserved.
 11 |
 12 | import CoreData
    |        `- error: no such module 'CoreData'
 13 | import Foundation
 14 |
BUILD FAILURE 6.3 linux