Build Information
Failed to build SmokeAWSGenerate, reference 3.2.1 (bbb08b), with Swift 6.4 for watchOS using Xcode 27.0 on 19 Sep 2026 13:48:11 UTC.
Build Command
env DEVELOPER_DIR=/Applications/Xcode-27.0.0-Release.Candidate.app xcrun xcodebuild -IDEClonedSourcePackagesDirPathOverride=$PWD/.dependencies -skipMacroValidation -skipPackagePluginValidation -derivedDataPath $PWD/.derivedData build -scheme SmokeAWSGenerate-Package -destination generic/platform=watchOSBuild Log
Ld /Users/admin/builder/spi-builder-workspace/.derivedData/Build/Intermediates.noindex/OpenAPIKit.build/Debug-watchos/OpenAPIKit30-t.build/Objects-normal/arm64_32/Binary/OpenAPIKit30.o normal arm64_32 (in target 'OpenAPIKit30' from project 'OpenAPIKit')
cd /Users/admin/builder/spi-builder-workspace/.dependencies/checkouts/OpenAPIKit
/Applications/Xcode-27.0.0-Release.Candidate.app/Contents/Developer/Toolchains/XcodeDefault.xctoolchain/usr/bin/clang -Xlinker -reproducible -target arm64_32-apple-watchos9.0 -r -isysroot /Applications/Xcode-27.0.0-Release.Candidate.app/Contents/Developer/Platforms/WatchOS.platform/Developer/SDKs/WatchOS27.0.sdk -O0 -w -Xlinker -no_warn_duplicate_libraries -F/Users/admin/builder/spi-builder-workspace/.derivedData/Build/Intermediates.noindex/EagerLinkingTBDs/Debug-watchos -F/Users/admin/builder/spi-builder-workspace/.derivedData/Build/Products/Debug-watchos/PackageFrameworks -F/Users/admin/builder/spi-builder-workspace/.derivedData/Build/Products/Debug-watchos -iframework /Applications/Xcode-27.0.0-Release.Candidate.app/Contents/Developer/Platforms/WatchOS.platform/Developer/Library/Frameworks -iframework /Applications/Xcode-27.0.0-Release.Candidate.app/Contents/Developer/Platforms/WatchOS.platform/Developer/SDKs/WatchOS27.0.sdk/Developer/Library/Frameworks -filelist /Users/admin/builder/spi-builder-workspace/.derivedData/Build/Intermediates.noindex/OpenAPIKit.build/Debug-watchos/OpenAPIKit30-t.build/Objects-normal/arm64_32/OpenAPIKit30.LinkFileList -nostdlib -Xlinker -object_path_lto -Xlinker /Users/admin/builder/spi-builder-workspace/.derivedData/Build/Intermediates.noindex/OpenAPIKit.build/Debug-watchos/OpenAPIKit30-t.build/Objects-normal/arm64_32/OpenAPIKit30_lto.o -Xlinker -no_deduplicate -Xlinker -dependency_info -Xlinker /Users/admin/builder/spi-builder-workspace/.derivedData/Build/Intermediates.noindex/OpenAPIKit.build/Debug-watchos/OpenAPIKit30-t.build/Objects-normal/arm64_32/OpenAPIKit30_dependency_info.dat -fobjc-link-runtime -L/Applications/Xcode-27.0.0-Release.Candidate.app/Contents/Developer/Toolchains/XcodeDefault.xctoolchain/usr/lib/swift/watchos -L/usr/lib/swift -Xlinker -add_ast_path -Xlinker /Users/admin/builder/spi-builder-workspace/.derivedData/Build/Intermediates.noindex/OpenAPIKit.build/Debug-watchos/OpenAPIKit30-t.build/Objects-normal/arm64_32/OpenAPIKit30.swiftmodule -o /Users/admin/builder/spi-builder-workspace/.derivedData/Build/Intermediates.noindex/OpenAPIKit.build/Debug-watchos/OpenAPIKit30-t.build/Objects-normal/arm64_32/Binary/OpenAPIKit30.o
Ld /Users/admin/builder/spi-builder-workspace/.derivedData/Build/Intermediates.noindex/OpenAPIKit.build/Debug-watchos/OpenAPIKit30-t.build/Objects-normal/arm64/Binary/OpenAPIKit30.o normal arm64 (in target 'OpenAPIKit30' from project 'OpenAPIKit')
cd /Users/admin/builder/spi-builder-workspace/.dependencies/checkouts/OpenAPIKit
/Applications/Xcode-27.0.0-Release.Candidate.app/Contents/Developer/Toolchains/XcodeDefault.xctoolchain/usr/bin/clang -Xlinker -reproducible -target arm64-apple-watchos9.0 -r -isysroot /Applications/Xcode-27.0.0-Release.Candidate.app/Contents/Developer/Platforms/WatchOS.platform/Developer/SDKs/WatchOS27.0.sdk -O0 -w -Xlinker -no_warn_duplicate_libraries -F/Users/admin/builder/spi-builder-workspace/.derivedData/Build/Intermediates.noindex/EagerLinkingTBDs/Debug-watchos -F/Users/admin/builder/spi-builder-workspace/.derivedData/Build/Products/Debug-watchos/PackageFrameworks -F/Users/admin/builder/spi-builder-workspace/.derivedData/Build/Products/Debug-watchos -iframework /Applications/Xcode-27.0.0-Release.Candidate.app/Contents/Developer/Platforms/WatchOS.platform/Developer/Library/Frameworks -iframework /Applications/Xcode-27.0.0-Release.Candidate.app/Contents/Developer/Platforms/WatchOS.platform/Developer/SDKs/WatchOS27.0.sdk/Developer/Library/Frameworks -filelist /Users/admin/builder/spi-builder-workspace/.derivedData/Build/Intermediates.noindex/OpenAPIKit.build/Debug-watchos/OpenAPIKit30-t.build/Objects-normal/arm64/OpenAPIKit30.LinkFileList -nostdlib -Xlinker -object_path_lto -Xlinker /Users/admin/builder/spi-builder-workspace/.derivedData/Build/Intermediates.noindex/OpenAPIKit.build/Debug-watchos/OpenAPIKit30-t.build/Objects-normal/arm64/OpenAPIKit30_lto.o -Xlinker -no_deduplicate -Xlinker -dependency_info -Xlinker /Users/admin/builder/spi-builder-workspace/.derivedData/Build/Intermediates.noindex/OpenAPIKit.build/Debug-watchos/OpenAPIKit30-t.build/Objects-normal/arm64/OpenAPIKit30_dependency_info.dat -fobjc-link-runtime -L/Applications/Xcode-27.0.0-Release.Candidate.app/Contents/Developer/Toolchains/XcodeDefault.xctoolchain/usr/lib/swift/watchos -L/usr/lib/swift -Xlinker -add_ast_path -Xlinker /Users/admin/builder/spi-builder-workspace/.derivedData/Build/Intermediates.noindex/OpenAPIKit.build/Debug-watchos/OpenAPIKit30-t.build/Objects-normal/arm64/OpenAPIKit30.swiftmodule -o /Users/admin/builder/spi-builder-workspace/.derivedData/Build/Intermediates.noindex/OpenAPIKit.build/Debug-watchos/OpenAPIKit30-t.build/Objects-normal/arm64/Binary/OpenAPIKit30.o
CreateUniversalBinary /Users/admin/builder/spi-builder-workspace/.derivedData/Build/Products/Debug-watchos/Yams.o normal arm64\ arm64_32 (in target 'Yams' from project 'Yams')
cd /Users/admin/builder/spi-builder-workspace/.dependencies/checkouts/Yams
/Applications/Xcode-27.0.0-Release.Candidate.app/Contents/Developer/Toolchains/XcodeDefault.xctoolchain/usr/bin/lipo -create /Users/admin/builder/spi-builder-workspace/.derivedData/Build/Intermediates.noindex/Yams.build/Debug-watchos/Yams-t.build/Objects-normal/arm64/Binary/Yams.o /Users/admin/builder/spi-builder-workspace/.derivedData/Build/Intermediates.noindex/Yams.build/Debug-watchos/Yams-t.build/Objects-normal/arm64_32/Binary/Yams.o -output /Users/admin/builder/spi-builder-workspace/.derivedData/Build/Products/Debug-watchos/Yams.o
SwiftExplicitDependencyGeneratePcm arm64_32 /Users/admin/builder/spi-builder-workspace/.derivedData/SDKExplicitPrecompiledModules/os-E5IGB442IA6SBB25TTCOLK2OC.pcm
ExtractAppIntentsMetadata (in target 'Yams' from project 'Yams')
cd /Users/admin/builder/spi-builder-workspace/.dependencies/checkouts/Yams
/Applications/Xcode-27.0.0-Release.Candidate.app/Contents/Developer/Toolchains/XcodeDefault.xctoolchain/usr/bin/appintentsmetadataprocessor --toolchain-dir /var/run/com.apple.security.cryptexd/mnt/com.apple.MobileAsset.MetalToolchain-v27.1.266.1.0yAV4K/Metal.xctoolchain --module-name Yams --sdk-root /Applications/Xcode-27.0.0-Release.Candidate.app/Contents/Developer/Platforms/WatchOS.platform/Developer/SDKs/WatchOS27.0.sdk --xcode-version 27A266a --platform-family watchOS --deployment-target 9.0 --bundle-identifier yams.Yams --output /Users/admin/builder/spi-builder-workspace/.derivedData/Build/Products/Debug-watchos/Yams.appintents --target-triple arm64-apple-watchos9.0 --target-triple arm64_32-apple-watchos9.0 --binary-file /Users/admin/builder/spi-builder-workspace/.derivedData/Build/Products/Debug-watchos/Yams.o --dependency-file /Users/admin/builder/spi-builder-workspace/.derivedData/Build/Intermediates.noindex/Yams.build/Debug-watchos/Yams-t.build/Objects-normal/arm64/Yams_dependency_info.dat --dependency-file /Users/admin/builder/spi-builder-workspace/.derivedData/Build/Intermediates.noindex/Yams.build/Debug-watchos/Yams-t.build/Objects-normal/arm64_32/Yams_dependency_info.dat --stringsdata-file /Users/admin/builder/spi-builder-workspace/.derivedData/Build/Intermediates.noindex/Yams.build/Debug-watchos/Yams-t.build/Objects-normal/arm64/ExtractedAppShortcutsMetadata.stringsdata --stringsdata-file /Users/admin/builder/spi-builder-workspace/.derivedData/Build/Intermediates.noindex/Yams.build/Debug-watchos/Yams-t.build/Objects-normal/arm64_32/ExtractedAppShortcutsMetadata.stringsdata --source-file-list /Users/admin/builder/spi-builder-workspace/.derivedData/Build/Intermediates.noindex/Yams.build/Debug-watchos/Yams-t.build/Objects-normal/arm64/Yams.SwiftFileList --source-file-list /Users/admin/builder/spi-builder-workspace/.derivedData/Build/Intermediates.noindex/Yams.build/Debug-watchos/Yams-t.build/Objects-normal/arm64_32/Yams.SwiftFileList --metadata-file-list /Users/admin/builder/spi-builder-workspace/.derivedData/Build/Intermediates.noindex/Yams.build/Debug-watchos/Yams-t.build/Yams.DependencyMetadataFileList --static-metadata-file-list /Users/admin/builder/spi-builder-workspace/.derivedData/Build/Intermediates.noindex/Yams.build/Debug-watchos/Yams-t.build/Yams.DependencyStaticMetadataFileList --swift-const-vals-list /Users/admin/builder/spi-builder-workspace/.derivedData/Build/Intermediates.noindex/Yams.build/Debug-watchos/Yams-t.build/Objects-normal/arm64/Yams.SwiftConstValuesFileList --swift-const-vals-list /Users/admin/builder/spi-builder-workspace/.derivedData/Build/Intermediates.noindex/Yams.build/Debug-watchos/Yams-t.build/Objects-normal/arm64_32/Yams.SwiftConstValuesFileList --force --compile-time-extraction --deployment-aware-processing --no-app-shortcuts-localization
2026-09-19 09:48:00.865 appintentsmetadataprocessor[1423:8544] Starting appintentsmetadataprocessor export
2026-09-19 09:48:00.957 appintentsmetadataprocessor[1423:8544] Extracted no relevant App Intents symbols, skipping writing output
SwiftEmitModule normal arm64 Emitting\ module\ for\ SmokeAWSGenerate (in target 'SmokeAWSGenerate-product' from project 'SmokeAWSGenerate')
SwiftCompile normal arm64 (in target 'SmokeAWSGenerate-product' from project 'SmokeAWSGenerate')
cd /Users/admin/builder/spi-builder-workspace/.swiftpm/xcode
SwiftCompile normal arm64 Compiling\ CloudFormationConfiguration.swift,\ CloudwatchConfiguration.swift /Users/admin/builder/spi-builder-workspace/Sources/SmokeAWSGenerate/CloudFormationConfiguration.swift /Users/admin/builder/spi-builder-workspace/Sources/SmokeAWSGenerate/CloudwatchConfiguration.swift (in target 'SmokeAWSGenerate-product' from project 'SmokeAWSGenerate')
SwiftCompile normal arm64 /Users/admin/builder/spi-builder-workspace/Sources/SmokeAWSGenerate/CloudFormationConfiguration.swift (in target 'SmokeAWSGenerate-product' from project 'SmokeAWSGenerate')
cd /Users/admin/builder/spi-builder-workspace/.swiftpm/xcode
builtin-SwiftPerFileCompile CloudFormationConfiguration.swift
SwiftCompile normal arm64 /Users/admin/builder/spi-builder-workspace/Sources/SmokeAWSGenerate/CloudwatchConfiguration.swift (in target 'SmokeAWSGenerate-product' from project 'SmokeAWSGenerate')
cd /Users/admin/builder/spi-builder-workspace/.swiftpm/xcode
builtin-SwiftPerFileCompile CloudwatchConfiguration.swift
CreateUniversalBinary /Users/admin/builder/spi-builder-workspace/.derivedData/Build/Products/Debug-watchos/OpenAPIKit30.o normal arm64\ arm64_32 (in target 'OpenAPIKit30' from project 'OpenAPIKit')
cd /Users/admin/builder/spi-builder-workspace/.dependencies/checkouts/OpenAPIKit
/Applications/Xcode-27.0.0-Release.Candidate.app/Contents/Developer/Toolchains/XcodeDefault.xctoolchain/usr/bin/lipo -create /Users/admin/builder/spi-builder-workspace/.derivedData/Build/Intermediates.noindex/OpenAPIKit.build/Debug-watchos/OpenAPIKit30-t.build/Objects-normal/arm64/Binary/OpenAPIKit30.o /Users/admin/builder/spi-builder-workspace/.derivedData/Build/Intermediates.noindex/OpenAPIKit.build/Debug-watchos/OpenAPIKit30-t.build/Objects-normal/arm64_32/Binary/OpenAPIKit30.o -output /Users/admin/builder/spi-builder-workspace/.derivedData/Build/Products/Debug-watchos/OpenAPIKit30.o
SwiftCompile normal arm64 Compiling\ S3Configuration.swift,\ SNSConfiguration.swift /Users/admin/builder/spi-builder-workspace/Sources/SmokeAWSGenerate/S3Configuration.swift /Users/admin/builder/spi-builder-workspace/Sources/SmokeAWSGenerate/SNSConfiguration.swift (in target 'SmokeAWSGenerate-product' from project 'SmokeAWSGenerate')
SwiftCompile normal arm64 /Users/admin/builder/spi-builder-workspace/Sources/SmokeAWSGenerate/S3Configuration.swift (in target 'SmokeAWSGenerate-product' from project 'SmokeAWSGenerate')
cd /Users/admin/builder/spi-builder-workspace/.swiftpm/xcode
builtin-SwiftPerFileCompile S3Configuration.swift
SwiftCompile normal arm64 /Users/admin/builder/spi-builder-workspace/Sources/SmokeAWSGenerate/SNSConfiguration.swift (in target 'SmokeAWSGenerate-product' from project 'SmokeAWSGenerate')
cd /Users/admin/builder/spi-builder-workspace/.swiftpm/xcode
builtin-SwiftPerFileCompile SNSConfiguration.swift
SwiftEmitModule normal arm64_32 Emitting\ module\ for\ SmokeAWSGenerate (in target 'SmokeAWSGenerate-product' from project 'SmokeAWSGenerate')
SwiftCompile normal arm64_32 (in target 'SmokeAWSGenerate-product' from project 'SmokeAWSGenerate')
cd /Users/admin/builder/spi-builder-workspace/.swiftpm/xcode
SwiftDriverJobDiscovery normal arm64_32 Compiling CommandGroup.swift, EnumerableFlag.swift, ExpressibleByArgument.swift, ParsableArguments.swift, ParsableCommand.swift (in target 'ArgumentParser' from project 'swift-argument-parser')
SwiftCompile normal arm64_32 Compiling\ SimpleWorkflowConfiguration.swift /Users/admin/builder/spi-builder-workspace/Sources/SmokeAWSGenerate/SimpleWorkflowConfiguration.swift (in target 'SmokeAWSGenerate-product' from project 'SmokeAWSGenerate')
SwiftCompile normal arm64_32 /Users/admin/builder/spi-builder-workspace/Sources/SmokeAWSGenerate/SimpleWorkflowConfiguration.swift (in target 'SmokeAWSGenerate-product' from project 'SmokeAWSGenerate')
cd /Users/admin/builder/spi-builder-workspace/.swiftpm/xcode
builtin-SwiftPerFileCompile SimpleWorkflowConfiguration.swift
SwiftCompile normal arm64 Compiling\ SimpleWorkflowConfiguration.swift /Users/admin/builder/spi-builder-workspace/Sources/SmokeAWSGenerate/SimpleWorkflowConfiguration.swift (in target 'SmokeAWSGenerate-product' from project 'SmokeAWSGenerate')
SwiftCompile normal arm64 /Users/admin/builder/spi-builder-workspace/Sources/SmokeAWSGenerate/SimpleWorkflowConfiguration.swift (in target 'SmokeAWSGenerate-product' from project 'SmokeAWSGenerate')
cd /Users/admin/builder/spi-builder-workspace/.swiftpm/xcode
builtin-SwiftPerFileCompile SimpleWorkflowConfiguration.swift
SwiftCompile normal arm64_32 Compiling\ CodeBuildConfiguration.swift,\ CodePipelineConfiguration.swift /Users/admin/builder/spi-builder-workspace/Sources/SmokeAWSGenerate/CodeBuildConfiguration.swift /Users/admin/builder/spi-builder-workspace/Sources/SmokeAWSGenerate/CodePipelineConfiguration.swift (in target 'SmokeAWSGenerate-product' from project 'SmokeAWSGenerate')
SwiftCompile normal arm64_32 /Users/admin/builder/spi-builder-workspace/Sources/SmokeAWSGenerate/CodeBuildConfiguration.swift (in target 'SmokeAWSGenerate-product' from project 'SmokeAWSGenerate')
cd /Users/admin/builder/spi-builder-workspace/.swiftpm/xcode
builtin-SwiftPerFileCompile CodeBuildConfiguration.swift
SwiftCompile normal arm64_32 /Users/admin/builder/spi-builder-workspace/Sources/SmokeAWSGenerate/CodePipelineConfiguration.swift (in target 'SmokeAWSGenerate-product' from project 'SmokeAWSGenerate')
cd /Users/admin/builder/spi-builder-workspace/.swiftpm/xcode
builtin-SwiftPerFileCompile CodePipelineConfiguration.swift
SwiftDriverJobDiscovery normal arm64 Compiling Option.swift, OptionGroup.swift, ParentCommand.swift, AsyncParsableCommand.swift, CommandConfiguration.swift (in target 'ArgumentParser' from project 'swift-argument-parser')
SwiftCompile normal arm64 Compiling\ StepFunctionsConfiguration.swift /Users/admin/builder/spi-builder-workspace/Sources/SmokeAWSGenerate/StepFunctionsConfiguration.swift (in target 'SmokeAWSGenerate-product' from project 'SmokeAWSGenerate')
SwiftCompile normal arm64 /Users/admin/builder/spi-builder-workspace/Sources/SmokeAWSGenerate/StepFunctionsConfiguration.swift (in target 'SmokeAWSGenerate-product' from project 'SmokeAWSGenerate')
cd /Users/admin/builder/spi-builder-workspace/.swiftpm/xcode
builtin-SwiftPerFileCompile StepFunctionsConfiguration.swift
SwiftDriverJobDiscovery normal arm64 Compiling CloudFormationConfiguration.swift, CloudwatchConfiguration.swift (in target 'SmokeAWSGenerate-product' from project 'SmokeAWSGenerate')
SwiftCompile normal arm64 Compiling\ DynamoDBConfiguration.swift,\ EC2Configuration.swift /Users/admin/builder/spi-builder-workspace/Sources/SmokeAWSGenerate/DynamoDBConfiguration.swift /Users/admin/builder/spi-builder-workspace/Sources/SmokeAWSGenerate/EC2Configuration.swift (in target 'SmokeAWSGenerate-product' from project 'SmokeAWSGenerate')
SwiftCompile normal arm64 /Users/admin/builder/spi-builder-workspace/Sources/SmokeAWSGenerate/DynamoDBConfiguration.swift (in target 'SmokeAWSGenerate-product' from project 'SmokeAWSGenerate')
cd /Users/admin/builder/spi-builder-workspace/.swiftpm/xcode
builtin-SwiftPerFileCompile DynamoDBConfiguration.swift
SwiftCompile normal arm64 /Users/admin/builder/spi-builder-workspace/Sources/SmokeAWSGenerate/EC2Configuration.swift (in target 'SmokeAWSGenerate-product' from project 'SmokeAWSGenerate')
cd /Users/admin/builder/spi-builder-workspace/.swiftpm/xcode
builtin-SwiftPerFileCompile EC2Configuration.swift
SwiftDriverJobDiscovery normal arm64_32 Compiling SimpleWorkflowConfiguration.swift (in target 'SmokeAWSGenerate-product' from project 'SmokeAWSGenerate')
SwiftCompile normal arm64_32 Compiling\ STSConfiguration.swift,\ SimpleQueueConfiguration.swift /Users/admin/builder/spi-builder-workspace/Sources/SmokeAWSGenerate/STSConfiguration.swift /Users/admin/builder/spi-builder-workspace/Sources/SmokeAWSGenerate/SimpleQueueConfiguration.swift (in target 'SmokeAWSGenerate-product' from project 'SmokeAWSGenerate')
SwiftCompile normal arm64_32 /Users/admin/builder/spi-builder-workspace/Sources/SmokeAWSGenerate/STSConfiguration.swift (in target 'SmokeAWSGenerate-product' from project 'SmokeAWSGenerate')
cd /Users/admin/builder/spi-builder-workspace/.swiftpm/xcode
builtin-SwiftPerFileCompile STSConfiguration.swift
SwiftCompile normal arm64_32 /Users/admin/builder/spi-builder-workspace/Sources/SmokeAWSGenerate/SimpleQueueConfiguration.swift (in target 'SmokeAWSGenerate-product' from project 'SmokeAWSGenerate')
cd /Users/admin/builder/spi-builder-workspace/.swiftpm/xcode
builtin-SwiftPerFileCompile SimpleQueueConfiguration.swift
SwiftDriverJobDiscovery normal arm64 Compiling S3Configuration.swift, SNSConfiguration.swift (in target 'SmokeAWSGenerate-product' from project 'SmokeAWSGenerate')
SwiftCompile normal arm64 Compiling\ STSConfiguration.swift,\ SimpleQueueConfiguration.swift /Users/admin/builder/spi-builder-workspace/Sources/SmokeAWSGenerate/STSConfiguration.swift /Users/admin/builder/spi-builder-workspace/Sources/SmokeAWSGenerate/SimpleQueueConfiguration.swift (in target 'SmokeAWSGenerate-product' from project 'SmokeAWSGenerate')
SwiftCompile normal arm64 /Users/admin/builder/spi-builder-workspace/Sources/SmokeAWSGenerate/STSConfiguration.swift (in target 'SmokeAWSGenerate-product' from project 'SmokeAWSGenerate')
cd /Users/admin/builder/spi-builder-workspace/.swiftpm/xcode
builtin-SwiftPerFileCompile STSConfiguration.swift
SwiftCompile normal arm64 /Users/admin/builder/spi-builder-workspace/Sources/SmokeAWSGenerate/SimpleQueueConfiguration.swift (in target 'SmokeAWSGenerate-product' from project 'SmokeAWSGenerate')
cd /Users/admin/builder/spi-builder-workspace/.swiftpm/xcode
builtin-SwiftPerFileCompile SimpleQueueConfiguration.swift
SwiftDriverJobDiscovery normal arm64 Emitting module for SmokeAWSGenerate (in target 'SmokeAWSGenerate-product' from project 'SmokeAWSGenerate')
SwiftDriver\ Compilation\ Requirements SmokeAWSGenerate normal arm64 com.apple.xcode.tools.swift.compiler (in target 'SmokeAWSGenerate-product' from project 'SmokeAWSGenerate')
cd /Users/admin/builder/spi-builder-workspace/.swiftpm/xcode
builtin-Swift-Compilation-Requirements -- /Applications/Xcode-27.0.0-Release.Candidate.app/Contents/Developer/Toolchains/XcodeDefault.xctoolchain/usr/bin/swiftc -module-name SmokeAWSGenerate -Onone @/Users/admin/builder/spi-builder-workspace/.derivedData/Build/Intermediates.noindex/SmokeAWSGenerate.build/Debug-watchos/SmokeAWSGenerate-p.build/Objects-normal/arm64/SmokeAWSGenerate.SwiftFileList -DSWIFT_PACKAGE -DDEBUG -DXcode -plugin-path /Applications/Xcode-27.0.0-Release.Candidate.app/Contents/Developer/Toolchains/XcodeDefault.xctoolchain/usr/lib/swift/host/plugins/testing -enable-experimental-feature DebugDescriptionMacro -sdk /Applications/Xcode-27.0.0-Release.Candidate.app/Contents/Developer/Platforms/WatchOS.platform/Developer/SDKs/WatchOS27.0.sdk -target arm64-apple-watchos9.0 -g -module-cache-path /Users/admin/builder/spi-builder-workspace/.derivedData/ModuleCache.noindex -Xfrontend -serialize-debugging-options -enable-testing -index-store-path /Users/admin/builder/spi-builder-workspace/.derivedData/Index.noindex/DataStore -Xcc -D_LIBCPP_HARDENING_MODE\=_LIBCPP_HARDENING_MODE_DEBUG -swift-version 5 -I /Users/admin/builder/spi-builder-workspace/.derivedData/Build/Products/Debug-watchos -Isystem /Applications/Xcode-27.0.0-Release.Candidate.app/Contents/Developer/Platforms/WatchOS.platform/Developer/usr/lib -F /Users/admin/builder/spi-builder-workspace/.derivedData/Build/Products/Debug-watchos/PackageFrameworks -F /Users/admin/builder/spi-builder-workspace/.derivedData/Build/Products/Debug-watchos -F /Applications/Xcode-27.0.0-Release.Candidate.app/Contents/Developer/Platforms/WatchOS.platform/Developer/Library/Frameworks -F /Applications/Xcode-27.0.0-Release.Candidate.app/Contents/Developer/Platforms/WatchOS.platform/Developer/SDKs/WatchOS27.0.sdk/Developer/Library/Frameworks -c -j10 -enable-batch-mode -incremental -Xcc -ivfsstatcache -Xcc /Users/admin/builder/spi-builder-workspace/.derivedData/SDKStatCaches.noindex/watchos27.0-24R360-e829b21a6f8c9b70876ba0858053c04477534ef55a1706bf4c1112bbb242f0a2.sdkstatcache -output-file-map /Users/admin/builder/spi-builder-workspace/.derivedData/Build/Intermediates.noindex/SmokeAWSGenerate.build/Debug-watchos/SmokeAWSGenerate-p.build/Objects-normal/arm64/SmokeAWSGenerate-OutputFileMap.json -save-temps -no-color-diagnostics -explicit-module-build -module-cache-path /Users/admin/builder/spi-builder-workspace/.derivedData/Build/Intermediates.noindex/SwiftExplicitPrecompiledModules -clang-scanner-module-cache-path /Users/admin/builder/spi-builder-workspace/.derivedData/ModuleCache.noindex -sdk-module-cache-path /Users/admin/builder/spi-builder-workspace/.derivedData/SDKExplicitPrecompiledModules -emit-dependencies -emit-module -emit-module-path /Users/admin/builder/spi-builder-workspace/.derivedData/Build/Intermediates.noindex/SmokeAWSGenerate.build/Debug-watchos/SmokeAWSGenerate-p.build/Objects-normal/arm64/SmokeAWSGenerate.swiftmodule -serialize-diagnostics -dependency-scan-serialize-diagnostics-path /Users/admin/builder/spi-builder-workspace/.derivedData/Build/Intermediates.noindex/SmokeAWSGenerate.build/Debug-watchos/SmokeAWSGenerate-p.build/Objects-normal/arm64/SmokeAWSGenerate-dependency-scan.dia -validate-clang-modules-once -clang-build-session-file /Users/admin/builder/spi-builder-workspace/.derivedData/ModuleCache.noindex/Session.modulevalidation -Xcc -fmodules-prune-interval\=86400 -Xcc -fmodules-prune-after\=345600 -emit-const-values -const-gather-protocols-list /Users/admin/builder/spi-builder-workspace/.derivedData/Build/Intermediates.noindex/SmokeAWSGenerate.build/Debug-watchos/SmokeAWSGenerate-p.build/Objects-normal/arm64/SmokeAWSGenerate_const_extract_protocols.json -Xcc -I/Users/admin/builder/spi-builder-workspace/.derivedData/Build/Products/Debug-watchos/include -Xcc -I/Users/admin/builder/spi-builder-workspace/.derivedData/Build/Intermediates.noindex/SmokeAWSGenerate.build/Debug-watchos/SmokeAWSGenerate-p.build/DerivedSources-normal/arm64 -Xcc -I/Users/admin/builder/spi-builder-workspace/.derivedData/Build/Intermediates.noindex/SmokeAWSGenerate.build/Debug-watchos/SmokeAWSGenerate-p.build/DerivedSources/arm64 -Xcc -I/Users/admin/builder/spi-builder-workspace/.derivedData/Build/Intermediates.noindex/SmokeAWSGenerate.build/Debug-watchos/SmokeAWSGenerate-p.build/DerivedSources -Xcc -DSWIFT_PACKAGE -Xcc -DDEBUG\=1 -working-directory /Users/admin/builder/spi-builder-workspace/.swiftpm/xcode -experimental-emit-module-separately -disable-cmo
SwiftDriverJobDiscovery normal arm64 Compiling UsageGenerator.swift, CollectionExtensions.swift, Foundation.swift, Mutex.swift, Platform.swift (in target 'ArgumentParser' from project 'swift-argument-parser')
SwiftCompile normal arm64 Compiling\ RDSConfiguration.swift,\ RDSDataConfiguration.swift /Users/admin/builder/spi-builder-workspace/Sources/SmokeAWSGenerate/RDSConfiguration.swift /Users/admin/builder/spi-builder-workspace/Sources/SmokeAWSGenerate/RDSDataConfiguration.swift (in target 'SmokeAWSGenerate-product' from project 'SmokeAWSGenerate')
SwiftCompile normal arm64 /Users/admin/builder/spi-builder-workspace/Sources/SmokeAWSGenerate/RDSConfiguration.swift (in target 'SmokeAWSGenerate-product' from project 'SmokeAWSGenerate')
cd /Users/admin/builder/spi-builder-workspace/.swiftpm/xcode
builtin-SwiftPerFileCompile RDSConfiguration.swift
SwiftCompile normal arm64 /Users/admin/builder/spi-builder-workspace/Sources/SmokeAWSGenerate/RDSDataConfiguration.swift (in target 'SmokeAWSGenerate-product' from project 'SmokeAWSGenerate')
cd /Users/admin/builder/spi-builder-workspace/.swiftpm/xcode
builtin-SwiftPerFileCompile RDSDataConfiguration.swift
SwiftCompile normal arm64_32 Compiling\ main.swift /Users/admin/builder/spi-builder-workspace/Sources/SmokeAWSGenerate/main.swift (in target 'SmokeAWSGenerate-product' from project 'SmokeAWSGenerate')
/Users/admin/builder/spi-builder-workspace/Sources/SmokeAWSGenerate/main.swift:71:16: error: cannot find 'Process' in scope
69 | }
70 |
71 | let task = Process()
| `- error: cannot find 'Process' in scope
72 | task.launchPath = "/usr/bin/env"
73 | task.environment = processEnvironment
Failed frontend command:
/Applications/Xcode-27.0.0-Release.Candidate.app/Contents/Developer/Toolchains/XcodeDefault.xctoolchain/usr/bin/swift-frontend -frontend -c /Users/admin/builder/spi-builder-workspace/Sources/SmokeAWSGenerate/CloudFormationConfiguration.swift /Users/admin/builder/spi-builder-workspace/Sources/SmokeAWSGenerate/CloudwatchConfiguration.swift /Users/admin/builder/spi-builder-workspace/Sources/SmokeAWSGenerate/CodeBuildConfiguration.swift /Users/admin/builder/spi-builder-workspace/Sources/SmokeAWSGenerate/CodePipelineConfiguration.swift /Users/admin/builder/spi-builder-workspace/Sources/SmokeAWSGenerate/DynamoDBConfiguration.swift /Users/admin/builder/spi-builder-workspace/Sources/SmokeAWSGenerate/EC2Configuration.swift /Users/admin/builder/spi-builder-workspace/Sources/SmokeAWSGenerate/ECRConfiguration.swift /Users/admin/builder/spi-builder-workspace/Sources/SmokeAWSGenerate/ECSConfiguration.swift /Users/admin/builder/spi-builder-workspace/Sources/SmokeAWSGenerate/RDSConfiguration.swift /Users/admin/builder/spi-builder-workspace/Sources/SmokeAWSGenerate/RDSDataConfiguration.swift /Users/admin/builder/spi-builder-workspace/Sources/SmokeAWSGenerate/S3Configuration.swift /Users/admin/builder/spi-builder-workspace/Sources/SmokeAWSGenerate/SNSConfiguration.swift /Users/admin/builder/spi-builder-workspace/Sources/SmokeAWSGenerate/STSConfiguration.swift /Users/admin/builder/spi-builder-workspace/Sources/SmokeAWSGenerate/SimpleQueueConfiguration.swift /Users/admin/builder/spi-builder-workspace/Sources/SmokeAWSGenerate/SimpleWorkflowConfiguration.swift /Users/admin/builder/spi-builder-workspace/Sources/SmokeAWSGenerate/StepFunctionsConfiguration.swift -primary-file /Users/admin/builder/spi-builder-workspace/Sources/SmokeAWSGenerate/main.swift -emit-dependencies-path /Users/admin/builder/spi-builder-workspace/.derivedData/Build/Intermediates.noindex/SmokeAWSGenerate.build/Debug-watchos/SmokeAWSGenerate-p.build/Objects-normal/arm64_32/main.d -emit-const-values-path /Users/admin/builder/spi-builder-workspace/.derivedData/Build/Intermediates.noindex/SmokeAWSGenerate.build/Debug-watchos/SmokeAWSGenerate-p.build/Objects-normal/arm64_32/main.swiftconstvalues -emit-reference-dependencies-path /Users/admin/builder/spi-builder-workspace/.derivedData/Build/Intermediates.noindex/SmokeAWSGenerate.build/Debug-watchos/SmokeAWSGenerate-p.build/Objects-normal/arm64_32/main.swiftdeps -serialize-diagnostics-path /Users/admin/builder/spi-builder-workspace/.derivedData/Build/Intermediates.noindex/SmokeAWSGenerate.build/Debug-watchos/SmokeAWSGenerate-p.build/Objects-normal/arm64_32/main.dia -target arm64_32-apple-watchos9.0 -disable-cross-import-overlay-search -load-resolved-plugin /Applications/Xcode-27.0.0-Release.Candidate.app/Contents/Developer/Platforms/WatchOS.platform/Developer/usr/lib/swift/host/plugins/libFoundationMacros.dylib\#/Applications/Xcode-27.0.0-Release.Candidate.app/Contents/Developer/Platforms/WatchOS.platform/Developer/usr/bin/swift-plugin-server\#FoundationMacros -load-resolved-plugin /Applications/Xcode-27.0.0-Release.Candidate.app/Contents/Developer/Platforms/WatchOS.platform/Developer/usr/lib/swift/host/plugins/libObservationMacros.dylib\#/Applications/Xcode-27.0.0-Release.Candidate.app/Contents/Developer/Platforms/WatchOS.platform/Developer/usr/bin/swift-plugin-server\#ObservationMacros -load-resolved-plugin /Applications/Xcode-27.0.0-Release.Candidate.app/Contents/Developer/Platforms/WatchOS.platform/Developer/usr/lib/swift/host/plugins/libSwiftMacros.dylib\#/Applications/Xcode-27.0.0-Release.Candidate.app/Contents/Developer/Platforms/WatchOS.platform/Developer/usr/bin/swift-plugin-server\#SwiftMacros -disable-implicit-swift-modules -Xcc -fno-implicit-modules -Xcc -fno-implicit-module-maps -explicit-swift-module-map-file /Users/admin/builder/spi-builder-workspace/.derivedData/Build/Intermediates.noindex/SmokeAWSGenerate.build/Debug-watchos/SmokeAWSGenerate-p.build/Objects-normal/arm64_32/SmokeAWSGenerate-dependencies-2.json -enable-objc-interop -sdk /Applications/Xcode-27.0.0-Release.Candidate.app/Contents/Developer/Platforms/WatchOS.platform/Developer/SDKs/WatchOS27.0.sdk -I /Users/admin/builder/spi-builder-workspace/.derivedData/Build/Products/Debug-watchos -Isystem /Applications/Xcode-27.0.0-Release.Candidate.app/Contents/Developer/Platforms/WatchOS.platform/Developer/usr/lib -F /Users/admin/builder/spi-builder-workspace/.derivedData/Build/Products/Debug-watchos/PackageFrameworks -F /Users/admin/builder/spi-builder-workspace/.derivedData/Build/Products/Debug-watchos -F /Applications/Xcode-27.0.0-Release.Candidate.app/Contents/Developer/Platforms/WatchOS.platform/Developer/Library/Frameworks -F /Applications/Xcode-27.0.0-Release.Candidate.app/Contents/Developer/Platforms/WatchOS.platform/Developer/SDKs/WatchOS27.0.sdk/Developer/Library/Frameworks -module-cache-path /Users/admin/builder/spi-builder-workspace/.derivedData/Build/Intermediates.noindex/SwiftExplicitPrecompiledModules -no-color-diagnostics -Xcc -fno-color-diagnostics -enable-testing -g -debug-info-format\=dwarf -dwarf-version\=4 -swift-version 5 -Onone -D SWIFT_PACKAGE -D DEBUG -D Xcode -serialize-debugging-options -enable-experimental-feature DebugDescriptionMacro -empty-abi-descriptor -validate-clang-modules-once -clang-build-session-file /Users/admin/builder/spi-builder-workspace/.derivedData/ModuleCache.noindex/Session.modulevalidation -Xcc -working-directory -Xcc /Users/admin/builder/spi-builder-workspace/.swiftpm/xcode -enable-anonymous-context-mangled-names -file-compilation-dir /Users/admin/builder/spi-builder-workspace/.swiftpm/xcode -Xcc -D_LIBCPP_HARDENING_MODE\=_LIBCPP_HARDENING_MODE_DEBUG -Xcc -ivfsstatcache -Xcc /Users/admin/builder/spi-builder-workspace/.derivedData/SDKStatCaches.noindex/watchos27.0-24R360-e829b21a6f8c9b70876ba0858053c04477534ef55a1706bf4c1112bbb242f0a2.sdkstatcache -Xcc -fmodules-prune-interval\=86400 -Xcc -fmodules-prune-after\=345600 -Xcc -I/Users/admin/builder/spi-builder-workspace/.derivedData/Build/Products/Debug-watchos/include -Xcc -I/Users/admin/builder/spi-builder-workspace/.derivedData/Build/Intermediates.noindex/SmokeAWSGenerate.build/Debug-watchos/SmokeAWSGenerate-p.build/DerivedSources-normal/arm64_32 -Xcc -I/Users/admin/builder/spi-builder-workspace/.derivedData/Build/Intermediates.noindex/SmokeAWSGenerate.build/Debug-watchos/SmokeAWSGenerate-p.build/DerivedSources/arm64_32 -Xcc -I/Users/admin/builder/spi-builder-workspace/.derivedData/Build/Intermediates.noindex/SmokeAWSGenerate.build/Debug-watchos/SmokeAWSGenerate-p.build/DerivedSources -Xcc -DSWIFT_PACKAGE -Xcc -DDEBUG\=1 -no-auto-bridging-header-chaining -module-name SmokeAWSGenerate -const-gather-protocols-file /Users/admin/builder/spi-builder-workspace/.derivedData/Build/Intermediates.noindex/SmokeAWSGenerate.build/Debug-watchos/SmokeAWSGenerate-p.build/Objects-normal/arm64_32/SmokeAWSGenerate_const_extract_protocols.json -disable-clang-spi -clang-target arm64_32-apple-watchos27.0 -target-sdk-version 27.0 -target-sdk-name watchos27.0 -in-process-plugin-server-path /Applications/Xcode-27.0.0-Release.Candidate.app/Contents/Developer/Toolchains/XcodeDefault.xctoolchain/usr/lib/swift/host/libSwiftInProcPluginServer.dylib -o /Users/admin/builder/spi-builder-workspace/.derivedData/Build/Intermediates.noindex/SmokeAWSGenerate.build/Debug-watchos/SmokeAWSGenerate-p.build/Objects-normal/arm64_32/main.o -debug-module-path /Users/admin/builder/spi-builder-workspace/.derivedData/Build/Intermediates.noindex/SmokeAWSGenerate.build/Debug-watchos/SmokeAWSGenerate-p.build/Objects-normal/arm64_32/SmokeAWSGenerate.swiftmodule -index-unit-output-path /SmokeAWSGenerate.build/Debug-watchos/SmokeAWSGenerate-p.build/Objects-normal/arm64_32/main.o -index-store-path /Users/admin/builder/spi-builder-workspace/.derivedData/Index.noindex/DataStore -index-system-modules
SwiftCompile normal arm64_32 /Users/admin/builder/spi-builder-workspace/Sources/SmokeAWSGenerate/main.swift (in target 'SmokeAWSGenerate-product' from project 'SmokeAWSGenerate')
cd /Users/admin/builder/spi-builder-workspace/.swiftpm/xcode
builtin-SwiftPerFileCompile main.swift
SwiftDriverJobDiscovery normal arm64 Compiling SimpleWorkflowConfiguration.swift (in target 'SmokeAWSGenerate-product' from project 'SmokeAWSGenerate')
SwiftCompile normal arm64_32 Compiling\ S3Configuration.swift,\ SNSConfiguration.swift /Users/admin/builder/spi-builder-workspace/Sources/SmokeAWSGenerate/S3Configuration.swift /Users/admin/builder/spi-builder-workspace/Sources/SmokeAWSGenerate/SNSConfiguration.swift (in target 'SmokeAWSGenerate-product' from project 'SmokeAWSGenerate')
SwiftCompile normal arm64_32 /Users/admin/builder/spi-builder-workspace/Sources/SmokeAWSGenerate/S3Configuration.swift (in target 'SmokeAWSGenerate-product' from project 'SmokeAWSGenerate')
cd /Users/admin/builder/spi-builder-workspace/.swiftpm/xcode
builtin-SwiftPerFileCompile S3Configuration.swift
SwiftCompile normal arm64_32 /Users/admin/builder/spi-builder-workspace/Sources/SmokeAWSGenerate/SNSConfiguration.swift (in target 'SmokeAWSGenerate-product' from project 'SmokeAWSGenerate')
cd /Users/admin/builder/spi-builder-workspace/.swiftpm/xcode
builtin-SwiftPerFileCompile SNSConfiguration.swift
SwiftDriverJobDiscovery normal arm64_32 Emitting module for SmokeAWSGenerate (in target 'SmokeAWSGenerate-product' from project 'SmokeAWSGenerate')
SwiftDriver\ Compilation\ Requirements SmokeAWSGenerate normal arm64_32 com.apple.xcode.tools.swift.compiler (in target 'SmokeAWSGenerate-product' from project 'SmokeAWSGenerate')
cd /Users/admin/builder/spi-builder-workspace/.swiftpm/xcode
builtin-Swift-Compilation-Requirements -- /Applications/Xcode-27.0.0-Release.Candidate.app/Contents/Developer/Toolchains/XcodeDefault.xctoolchain/usr/bin/swiftc -module-name SmokeAWSGenerate -Onone @/Users/admin/builder/spi-builder-workspace/.derivedData/Build/Intermediates.noindex/SmokeAWSGenerate.build/Debug-watchos/SmokeAWSGenerate-p.build/Objects-normal/arm64_32/SmokeAWSGenerate.SwiftFileList -DSWIFT_PACKAGE -DDEBUG -DXcode -plugin-path /Applications/Xcode-27.0.0-Release.Candidate.app/Contents/Developer/Toolchains/XcodeDefault.xctoolchain/usr/lib/swift/host/plugins/testing -enable-experimental-feature DebugDescriptionMacro -sdk /Applications/Xcode-27.0.0-Release.Candidate.app/Contents/Developer/Platforms/WatchOS.platform/Developer/SDKs/WatchOS27.0.sdk -target arm64_32-apple-watchos9.0 -g -module-cache-path /Users/admin/builder/spi-builder-workspace/.derivedData/ModuleCache.noindex -Xfrontend -serialize-debugging-options -enable-testing -index-store-path /Users/admin/builder/spi-builder-workspace/.derivedData/Index.noindex/DataStore -Xcc -D_LIBCPP_HARDENING_MODE\=_LIBCPP_HARDENING_MODE_DEBUG -swift-version 5 -I /Users/admin/builder/spi-builder-workspace/.derivedData/Build/Products/Debug-watchos -Isystem /Applications/Xcode-27.0.0-Release.Candidate.app/Contents/Developer/Platforms/WatchOS.platform/Developer/usr/lib -F /Users/admin/builder/spi-builder-workspace/.derivedData/Build/Products/Debug-watchos/PackageFrameworks -F /Users/admin/builder/spi-builder-workspace/.derivedData/Build/Products/Debug-watchos -F /Applications/Xcode-27.0.0-Release.Candidate.app/Contents/Developer/Platforms/WatchOS.platform/Developer/Library/Frameworks -F /Applications/Xcode-27.0.0-Release.Candidate.app/Contents/Developer/Platforms/WatchOS.platform/Developer/SDKs/WatchOS27.0.sdk/Developer/Library/Frameworks -c -j10 -enable-batch-mode -incremental -Xcc -ivfsstatcache -Xcc /Users/admin/builder/spi-builder-workspace/.derivedData/SDKStatCaches.noindex/watchos27.0-24R360-e829b21a6f8c9b70876ba0858053c04477534ef55a1706bf4c1112bbb242f0a2.sdkstatcache -output-file-map /Users/admin/builder/spi-builder-workspace/.derivedData/Build/Intermediates.noindex/SmokeAWSGenerate.build/Debug-watchos/SmokeAWSGenerate-p.build/Objects-normal/arm64_32/SmokeAWSGenerate-OutputFileMap.json -save-temps -no-color-diagnostics -explicit-module-build -module-cache-path /Users/admin/builder/spi-builder-workspace/.derivedData/Build/Intermediates.noindex/SwiftExplicitPrecompiledModules -clang-scanner-module-cache-path /Users/admin/builder/spi-builder-workspace/.derivedData/ModuleCache.noindex -sdk-module-cache-path /Users/admin/builder/spi-builder-workspace/.derivedData/SDKExplicitPrecompiledModules -emit-dependencies -emit-module -emit-module-path /Users/admin/builder/spi-builder-workspace/.derivedData/Build/Intermediates.noindex/SmokeAWSGenerate.build/Debug-watchos/SmokeAWSGenerate-p.build/Objects-normal/arm64_32/SmokeAWSGenerate.swiftmodule -serialize-diagnostics -dependency-scan-serialize-diagnostics-path /Users/admin/builder/spi-builder-workspace/.derivedData/Build/Intermediates.noindex/SmokeAWSGenerate.build/Debug-watchos/SmokeAWSGenerate-p.build/Objects-normal/arm64_32/SmokeAWSGenerate-dependency-scan.dia -validate-clang-modules-once -clang-build-session-file /Users/admin/builder/spi-builder-workspace/.derivedData/ModuleCache.noindex/Session.modulevalidation -Xcc -fmodules-prune-interval\=86400 -Xcc -fmodules-prune-after\=345600 -emit-const-values -const-gather-protocols-list /Users/admin/builder/spi-builder-workspace/.derivedData/Build/Intermediates.noindex/SmokeAWSGenerate.build/Debug-watchos/SmokeAWSGenerate-p.build/Objects-normal/arm64_32/SmokeAWSGenerate_const_extract_protocols.json -Xcc -I/Users/admin/builder/spi-builder-workspace/.derivedData/Build/Products/Debug-watchos/include -Xcc -I/Users/admin/builder/spi-builder-workspace/.derivedData/Build/Intermediates.noindex/SmokeAWSGenerate.build/Debug-watchos/SmokeAWSGenerate-p.build/DerivedSources-normal/arm64_32 -Xcc -I/Users/admin/builder/spi-builder-workspace/.derivedData/Build/Intermediates.noindex/SmokeAWSGenerate.build/Debug-watchos/SmokeAWSGenerate-p.build/DerivedSources/arm64_32 -Xcc -I/Users/admin/builder/spi-builder-workspace/.derivedData/Build/Intermediates.noindex/SmokeAWSGenerate.build/Debug-watchos/SmokeAWSGenerate-p.build/DerivedSources -Xcc -DSWIFT_PACKAGE -Xcc -DDEBUG\=1 -working-directory /Users/admin/builder/spi-builder-workspace/.swiftpm/xcode -experimental-emit-module-separately -disable-cmo
SwiftDriverJobDiscovery normal arm64_32 Compiling CodeBuildConfiguration.swift, CodePipelineConfiguration.swift (in target 'SmokeAWSGenerate-product' from project 'SmokeAWSGenerate')
SwiftCompile normal arm64_32 Compiling\ RDSConfiguration.swift,\ RDSDataConfiguration.swift /Users/admin/builder/spi-builder-workspace/Sources/SmokeAWSGenerate/RDSConfiguration.swift /Users/admin/builder/spi-builder-workspace/Sources/SmokeAWSGenerate/RDSDataConfiguration.swift (in target 'SmokeAWSGenerate-product' from project 'SmokeAWSGenerate')
SwiftCompile normal arm64_32 /Users/admin/builder/spi-builder-workspace/Sources/SmokeAWSGenerate/RDSConfiguration.swift (in target 'SmokeAWSGenerate-product' from project 'SmokeAWSGenerate')
cd /Users/admin/builder/spi-builder-workspace/.swiftpm/xcode
builtin-SwiftPerFileCompile RDSConfiguration.swift
SwiftCompile normal arm64_32 /Users/admin/builder/spi-builder-workspace/Sources/SmokeAWSGenerate/RDSDataConfiguration.swift (in target 'SmokeAWSGenerate-product' from project 'SmokeAWSGenerate')
cd /Users/admin/builder/spi-builder-workspace/.swiftpm/xcode
builtin-SwiftPerFileCompile RDSDataConfiguration.swift
SwiftDriverJobDiscovery normal arm64 Compiling StepFunctionsConfiguration.swift (in target 'SmokeAWSGenerate-product' from project 'SmokeAWSGenerate')
SwiftCompile normal arm64 Compiling\ CodeBuildConfiguration.swift,\ CodePipelineConfiguration.swift /Users/admin/builder/spi-builder-workspace/Sources/SmokeAWSGenerate/CodeBuildConfiguration.swift /Users/admin/builder/spi-builder-workspace/Sources/SmokeAWSGenerate/CodePipelineConfiguration.swift (in target 'SmokeAWSGenerate-product' from project 'SmokeAWSGenerate')
SwiftCompile normal arm64 /Users/admin/builder/spi-builder-workspace/Sources/SmokeAWSGenerate/CodeBuildConfiguration.swift (in target 'SmokeAWSGenerate-product' from project 'SmokeAWSGenerate')
cd /Users/admin/builder/spi-builder-workspace/.swiftpm/xcode
builtin-SwiftPerFileCompile CodeBuildConfiguration.swift
SwiftCompile normal arm64 /Users/admin/builder/spi-builder-workspace/Sources/SmokeAWSGenerate/CodePipelineConfiguration.swift (in target 'SmokeAWSGenerate-product' from project 'SmokeAWSGenerate')
cd /Users/admin/builder/spi-builder-workspace/.swiftpm/xcode
builtin-SwiftPerFileCompile CodePipelineConfiguration.swift
SwiftCompile normal arm64_32 Compiling\ ECRConfiguration.swift,\ ECSConfiguration.swift /Users/admin/builder/spi-builder-workspace/Sources/SmokeAWSGenerate/ECRConfiguration.swift /Users/admin/builder/spi-builder-workspace/Sources/SmokeAWSGenerate/ECSConfiguration.swift (in target 'SmokeAWSGenerate-product' from project 'SmokeAWSGenerate')
SwiftCompile normal arm64_32 /Users/admin/builder/spi-builder-workspace/Sources/SmokeAWSGenerate/ECRConfiguration.swift (in target 'SmokeAWSGenerate-product' from project 'SmokeAWSGenerate')
cd /Users/admin/builder/spi-builder-workspace/.swiftpm/xcode
builtin-SwiftPerFileCompile ECRConfiguration.swift
SwiftCompile normal arm64_32 /Users/admin/builder/spi-builder-workspace/Sources/SmokeAWSGenerate/ECSConfiguration.swift (in target 'SmokeAWSGenerate-product' from project 'SmokeAWSGenerate')
cd /Users/admin/builder/spi-builder-workspace/.swiftpm/xcode
builtin-SwiftPerFileCompile ECSConfiguration.swift
SwiftDriverJobDiscovery normal arm64_32 Compiling STSConfiguration.swift, SimpleQueueConfiguration.swift (in target 'SmokeAWSGenerate-product' from project 'SmokeAWSGenerate')
SwiftCompile normal arm64 Compiling\ ECRConfiguration.swift,\ ECSConfiguration.swift /Users/admin/builder/spi-builder-workspace/Sources/SmokeAWSGenerate/ECRConfiguration.swift /Users/admin/builder/spi-builder-workspace/Sources/SmokeAWSGenerate/ECSConfiguration.swift (in target 'SmokeAWSGenerate-product' from project 'SmokeAWSGenerate')
SwiftCompile normal arm64 /Users/admin/builder/spi-builder-workspace/Sources/SmokeAWSGenerate/ECRConfiguration.swift (in target 'SmokeAWSGenerate-product' from project 'SmokeAWSGenerate')
cd /Users/admin/builder/spi-builder-workspace/.swiftpm/xcode
builtin-SwiftPerFileCompile ECRConfiguration.swift
SwiftCompile normal arm64 /Users/admin/builder/spi-builder-workspace/Sources/SmokeAWSGenerate/ECSConfiguration.swift (in target 'SmokeAWSGenerate-product' from project 'SmokeAWSGenerate')
cd /Users/admin/builder/spi-builder-workspace/.swiftpm/xcode
builtin-SwiftPerFileCompile ECSConfiguration.swift
SwiftDriverJobDiscovery normal arm64 Compiling STSConfiguration.swift, SimpleQueueConfiguration.swift (in target 'SmokeAWSGenerate-product' from project 'SmokeAWSGenerate')
SwiftCompile normal arm64_32 Compiling\ DynamoDBConfiguration.swift,\ EC2Configuration.swift /Users/admin/builder/spi-builder-workspace/Sources/SmokeAWSGenerate/DynamoDBConfiguration.swift /Users/admin/builder/spi-builder-workspace/Sources/SmokeAWSGenerate/EC2Configuration.swift (in target 'SmokeAWSGenerate-product' from project 'SmokeAWSGenerate')
SwiftCompile normal arm64_32 /Users/admin/builder/spi-builder-workspace/Sources/SmokeAWSGenerate/DynamoDBConfiguration.swift (in target 'SmokeAWSGenerate-product' from project 'SmokeAWSGenerate')
cd /Users/admin/builder/spi-builder-workspace/.swiftpm/xcode
builtin-SwiftPerFileCompile DynamoDBConfiguration.swift
SwiftCompile normal arm64_32 /Users/admin/builder/spi-builder-workspace/Sources/SmokeAWSGenerate/EC2Configuration.swift (in target 'SmokeAWSGenerate-product' from project 'SmokeAWSGenerate')
cd /Users/admin/builder/spi-builder-workspace/.swiftpm/xcode
builtin-SwiftPerFileCompile EC2Configuration.swift
SwiftDriverJobDiscovery normal arm64 Compiling RDSConfiguration.swift, RDSDataConfiguration.swift (in target 'SmokeAWSGenerate-product' from project 'SmokeAWSGenerate')
SwiftCompile normal arm64_32 Compiling\ StepFunctionsConfiguration.swift /Users/admin/builder/spi-builder-workspace/Sources/SmokeAWSGenerate/StepFunctionsConfiguration.swift (in target 'SmokeAWSGenerate-product' from project 'SmokeAWSGenerate')
SwiftCompile normal arm64_32 /Users/admin/builder/spi-builder-workspace/Sources/SmokeAWSGenerate/StepFunctionsConfiguration.swift (in target 'SmokeAWSGenerate-product' from project 'SmokeAWSGenerate')
cd /Users/admin/builder/spi-builder-workspace/.swiftpm/xcode
builtin-SwiftPerFileCompile StepFunctionsConfiguration.swift
SwiftDriverJobDiscovery normal arm64 Compiling DynamoDBConfiguration.swift, EC2Configuration.swift (in target 'SmokeAWSGenerate-product' from project 'SmokeAWSGenerate')
SwiftCompile normal arm64 Compiling\ main.swift /Users/admin/builder/spi-builder-workspace/Sources/SmokeAWSGenerate/main.swift (in target 'SmokeAWSGenerate-product' from project 'SmokeAWSGenerate')
SwiftCompile normal arm64 /Users/admin/builder/spi-builder-workspace/Sources/SmokeAWSGenerate/main.swift (in target 'SmokeAWSGenerate-product' from project 'SmokeAWSGenerate')
cd /Users/admin/builder/spi-builder-workspace/.swiftpm/xcode
builtin-SwiftPerFileCompile main.swift
SwiftDriverJobDiscovery normal arm64_32 Compiling S3Configuration.swift, SNSConfiguration.swift (in target 'SmokeAWSGenerate-product' from project 'SmokeAWSGenerate')
SwiftCompile normal arm64_32 Compiling\ CloudFormationConfiguration.swift,\ CloudwatchConfiguration.swift /Users/admin/builder/spi-builder-workspace/Sources/SmokeAWSGenerate/CloudFormationConfiguration.swift /Users/admin/builder/spi-builder-workspace/Sources/SmokeAWSGenerate/CloudwatchConfiguration.swift (in target 'SmokeAWSGenerate-product' from project 'SmokeAWSGenerate')
SwiftCompile normal arm64_32 /Users/admin/builder/spi-builder-workspace/Sources/SmokeAWSGenerate/CloudFormationConfiguration.swift (in target 'SmokeAWSGenerate-product' from project 'SmokeAWSGenerate')
cd /Users/admin/builder/spi-builder-workspace/.swiftpm/xcode
builtin-SwiftPerFileCompile CloudFormationConfiguration.swift
SwiftCompile normal arm64_32 /Users/admin/builder/spi-builder-workspace/Sources/SmokeAWSGenerate/CloudwatchConfiguration.swift (in target 'SmokeAWSGenerate-product' from project 'SmokeAWSGenerate')
cd /Users/admin/builder/spi-builder-workspace/.swiftpm/xcode
builtin-SwiftPerFileCompile CloudwatchConfiguration.swift
SwiftDriverJobDiscovery normal arm64_32 Compiling RDSConfiguration.swift, RDSDataConfiguration.swift (in target 'SmokeAWSGenerate-product' from project 'SmokeAWSGenerate')
SwiftDriverJobDiscovery normal arm64 Compiling CodeBuildConfiguration.swift, CodePipelineConfiguration.swift (in target 'SmokeAWSGenerate-product' from project 'SmokeAWSGenerate')
ExtractAppIntentsMetadata (in target 'OpenAPIKit30' from project 'OpenAPIKit')
cd /Users/admin/builder/spi-builder-workspace/.dependencies/checkouts/OpenAPIKit
/Applications/Xcode-27.0.0-Release.Candidate.app/Contents/Developer/Toolchains/XcodeDefault.xctoolchain/usr/bin/appintentsmetadataprocessor --toolchain-dir /var/run/com.apple.security.cryptexd/mnt/com.apple.MobileAsset.MetalToolchain-v27.1.266.1.0yAV4K/Metal.xctoolchain --module-name OpenAPIKit30 --sdk-root /Applications/Xcode-27.0.0-Release.Candidate.app/Contents/Developer/Platforms/WatchOS.platform/Developer/SDKs/WatchOS27.0.sdk --xcode-version 27A266a --platform-family watchOS --deployment-target 9.0 --bundle-identifier openapikit.OpenAPIKit30 --output /Users/admin/builder/spi-builder-workspace/.derivedData/Build/Products/Debug-watchos/OpenAPIKit30.appintents --target-triple arm64-apple-watchos9.0 --target-triple arm64_32-apple-watchos9.0 --binary-file /Users/admin/builder/spi-builder-workspace/.derivedData/Build/Products/Debug-watchos/OpenAPIKit30.o --dependency-file /Users/admin/builder/spi-builder-workspace/.derivedData/Build/Intermediates.noindex/OpenAPIKit.build/Debug-watchos/OpenAPIKit30-t.build/Objects-normal/arm64/OpenAPIKit30_dependency_info.dat --dependency-file /Users/admin/builder/spi-builder-workspace/.derivedData/Build/Intermediates.noindex/OpenAPIKit.build/Debug-watchos/OpenAPIKit30-t.build/Objects-normal/arm64_32/OpenAPIKit30_dependency_info.dat --stringsdata-file /Users/admin/builder/spi-builder-workspace/.derivedData/Build/Intermediates.noindex/OpenAPIKit.build/Debug-watchos/OpenAPIKit30-t.build/Objects-normal/arm64/ExtractedAppShortcutsMetadata.stringsdata --stringsdata-file /Users/admin/builder/spi-builder-workspace/.derivedData/Build/Intermediates.noindex/OpenAPIKit.build/Debug-watchos/OpenAPIKit30-t.build/Objects-normal/arm64_32/ExtractedAppShortcutsMetadata.stringsdata --source-file-list /Users/admin/builder/spi-builder-workspace/.derivedData/Build/Intermediates.noindex/OpenAPIKit.build/Debug-watchos/OpenAPIKit30-t.build/Objects-normal/arm64/OpenAPIKit30.SwiftFileList --source-file-list /Users/admin/builder/spi-builder-workspace/.derivedData/Build/Intermediates.noindex/OpenAPIKit.build/Debug-watchos/OpenAPIKit30-t.build/Objects-normal/arm64_32/OpenAPIKit30.SwiftFileList --metadata-file-list /Users/admin/builder/spi-builder-workspace/.derivedData/Build/Intermediates.noindex/OpenAPIKit.build/Debug-watchos/OpenAPIKit30-t.build/OpenAPIKit30.DependencyMetadataFileList --static-metadata-file-list /Users/admin/builder/spi-builder-workspace/.derivedData/Build/Intermediates.noindex/OpenAPIKit.build/Debug-watchos/OpenAPIKit30-t.build/OpenAPIKit30.DependencyStaticMetadataFileList --swift-const-vals-list /Users/admin/builder/spi-builder-workspace/.derivedData/Build/Intermediates.noindex/OpenAPIKit.build/Debug-watchos/OpenAPIKit30-t.build/Objects-normal/arm64/OpenAPIKit30.SwiftConstValuesFileList --swift-const-vals-list /Users/admin/builder/spi-builder-workspace/.derivedData/Build/Intermediates.noindex/OpenAPIKit.build/Debug-watchos/OpenAPIKit30-t.build/Objects-normal/arm64_32/OpenAPIKit30.SwiftConstValuesFileList --force --compile-time-extraction --deployment-aware-processing --no-app-shortcuts-localization
2026-09-19 09:48:01.314 appintentsmetadataprocessor[1447:8623] Starting appintentsmetadataprocessor export
PruneExplicitPrecompiledModules /Users/admin/builder/spi-builder-workspace/.derivedData/Build/Intermediates.noindex/SwiftExplicitPrecompiledModules
PruneExplicitPrecompiledModules /Users/admin/builder/spi-builder-workspace/.derivedData/SDKExplicitPrecompiledModules
PruneExplicitPrecompiledModules /Users/admin/builder/spi-builder-workspace/.derivedData/Build/Intermediates.noindex/ExplicitPrecompiledModules
2026-09-19 09:47:41.053 xcodebuild[896:5396] [MT] IDERunDestination: Supported platforms for the buildables in the current scheme is empty.
** BUILD FAILED **
The following build commands failed:
SwiftCompile normal arm64_32 Compiling\ main.swift /Users/admin/builder/spi-builder-workspace/Sources/SmokeAWSGenerate/main.swift (in target 'SmokeAWSGenerate-product' from project 'SmokeAWSGenerate')
SwiftCompile normal arm64_32 /Users/admin/builder/spi-builder-workspace/Sources/SmokeAWSGenerate/main.swift (in target 'SmokeAWSGenerate-product' from project 'SmokeAWSGenerate')
Building workspace SmokeAWSGenerate with scheme SmokeAWSGenerate-Package
(3 failures)
Command line invocation:
/Applications/Xcode-27.0.0-Release.Candidate.app/Contents/Developer/usr/bin/xcodebuild -IDEClonedSourcePackagesDirPathOverride=/Users/admin/builder/spi-builder-workspace/.dependencies -resolvePackageDependencies
Resolve Package Graph
Resolved source packages:
Yams: https://github.com/jpsim/Yams.git @ 4.0.6
ServiceModelSwiftCodeGenerate: https://github.com/amzn/service-model-swift-code-generate.git @ 3.1.1
OpenAPISwiftCodeGenerate: https://github.com/amzn/openapi-swift-code-generate.git @ 1.0.3
OpenAPIKit: https://github.com/mattpolzin/OpenAPIKit.git @ 3.9.0
SmokeAWSGenerate: /Users/admin/builder/spi-builder-workspace
SwaggerParser: https://github.com/knovichikhin/SwaggerParser.git @ 0.6.4
swift-argument-parser: https://github.com/apple/swift-argument-parser @ 1.8.2
resolved source packages: Yams, ServiceModelSwiftCodeGenerate, OpenAPISwiftCodeGenerate, OpenAPIKit, SmokeAWSGenerate, SwaggerParser, swift-argument-parser
2026-09-19 09:48:03.938 xcodebuild[1448:8666] [MT] IDERunDestination: Supported platforms for the buildables in the current scheme is empty.
{
"dependencies" : [
{
"identity" : "service-model-swift-code-generate",
"requirement" : {
"range" : [
{
"lower_bound" : "3.1.0",
"upper_bound" : "4.0.0"
}
]
},
"type" : "sourceControl",
"url" : "https://github.com/amzn/service-model-swift-code-generate.git"
},
{
"identity" : "swift-argument-parser",
"requirement" : {
"range" : [
{
"lower_bound" : "1.0.0",
"upper_bound" : "2.0.0"
}
]
},
"type" : "sourceControl",
"url" : "https://github.com/apple/swift-argument-parser"
},
{
"identity" : "openapi-swift-code-generate",
"requirement" : {
"range" : [
{
"lower_bound" : "1.0.3",
"upper_bound" : "2.0.0"
}
]
},
"type" : "sourceControl",
"url" : "https://github.com/amzn/openapi-swift-code-generate.git"
}
],
"manifest_display_name" : "SmokeAWSGenerate",
"name" : "SmokeAWSGenerate",
"path" : "/Users/admin/builder/spi-builder-workspace",
"platforms" : [
{
"name" : "macos",
"version" : "10.15"
},
{
"name" : "ios",
"version" : "10.0"
}
],
"products" : [
{
"name" : "SmokeAWSGenerate",
"targets" : [
"SmokeAWSGenerate"
],
"type" : {
"executable" : null
}
},
{
"name" : "APIGatewayClientGenerate",
"targets" : [
"APIGatewayClientGenerate"
],
"type" : {
"executable" : null
}
},
{
"name" : "APIGatewayClientInitialize",
"targets" : [
"APIGatewayClientInitialize"
],
"type" : {
"executable" : null
}
},
{
"name" : "SmokeAWSModelGenerate",
"targets" : [
"SmokeAWSModelGenerate"
],
"type" : {
"library" : [
"automatic"
]
}
},
{
"name" : "APIGatewayClientModelGenerate",
"targets" : [
"APIGatewayClientModelGenerate"
],
"type" : {
"library" : [
"automatic"
]
}
},
{
"name" : "CoralToJSONServiceModel",
"targets" : [
"CoralToJSONServiceModel"
],
"type" : {
"library" : [
"automatic"
]
}
},
{
"name" : "APIGatewaySwiftGenerateModel",
"targets" : [
"APIGatewaySwiftGenerateModel"
],
"type" : {
"plugin" : null
}
},
{
"name" : "APIGatewaySwiftGenerateClient",
"targets" : [
"APIGatewaySwiftGenerateClient"
],
"type" : {
"plugin" : null
}
}
],
"swift_languages_versions" : [
"5"
],
"targets" : [
{
"c99name" : "SmokeAWSModelGenerate",
"module_type" : "SwiftTarget",
"name" : "SmokeAWSModelGenerate",
"path" : "Sources/SmokeAWSModelGenerate",
"product_dependencies" : [
"ServiceModelEntities",
"ServiceModelCodeGeneration",
"ServiceModelGenerate"
],
"product_memberships" : [
"SmokeAWSGenerate",
"APIGatewayClientGenerate",
"APIGatewayClientInitialize",
"SmokeAWSModelGenerate",
"APIGatewayClientModelGenerate",
"APIGatewaySwiftGenerateModel",
"APIGatewaySwiftGenerateClient"
],
"sources" : [
"APIGatewayClientDelegate.swift",
"AWSClientAttributes.swift",
"AWSClientDelegate+addAWSClientOperationBody.swift",
"AWSClientDelegate+addAWSClientQueryOperationBody.swift",
"AWSClientDelegate.swift",
"AWSModelErrorsDelegate.swift",
"CoralToJSONServiceModel+getAWSClientAttributes.swift",
"ModelClientDelegate+addAWSClientDeinitializer.swift",
"ModelClientDelegate+addAWSClientFileHeader.swift",
"ModelClientDelegate+addAWSClientInitializer.swift",
"ModelClientDelegate+commonAWSFunctions.swift",
"SmokeAWSModelGenerate.swift"
],
"target_dependencies" : [
"CoralToJSONServiceModel"
],
"type" : "library"
},
{
"c99name" : "SmokeAWSGenerate",
"module_type" : "SwiftTarget",
"name" : "SmokeAWSGenerate",
"path" : "Sources/SmokeAWSGenerate",
"product_dependencies" : [
"ArgumentParser"
],
"product_memberships" : [
"SmokeAWSGenerate"
],
"sources" : [
"CloudFormationConfiguration.swift",
"CloudwatchConfiguration.swift",
"CodeBuildConfiguration.swift",
"CodePipelineConfiguration.swift",
"DynamoDBConfiguration.swift",
"EC2Configuration.swift",
"ECRConfiguration.swift",
"ECSConfiguration.swift",
"RDSConfiguration.swift",
"RDSDataConfiguration.swift",
"S3Configuration.swift",
"SNSConfiguration.swift",
"STSConfiguration.swift",
"SimpleQueueConfiguration.swift",
"SimpleWorkflowConfiguration.swift",
"StepFunctionsConfiguration.swift",
"main.swift"
],
"target_dependencies" : [
"SmokeAWSModelGenerate"
],
"type" : "executable"
},
{
"c99name" : "CoralToJSONServiceModel",
"module_type" : "SwiftTarget",
"name" : "CoralToJSONServiceModel",
"path" : "Sources/CoralToJSONServiceModel",
"product_dependencies" : [
"ServiceModelEntities"
],
"product_memberships" : [
"SmokeAWSGenerate",
"APIGatewayClientGenerate",
"APIGatewayClientInitialize",
"SmokeAWSModelGenerate",
"APIGatewayClientModelGenerate",
"CoralToJSONServiceModel",
"APIGatewaySwiftGenerateModel",
"APIGatewaySwiftGenerateClient"
],
"sources" : [
"CoralToJSONServiceModel.swift",
"HelperStructures.swift",
"Metadata.swift",
"ShapeAttributes.swift"
],
"type" : "library"
},
{
"c99name" : "APIGatewaySwiftGenerateModel",
"module_type" : "PluginTarget",
"name" : "APIGatewaySwiftGenerateModel",
"path" : "Plugins/APIGatewaySwiftGenerateModel",
"plugin_capability" : {
"type" : "buildTool"
},
"product_memberships" : [
"APIGatewaySwiftGenerateModel"
],
"sources" : [
"plugin.swift"
],
"target_dependencies" : [
"APIGatewayClientGenerate"
],
"type" : "plugin"
},
{
"c99name" : "APIGatewaySwiftGenerateClient",
"module_type" : "PluginTarget",
"name" : "APIGatewaySwiftGenerateClient",
"path" : "Plugins/APIGatewaySwiftGenerateClient",
"plugin_capability" : {
"type" : "buildTool"
},
"product_memberships" : [
"APIGatewaySwiftGenerateClient"
],
"sources" : [
"plugin.swift"
],
"target_dependencies" : [
"APIGatewayClientGenerate"
],
"type" : "plugin"
},
{
"c99name" : "APIGatewayClientModelGenerate",
"module_type" : "SwiftTarget",
"name" : "APIGatewayClientModelGenerate",
"path" : "Sources/APIGatewayClientModelGenerate",
"product_memberships" : [
"APIGatewayClientGenerate",
"APIGatewayClientInitialize",
"APIGatewayClientModelGenerate",
"APIGatewaySwiftGenerateModel",
"APIGatewaySwiftGenerateClient"
],
"sources" : [
"APIGatewayClientCodeGeneration+generateClientApplicationFiles.swift",
"APIGatewayClientCodeGeneration.swift",
"APIGatewayClientModelErrorsDelegate.swift"
],
"target_dependencies" : [
"SmokeAWSModelGenerate"
],
"type" : "library"
},
{
"c99name" : "APIGatewayClientInitialize",
"module_type" : "SwiftTarget",
"name" : "APIGatewayClientInitialize",
"path" : "Sources/APIGatewayClientInitialize",
"product_dependencies" : [
"ArgumentParser",
"OpenAPIServiceModel",
"SwaggerServiceModel"
],
"product_memberships" : [
"APIGatewayClientInitialize"
],
"sources" : [
"APIGatewayClientInitializeCommand.swift",
"APIGatewayClientSwiftCodeGen.swift"
],
"target_dependencies" : [
"APIGatewayClientModelGenerate"
],
"type" : "executable"
},
{
"c99name" : "APIGatewayClientGenerate",
"module_type" : "SwiftTarget",
"name" : "APIGatewayClientGenerate",
"path" : "Sources/APIGatewayClientGenerate",
"product_dependencies" : [
"ArgumentParser",
"OpenAPIServiceModel",
"SwaggerServiceModel"
],
"product_memberships" : [
"APIGatewayClientGenerate",
"APIGatewaySwiftGenerateModel",
"APIGatewaySwiftGenerateClient"
],
"sources" : [
"APIGatewayClientGenerateCommand.swift",
"APIGatewayClientSwiftCodeGen.swift"
],
"target_dependencies" : [
"APIGatewayClientModelGenerate"
],
"type" : "executable"
}
],
"tools_version" : "5.6"
}
{
"workspace" : {
"name" : "SmokeAWSGenerate",
"schemes" : [
"APIGatewayClientGenerate",
"APIGatewayClientInitialize",
"APIGatewayClientModelGenerate",
"CoralToJSONServiceModel",
"SmokeAWSGenerate",
"SmokeAWSGenerate-Package",
"SmokeAWSModelGenerate"
]
}
}
2026-09-19 09:48:06.629 xcodebuild[1466:8796] [MT] IDERunDestination: Supported platforms for the buildables in the current scheme is empty.
Running build ...
env DEVELOPER_DIR=/Applications/Xcode-27.0.0-Release.Candidate.app xcrun xcodebuild -IDEClonedSourcePackagesDirPathOverride=$PWD/.dependencies -skipMacroValidation -skipPackagePluginValidation -derivedDataPath $PWD/.derivedData build -scheme SmokeAWSGenerate-Package -destination generic/platform=watchOS
Command line invocation:
/Applications/Xcode-27.0.0-Release.Candidate.app/Contents/Developer/usr/bin/xcodebuild -IDEClonedSourcePackagesDirPathOverride=/Users/admin/builder/spi-builder-workspace/.dependencies -skipMacroValidation -skipPackagePluginValidation -derivedDataPath /Users/admin/builder/spi-builder-workspace/.derivedData build -scheme SmokeAWSGenerate-Package -destination generic/platform=watchOS
Resolve Package Graph
Resolved source packages:
OpenAPISwiftCodeGenerate: https://github.com/amzn/openapi-swift-code-generate.git @ 1.0.3
swift-argument-parser: https://github.com/apple/swift-argument-parser @ 1.8.2
ServiceModelSwiftCodeGenerate: https://github.com/amzn/service-model-swift-code-generate.git @ 3.1.1
SmokeAWSGenerate: /Users/admin/builder/spi-builder-workspace
SwaggerParser: https://github.com/knovichikhin/SwaggerParser.git @ 0.6.4
Yams: https://github.com/jpsim/Yams.git @ 4.0.6
OpenAPIKit: https://github.com/mattpolzin/OpenAPIKit.git @ 3.9.0
ComputePackagePrebuildTargetDependencyGraph
Prepare packages
Compile plug-in “APIGatewaySwiftGenerateModel” in package “spi-builder-workspace”
[debug]: Compiling plugin to executable at /Users/admin/builder/spi-builder-workspace/.derivedData/Build/Products/PluginExecutables/APIGatewaySwiftGenerateModel
[debug]: Using compiler /Applications/Xcode-27.0.0-Release.Candidate.app/Contents/Developer/Toolchains/XcodeDefault.xctoolchain/usr/bin/swiftc
[debug]: Plugin compilation output directory '/Users/admin/builder/spi-builder-workspace/.derivedData/Build/Products/PluginExecutables'
[debug]: Computed hash of plugin compilation inputs: d82b13647383bd83ff5985ac7e510b4a05e9461a0da036dedf61ff0465471cc7
/Users/admin/builder/spi-builder-workspace/Plugins/APIGatewaySwiftGenerateModel/plugin.swift:9:10: warning: associated value 'sourceModuleTargetRequired(packageName:targetName:type:)' of 'Sendable'-conforming enum 'PluginError' contains non-Sendable type 'any Target.Type'
7 | case unknownModelPackageDependency(packageName: String)
8 | case unknownModelTargetDependency(packageName: String, targetName: String)
9 | case sourceModuleTargetRequired(packageName: String, targetName: String, type: Target.Type)
| `- warning: associated value 'sourceModuleTargetRequired(packageName:targetName:type:)' of 'Sendable'-conforming enum 'PluginError' contains non-Sendable type 'any Target.Type'
10 | case unknownModelFilePath(packageName: String, targetName: String, fileName: String)
11 | case missingConfigFile(expectedPath: String)
/Users/admin/builder/spi-builder-workspace/Plugins/APIGatewaySwiftGenerateModel/plugin.swift:9:10: warning: associated value 'sourceModuleTargetRequired(packageName:targetName:type:)' of 'Sendable'-conforming enum 'PluginError' contains non-Sendable type 'any Target.Type'
7 | case unknownModelPackageDependency(packageName: String)
8 | case unknownModelTargetDependency(packageName: String, targetName: String)
9 | case sourceModuleTargetRequired(packageName: String, targetName: String, type: Target.Type)
| `- warning: associated value 'sourceModuleTargetRequired(packageName:targetName:type:)' of 'Sendable'-conforming enum 'PluginError' contains non-Sendable type 'any Target.Type'
10 | case unknownModelFilePath(packageName: String, targetName: String, fileName: String)
11 | case missingConfigFile(expectedPath: String)
/Applications/Xcode-27.0.0-Release.Candidate.app/Contents/Developer/Toolchains/XcodeDefault.xctoolchain/usr/bin/swiftc -L /Applications/Xcode-27.0.0-Release.Candidate.app/Contents/SharedFrameworks/SwiftPM.framework/SharedSupport/PluginAPI -lPackagePlugin -Xlinker -rpath -Xlinker /Applications/Xcode-27.0.0-Release.Candidate.app/Contents/SharedFrameworks/SwiftPM.framework/SharedSupport/PluginAPI -target arm64-apple-macos14.0 -plugin-path /Applications/Xcode-27.0.0-Release.Candidate.app/Contents/Developer/Toolchains/XcodeDefault.xctoolchain/usr/lib/swift/host/plugins/testing -sdk /Applications/Xcode-27.0.0-Release.Candidate.app/Contents/Developer/Platforms/MacOSX.platform/Developer/SDKs/MacOSX27.0.sdk -g -swift-version 5 -package-description-version 5.6.0 -I /Applications/Xcode-27.0.0-Release.Candidate.app/Contents/SharedFrameworks/SwiftPM.framework/SharedSupport/PluginAPI -sdk /Applications/Xcode-27.0.0-Release.Candidate.app/Contents/Developer/Platforms/MacOSX.platform/Developer/SDKs/MacOSX27.0.sdk -parse-as-library -j10 -Xfrontend -serialize-diagnostics-path -Xfrontend /Users/admin/builder/spi-builder-workspace/.derivedData/Build/Products/PluginExecutables/APIGatewaySwiftGenerateClient.dia /Users/admin/builder/spi-builder-workspace/Plugins/APIGatewaySwiftGenerateClient/plugin.swift -o /Users/admin/builder/spi-builder-workspace/.derivedData/Build/Products/PluginExecutables/APIGatewaySwiftGenerateClient
[debug]: Compiling plugin to executable at /Users/admin/builder/spi-builder-workspace/.derivedData/Build/Products/PluginExecutables/APIGatewaySwiftGenerateClient
[debug]: Using compiler /Applications/Xcode-27.0.0-Release.Candidate.app/Contents/Developer/Toolchains/XcodeDefault.xctoolchain/usr/bin/swiftc
[debug]: Plugin compilation output directory '/Users/admin/builder/spi-builder-workspace/.derivedData/Build/Products/PluginExecutables'
[debug]: Computed hash of plugin compilation inputs: 192d9eac6ea90d5a2dc5709866a46089f4c3b25fd7226462d80b76a0cf9440e6
/Users/admin/builder/spi-builder-workspace/Plugins/APIGatewaySwiftGenerateClient/plugin.swift:9:10: warning: associated value 'sourceModuleTargetRequired(packageName:targetName:type:)' of 'Sendable'-conforming enum 'PluginError' contains non-Sendable type 'any Target.Type'
7 | case unknownModelPackageDependency(packageName: String)
8 | case unknownModelTargetDependency(packageName: String, targetName: String)
9 | case sourceModuleTargetRequired(packageName: String, targetName: String, type: Target.Type)
| `- warning: associated value 'sourceModuleTargetRequired(packageName:targetName:type:)' of 'Sendable'-conforming enum 'PluginError' contains non-Sendable type 'any Target.Type'
10 | case unknownModelFilePath(packageName: String, targetName: String, fileName: String)
11 | case missingConfigFile(expectedPath: String)
/Users/admin/builder/spi-builder-workspace/Plugins/APIGatewaySwiftGenerateClient/plugin.swift:9:10: warning: associated value 'sourceModuleTargetRequired(packageName:targetName:type:)' of 'Sendable'-conforming enum 'PluginError' contains non-Sendable type 'any Target.Type'
7 | case unknownModelPackageDependency(packageName: String)
8 | case unknownModelTargetDependency(packageName: String, targetName: String)
9 | case sourceModuleTargetRequired(packageName: String, targetName: String, type: Target.Type)
| `- warning: associated value 'sourceModuleTargetRequired(packageName:targetName:type:)' of 'Sendable'-conforming enum 'PluginError' contains non-Sendable type 'any Target.Type'
10 | case unknownModelFilePath(packageName: String, targetName: String, fileName: String)
11 | case missingConfigFile(expectedPath: String)
Process build tool plug-in results
CreateBuildRequest
SendProjectDescription
CreateBuildOperation
ComputeTargetDependencyGraph
note: Building targets in dependency order
note: Target dependency graph (30 targets)
Target 'APIGatewayClientInitialize-product' in project 'SmokeAWSGenerate'
➜ Explicit dependency on target 'CoralToJSONServiceModel' in project 'SmokeAWSGenerate'
➜ Explicit dependency on target 'SmokeAWSModelGenerate' in project 'SmokeAWSGenerate'
➜ Explicit dependency on target 'APIGatewayClientModelGenerate' in project 'SmokeAWSGenerate'
➜ Explicit dependency on target 'ServiceModelEntities-product' in project 'ServiceModelSwiftCodeGenerate'
➜ Explicit dependency on target 'ServiceModelCodeGeneration-product' in project 'ServiceModelSwiftCodeGenerate'
➜ Explicit dependency on target 'ServiceModelGenerate-product' in project 'ServiceModelSwiftCodeGenerate'
➜ Explicit dependency on target 'ArgumentParser-product' in project 'swift-argument-parser'
➜ Explicit dependency on target 'OpenAPIServiceModel-product' in project 'OpenAPISwiftCodeGenerate'
➜ Explicit dependency on target 'SwaggerServiceModel-product' in project 'OpenAPISwiftCodeGenerate'
Target 'APIGatewayClientGenerate-product' in project 'SmokeAWSGenerate'
➜ Explicit dependency on target 'CoralToJSONServiceModel' in project 'SmokeAWSGenerate'
➜ Explicit dependency on target 'SmokeAWSModelGenerate' in project 'SmokeAWSGenerate'
➜ Explicit dependency on target 'APIGatewayClientModelGenerate' in project 'SmokeAWSGenerate'
➜ Explicit dependency on target 'ServiceModelEntities-product' in project 'ServiceModelSwiftCodeGenerate'
➜ Explicit dependency on target 'ServiceModelCodeGeneration-product' in project 'ServiceModelSwiftCodeGenerate'
➜ Explicit dependency on target 'ServiceModelGenerate-product' in project 'ServiceModelSwiftCodeGenerate'
➜ Explicit dependency on target 'ArgumentParser-product' in project 'swift-argument-parser'
➜ Explicit dependency on target 'OpenAPIServiceModel-product' in project 'OpenAPISwiftCodeGenerate'
➜ Explicit dependency on target 'SwaggerServiceModel-product' in project 'OpenAPISwiftCodeGenerate'
Target 'SwaggerServiceModel-product' in project 'OpenAPISwiftCodeGenerate'
➜ Explicit dependency on target 'SwaggerServiceModel' in project 'OpenAPISwiftCodeGenerate'
➜ Explicit dependency on target 'ServiceModelCodeGeneration-product' in project 'ServiceModelSwiftCodeGenerate'
➜ Explicit dependency on target 'Yams-product' in project 'Yams'
➜ Explicit dependency on target 'SwaggerParser-product' in project 'SwaggerParser'
➜ Explicit dependency on target 'OpenAPIKit30-product' in project 'OpenAPIKit'
Target 'SwaggerServiceModel' in project 'OpenAPISwiftCodeGenerate'
➜ Explicit dependency on target 'ServiceModelCodeGeneration-product' in project 'ServiceModelSwiftCodeGenerate'
➜ Explicit dependency on target 'Yams-product' in project 'Yams'
➜ Explicit dependency on target 'SwaggerParser-product' in project 'SwaggerParser'
➜ Explicit dependency on target 'OpenAPIKit30-product' in project 'OpenAPIKit'
Target 'OpenAPIServiceModel-product' in project 'OpenAPISwiftCodeGenerate'
➜ Explicit dependency on target 'OpenAPIServiceModel' in project 'OpenAPISwiftCodeGenerate'
➜ Explicit dependency on target 'ServiceModelCodeGeneration-product' in project 'ServiceModelSwiftCodeGenerate'
➜ Explicit dependency on target 'Yams-product' in project 'Yams'
➜ Explicit dependency on target 'SwaggerParser-product' in project 'SwaggerParser'
➜ Explicit dependency on target 'OpenAPIKit30-product' in project 'OpenAPIKit'
Target 'OpenAPIServiceModel' in project 'OpenAPISwiftCodeGenerate'
➜ Explicit dependency on target 'ServiceModelCodeGeneration-product' in project 'ServiceModelSwiftCodeGenerate'
➜ Explicit dependency on target 'Yams-product' in project 'Yams'
➜ Explicit dependency on target 'SwaggerParser-product' in project 'SwaggerParser'
➜ Explicit dependency on target 'OpenAPIKit30-product' in project 'OpenAPIKit'
Target 'OpenAPIKit30-product' in project 'OpenAPIKit'
➜ Explicit dependency on target 'OpenAPIKit30' in project 'OpenAPIKit'
➜ Explicit dependency on target 'OpenAPIKitCore' in project 'OpenAPIKit'
Target 'OpenAPIKit30' in project 'OpenAPIKit'
➜ Explicit dependency on target 'OpenAPIKitCore' in project 'OpenAPIKit'
Target 'OpenAPIKitCore' in project 'OpenAPIKit' (no dependencies)
Target 'SwaggerParser-product' in project 'SwaggerParser'
➜ Explicit dependency on target 'SwaggerParser' in project 'SwaggerParser'
Target 'SwaggerParser' in project 'SwaggerParser' (no dependencies)
Target 'Yams-product' in project 'Yams'
➜ Explicit dependency on target 'Yams' in project 'Yams'
➜ Explicit dependency on target 'CYaml' in project 'Yams'
Target 'Yams' in project 'Yams'
➜ Explicit dependency on target 'CYaml' in project 'Yams'
Target 'CYaml' in project 'Yams' (no dependencies)
Target 'SmokeAWSGenerate-product' in project 'SmokeAWSGenerate'
➜ Explicit dependency on target 'CoralToJSONServiceModel' in project 'SmokeAWSGenerate'
➜ Explicit dependency on target 'SmokeAWSModelGenerate' in project 'SmokeAWSGenerate'
➜ Explicit dependency on target 'ServiceModelEntities-product' in project 'ServiceModelSwiftCodeGenerate'
➜ Explicit dependency on target 'ServiceModelCodeGeneration-product' in project 'ServiceModelSwiftCodeGenerate'
➜ Explicit dependency on target 'ServiceModelGenerate-product' in project 'ServiceModelSwiftCodeGenerate'
➜ Explicit dependency on target 'ArgumentParser-product' in project 'swift-argument-parser'
Target 'ArgumentParser-product' in project 'swift-argument-parser'
➜ Explicit dependency on target 'ArgumentParser' in project 'swift-argument-parser'
➜ Explicit dependency on target 'ArgumentParserToolInfo' in project 'swift-argument-parser'
Target 'ArgumentParser' in project 'swift-argument-parser'
➜ Explicit dependency on target 'ArgumentParserToolInfo' in project 'swift-argument-parser'
Target 'ArgumentParserToolInfo' in project 'swift-argument-parser' (no dependencies)
Target 'CoralToJSONServiceModel-product' in project 'SmokeAWSGenerate'
➜ Explicit dependency on target 'CoralToJSONServiceModel' in project 'SmokeAWSGenerate'
➜ Explicit dependency on target 'ServiceModelEntities-product' in project 'ServiceModelSwiftCodeGenerate'
Target 'APIGatewayClientModelGenerate-product' in project 'SmokeAWSGenerate'
➜ Explicit dependency on target 'APIGatewayClientModelGenerate' in project 'SmokeAWSGenerate'
➜ Explicit dependency on target 'CoralToJSONServiceModel' in project 'SmokeAWSGenerate'
➜ Explicit dependency on target 'SmokeAWSModelGenerate' in project 'SmokeAWSGenerate'
➜ Explicit dependency on target 'ServiceModelEntities-product' in project 'ServiceModelSwiftCodeGenerate'
➜ Explicit dependency on target 'ServiceModelCodeGeneration-product' in project 'ServiceModelSwiftCodeGenerate'
➜ Explicit dependency on target 'ServiceModelGenerate-product' in project 'ServiceModelSwiftCodeGenerate'
Target 'APIGatewayClientModelGenerate' in project 'SmokeAWSGenerate'
➜ Explicit dependency on target 'CoralToJSONServiceModel' in project 'SmokeAWSGenerate'
➜ Explicit dependency on target 'SmokeAWSModelGenerate' in project 'SmokeAWSGenerate'
➜ Explicit dependency on target 'ServiceModelEntities-product' in project 'ServiceModelSwiftCodeGenerate'
➜ Explicit dependency on target 'ServiceModelCodeGeneration-product' in project 'ServiceModelSwiftCodeGenerate'
➜ Explicit dependency on target 'ServiceModelGenerate-product' in project 'ServiceModelSwiftCodeGenerate'
Target 'SmokeAWSModelGenerate-product' in project 'SmokeAWSGenerate'
➜ Explicit dependency on target 'SmokeAWSModelGenerate' in project 'SmokeAWSGenerate'
➜ Explicit dependency on target 'CoralToJSONServiceModel' in project 'SmokeAWSGenerate'
➜ Explicit dependency on target 'ServiceModelEntities-product' in project 'ServiceModelSwiftCodeGenerate'
➜ Explicit dependency on target 'ServiceModelCodeGeneration-product' in project 'ServiceModelSwiftCodeGenerate'
➜ Explicit dependency on target 'ServiceModelGenerate-product' in project 'ServiceModelSwiftCodeGenerate'
Target 'SmokeAWSModelGenerate' in project 'SmokeAWSGenerate'
➜ Explicit dependency on target 'CoralToJSONServiceModel' in project 'SmokeAWSGenerate'
➜ Explicit dependency on target 'ServiceModelEntities-product' in project 'ServiceModelSwiftCodeGenerate'
➜ Explicit dependency on target 'ServiceModelCodeGeneration-product' in project 'ServiceModelSwiftCodeGenerate'
➜ Explicit dependency on target 'ServiceModelGenerate-product' in project 'ServiceModelSwiftCodeGenerate'
Target 'ServiceModelGenerate-product' in project 'ServiceModelSwiftCodeGenerate'
➜ Explicit dependency on target 'ServiceModelGenerate' in project 'ServiceModelSwiftCodeGenerate'
➜ Explicit dependency on target 'ServiceModelEntities' in project 'ServiceModelSwiftCodeGenerate'
➜ Explicit dependency on target 'ServiceModelCodeGeneration' in project 'ServiceModelSwiftCodeGenerate'
Target 'ServiceModelGenerate' in project 'ServiceModelSwiftCodeGenerate'
➜ Explicit dependency on target 'ServiceModelEntities' in project 'ServiceModelSwiftCodeGenerate'
➜ Explicit dependency on target 'ServiceModelCodeGeneration' in project 'ServiceModelSwiftCodeGenerate'
Target 'ServiceModelCodeGeneration-product' in project 'ServiceModelSwiftCodeGenerate'
➜ Explicit dependency on target 'ServiceModelCodeGeneration' in project 'ServiceModelSwiftCodeGenerate'
➜ Explicit dependency on target 'ServiceModelEntities' in project 'ServiceModelSwiftCodeGenerate'
Target 'ServiceModelCodeGeneration' in project 'ServiceModelSwiftCodeGenerate'
➜ Explicit dependency on target 'ServiceModelEntities' in project 'ServiceModelSwiftCodeGenerate'
Target 'CoralToJSONServiceModel' in project 'SmokeAWSGenerate'
➜ Explicit dependency on target 'ServiceModelEntities-product' in project 'ServiceModelSwiftCodeGenerate'
Target 'ServiceModelEntities-product' in project 'ServiceModelSwiftCodeGenerate'
➜ Explicit dependency on target 'ServiceModelEntities' in project 'ServiceModelSwiftCodeGenerate'
Target 'ServiceModelEntities' in project 'ServiceModelSwiftCodeGenerate' (no dependencies)
GatherProvisioningInputs
CreateBuildDescription
ClangStatCache /Applications/Xcode-27.0.0-Release.Candidate.app/Contents/Developer/Toolchains/XcodeDefault.xctoolchain/usr/bin/clang-stat-cache /Applications/Xcode-27.0.0-Release.Candidate.app/Contents/Developer/Platforms/WatchOS.platform/Developer/SDKs/WatchOS27.0.sdk /Users/admin/builder/spi-builder-workspace/.derivedData/SDKStatCaches.noindex/watchos27.0-24R360-e829b21a6f8c9b70876ba0858053c04477534ef55a1706bf4c1112bbb242f0a2.sdkstatcache
cd /Users/admin/builder/spi-builder-workspace/.swiftpm/xcode
/Applications/Xcode-27.0.0-Release.Candidate.app/Contents/Developer/Toolchains/XcodeDefault.xctoolchain/usr/bin/clang-stat-cache /Applications/Xcode-27.0.0-Release.Candidate.app/Contents/Developer/Platforms/WatchOS.platform/Developer/SDKs/WatchOS27.0.sdk -o /Users/admin/builder/spi-builder-workspace/.derivedData/SDKStatCaches.noindex/watchos27.0-24R360-e829b21a6f8c9b70876ba0858053c04477534ef55a1706bf4c1112bbb242f0a2.sdkstatcache
ExtractAppIntentsMetadata (in target 'OpenAPIKit30' from project 'OpenAPIKit')
cd /Users/admin/builder/spi-builder-workspace/.dependencies/checkouts/OpenAPIKit
/Applications/Xcode-27.0.0-Release.Candidate.app/Contents/Developer/Toolchains/XcodeDefault.xctoolchain/usr/bin/appintentsmetadataprocessor --toolchain-dir /var/run/com.apple.security.cryptexd/mnt/com.apple.MobileAsset.MetalToolchain-v27.1.266.1.0yAV4K/Metal.xctoolchain --module-name OpenAPIKit30 --sdk-root /Applications/Xcode-27.0.0-Release.Candidate.app/Contents/Developer/Platforms/WatchOS.platform/Developer/SDKs/WatchOS27.0.sdk --xcode-version 27A266a --platform-family watchOS --deployment-target 9.0 --bundle-identifier openapikit.OpenAPIKit30 --output /Users/admin/builder/spi-builder-workspace/.derivedData/Build/Products/Debug-watchos/OpenAPIKit30.appintents --target-triple arm64-apple-watchos9.0 --target-triple arm64_32-apple-watchos9.0 --binary-file /Users/admin/builder/spi-builder-workspace/.derivedData/Build/Products/Debug-watchos/OpenAPIKit30.o --dependency-file /Users/admin/builder/spi-builder-workspace/.derivedData/Build/Intermediates.noindex/OpenAPIKit.build/Debug-watchos/OpenAPIKit30-t.build/Objects-normal/arm64/OpenAPIKit30_dependency_info.dat --dependency-file /Users/admin/builder/spi-builder-workspace/.derivedData/Build/Intermediates.noindex/OpenAPIKit.build/Debug-watchos/OpenAPIKit30-t.build/Objects-normal/arm64_32/OpenAPIKit30_dependency_info.dat --stringsdata-file /Users/admin/builder/spi-builder-workspace/.derivedData/Build/Intermediates.noindex/OpenAPIKit.build/Debug-watchos/OpenAPIKit30-t.build/Objects-normal/arm64/ExtractedAppShortcutsMetadata.stringsdata --stringsdata-file /Users/admin/builder/spi-builder-workspace/.derivedData/Build/Intermediates.noindex/OpenAPIKit.build/Debug-watchos/OpenAPIKit30-t.build/Objects-normal/arm64_32/ExtractedAppShortcutsMetadata.stringsdata --source-file-list /Users/admin/builder/spi-builder-workspace/.derivedData/Build/Intermediates.noindex/OpenAPIKit.build/Debug-watchos/OpenAPIKit30-t.build/Objects-normal/arm64/OpenAPIKit30.SwiftFileList --source-file-list /Users/admin/builder/spi-builder-workspace/.derivedData/Build/Intermediates.noindex/OpenAPIKit.build/Debug-watchos/OpenAPIKit30-t.build/Objects-normal/arm64_32/OpenAPIKit30.SwiftFileList --metadata-file-list /Users/admin/builder/spi-builder-workspace/.derivedData/Build/Intermediates.noindex/OpenAPIKit.build/Debug-watchos/OpenAPIKit30-t.build/OpenAPIKit30.DependencyMetadataFileList --static-metadata-file-list /Users/admin/builder/spi-builder-workspace/.derivedData/Build/Intermediates.noindex/OpenAPIKit.build/Debug-watchos/OpenAPIKit30-t.build/OpenAPIKit30.DependencyStaticMetadataFileList --swift-const-vals-list /Users/admin/builder/spi-builder-workspace/.derivedData/Build/Intermediates.noindex/OpenAPIKit.build/Debug-watchos/OpenAPIKit30-t.build/Objects-normal/arm64/OpenAPIKit30.SwiftConstValuesFileList --swift-const-vals-list /Users/admin/builder/spi-builder-workspace/.derivedData/Build/Intermediates.noindex/OpenAPIKit.build/Debug-watchos/OpenAPIKit30-t.build/Objects-normal/arm64_32/OpenAPIKit30.SwiftConstValuesFileList --force --compile-time-extraction --deployment-aware-processing --no-app-shortcuts-localization
2026-09-19 09:48:10.653 appintentsmetadataprocessor[1490:8993] Starting appintentsmetadataprocessor export
2026-09-19 09:48:10.724 appintentsmetadataprocessor[1490:8993] Extracted no relevant App Intents symbols, skipping writing output
SwiftDriver ArgumentParser normal arm64_32 com.apple.xcode.tools.swift.compiler (in target 'ArgumentParser' from project 'swift-argument-parser')
cd /Users/admin/builder/spi-builder-workspace/.swiftpm/xcode
builtin-SwiftDriver -- /Applications/Xcode-27.0.0-Release.Candidate.app/Contents/Developer/Toolchains/XcodeDefault.xctoolchain/usr/bin/swiftc -parse-as-library -module-name ArgumentParser -Onone @/Users/admin/builder/spi-builder-workspace/.derivedData/Build/Intermediates.noindex/swift-argument-parser.build/Debug-watchos/ArgumentParser-t.build/Objects-normal/arm64_32/ArgumentParser.SwiftFileList -DSWIFT_PACKAGE -DDEBUG -DSWIFT_MODULE_RESOURCE_BUNDLE_UNAVAILABLE -DXcode -plugin-path /Applications/Xcode-27.0.0-Release.Candidate.app/Contents/Developer/Toolchains/XcodeDefault.xctoolchain/usr/lib/swift/host/plugins/testing -enable-experimental-feature DebugDescriptionMacro -sdk /Applications/Xcode-27.0.0-Release.Candidate.app/Contents/Developer/Platforms/WatchOS.platform/Developer/SDKs/WatchOS27.0.sdk -target arm64_32-apple-watchos9.0 -g -module-cache-path /Users/admin/builder/spi-builder-workspace/.derivedData/ModuleCache.noindex -Xfrontend -serialize-debugging-options -enable-testing -suppress-warnings -index-store-path /Users/admin/builder/spi-builder-workspace/.derivedData/Index.noindex/DataStore -Xcc -D_LIBCPP_HARDENING_MODE\=_LIBCPP_HARDENING_MODE_DEBUG -swift-version 6 -I /Users/admin/builder/spi-builder-workspace/.derivedData/Build/Products/Debug-watchos -Isystem /Applications/Xcode-27.0.0-Release.Candidate.app/Contents/Developer/Platforms/WatchOS.platform/Developer/usr/lib -F /Users/admin/builder/spi-builder-workspace/.derivedData/Build/Products/Debug-watchos/PackageFrameworks -F /Users/admin/builder/spi-builder-workspace/.derivedData/Build/Products/Debug-watchos -F /Applications/Xcode-27.0.0-Release.Candidate.app/Contents/Developer/Platforms/WatchOS.platform/Developer/Library/Frameworks -F /Applications/Xcode-27.0.0-Release.Candidate.app/Contents/Developer/Platforms/WatchOS.platform/Developer/SDKs/WatchOS27.0.sdk/Developer/Library/Frameworks -c -j10 -enable-batch-mode -incremental -Xcc -ivfsstatcache -Xcc /Users/admin/builder/spi-builder-workspace/.derivedData/SDKStatCaches.noindex/watchos27.0-24R360-e829b21a6f8c9b70876ba0858053c04477534ef55a1706bf4c1112bbb242f0a2.sdkstatcache -output-file-map /Users/admin/builder/spi-builder-workspace/.derivedData/Build/Intermediates.noindex/swift-argument-parser.build/Debug-watchos/ArgumentParser-t.build/Objects-normal/arm64_32/ArgumentParser-OutputFileMap.json -save-temps -no-color-diagnostics -explicit-module-build -module-cache-path /Users/admin/builder/spi-builder-workspace/.derivedData/Build/Intermediates.noindex/SwiftExplicitPrecompiledModules -clang-scanner-module-cache-path /Users/admin/builder/spi-builder-workspace/.derivedData/ModuleCache.noindex -sdk-module-cache-path /Users/admin/builder/spi-builder-workspace/.derivedData/SDKExplicitPrecompiledModules -emit-dependencies -emit-module -emit-module-path /Users/admin/builder/spi-builder-workspace/.derivedData/Build/Intermediates.noindex/swift-argument-parser.build/Debug-watchos/ArgumentParser-t.build/Objects-normal/arm64_32/ArgumentParser.swiftmodule -serialize-diagnostics -dependency-scan-serialize-diagnostics-path /Users/admin/builder/spi-builder-workspace/.derivedData/Build/Intermediates.noindex/swift-argument-parser.build/Debug-watchos/ArgumentParser-t.build/Objects-normal/arm64_32/ArgumentParser-dependency-scan.dia -user-module-version 1.8.2 -validate-clang-modules-once -clang-build-session-file /Users/admin/builder/spi-builder-workspace/.derivedData/ModuleCache.noindex/Session.modulevalidation -Xcc -fmodules-prune-interval\=86400 -Xcc -fmodules-prune-after\=345600 -package-name swift_argument_parser -emit-const-values -const-gather-protocols-list /Users/admin/builder/spi-builder-workspace/.derivedData/Build/Intermediates.noindex/swift-argument-parser.build/Debug-watchos/ArgumentParser-t.build/Objects-normal/arm64_32/ArgumentParser_const_extract_protocols.json -Xcc -I/Users/admin/builder/spi-builder-workspace/.derivedData/Build/Products/Debug-watchos/include -Xcc -I/Users/admin/builder/spi-builder-workspace/.derivedData/Build/Intermediates.noindex/swift-argument-parser.build/Debug-watchos/ArgumentParser-t.build/DerivedSources-normal/arm64_32 -Xcc -I/Users/admin/builder/spi-builder-workspace/.derivedData/Build/Intermediates.noindex/swift-argument-parser.build/Debug-watchos/ArgumentParser-t.build/DerivedSources/arm64_32 -Xcc -I/Users/admin/builder/spi-builder-workspace/.derivedData/Build/Intermediates.noindex/swift-argument-parser.build/Debug-watchos/ArgumentParser-t.build/DerivedSources -Xcc -DSWIFT_PACKAGE -Xcc -DDEBUG\=1 -emit-objc-header -emit-objc-header-path /Users/admin/builder/spi-builder-workspace/.derivedData/Build/Intermediates.noindex/swift-argument-parser.build/Debug-watchos/ArgumentParser-t.build/Objects-normal/arm64_32/ArgumentParser-Swift.h -working-directory /Users/admin/builder/spi-builder-workspace/.swiftpm/xcode -experimental-emit-module-separately -disable-cmo
SwiftDriver SmokeAWSGenerate normal arm64 com.apple.xcode.tools.swift.compiler (in target 'SmokeAWSGenerate-product' from project 'SmokeAWSGenerate')
cd /Users/admin/builder/spi-builder-workspace/.swiftpm/xcode
builtin-SwiftDriver -- /Applications/Xcode-27.0.0-Release.Candidate.app/Contents/Developer/Toolchains/XcodeDefault.xctoolchain/usr/bin/swiftc -module-name SmokeAWSGenerate -Onone @/Users/admin/builder/spi-builder-workspace/.derivedData/Build/Intermediates.noindex/SmokeAWSGenerate.build/Debug-watchos/SmokeAWSGenerate-p.build/Objects-normal/arm64/SmokeAWSGenerate.SwiftFileList -DSWIFT_PACKAGE -DDEBUG -DXcode -plugin-path /Applications/Xcode-27.0.0-Release.Candidate.app/Contents/Developer/Toolchains/XcodeDefault.xctoolchain/usr/lib/swift/host/plugins/testing -enable-experimental-feature DebugDescriptionMacro -sdk /Applications/Xcode-27.0.0-Release.Candidate.app/Contents/Developer/Platforms/WatchOS.platform/Developer/SDKs/WatchOS27.0.sdk -target arm64-apple-watchos9.0 -g -module-cache-path /Users/admin/builder/spi-builder-workspace/.derivedData/ModuleCache.noindex -Xfrontend -serialize-debugging-options -enable-testing -index-store-path /Users/admin/builder/spi-builder-workspace/.derivedData/Index.noindex/DataStore -Xcc -D_LIBCPP_HARDENING_MODE\=_LIBCPP_HARDENING_MODE_DEBUG -swift-version 5 -I /Users/admin/builder/spi-builder-workspace/.derivedData/Build/Products/Debug-watchos -Isystem /Applications/Xcode-27.0.0-Release.Candidate.app/Contents/Developer/Platforms/WatchOS.platform/Developer/usr/lib -F /Users/admin/builder/spi-builder-workspace/.derivedData/Build/Products/Debug-watchos/PackageFrameworks -F /Users/admin/builder/spi-builder-workspace/.derivedData/Build/Products/Debug-watchos -F /Applications/Xcode-27.0.0-Release.Candidate.app/Contents/Developer/Platforms/WatchOS.platform/Developer/Library/Frameworks -F /Applications/Xcode-27.0.0-Release.Candidate.app/Contents/Developer/Platforms/WatchOS.platform/Developer/SDKs/WatchOS27.0.sdk/Developer/Library/Frameworks -c -j10 -enable-batch-mode -incremental -Xcc -ivfsstatcache -Xcc /Users/admin/builder/spi-builder-workspace/.derivedData/SDKStatCaches.noindex/watchos27.0-24R360-e829b21a6f8c9b70876ba0858053c04477534ef55a1706bf4c1112bbb242f0a2.sdkstatcache -output-file-map /Users/admin/builder/spi-builder-workspace/.derivedData/Build/Intermediates.noindex/SmokeAWSGenerate.build/Debug-watchos/SmokeAWSGenerate-p.build/Objects-normal/arm64/SmokeAWSGenerate-OutputFileMap.json -save-temps -no-color-diagnostics -explicit-module-build -module-cache-path /Users/admin/builder/spi-builder-workspace/.derivedData/Build/Intermediates.noindex/SwiftExplicitPrecompiledModules -clang-scanner-module-cache-path /Users/admin/builder/spi-builder-workspace/.derivedData/ModuleCache.noindex -sdk-module-cache-path /Users/admin/builder/spi-builder-workspace/.derivedData/SDKExplicitPrecompiledModules -emit-dependencies -emit-module -emit-module-path /Users/admin/builder/spi-builder-workspace/.derivedData/Build/Intermediates.noindex/SmokeAWSGenerate.build/Debug-watchos/SmokeAWSGenerate-p.build/Objects-normal/arm64/SmokeAWSGenerate.swiftmodule -serialize-diagnostics -dependency-scan-serialize-diagnostics-path /Users/admin/builder/spi-builder-workspace/.derivedData/Build/Intermediates.noindex/SmokeAWSGenerate.build/Debug-watchos/SmokeAWSGenerate-p.build/Objects-normal/arm64/SmokeAWSGenerate-dependency-scan.dia -validate-clang-modules-once -clang-build-session-file /Users/admin/builder/spi-builder-workspace/.derivedData/ModuleCache.noindex/Session.modulevalidation -Xcc -fmodules-prune-interval\=86400 -Xcc -fmodules-prune-after\=345600 -emit-const-values -const-gather-protocols-list /Users/admin/builder/spi-builder-workspace/.derivedData/Build/Intermediates.noindex/SmokeAWSGenerate.build/Debug-watchos/SmokeAWSGenerate-p.build/Objects-normal/arm64/SmokeAWSGenerate_const_extract_protocols.json -Xcc -I/Users/admin/builder/spi-builder-workspace/.derivedData/Build/Products/Debug-watchos/include -Xcc -I/Users/admin/builder/spi-builder-workspace/.derivedData/Build/Intermediates.noindex/SmokeAWSGenerate.build/Debug-watchos/SmokeAWSGenerate-p.build/DerivedSources-normal/arm64 -Xcc -I/Users/admin/builder/spi-builder-workspace/.derivedData/Build/Intermediates.noindex/SmokeAWSGenerate.build/Debug-watchos/SmokeAWSGenerate-p.build/DerivedSources/arm64 -Xcc -I/Users/admin/builder/spi-builder-workspace/.derivedData/Build/Intermediates.noindex/SmokeAWSGenerate.build/Debug-watchos/SmokeAWSGenerate-p.build/DerivedSources -Xcc -DSWIFT_PACKAGE -Xcc -DDEBUG\=1 -working-directory /Users/admin/builder/spi-builder-workspace/.swiftpm/xcode -experimental-emit-module-separately -disable-cmo
SwiftDriver SmokeAWSGenerate normal arm64_32 com.apple.xcode.tools.swift.compiler (in target 'SmokeAWSGenerate-product' from project 'SmokeAWSGenerate')
cd /Users/admin/builder/spi-builder-workspace/.swiftpm/xcode
builtin-SwiftDriver -- /Applications/Xcode-27.0.0-Release.Candidate.app/Contents/Developer/Toolchains/XcodeDefault.xctoolchain/usr/bin/swiftc -module-name SmokeAWSGenerate -Onone @/Users/admin/builder/spi-builder-workspace/.derivedData/Build/Intermediates.noindex/SmokeAWSGenerate.build/Debug-watchos/SmokeAWSGenerate-p.build/Objects-normal/arm64_32/SmokeAWSGenerate.SwiftFileList -DSWIFT_PACKAGE -DDEBUG -DXcode -plugin-path /Applications/Xcode-27.0.0-Release.Candidate.app/Contents/Developer/Toolchains/XcodeDefault.xctoolchain/usr/lib/swift/host/plugins/testing -enable-experimental-feature DebugDescriptionMacro -sdk /Applications/Xcode-27.0.0-Release.Candidate.app/Contents/Developer/Platforms/WatchOS.platform/Developer/SDKs/WatchOS27.0.sdk -target arm64_32-apple-watchos9.0 -g -module-cache-path /Users/admin/builder/spi-builder-workspace/.derivedData/ModuleCache.noindex -Xfrontend -serialize-debugging-options -enable-testing -index-store-path /Users/admin/builder/spi-builder-workspace/.derivedData/Index.noindex/DataStore -Xcc -D_LIBCPP_HARDENING_MODE\=_LIBCPP_HARDENING_MODE_DEBUG -swift-version 5 -I /Users/admin/builder/spi-builder-workspace/.derivedData/Build/Products/Debug-watchos -Isystem /Applications/Xcode-27.0.0-Release.Candidate.app/Contents/Developer/Platforms/WatchOS.platform/Developer/usr/lib -F /Users/admin/builder/spi-builder-workspace/.derivedData/Build/Products/Debug-watchos/PackageFrameworks -F /Users/admin/builder/spi-builder-workspace/.derivedData/Build/Products/Debug-watchos -F /Applications/Xcode-27.0.0-Release.Candidate.app/Contents/Developer/Platforms/WatchOS.platform/Developer/Library/Frameworks -F /Applications/Xcode-27.0.0-Release.Candidate.app/Contents/Developer/Platforms/WatchOS.platform/Developer/SDKs/WatchOS27.0.sdk/Developer/Library/Frameworks -c -j10 -enable-batch-mode -incremental -Xcc -ivfsstatcache -Xcc /Users/admin/builder/spi-builder-workspace/.derivedData/SDKStatCaches.noindex/watchos27.0-24R360-e829b21a6f8c9b70876ba0858053c04477534ef55a1706bf4c1112bbb242f0a2.sdkstatcache -output-file-map /Users/admin/builder/spi-builder-workspace/.derivedData/Build/Intermediates.noindex/SmokeAWSGenerate.build/Debug-watchos/SmokeAWSGenerate-p.build/Objects-normal/arm64_32/SmokeAWSGenerate-OutputFileMap.json -save-temps -no-color-diagnostics -explicit-module-build -module-cache-path /Users/admin/builder/spi-builder-workspace/.derivedData/Build/Intermediates.noindex/SwiftExplicitPrecompiledModules -clang-scanner-module-cache-path /Users/admin/builder/spi-builder-workspace/.derivedData/ModuleCache.noindex -sdk-module-cache-path /Users/admin/builder/spi-builder-workspace/.derivedData/SDKExplicitPrecompiledModules -emit-dependencies -emit-module -emit-module-path /Users/admin/builder/spi-builder-workspace/.derivedData/Build/Intermediates.noindex/SmokeAWSGenerate.build/Debug-watchos/SmokeAWSGenerate-p.build/Objects-normal/arm64_32/SmokeAWSGenerate.swiftmodule -serialize-diagnostics -dependency-scan-serialize-diagnostics-path /Users/admin/builder/spi-builder-workspace/.derivedData/Build/Intermediates.noindex/SmokeAWSGenerate.build/Debug-watchos/SmokeAWSGenerate-p.build/Objects-normal/arm64_32/SmokeAWSGenerate-dependency-scan.dia -validate-clang-modules-once -clang-build-session-file /Users/admin/builder/spi-builder-workspace/.derivedData/ModuleCache.noindex/Session.modulevalidation -Xcc -fmodules-prune-interval\=86400 -Xcc -fmodules-prune-after\=345600 -emit-const-values -const-gather-protocols-list /Users/admin/builder/spi-builder-workspace/.derivedData/Build/Intermediates.noindex/SmokeAWSGenerate.build/Debug-watchos/SmokeAWSGenerate-p.build/Objects-normal/arm64_32/SmokeAWSGenerate_const_extract_protocols.json -Xcc -I/Users/admin/builder/spi-builder-workspace/.derivedData/Build/Products/Debug-watchos/include -Xcc -I/Users/admin/builder/spi-builder-workspace/.derivedData/Build/Intermediates.noindex/SmokeAWSGenerate.build/Debug-watchos/SmokeAWSGenerate-p.build/DerivedSources-normal/arm64_32 -Xcc -I/Users/admin/builder/spi-builder-workspace/.derivedData/Build/Intermediates.noindex/SmokeAWSGenerate.build/Debug-watchos/SmokeAWSGenerate-p.build/DerivedSources/arm64_32 -Xcc -I/Users/admin/builder/spi-builder-workspace/.derivedData/Build/Intermediates.noindex/SmokeAWSGenerate.build/Debug-watchos/SmokeAWSGenerate-p.build/DerivedSources -Xcc -DSWIFT_PACKAGE -Xcc -DDEBUG\=1 -working-directory /Users/admin/builder/spi-builder-workspace/.swiftpm/xcode -experimental-emit-module-separately -disable-cmo
SwiftDriver ArgumentParser normal arm64 com.apple.xcode.tools.swift.compiler (in target 'ArgumentParser' from project 'swift-argument-parser')
cd /Users/admin/builder/spi-builder-workspace/.swiftpm/xcode
builtin-SwiftDriver -- /Applications/Xcode-27.0.0-Release.Candidate.app/Contents/Developer/Toolchains/XcodeDefault.xctoolchain/usr/bin/swiftc -parse-as-library -module-name ArgumentParser -Onone @/Users/admin/builder/spi-builder-workspace/.derivedData/Build/Intermediates.noindex/swift-argument-parser.build/Debug-watchos/ArgumentParser-t.build/Objects-normal/arm64/ArgumentParser.SwiftFileList -DSWIFT_PACKAGE -DDEBUG -DSWIFT_MODULE_RESOURCE_BUNDLE_UNAVAILABLE -DXcode -plugin-path /Applications/Xcode-27.0.0-Release.Candidate.app/Contents/Developer/Toolchains/XcodeDefault.xctoolchain/usr/lib/swift/host/plugins/testing -enable-experimental-feature DebugDescriptionMacro -sdk /Applications/Xcode-27.0.0-Release.Candidate.app/Contents/Developer/Platforms/WatchOS.platform/Developer/SDKs/WatchOS27.0.sdk -target arm64-apple-watchos9.0 -g -module-cache-path /Users/admin/builder/spi-builder-workspace/.derivedData/ModuleCache.noindex -Xfrontend -serialize-debugging-options -enable-testing -suppress-warnings -index-store-path /Users/admin/builder/spi-builder-workspace/.derivedData/Index.noindex/DataStore -Xcc -D_LIBCPP_HARDENING_MODE\=_LIBCPP_HARDENING_MODE_DEBUG -swift-version 6 -I /Users/admin/builder/spi-builder-workspace/.derivedData/Build/Products/Debug-watchos -Isystem /Applications/Xcode-27.0.0-Release.Candidate.app/Contents/Developer/Platforms/WatchOS.platform/Developer/usr/lib -F /Users/admin/builder/spi-builder-workspace/.derivedData/Build/Products/Debug-watchos/PackageFrameworks -F /Users/admin/builder/spi-builder-workspace/.derivedData/Build/Products/Debug-watchos -F /Applications/Xcode-27.0.0-Release.Candidate.app/Contents/Developer/Platforms/WatchOS.platform/Developer/Library/Frameworks -F /Applications/Xcode-27.0.0-Release.Candidate.app/Contents/Developer/Platforms/WatchOS.platform/Developer/SDKs/WatchOS27.0.sdk/Developer/Library/Frameworks -c -j10 -enable-batch-mode -incremental -Xcc -ivfsstatcache -Xcc /Users/admin/builder/spi-builder-workspace/.derivedData/SDKStatCaches.noindex/watchos27.0-24R360-e829b21a6f8c9b70876ba0858053c04477534ef55a1706bf4c1112bbb242f0a2.sdkstatcache -output-file-map /Users/admin/builder/spi-builder-workspace/.derivedData/Build/Intermediates.noindex/swift-argument-parser.build/Debug-watchos/ArgumentParser-t.build/Objects-normal/arm64/ArgumentParser-OutputFileMap.json -save-temps -no-color-diagnostics -explicit-module-build -module-cache-path /Users/admin/builder/spi-builder-workspace/.derivedData/Build/Intermediates.noindex/SwiftExplicitPrecompiledModules -clang-scanner-module-cache-path /Users/admin/builder/spi-builder-workspace/.derivedData/ModuleCache.noindex -sdk-module-cache-path /Users/admin/builder/spi-builder-workspace/.derivedData/SDKExplicitPrecompiledModules -emit-dependencies -emit-module -emit-module-path /Users/admin/builder/spi-builder-workspace/.derivedData/Build/Intermediates.noindex/swift-argument-parser.build/Debug-watchos/ArgumentParser-t.build/Objects-normal/arm64/ArgumentParser.swiftmodule -serialize-diagnostics -dependency-scan-serialize-diagnostics-path /Users/admin/builder/spi-builder-workspace/.derivedData/Build/Intermediates.noindex/swift-argument-parser.build/Debug-watchos/ArgumentParser-t.build/Objects-normal/arm64/ArgumentParser-dependency-scan.dia -user-module-version 1.8.2 -validate-clang-modules-once -clang-build-session-file /Users/admin/builder/spi-builder-workspace/.derivedData/ModuleCache.noindex/Session.modulevalidation -Xcc -fmodules-prune-interval\=86400 -Xcc -fmodules-prune-after\=345600 -package-name swift_argument_parser -emit-const-values -const-gather-protocols-list /Users/admin/builder/spi-builder-workspace/.derivedData/Build/Intermediates.noindex/swift-argument-parser.build/Debug-watchos/ArgumentParser-t.build/Objects-normal/arm64/ArgumentParser_const_extract_protocols.json -Xcc -I/Users/admin/builder/spi-builder-workspace/.derivedData/Build/Products/Debug-watchos/include -Xcc -I/Users/admin/builder/spi-builder-workspace/.derivedData/Build/Intermediates.noindex/swift-argument-parser.build/Debug-watchos/ArgumentParser-t.build/DerivedSources-normal/arm64 -Xcc -I/Users/admin/builder/spi-builder-workspace/.derivedData/Build/Intermediates.noindex/swift-argument-parser.build/Debug-watchos/ArgumentParser-t.build/DerivedSources/arm64 -Xcc -I/Users/admin/builder/spi-builder-workspace/.derivedData/Build/Intermediates.noindex/swift-argument-parser.build/Debug-watchos/ArgumentParser-t.build/DerivedSources -Xcc -DSWIFT_PACKAGE -Xcc -DDEBUG\=1 -emit-objc-header -emit-objc-header-path /Users/admin/builder/spi-builder-workspace/.derivedData/Build/Intermediates.noindex/swift-argument-parser.build/Debug-watchos/ArgumentParser-t.build/Objects-normal/arm64/ArgumentParser-Swift.h -working-directory /Users/admin/builder/spi-builder-workspace/.swiftpm/xcode -experimental-emit-module-separately -disable-cmo
SwiftDriver APIGatewayClientModelGenerate normal arm64 com.apple.xcode.tools.swift.compiler (in target 'APIGatewayClientModelGenerate' from project 'SmokeAWSGenerate')
cd /Users/admin/builder/spi-builder-workspace/.swiftpm/xcode
builtin-SwiftDriver -- /Applications/Xcode-27.0.0-Release.Candidate.app/Contents/Developer/Toolchains/XcodeDefault.xctoolchain/usr/bin/swiftc -parse-as-library -module-name APIGatewayClientModelGenerate -Onone @/Users/admin/builder/spi-builder-workspace/.derivedData/Build/Intermediates.noindex/SmokeAWSGenerate.build/Debug-watchos/APIGatewayClientModelGenerate-t.build/Objects-normal/arm64/APIGatewayClientModelGenerate.SwiftFileList -DSWIFT_PACKAGE -DDEBUG -DSWIFT_MODULE_RESOURCE_BUNDLE_UNAVAILABLE -DXcode -plugin-path /Applications/Xcode-27.0.0-Release.Candidate.app/Contents/Developer/Toolchains/XcodeDefault.xctoolchain/usr/lib/swift/host/plugins/testing -enable-experimental-feature DebugDescriptionMacro -sdk /Applications/Xcode-27.0.0-Release.Candidate.app/Contents/Developer/Platforms/WatchOS.platform/Developer/SDKs/WatchOS27.0.sdk -target arm64-apple-watchos9.0 -g -module-cache-path /Users/admin/builder/spi-builder-workspace/.derivedData/ModuleCache.noindex -Xfrontend -serialize-debugging-options -enable-testing -index-store-path /Users/admin/builder/spi-builder-workspace/.derivedData/Index.noindex/DataStore -Xcc -D_LIBCPP_HARDENING_MODE\=_LIBCPP_HARDENING_MODE_DEBUG -swift-version 5 -I /Users/admin/builder/spi-builder-workspace/.derivedData/Build/Products/Debug-watchos -Isystem /Applications/Xcode-27.0.0-Release.Candidate.app/Contents/Developer/Platforms/WatchOS.platform/Developer/usr/lib -F /Users/admin/builder/spi-builder-workspace/.derivedData/Build/Products/Debug-watchos/PackageFrameworks -F /Users/admin/builder/spi-builder-workspace/.derivedData/Build/Products/Debug-watchos -F /Applications/Xcode-27.0.0-Release.Candidate.app/Contents/Developer/Platforms/WatchOS.platform/Developer/Library/Frameworks -F /Applications/Xcode-27.0.0-Release.Candidate.app/Contents/Developer/Platforms/WatchOS.platform/Developer/SDKs/WatchOS27.0.sdk/Developer/Library/Frameworks -c -j10 -enable-batch-mode -incremental -Xcc -ivfsstatcache -Xcc /Users/admin/builder/spi-builder-workspace/.derivedData/SDKStatCaches.noindex/watchos27.0-24R360-e829b21a6f8c9b70876ba0858053c04477534ef55a1706bf4c1112bbb242f0a2.sdkstatcache -output-file-map /Users/admin/builder/spi-builder-workspace/.derivedData/Build/Intermediates.noindex/SmokeAWSGenerate.build/Debug-watchos/APIGatewayClientModelGenerate-t.build/Objects-normal/arm64/APIGatewayClientModelGenerate-OutputFileMap.json -save-temps -no-color-diagnostics -explicit-module-build -module-cache-path /Users/admin/builder/spi-builder-workspace/.derivedData/Build/Intermediates.noindex/SwiftExplicitPrecompiledModules -clang-scanner-module-cache-path /Users/admin/builder/spi-builder-workspace/.derivedData/ModuleCache.noindex -sdk-module-cache-path /Users/admin/builder/spi-builder-workspace/.derivedData/SDKExplicitPrecompiledModules -emit-dependencies -emit-module -emit-module-path /Users/admin/builder/spi-builder-workspace/.derivedData/Build/Intermediates.noindex/SmokeAWSGenerate.build/Debug-watchos/APIGatewayClientModelGenerate-t.build/Objects-normal/arm64/APIGatewayClientModelGenerate.swiftmodule -serialize-diagnostics -dependency-scan-serialize-diagnostics-path /Users/admin/builder/spi-builder-workspace/.derivedData/Build/Intermediates.noindex/SmokeAWSGenerate.build/Debug-watchos/APIGatewayClientModelGenerate-t.build/Objects-normal/arm64/APIGatewayClientModelGenerate-dependency-scan.dia -validate-clang-modules-once -clang-build-session-file /Users/admin/builder/spi-builder-workspace/.derivedData/ModuleCache.noindex/Session.modulevalidation -Xcc -fmodules-prune-interval\=86400 -Xcc -fmodules-prune-after\=345600 -emit-const-values -const-gather-protocols-list /Users/admin/builder/spi-builder-workspace/.derivedData/Build/Intermediates.noindex/SmokeAWSGenerate.build/Debug-watchos/APIGatewayClientModelGenerate-t.build/Objects-normal/arm64/APIGatewayClientModelGenerate_const_extract_protocols.json -Xcc -I/Users/admin/builder/spi-builder-workspace/.derivedData/Build/Products/Debug-watchos/include -Xcc -I/Users/admin/builder/spi-builder-workspace/.derivedData/Build/Intermediates.noindex/SmokeAWSGenerate.build/Debug-watchos/APIGatewayClientModelGenerate-t.build/DerivedSources-normal/arm64 -Xcc -I/Users/admin/builder/spi-builder-workspace/.derivedData/Build/Intermediates.noindex/SmokeAWSGenerate.build/Debug-watchos/APIGatewayClientModelGenerate-t.build/DerivedSources/arm64 -Xcc -I/Users/admin/builder/spi-builder-workspace/.derivedData/Build/Intermediates.noindex/SmokeAWSGenerate.build/Debug-watchos/APIGatewayClientModelGenerate-t.build/DerivedSources -Xcc -DSWIFT_PACKAGE -Xcc -DDEBUG\=1 -emit-objc-header -emit-objc-header-path /Users/admin/builder/spi-builder-workspace/.derivedData/Build/Intermediates.noindex/SmokeAWSGenerate.build/Debug-watchos/APIGatewayClientModelGenerate-t.build/Objects-normal/arm64/APIGatewayClientModelGenerate-Swift.h -working-directory /Users/admin/builder/spi-builder-workspace/.swiftpm/xcode -experimental-emit-module-separately -disable-cmo
SwiftDriver APIGatewayClientModelGenerate normal arm64_32 com.apple.xcode.tools.swift.compiler (in target 'APIGatewayClientModelGenerate' from project 'SmokeAWSGenerate')
cd /Users/admin/builder/spi-builder-workspace/.swiftpm/xcode
builtin-SwiftDriver -- /Applications/Xcode-27.0.0-Release.Candidate.app/Contents/Developer/Toolchains/XcodeDefault.xctoolchain/usr/bin/swiftc -parse-as-library -module-name APIGatewayClientModelGenerate -Onone @/Users/admin/builder/spi-builder-workspace/.derivedData/Build/Intermediates.noindex/SmokeAWSGenerate.build/Debug-watchos/APIGatewayClientModelGenerate-t.build/Objects-normal/arm64_32/APIGatewayClientModelGenerate.SwiftFileList -DSWIFT_PACKAGE -DDEBUG -DSWIFT_MODULE_RESOURCE_BUNDLE_UNAVAILABLE -DXcode -plugin-path /Applications/Xcode-27.0.0-Release.Candidate.app/Contents/Developer/Toolchains/XcodeDefault.xctoolchain/usr/lib/swift/host/plugins/testing -enable-experimental-feature DebugDescriptionMacro -sdk /Applications/Xcode-27.0.0-Release.Candidate.app/Contents/Developer/Platforms/WatchOS.platform/Developer/SDKs/WatchOS27.0.sdk -target arm64_32-apple-watchos9.0 -g -module-cache-path /Users/admin/builder/spi-builder-workspace/.derivedData/ModuleCache.noindex -Xfrontend -serialize-debugging-options -enable-testing -index-store-path /Users/admin/builder/spi-builder-workspace/.derivedData/Index.noindex/DataStore -Xcc -D_LIBCPP_HARDENING_MODE\=_LIBCPP_HARDENING_MODE_DEBUG -swift-version 5 -I /Users/admin/builder/spi-builder-workspace/.derivedData/Build/Products/Debug-watchos -Isystem /Applications/Xcode-27.0.0-Release.Candidate.app/Contents/Developer/Platforms/WatchOS.platform/Developer/usr/lib -F /Users/admin/builder/spi-builder-workspace/.derivedData/Build/Products/Debug-watchos/PackageFrameworks -F /Users/admin/builder/spi-builder-workspace/.derivedData/Build/Products/Debug-watchos -F /Applications/Xcode-27.0.0-Release.Candidate.app/Contents/Developer/Platforms/WatchOS.platform/Developer/Library/Frameworks -F /Applications/Xcode-27.0.0-Release.Candidate.app/Contents/Developer/Platforms/WatchOS.platform/Developer/SDKs/WatchOS27.0.sdk/Developer/Library/Frameworks -c -j10 -enable-batch-mode -incremental -Xcc -ivfsstatcache -Xcc /Users/admin/builder/spi-builder-workspace/.derivedData/SDKStatCaches.noindex/watchos27.0-24R360-e829b21a6f8c9b70876ba0858053c04477534ef55a1706bf4c1112bbb242f0a2.sdkstatcache -output-file-map /Users/admin/builder/spi-builder-workspace/.derivedData/Build/Intermediates.noindex/SmokeAWSGenerate.build/Debug-watchos/APIGatewayClientModelGenerate-t.build/Objects-normal/arm64_32/APIGatewayClientModelGenerate-OutputFileMap.json -save-temps -no-color-diagnostics -explicit-module-build -module-cache-path /Users/admin/builder/spi-builder-workspace/.derivedData/Build/Intermediates.noindex/SwiftExplicitPrecompiledModules -clang-scanner-module-cache-path /Users/admin/builder/spi-builder-workspace/.derivedData/ModuleCache.noindex -sdk-module-cache-path /Users/admin/builder/spi-builder-workspace/.derivedData/SDKExplicitPrecompiledModules -emit-dependencies -emit-module -emit-module-path /Users/admin/builder/spi-builder-workspace/.derivedData/Build/Intermediates.noindex/SmokeAWSGenerate.build/Debug-watchos/APIGatewayClientModelGenerate-t.build/Objects-normal/arm64_32/APIGatewayClientModelGenerate.swiftmodule -serialize-diagnostics -dependency-scan-serialize-diagnostics-path /Users/admin/builder/spi-builder-workspace/.derivedData/Build/Intermediates.noindex/SmokeAWSGenerate.build/Debug-watchos/APIGatewayClientModelGenerate-t.build/Objects-normal/arm64_32/APIGatewayClientModelGenerate-dependency-scan.dia -validate-clang-modules-once -clang-build-session-file /Users/admin/builder/spi-builder-workspace/.derivedData/ModuleCache.noindex/Session.modulevalidation -Xcc -fmodules-prune-interval\=86400 -Xcc -fmodules-prune-after\=345600 -emit-const-values -const-gather-protocols-list /Users/admin/builder/spi-builder-workspace/.derivedData/Build/Intermediates.noindex/SmokeAWSGenerate.build/Debug-watchos/APIGatewayClientModelGenerate-t.build/Objects-normal/arm64_32/APIGatewayClientModelGenerate_const_extract_protocols.json -Xcc -I/Users/admin/builder/spi-builder-workspace/.derivedData/Build/Products/Debug-watchos/include -Xcc -I/Users/admin/builder/spi-builder-workspace/.derivedData/Build/Intermediates.noindex/SmokeAWSGenerate.build/Debug-watchos/APIGatewayClientModelGenerate-t.build/DerivedSources-normal/arm64_32 -Xcc -I/Users/admin/builder/spi-builder-workspace/.derivedData/Build/Intermediates.noindex/SmokeAWSGenerate.build/Debug-watchos/APIGatewayClientModelGenerate-t.build/DerivedSources/arm64_32 -Xcc -I/Users/admin/builder/spi-builder-workspace/.derivedData/Build/Intermediates.noindex/SmokeAWSGenerate.build/Debug-watchos/APIGatewayClientModelGenerate-t.build/DerivedSources -Xcc -DSWIFT_PACKAGE -Xcc -DDEBUG\=1 -emit-objc-header -emit-objc-header-path /Users/admin/builder/spi-builder-workspace/.derivedData/Build/Intermediates.noindex/SmokeAWSGenerate.build/Debug-watchos/APIGatewayClientModelGenerate-t.build/Objects-normal/arm64_32/APIGatewayClientModelGenerate-Swift.h -working-directory /Users/admin/builder/spi-builder-workspace/.swiftpm/xcode -experimental-emit-module-separately -disable-cmo
Ld /Users/admin/builder/spi-builder-workspace/.derivedData/Build/Intermediates.noindex/SmokeAWSGenerate.build/Debug-watchos/SmokeAWSModelGenerate-t.build/Objects-normal/arm64/Binary/SmokeAWSModelGenerate.o normal arm64 (in target 'SmokeAWSModelGenerate' from project 'SmokeAWSGenerate')
cd /Users/admin/builder/spi-builder-workspace
/Applications/Xcode-27.0.0-Release.Candidate.app/Contents/Developer/Toolchains/XcodeDefault.xctoolchain/usr/bin/clang -Xlinker -reproducible -target arm64-apple-watchos9.0 -r -isysroot /Applications/Xcode-27.0.0-Release.Candidate.app/Contents/Developer/Platforms/WatchOS.platform/Developer/SDKs/WatchOS27.0.sdk -O0 -Xlinker -no_warn_duplicate_libraries -F/Users/admin/builder/spi-builder-workspace/.derivedData/Build/Intermediates.noindex/EagerLinkingTBDs/Debug-watchos -F/Users/admin/builder/spi-builder-workspace/.derivedData/Build/Products/Debug-watchos/PackageFrameworks -F/Users/admin/builder/spi-builder-workspace/.derivedData/Build/Products/Debug-watchos -iframework /Applications/Xcode-27.0.0-Release.Candidate.app/Contents/Developer/Platforms/WatchOS.platform/Developer/Library/Frameworks -iframework /Applications/Xcode-27.0.0-Release.Candidate.app/Contents/Developer/Platforms/WatchOS.platform/Developer/SDKs/WatchOS27.0.sdk/Developer/Library/Frameworks -filelist /Users/admin/builder/spi-builder-workspace/.derivedData/Build/Intermediates.noindex/SmokeAWSGenerate.build/Debug-watchos/SmokeAWSModelGenerate-t.build/Objects-normal/arm64/SmokeAWSModelGenerate.LinkFileList -nostdlib -Xlinker -object_path_lto -Xlinker /Users/admin/builder/spi-builder-workspace/.derivedData/Build/Intermediates.noindex/SmokeAWSGenerate.build/Debug-watchos/SmokeAWSModelGenerate-t.build/Objects-normal/arm64/SmokeAWSModelGenerate_lto.o -Xlinker -no_deduplicate -Xlinker -dependency_info -Xlinker /Users/admin/builder/spi-builder-workspace/.derivedData/Build/Intermediates.noindex/SmokeAWSGenerate.build/Debug-watchos/SmokeAWSModelGenerate-t.build/Objects-normal/arm64/SmokeAWSModelGenerate_dependency_info.dat -fobjc-link-runtime -L/Applications/Xcode-27.0.0-Release.Candidate.app/Contents/Developer/Toolchains/XcodeDefault.xctoolchain/usr/lib/swift/watchos -L/usr/lib/swift -Xlinker -add_ast_path -Xlinker /Users/admin/builder/spi-builder-workspace/.derivedData/Build/Intermediates.noindex/SmokeAWSGenerate.build/Debug-watchos/SmokeAWSModelGenerate-t.build/Objects-normal/arm64/SmokeAWSModelGenerate.swiftmodule -o /Users/admin/builder/spi-builder-workspace/.derivedData/Build/Intermediates.noindex/SmokeAWSGenerate.build/Debug-watchos/SmokeAWSModelGenerate-t.build/Objects-normal/arm64/Binary/SmokeAWSModelGenerate.o
Ld /Users/admin/builder/spi-builder-workspace/.derivedData/Build/Intermediates.noindex/SmokeAWSGenerate.build/Debug-watchos/SmokeAWSModelGenerate-t.build/Objects-normal/arm64_32/Binary/SmokeAWSModelGenerate.o normal arm64_32 (in target 'SmokeAWSModelGenerate' from project 'SmokeAWSGenerate')
cd /Users/admin/builder/spi-builder-workspace
/Applications/Xcode-27.0.0-Release.Candidate.app/Contents/Developer/Toolchains/XcodeDefault.xctoolchain/usr/bin/clang -Xlinker -reproducible -target arm64_32-apple-watchos9.0 -r -isysroot /Applications/Xcode-27.0.0-Release.Candidate.app/Contents/Developer/Platforms/WatchOS.platform/Developer/SDKs/WatchOS27.0.sdk -O0 -Xlinker -no_warn_duplicate_libraries -F/Users/admin/builder/spi-builder-workspace/.derivedData/Build/Intermediates.noindex/EagerLinkingTBDs/Debug-watchos -F/Users/admin/builder/spi-builder-workspace/.derivedData/Build/Products/Debug-watchos/PackageFrameworks -F/Users/admin/builder/spi-builder-workspace/.derivedData/Build/Products/Debug-watchos -iframework /Applications/Xcode-27.0.0-Release.Candidate.app/Contents/Developer/Platforms/WatchOS.platform/Developer/Library/Frameworks -iframework /Applications/Xcode-27.0.0-Release.Candidate.app/Contents/Developer/Platforms/WatchOS.platform/Developer/SDKs/WatchOS27.0.sdk/Developer/Library/Frameworks -filelist /Users/admin/builder/spi-builder-workspace/.derivedData/Build/Intermediates.noindex/SmokeAWSGenerate.build/Debug-watchos/SmokeAWSModelGenerate-t.build/Objects-normal/arm64_32/SmokeAWSModelGenerate.LinkFileList -nostdlib -Xlinker -object_path_lto -Xlinker /Users/admin/builder/spi-builder-workspace/.derivedData/Build/Intermediates.noindex/SmokeAWSGenerate.build/Debug-watchos/SmokeAWSModelGenerate-t.build/Objects-normal/arm64_32/SmokeAWSModelGenerate_lto.o -Xlinker -no_deduplicate -Xlinker -dependency_info -Xlinker /Users/admin/builder/spi-builder-workspace/.derivedData/Build/Intermediates.noindex/SmokeAWSGenerate.build/Debug-watchos/SmokeAWSModelGenerate-t.build/Objects-normal/arm64_32/SmokeAWSModelGenerate_dependency_info.dat -fobjc-link-runtime -L/Applications/Xcode-27.0.0-Release.Candidate.app/Contents/Developer/Toolchains/XcodeDefault.xctoolchain/usr/lib/swift/watchos -L/usr/lib/swift -Xlinker -add_ast_path -Xlinker /Users/admin/builder/spi-builder-workspace/.derivedData/Build/Intermediates.noindex/SmokeAWSGenerate.build/Debug-watchos/SmokeAWSModelGenerate-t.build/Objects-normal/arm64_32/SmokeAWSModelGenerate.swiftmodule -o /Users/admin/builder/spi-builder-workspace/.derivedData/Build/Intermediates.noindex/SmokeAWSGenerate.build/Debug-watchos/SmokeAWSModelGenerate-t.build/Objects-normal/arm64_32/Binary/SmokeAWSModelGenerate.o
CreateUniversalBinary /Users/admin/builder/spi-builder-workspace/.derivedData/Build/Products/Debug-watchos/SmokeAWSModelGenerate.o normal arm64\ arm64_32 (in target 'SmokeAWSModelGenerate' from project 'SmokeAWSGenerate')
cd /Users/admin/builder/spi-builder-workspace
/Applications/Xcode-27.0.0-Release.Candidate.app/Contents/Developer/Toolchains/XcodeDefault.xctoolchain/usr/bin/lipo -create /Users/admin/builder/spi-builder-workspace/.derivedData/Build/Intermediates.noindex/SmokeAWSGenerate.build/Debug-watchos/SmokeAWSModelGenerate-t.build/Objects-normal/arm64/Binary/SmokeAWSModelGenerate.o /Users/admin/builder/spi-builder-workspace/.derivedData/Build/Intermediates.noindex/SmokeAWSGenerate.build/Debug-watchos/SmokeAWSModelGenerate-t.build/Objects-normal/arm64_32/Binary/SmokeAWSModelGenerate.o -output /Users/admin/builder/spi-builder-workspace/.derivedData/Build/Products/Debug-watchos/SmokeAWSModelGenerate.o
ExtractAppIntentsMetadata (in target 'SmokeAWSModelGenerate' from project 'SmokeAWSGenerate')
cd /Users/admin/builder/spi-builder-workspace
/Applications/Xcode-27.0.0-Release.Candidate.app/Contents/Developer/Toolchains/XcodeDefault.xctoolchain/usr/bin/appintentsmetadataprocessor --toolchain-dir /var/run/com.apple.security.cryptexd/mnt/com.apple.MobileAsset.MetalToolchain-v27.1.266.1.0yAV4K/Metal.xctoolchain --module-name SmokeAWSModelGenerate --sdk-root /Applications/Xcode-27.0.0-Release.Candidate.app/Contents/Developer/Platforms/WatchOS.platform/Developer/SDKs/WatchOS27.0.sdk --xcode-version 27A266a --platform-family watchOS --deployment-target 9.0 --bundle-identifier spi-builder-workspace.SmokeAWSModelGenerate --output /Users/admin/builder/spi-builder-workspace/.derivedData/Build/Products/Debug-watchos/SmokeAWSModelGenerate.appintents --target-triple arm64-apple-watchos9.0 --target-triple arm64_32-apple-watchos9.0 --binary-file /Users/admin/builder/spi-builder-workspace/.derivedData/Build/Products/Debug-watchos/SmokeAWSModelGenerate.o --dependency-file /Users/admin/builder/spi-builder-workspace/.derivedData/Build/Intermediates.noindex/SmokeAWSGenerate.build/Debug-watchos/SmokeAWSModelGenerate-t.build/Objects-normal/arm64/SmokeAWSModelGenerate_dependency_info.dat --dependency-file /Users/admin/builder/spi-builder-workspace/.derivedData/Build/Intermediates.noindex/SmokeAWSGenerate.build/Debug-watchos/SmokeAWSModelGenerate-t.build/Objects-normal/arm64_32/SmokeAWSModelGenerate_dependency_info.dat --stringsdata-file /Users/admin/builder/spi-builder-workspace/.derivedData/Build/Intermediates.noindex/SmokeAWSGenerate.build/Debug-watchos/SmokeAWSModelGenerate-t.build/Objects-normal/arm64/ExtractedAppShortcutsMetadata.stringsdata --stringsdata-file /Users/admin/builder/spi-builder-workspace/.derivedData/Build/Intermediates.noindex/SmokeAWSGenerate.build/Debug-watchos/SmokeAWSModelGenerate-t.build/Objects-normal/arm64_32/ExtractedAppShortcutsMetadata.stringsdata --source-file-list /Users/admin/builder/spi-builder-workspace/.derivedData/Build/Intermediates.noindex/SmokeAWSGenerate.build/Debug-watchos/SmokeAWSModelGenerate-t.build/Objects-normal/arm64/SmokeAWSModelGenerate.SwiftFileList --source-file-list /Users/admin/builder/spi-builder-workspace/.derivedData/Build/Intermediates.noindex/SmokeAWSGenerate.build/Debug-watchos/SmokeAWSModelGenerate-t.build/Objects-normal/arm64_32/SmokeAWSModelGenerate.SwiftFileList --metadata-file-list /Users/admin/builder/spi-builder-workspace/.derivedData/Build/Intermediates.noindex/SmokeAWSGenerate.build/Debug-watchos/SmokeAWSModelGenerate-t.build/SmokeAWSModelGenerate.DependencyMetadataFileList --static-metadata-file-list /Users/admin/builder/spi-builder-workspace/.derivedData/Build/Intermediates.noindex/SmokeAWSGenerate.build/Debug-watchos/SmokeAWSModelGenerate-t.build/SmokeAWSModelGenerate.DependencyStaticMetadataFileList --swift-const-vals-list /Users/admin/builder/spi-builder-workspace/.derivedData/Build/Intermediates.noindex/SmokeAWSGenerate.build/Debug-watchos/SmokeAWSModelGenerate-t.build/Objects-normal/arm64/SmokeAWSModelGenerate.SwiftConstValuesFileList --swift-const-vals-list /Users/admin/builder/spi-builder-workspace/.derivedData/Build/Intermediates.noindex/SmokeAWSGenerate.build/Debug-watchos/SmokeAWSModelGenerate-t.build/Objects-normal/arm64_32/SmokeAWSModelGenerate.SwiftConstValuesFileList --force --compile-time-extraction --deployment-aware-processing --no-app-shortcuts-localization
2026-09-19 09:48:10.693 appintentsmetadataprocessor[1496:9019] Starting appintentsmetadataprocessor export
2026-09-19 09:48:10.813 appintentsmetadataprocessor[1496:9019] Extracted no relevant App Intents symbols, skipping writing output
Ld /Users/admin/builder/spi-builder-workspace/.derivedData/Build/Intermediates.noindex/OpenAPISwiftCodeGenerate.build/Debug-watchos/SwaggerServiceModel-t.build/Objects-normal/arm64_32/Binary/SwaggerServiceModel.o normal arm64_32 (in target 'SwaggerServiceModel' from project 'OpenAPISwiftCodeGenerate')
cd /Users/admin/builder/spi-builder-workspace/.dependencies/checkouts/openapi-swift-code-generate
/Applications/Xcode-27.0.0-Release.Candidate.app/Contents/Developer/Toolchains/XcodeDefault.xctoolchain/usr/bin/clang -Xlinker -reproducible -target arm64_32-apple-watchos9.0 -r -isysroot /Applications/Xcode-27.0.0-Release.Candidate.app/Contents/Developer/Platforms/WatchOS.platform/Developer/SDKs/WatchOS27.0.sdk -O0 -w -Xlinker -no_warn_duplicate_libraries -F/Users/admin/builder/spi-builder-workspace/.derivedData/Build/Intermediates.noindex/EagerLinkingTBDs/Debug-watchos -F/Users/admin/builder/spi-builder-workspace/.derivedData/Build/Products/Debug-watchos/PackageFrameworks -F/Users/admin/builder/spi-builder-workspace/.derivedData/Build/Products/Debug-watchos -iframework /Applications/Xcode-27.0.0-Release.Candidate.app/Contents/Developer/Platforms/WatchOS.platform/Developer/Library/Frameworks -iframework /Applications/Xcode-27.0.0-Release.Candidate.app/Contents/Developer/Platforms/WatchOS.platform/Developer/SDKs/WatchOS27.0.sdk/Developer/Library/Frameworks -filelist /Users/admin/builder/spi-builder-workspace/.derivedData/Build/Intermediates.noindex/OpenAPISwiftCodeGenerate.build/Debug-watchos/SwaggerServiceModel-t.build/Objects-normal/arm64_32/SwaggerServiceModel.LinkFileList -nostdlib -Xlinker -object_path_lto -Xlinker /Users/admin/builder/spi-builder-workspace/.derivedData/Build/Intermediates.noindex/OpenAPISwiftCodeGenerate.build/Debug-watchos/SwaggerServiceModel-t.build/Objects-normal/arm64_32/SwaggerServiceModel_lto.o -Xlinker -no_deduplicate -Xlinker -dependency_info -Xlinker /Users/admin/builder/spi-builder-workspace/.derivedData/Build/Intermediates.noindex/OpenAPISwiftCodeGenerate.build/Debug-watchos/SwaggerServiceModel-t.build/Objects-normal/arm64_32/SwaggerServiceModel_dependency_info.dat -fobjc-link-runtime -L/Applications/Xcode-27.0.0-Release.Candidate.app/Contents/Developer/Toolchains/XcodeDefault.xctoolchain/usr/lib/swift/watchos -L/usr/lib/swift -Xlinker -add_ast_path -Xlinker /Users/admin/builder/spi-builder-workspace/.derivedData/Build/Intermediates.noindex/OpenAPISwiftCodeGenerate.build/Debug-watchos/SwaggerServiceModel-t.build/Objects-normal/arm64_32/SwaggerServiceModel.swiftmodule -o /Users/admin/builder/spi-builder-workspace/.derivedData/Build/Intermediates.noindex/OpenAPISwiftCodeGenerate.build/Debug-watchos/SwaggerServiceModel-t.build/Objects-normal/arm64_32/Binary/SwaggerServiceModel.o
Ld /Users/admin/builder/spi-builder-workspace/.derivedData/Build/Intermediates.noindex/OpenAPISwiftCodeGenerate.build/Debug-watchos/SwaggerServiceModel-t.build/Objects-normal/arm64/Binary/SwaggerServiceModel.o normal arm64 (in target 'SwaggerServiceModel' from project 'OpenAPISwiftCodeGenerate')
cd /Users/admin/builder/spi-builder-workspace/.dependencies/checkouts/openapi-swift-code-generate
/Applications/Xcode-27.0.0-Release.Candidate.app/Contents/Developer/Toolchains/XcodeDefault.xctoolchain/usr/bin/clang -Xlinker -reproducible -target arm64-apple-watchos9.0 -r -isysroot /Applications/Xcode-27.0.0-Release.Candidate.app/Contents/Developer/Platforms/WatchOS.platform/Developer/SDKs/WatchOS27.0.sdk -O0 -w -Xlinker -no_warn_duplicate_libraries -F/Users/admin/builder/spi-builder-workspace/.derivedData/Build/Intermediates.noindex/EagerLinkingTBDs/Debug-watchos -F/Users/admin/builder/spi-builder-workspace/.derivedData/Build/Products/Debug-watchos/PackageFrameworks -F/Users/admin/builder/spi-builder-workspace/.derivedData/Build/Products/Debug-watchos -iframework /Applications/Xcode-27.0.0-Release.Candidate.app/Contents/Developer/Platforms/WatchOS.platform/Developer/Library/Frameworks -iframework /Applications/Xcode-27.0.0-Release.Candidate.app/Contents/Developer/Platforms/WatchOS.platform/Developer/SDKs/WatchOS27.0.sdk/Developer/Library/Frameworks -filelist /Users/admin/builder/spi-builder-workspace/.derivedData/Build/Intermediates.noindex/OpenAPISwiftCodeGenerate.build/Debug-watchos/SwaggerServiceModel-t.build/Objects-normal/arm64/SwaggerServiceModel.LinkFileList -nostdlib -Xlinker -object_path_lto -Xlinker /Users/admin/builder/spi-builder-workspace/.derivedData/Build/Intermediates.noindex/OpenAPISwiftCodeGenerate.build/Debug-watchos/SwaggerServiceModel-t.build/Objects-normal/arm64/SwaggerServiceModel_lto.o -Xlinker -no_deduplicate -Xlinker -dependency_info -Xlinker /Users/admin/builder/spi-builder-workspace/.derivedData/Build/Intermediates.noindex/OpenAPISwiftCodeGenerate.build/Debug-watchos/SwaggerServiceModel-t.build/Objects-normal/arm64/SwaggerServiceModel_dependency_info.dat -fobjc-link-runtime -L/Applications/Xcode-27.0.0-Release.Candidate.app/Contents/Developer/Toolchains/XcodeDefault.xctoolchain/usr/lib/swift/watchos -L/usr/lib/swift -Xlinker -add_ast_path -Xlinker /Users/admin/builder/spi-builder-workspace/.derivedData/Build/Intermediates.noindex/OpenAPISwiftCodeGenerate.build/Debug-watchos/SwaggerServiceModel-t.build/Objects-normal/arm64/SwaggerServiceModel.swiftmodule -o /Users/admin/builder/spi-builder-workspace/.derivedData/Build/Intermediates.noindex/OpenAPISwiftCodeGenerate.build/Debug-watchos/SwaggerServiceModel-t.build/Objects-normal/arm64/Binary/SwaggerServiceModel.o
Ld /Users/admin/builder/spi-builder-workspace/.derivedData/Build/Intermediates.noindex/OpenAPISwiftCodeGenerate.build/Debug-watchos/OpenAPIServiceModel-t.build/Objects-normal/arm64_32/Binary/OpenAPIServiceModel.o normal arm64_32 (in target 'OpenAPIServiceModel' from project 'OpenAPISwiftCodeGenerate')
cd /Users/admin/builder/spi-builder-workspace/.dependencies/checkouts/openapi-swift-code-generate
/Applications/Xcode-27.0.0-Release.Candidate.app/Contents/Developer/Toolchains/XcodeDefault.xctoolchain/usr/bin/clang -Xlinker -reproducible -target arm64_32-apple-watchos9.0 -r -isysroot /Applications/Xcode-27.0.0-Release.Candidate.app/Contents/Developer/Platforms/WatchOS.platform/Developer/SDKs/WatchOS27.0.sdk -O0 -w -Xlinker -no_warn_duplicate_libraries -F/Users/admin/builder/spi-builder-workspace/.derivedData/Build/Intermediates.noindex/EagerLinkingTBDs/Debug-watchos -F/Users/admin/builder/spi-builder-workspace/.derivedData/Build/Products/Debug-watchos/PackageFrameworks -F/Users/admin/builder/spi-builder-workspace/.derivedData/Build/Products/Debug-watchos -iframework /Applications/Xcode-27.0.0-Release.Candidate.app/Contents/Developer/Platforms/WatchOS.platform/Developer/Library/Frameworks -iframework /Applications/Xcode-27.0.0-Release.Candidate.app/Contents/Developer/Platforms/WatchOS.platform/Developer/SDKs/WatchOS27.0.sdk/Developer/Library/Frameworks -filelist /Users/admin/builder/spi-builder-workspace/.derivedData/Build/Intermediates.noindex/OpenAPISwiftCodeGenerate.build/Debug-watchos/OpenAPIServiceModel-t.build/Objects-normal/arm64_32/OpenAPIServiceModel.LinkFileList -nostdlib -Xlinker -object_path_lto -Xlinker /Users/admin/builder/spi-builder-workspace/.derivedData/Build/Intermediates.noindex/OpenAPISwiftCodeGenerate.build/Debug-watchos/OpenAPIServiceModel-t.build/Objects-normal/arm64_32/OpenAPIServiceModel_lto.o -Xlinker -no_deduplicate -Xlinker -dependency_info -Xlinker /Users/admin/builder/spi-builder-workspace/.derivedData/Build/Intermediates.noindex/OpenAPISwiftCodeGenerate.build/Debug-watchos/OpenAPIServiceModel-t.build/Objects-normal/arm64_32/OpenAPIServiceModel_dependency_info.dat -fobjc-link-runtime -L/Applications/Xcode-27.0.0-Release.Candidate.app/Contents/Developer/Toolchains/XcodeDefault.xctoolchain/usr/lib/swift/watchos -L/usr/lib/swift -Xlinker -add_ast_path -Xlinker /Users/admin/builder/spi-builder-workspace/.derivedData/Build/Intermediates.noindex/OpenAPISwiftCodeGenerate.build/Debug-watchos/OpenAPIServiceModel-t.build/Objects-normal/arm64_32/OpenAPIServiceModel.swiftmodule -o /Users/admin/builder/spi-builder-workspace/.derivedData/Build/Intermediates.noindex/OpenAPISwiftCodeGenerate.build/Debug-watchos/OpenAPIServiceModel-t.build/Objects-normal/arm64_32/Binary/OpenAPIServiceModel.o
Ld /Users/admin/builder/spi-builder-workspace/.derivedData/Build/Intermediates.noindex/OpenAPISwiftCodeGenerate.build/Debug-watchos/OpenAPIServiceModel-t.build/Objects-normal/arm64/Binary/OpenAPIServiceModel.o normal arm64 (in target 'OpenAPIServiceModel' from project 'OpenAPISwiftCodeGenerate')
cd /Users/admin/builder/spi-builder-workspace/.dependencies/checkouts/openapi-swift-code-generate
/Applications/Xcode-27.0.0-Release.Candidate.app/Contents/Developer/Toolchains/XcodeDefault.xctoolchain/usr/bin/clang -Xlinker -reproducible -target arm64-apple-watchos9.0 -r -isysroot /Applications/Xcode-27.0.0-Release.Candidate.app/Contents/Developer/Platforms/WatchOS.platform/Developer/SDKs/WatchOS27.0.sdk -O0 -w -Xlinker -no_warn_duplicate_libraries -F/Users/admin/builder/spi-builder-workspace/.derivedData/Build/Intermediates.noindex/EagerLinkingTBDs/Debug-watchos -F/Users/admin/builder/spi-builder-workspace/.derivedData/Build/Products/Debug-watchos/PackageFrameworks -F/Users/admin/builder/spi-builder-workspace/.derivedData/Build/Products/Debug-watchos -iframework /Applications/Xcode-27.0.0-Release.Candidate.app/Contents/Developer/Platforms/WatchOS.platform/Developer/Library/Frameworks -iframework /Applications/Xcode-27.0.0-Release.Candidate.app/Contents/Developer/Platforms/WatchOS.platform/Developer/SDKs/WatchOS27.0.sdk/Developer/Library/Frameworks -filelist /Users/admin/builder/spi-builder-workspace/.derivedData/Build/Intermediates.noindex/OpenAPISwiftCodeGenerate.build/Debug-watchos/OpenAPIServiceModel-t.build/Objects-normal/arm64/OpenAPIServiceModel.LinkFileList -nostdlib -Xlinker -object_path_lto -Xlinker /Users/admin/builder/spi-builder-workspace/.derivedData/Build/Intermediates.noindex/OpenAPISwiftCodeGenerate.build/Debug-watchos/OpenAPIServiceModel-t.build/Objects-normal/arm64/OpenAPIServiceModel_lto.o -Xlinker -no_deduplicate -Xlinker -dependency_info -Xlinker /Users/admin/builder/spi-builder-workspace/.derivedData/Build/Intermediates.noindex/OpenAPISwiftCodeGenerate.build/Debug-watchos/OpenAPIServiceModel-t.build/Objects-normal/arm64/OpenAPIServiceModel_dependency_info.dat -fobjc-link-runtime -L/Applications/Xcode-27.0.0-Release.Candidate.app/Contents/Developer/Toolchains/XcodeDefault.xctoolchain/usr/lib/swift/watchos -L/usr/lib/swift -Xlinker -add_ast_path -Xlinker /Users/admin/builder/spi-builder-workspace/.derivedData/Build/Intermediates.noindex/OpenAPISwiftCodeGenerate.build/Debug-watchos/OpenAPIServiceModel-t.build/Objects-normal/arm64/OpenAPIServiceModel.swiftmodule -o /Users/admin/builder/spi-builder-workspace/.derivedData/Build/Intermediates.noindex/OpenAPISwiftCodeGenerate.build/Debug-watchos/OpenAPIServiceModel-t.build/Objects-normal/arm64/Binary/OpenAPIServiceModel.o
CreateUniversalBinary /Users/admin/builder/spi-builder-workspace/.derivedData/Build/Products/Debug-watchos/SwaggerServiceModel.o normal arm64\ arm64_32 (in target 'SwaggerServiceModel' from project 'OpenAPISwiftCodeGenerate')
cd /Users/admin/builder/spi-builder-workspace/.dependencies/checkouts/openapi-swift-code-generate
/Applications/Xcode-27.0.0-Release.Candidate.app/Contents/Developer/Toolchains/XcodeDefault.xctoolchain/usr/bin/lipo -create /Users/admin/builder/spi-builder-workspace/.derivedData/Build/Intermediates.noindex/OpenAPISwiftCodeGenerate.build/Debug-watchos/SwaggerServiceModel-t.build/Objects-normal/arm64/Binary/SwaggerServiceModel.o /Users/admin/builder/spi-builder-workspace/.derivedData/Build/Intermediates.noindex/OpenAPISwiftCodeGenerate.build/Debug-watchos/SwaggerServiceModel-t.build/Objects-normal/arm64_32/Binary/SwaggerServiceModel.o -output /Users/admin/builder/spi-builder-workspace/.derivedData/Build/Products/Debug-watchos/SwaggerServiceModel.o
ExtractAppIntentsMetadata (in target 'SwaggerServiceModel' from project 'OpenAPISwiftCodeGenerate')
cd /Users/admin/builder/spi-builder-workspace/.dependencies/checkouts/openapi-swift-code-generate
/Applications/Xcode-27.0.0-Release.Candidate.app/Contents/Developer/Toolchains/XcodeDefault.xctoolchain/usr/bin/appintentsmetadataprocessor --toolchain-dir /var/run/com.apple.security.cryptexd/mnt/com.apple.MobileAsset.MetalToolchain-v27.1.266.1.0yAV4K/Metal.xctoolchain --module-name SwaggerServiceModel --sdk-root /Applications/Xcode-27.0.0-Release.Candidate.app/Contents/Developer/Platforms/WatchOS.platform/Developer/SDKs/WatchOS27.0.sdk --xcode-version 27A266a --platform-family watchOS --deployment-target 9.0 --bundle-identifier openapi-swift-code-generate.SwaggerServiceModel --output /Users/admin/builder/spi-builder-workspace/.derivedData/Build/Products/Debug-watchos/SwaggerServiceModel.appintents --target-triple arm64-apple-watchos9.0 --target-triple arm64_32-apple-watchos9.0 --binary-file /Users/admin/builder/spi-builder-workspace/.derivedData/Build/Products/Debug-watchos/SwaggerServiceModel.o --dependency-file /Users/admin/builder/spi-builder-workspace/.derivedData/Build/Intermediates.noindex/OpenAPISwiftCodeGenerate.build/Debug-watchos/SwaggerServiceModel-t.build/Objects-normal/arm64/SwaggerServiceModel_dependency_info.dat --dependency-file /Users/admin/builder/spi-builder-workspace/.derivedData/Build/Intermediates.noindex/OpenAPISwiftCodeGenerate.build/Debug-watchos/SwaggerServiceModel-t.build/Objects-normal/arm64_32/SwaggerServiceModel_dependency_info.dat --stringsdata-file /Users/admin/builder/spi-builder-workspace/.derivedData/Build/Intermediates.noindex/OpenAPISwiftCodeGenerate.build/Debug-watchos/SwaggerServiceModel-t.build/Objects-normal/arm64/ExtractedAppShortcutsMetadata.stringsdata --stringsdata-file /Users/admin/builder/spi-builder-workspace/.derivedData/Build/Intermediates.noindex/OpenAPISwiftCodeGenerate.build/Debug-watchos/SwaggerServiceModel-t.build/Objects-normal/arm64_32/ExtractedAppShortcutsMetadata.stringsdata --source-file-list /Users/admin/builder/spi-builder-workspace/.derivedData/Build/Intermediates.noindex/OpenAPISwiftCodeGenerate.build/Debug-watchos/SwaggerServiceModel-t.build/Objects-normal/arm64/SwaggerServiceModel.SwiftFileList --source-file-list /Users/admin/builder/spi-builder-workspace/.derivedData/Build/Intermediates.noindex/OpenAPISwiftCodeGenerate.build/Debug-watchos/SwaggerServiceModel-t.build/Objects-normal/arm64_32/SwaggerServiceModel.SwiftFileList --metadata-file-list /Users/admin/builder/spi-builder-workspace/.derivedData/Build/Intermediates.noindex/OpenAPISwiftCodeGenerate.build/Debug-watchos/SwaggerServiceModel-t.build/SwaggerServiceModel.DependencyMetadataFileList --static-metadata-file-list /Users/admin/builder/spi-builder-workspace/.derivedData/Build/Intermediates.noindex/OpenAPISwiftCodeGenerate.build/Debug-watchos/SwaggerServiceModel-t.build/SwaggerServiceModel.DependencyStaticMetadataFileList --swift-const-vals-list /Users/admin/builder/spi-builder-workspace/.derivedData/Build/Intermediates.noindex/OpenAPISwiftCodeGenerate.build/Debug-watchos/SwaggerServiceModel-t.build/Objects-normal/arm64/SwaggerServiceModel.SwiftConstValuesFileList --swift-const-vals-list /Users/admin/builder/spi-builder-workspace/.derivedData/Build/Intermediates.noindex/OpenAPISwiftCodeGenerate.build/Debug-watchos/SwaggerServiceModel-t.build/Objects-normal/arm64_32/SwaggerServiceModel.SwiftConstValuesFileList --force --compile-time-extraction --deployment-aware-processing --no-app-shortcuts-localization
2026-09-19 09:48:10.845 appintentsmetadataprocessor[1506:9108] Starting appintentsmetadataprocessor export
2026-09-19 09:48:10.914 appintentsmetadataprocessor[1506:9108] Extracted no relevant App Intents symbols, skipping writing output
CreateUniversalBinary /Users/admin/builder/spi-builder-workspace/.derivedData/Build/Products/Debug-watchos/OpenAPIServiceModel.o normal arm64\ arm64_32 (in target 'OpenAPIServiceModel' from project 'OpenAPISwiftCodeGenerate')
cd /Users/admin/builder/spi-builder-workspace/.dependencies/checkouts/openapi-swift-code-generate
/Applications/Xcode-27.0.0-Release.Candidate.app/Contents/Developer/Toolchains/XcodeDefault.xctoolchain/usr/bin/lipo -create /Users/admin/builder/spi-builder-workspace/.derivedData/Build/Intermediates.noindex/OpenAPISwiftCodeGenerate.build/Debug-watchos/OpenAPIServiceModel-t.build/Objects-normal/arm64/Binary/OpenAPIServiceModel.o /Users/admin/builder/spi-builder-workspace/.derivedData/Build/Intermediates.noindex/OpenAPISwiftCodeGenerate.build/Debug-watchos/OpenAPIServiceModel-t.build/Objects-normal/arm64_32/Binary/OpenAPIServiceModel.o -output /Users/admin/builder/spi-builder-workspace/.derivedData/Build/Products/Debug-watchos/OpenAPIServiceModel.o
ExtractAppIntentsMetadata (in target 'OpenAPIServiceModel' from project 'OpenAPISwiftCodeGenerate')
cd /Users/admin/builder/spi-builder-workspace/.dependencies/checkouts/openapi-swift-code-generate
/Applications/Xcode-27.0.0-Release.Candidate.app/Contents/Developer/Toolchains/XcodeDefault.xctoolchain/usr/bin/appintentsmetadataprocessor --toolchain-dir /var/run/com.apple.security.cryptexd/mnt/com.apple.MobileAsset.MetalToolchain-v27.1.266.1.0yAV4K/Metal.xctoolchain --module-name OpenAPIServiceModel --sdk-root /Applications/Xcode-27.0.0-Release.Candidate.app/Contents/Developer/Platforms/WatchOS.platform/Developer/SDKs/WatchOS27.0.sdk --xcode-version 27A266a --platform-family watchOS --deployment-target 9.0 --bundle-identifier openapi-swift-code-generate.OpenAPIServiceModel --output /Users/admin/builder/spi-builder-workspace/.derivedData/Build/Products/Debug-watchos/OpenAPIServiceModel.appintents --target-triple arm64-apple-watchos9.0 --target-triple arm64_32-apple-watchos9.0 --binary-file /Users/admin/builder/spi-builder-workspace/.derivedData/Build/Products/Debug-watchos/OpenAPIServiceModel.o --dependency-file /Users/admin/builder/spi-builder-workspace/.derivedData/Build/Intermediates.noindex/OpenAPISwiftCodeGenerate.build/Debug-watchos/OpenAPIServiceModel-t.build/Objects-normal/arm64/OpenAPIServiceModel_dependency_info.dat --dependency-file /Users/admin/builder/spi-builder-workspace/.derivedData/Build/Intermediates.noindex/OpenAPISwiftCodeGenerate.build/Debug-watchos/OpenAPIServiceModel-t.build/Objects-normal/arm64_32/OpenAPIServiceModel_dependency_info.dat --stringsdata-file /Users/admin/builder/spi-builder-workspace/.derivedData/Build/Intermediates.noindex/OpenAPISwiftCodeGenerate.build/Debug-watchos/OpenAPIServiceModel-t.build/Objects-normal/arm64/ExtractedAppShortcutsMetadata.stringsdata --stringsdata-file /Users/admin/builder/spi-builder-workspace/.derivedData/Build/Intermediates.noindex/OpenAPISwiftCodeGenerate.build/Debug-watchos/OpenAPIServiceModel-t.build/Objects-normal/arm64_32/ExtractedAppShortcutsMetadata.stringsdata --source-file-list /Users/admin/builder/spi-builder-workspace/.derivedData/Build/Intermediates.noindex/OpenAPISwiftCodeGenerate.build/Debug-watchos/OpenAPIServiceModel-t.build/Objects-normal/arm64/OpenAPIServiceModel.SwiftFileList --source-file-list /Users/admin/builder/spi-builder-workspace/.derivedData/Build/Intermediates.noindex/OpenAPISwiftCodeGenerate.build/Debug-watchos/OpenAPIServiceModel-t.build/Objects-normal/arm64_32/OpenAPIServiceModel.SwiftFileList --metadata-file-list /Users/admin/builder/spi-builder-workspace/.derivedData/Build/Intermediates.noindex/OpenAPISwiftCodeGenerate.build/Debug-watchos/OpenAPIServiceModel-t.build/OpenAPIServiceModel.DependencyMetadataFileList --static-metadata-file-list /Users/admin/builder/spi-builder-workspace/.derivedData/Build/Intermediates.noindex/OpenAPISwiftCodeGenerate.build/Debug-watchos/OpenAPIServiceModel-t.build/OpenAPIServiceModel.DependencyStaticMetadataFileList --swift-const-vals-list /Users/admin/builder/spi-builder-workspace/.derivedData/Build/Intermediates.noindex/OpenAPISwiftCodeGenerate.build/Debug-watchos/OpenAPIServiceModel-t.build/Objects-normal/arm64/OpenAPIServiceModel.SwiftConstValuesFileList --swift-const-vals-list /Users/admin/builder/spi-builder-workspace/.derivedData/Build/Intermediates.noindex/OpenAPISwiftCodeGenerate.build/Debug-watchos/OpenAPIServiceModel-t.build/Objects-normal/arm64_32/OpenAPIServiceModel.SwiftConstValuesFileList --force --compile-time-extraction --deployment-aware-processing --no-app-shortcuts-localization
2026-09-19 09:48:10.863 appintentsmetadataprocessor[1508:9127] Starting appintentsmetadataprocessor export
2026-09-19 09:48:10.928 appintentsmetadataprocessor[1508:9127] Extracted no relevant App Intents symbols, skipping writing output
SwiftEmitModule normal arm64_32 Emitting\ module\ for\ APIGatewayClientModelGenerate (in target 'APIGatewayClientModelGenerate' from project 'SmokeAWSGenerate')
SwiftCompile normal arm64_32 (in target 'APIGatewayClientModelGenerate' from project 'SmokeAWSGenerate')
cd /Users/admin/builder/spi-builder-workspace/.swiftpm/xcode
SwiftCompile normal arm64_32 Compiling\ APIGatewayClientCodeGeneration+generateClientApplicationFiles.swift /Users/admin/builder/spi-builder-workspace/Sources/APIGatewayClientModelGenerate/APIGatewayClientCodeGeneration+generateClientApplicationFiles.swift (in target 'APIGatewayClientModelGenerate' from project 'SmokeAWSGenerate')
SwiftCompile normal arm64_32 /Users/admin/builder/spi-builder-workspace/Sources/APIGatewayClientModelGenerate/APIGatewayClientCodeGeneration+generateClientApplicationFiles.swift (in target 'APIGatewayClientModelGenerate' from project 'SmokeAWSGenerate')
cd /Users/admin/builder/spi-builder-workspace/.swiftpm/xcode
builtin-SwiftPerFileCompile APIGatewayClientCodeGeneration+generateClientApplicationFiles.swift
SwiftEmitModule normal arm64 Emitting\ module\ for\ APIGatewayClientModelGenerate (in target 'APIGatewayClientModelGenerate' from project 'SmokeAWSGenerate')
SwiftCompile normal arm64 (in target 'APIGatewayClientModelGenerate' from project 'SmokeAWSGenerate')
cd /Users/admin/builder/spi-builder-workspace/.swiftpm/xcode
SwiftCompile normal arm64 Compiling\ APIGatewayClientCodeGeneration.swift /Users/admin/builder/spi-builder-workspace/Sources/APIGatewayClientModelGenerate/APIGatewayClientCodeGeneration.swift (in target 'APIGatewayClientModelGenerate' from project 'SmokeAWSGenerate')
SwiftCompile normal arm64 /Users/admin/builder/spi-builder-workspace/Sources/APIGatewayClientModelGenerate/APIGatewayClientCodeGeneration.swift (in target 'APIGatewayClientModelGenerate' from project 'SmokeAWSGenerate')
cd /Users/admin/builder/spi-builder-workspace/.swiftpm/xcode
builtin-SwiftPerFileCompile APIGatewayClientCodeGeneration.swift
SwiftCompile normal arm64_32 Compiling\ APIGatewayClientModelErrorsDelegate.swift /Users/admin/builder/spi-builder-workspace/Sources/APIGatewayClientModelGenerate/APIGatewayClientModelErrorsDelegate.swift (in target 'APIGatewayClientModelGenerate' from project 'SmokeAWSGenerate')
SwiftCompile normal arm64_32 /Users/admin/builder/spi-builder-workspace/Sources/APIGatewayClientModelGenerate/APIGatewayClientModelErrorsDelegate.swift (in target 'APIGatewayClientModelGenerate' from project 'SmokeAWSGenerate')
cd /Users/admin/builder/spi-builder-workspace/.swiftpm/xcode
builtin-SwiftPerFileCompile APIGatewayClientModelErrorsDelegate.swift
SwiftCompile normal arm64 Compiling\ APIGatewayClientModelErrorsDelegate.swift /Users/admin/builder/spi-builder-workspace/Sources/APIGatewayClientModelGenerate/APIGatewayClientModelErrorsDelegate.swift (in target 'APIGatewayClientModelGenerate' from project 'SmokeAWSGenerate')
SwiftCompile normal arm64 /Users/admin/builder/spi-builder-workspace/Sources/APIGatewayClientModelGenerate/APIGatewayClientModelErrorsDelegate.swift (in target 'APIGatewayClientModelGenerate' from project 'SmokeAWSGenerate')
cd /Users/admin/builder/spi-builder-workspace/.swiftpm/xcode
builtin-SwiftPerFileCompile APIGatewayClientModelErrorsDelegate.swift
SwiftCompile normal arm64_32 Compiling\ APIGatewayClientCodeGeneration.swift /Users/admin/builder/spi-builder-workspace/Sources/APIGatewayClientModelGenerate/APIGatewayClientCodeGeneration.swift (in target 'APIGatewayClientModelGenerate' from project 'SmokeAWSGenerate')
SwiftCompile normal arm64_32 /Users/admin/builder/spi-builder-workspace/Sources/APIGatewayClientModelGenerate/APIGatewayClientCodeGeneration.swift (in target 'APIGatewayClientModelGenerate' from project 'SmokeAWSGenerate')
cd /Users/admin/builder/spi-builder-workspace/.swiftpm/xcode
builtin-SwiftPerFileCompile APIGatewayClientCodeGeneration.swift
SwiftEmitModule normal arm64 Emitting\ module\ for\ SmokeAWSGenerate (in target 'SmokeAWSGenerate-product' from project 'SmokeAWSGenerate')
SwiftCompile normal arm64 (in target 'SmokeAWSGenerate-product' from project 'SmokeAWSGenerate')
cd /Users/admin/builder/spi-builder-workspace/.swiftpm/xcode
SwiftEmitModule normal arm64_32 Emitting\ module\ for\ SmokeAWSGenerate (in target 'SmokeAWSGenerate-product' from project 'SmokeAWSGenerate')
SwiftCompile normal arm64_32 (in target 'SmokeAWSGenerate-product' from project 'SmokeAWSGenerate')
cd /Users/admin/builder/spi-builder-workspace/.swiftpm/xcode
SwiftCompile normal arm64 Compiling\ ECRConfiguration.swift /Users/admin/builder/spi-builder-workspace/Sources/SmokeAWSGenerate/ECRConfiguration.swift (in target 'SmokeAWSGenerate-product' from project 'SmokeAWSGenerate')
SwiftCompile normal arm64 /Users/admin/builder/spi-builder-workspace/Sources/SmokeAWSGenerate/ECRConfiguration.swift (in target 'SmokeAWSGenerate-product' from project 'SmokeAWSGenerate')
cd /Users/admin/builder/spi-builder-workspace/.swiftpm/xcode
builtin-SwiftPerFileCompile ECRConfiguration.swift
SwiftEmitModule normal arm64_32 Emitting\ module\ for\ ArgumentParser (in target 'ArgumentParser' from project 'swift-argument-parser')
SwiftCompile normal arm64_32 (in target 'ArgumentParser' from project 'swift-argument-parser')
cd /Users/admin/builder/spi-builder-workspace/.swiftpm/xcode
SwiftDriverJobDiscovery normal arm64 Compiling APIGatewayClientModelErrorsDelegate.swift (in target 'APIGatewayClientModelGenerate' from project 'SmokeAWSGenerate')
SwiftEmitModule normal arm64 Emitting\ module\ for\ ArgumentParser (in target 'ArgumentParser' from project 'swift-argument-parser')
SwiftCompile normal arm64 (in target 'ArgumentParser' from project 'swift-argument-parser')
cd /Users/admin/builder/spi-builder-workspace/.swiftpm/xcode
SwiftDriverJobDiscovery normal arm64_32 Compiling APIGatewayClientModelErrorsDelegate.swift (in target 'APIGatewayClientModelGenerate' from project 'SmokeAWSGenerate')
SwiftCompile normal arm64_32 Compiling\ main.swift /Users/admin/builder/spi-builder-workspace/Sources/SmokeAWSGenerate/main.swift (in target 'SmokeAWSGenerate-product' from project 'SmokeAWSGenerate')
/Users/admin/builder/spi-builder-workspace/Sources/SmokeAWSGenerate/main.swift:71:16: error: cannot find 'Process' in scope
69 | }
70 |
71 | let task = Process()
| `- error: cannot find 'Process' in scope
72 | task.launchPath = "/usr/bin/env"
73 | task.environment = processEnvironment
Failed frontend command:
/Applications/Xcode-27.0.0-Release.Candidate.app/Contents/Developer/Toolchains/XcodeDefault.xctoolchain/usr/bin/swift-frontend -frontend -c /Users/admin/builder/spi-builder-workspace/Sources/SmokeAWSGenerate/CloudFormationConfiguration.swift /Users/admin/builder/spi-builder-workspace/Sources/SmokeAWSGenerate/CloudwatchConfiguration.swift /Users/admin/builder/spi-builder-workspace/Sources/SmokeAWSGenerate/CodeBuildConfiguration.swift /Users/admin/builder/spi-builder-workspace/Sources/SmokeAWSGenerate/CodePipelineConfiguration.swift /Users/admin/builder/spi-builder-workspace/Sources/SmokeAWSGenerate/DynamoDBConfiguration.swift /Users/admin/builder/spi-builder-workspace/Sources/SmokeAWSGenerate/EC2Configuration.swift /Users/admin/builder/spi-builder-workspace/Sources/SmokeAWSGenerate/ECRConfiguration.swift /Users/admin/builder/spi-builder-workspace/Sources/SmokeAWSGenerate/ECSConfiguration.swift /Users/admin/builder/spi-builder-workspace/Sources/SmokeAWSGenerate/RDSConfiguration.swift /Users/admin/builder/spi-builder-workspace/Sources/SmokeAWSGenerate/RDSDataConfiguration.swift /Users/admin/builder/spi-builder-workspace/Sources/SmokeAWSGenerate/S3Configuration.swift /Users/admin/builder/spi-builder-workspace/Sources/SmokeAWSGenerate/SNSConfiguration.swift /Users/admin/builder/spi-builder-workspace/Sources/SmokeAWSGenerate/STSConfiguration.swift /Users/admin/builder/spi-builder-workspace/Sources/SmokeAWSGenerate/SimpleQueueConfiguration.swift /Users/admin/builder/spi-builder-workspace/Sources/SmokeAWSGenerate/SimpleWorkflowConfiguration.swift /Users/admin/builder/spi-builder-workspace/Sources/SmokeAWSGenerate/StepFunctionsConfiguration.swift -primary-file /Users/admin/builder/spi-builder-workspace/Sources/SmokeAWSGenerate/main.swift -emit-dependencies-path /Users/admin/builder/spi-builder-workspace/.derivedData/Build/Intermediates.noindex/SmokeAWSGenerate.build/Debug-watchos/SmokeAWSGenerate-p.build/Objects-normal/arm64_32/main.d -emit-const-values-path /Users/admin/builder/spi-builder-workspace/.derivedData/Build/Intermediates.noindex/SmokeAWSGenerate.build/Debug-watchos/SmokeAWSGenerate-p.build/Objects-normal/arm64_32/main.swiftconstvalues -emit-reference-dependencies-path /Users/admin/builder/spi-builder-workspace/.derivedData/Build/Intermediates.noindex/SmokeAWSGenerate.build/Debug-watchos/SmokeAWSGenerate-p.build/Objects-normal/arm64_32/main.swiftdeps -serialize-diagnostics-path /Users/admin/builder/spi-builder-workspace/.derivedData/Build/Intermediates.noindex/SmokeAWSGenerate.build/Debug-watchos/SmokeAWSGenerate-p.build/Objects-normal/arm64_32/main.dia -target arm64_32-apple-watchos9.0 -disable-cross-import-overlay-search -load-resolved-plugin /Applications/Xcode-27.0.0-Release.Candidate.app/Contents/Developer/Platforms/WatchOS.platform/Developer/usr/lib/swift/host/plugins/libFoundationMacros.dylib\#/Applications/Xcode-27.0.0-Release.Candidate.app/Contents/Developer/Platforms/WatchOS.platform/Developer/usr/bin/swift-plugin-server\#FoundationMacros -load-resolved-plugin /Applications/Xcode-27.0.0-Release.Candidate.app/Contents/Developer/Platforms/WatchOS.platform/Developer/usr/lib/swift/host/plugins/libObservationMacros.dylib\#/Applications/Xcode-27.0.0-Release.Candidate.app/Contents/Developer/Platforms/WatchOS.platform/Developer/usr/bin/swift-plugin-server\#ObservationMacros -load-resolved-plugin /Applications/Xcode-27.0.0-Release.Candidate.app/Contents/Developer/Platforms/WatchOS.platform/Developer/usr/lib/swift/host/plugins/libSwiftMacros.dylib\#/Applications/Xcode-27.0.0-Release.Candidate.app/Contents/Developer/Platforms/WatchOS.platform/Developer/usr/bin/swift-plugin-server\#SwiftMacros -disable-implicit-swift-modules -Xcc -fno-implicit-modules -Xcc -fno-implicit-module-maps -explicit-swift-module-map-file /Users/admin/builder/spi-builder-workspace/.derivedData/Build/Intermediates.noindex/SmokeAWSGenerate.build/Debug-watchos/SmokeAWSGenerate-p.build/Objects-normal/arm64_32/SmokeAWSGenerate-dependencies-2.json -enable-objc-interop -sdk /Applications/Xcode-27.0.0-Release.Candidate.app/Contents/Developer/Platforms/WatchOS.platform/Developer/SDKs/WatchOS27.0.sdk -I /Users/admin/builder/spi-builder-workspace/.derivedData/Build/Products/Debug-watchos -Isystem /Applications/Xcode-27.0.0-Release.Candidate.app/Contents/Developer/Platforms/WatchOS.platform/Developer/usr/lib -F /Users/admin/builder/spi-builder-workspace/.derivedData/Build/Products/Debug-watchos/PackageFrameworks -F /Users/admin/builder/spi-builder-workspace/.derivedData/Build/Products/Debug-watchos -F /Applications/Xcode-27.0.0-Release.Candidate.app/Contents/Developer/Platforms/WatchOS.platform/Developer/Library/Frameworks -F /Applications/Xcode-27.0.0-Release.Candidate.app/Contents/Developer/Platforms/WatchOS.platform/Developer/SDKs/WatchOS27.0.sdk/Developer/Library/Frameworks -module-cache-path /Users/admin/builder/spi-builder-workspace/.derivedData/Build/Intermediates.noindex/SwiftExplicitPrecompiledModules -no-color-diagnostics -Xcc -fno-color-diagnostics -enable-testing -g -debug-info-format\=dwarf -dwarf-version\=4 -swift-version 5 -Onone -D SWIFT_PACKAGE -D DEBUG -D Xcode -serialize-debugging-options -enable-experimental-feature DebugDescriptionMacro -empty-abi-descriptor -validate-clang-modules-once -clang-build-session-file /Users/admin/builder/spi-builder-workspace/.derivedData/ModuleCache.noindex/Session.modulevalidation -Xcc -working-directory -Xcc /Users/admin/builder/spi-builder-workspace/.swiftpm/xcode -enable-anonymous-context-mangled-names -file-compilation-dir /Users/admin/builder/spi-builder-workspace/.swiftpm/xcode -Xcc -D_LIBCPP_HARDENING_MODE\=_LIBCPP_HARDENING_MODE_DEBUG -Xcc -ivfsstatcache -Xcc /Users/admin/builder/spi-builder-workspace/.derivedData/SDKStatCaches.noindex/watchos27.0-24R360-e829b21a6f8c9b70876ba0858053c04477534ef55a1706bf4c1112bbb242f0a2.sdkstatcache -Xcc -fmodules-prune-interval\=86400 -Xcc -fmodules-prune-after\=345600 -Xcc -I/Users/admin/builder/spi-builder-workspace/.derivedData/Build/Products/Debug-watchos/include -Xcc -I/Users/admin/builder/spi-builder-workspace/.derivedData/Build/Intermediates.noindex/SmokeAWSGenerate.build/Debug-watchos/SmokeAWSGenerate-p.build/DerivedSources-normal/arm64_32 -Xcc -I/Users/admin/builder/spi-builder-workspace/.derivedData/Build/Intermediates.noindex/SmokeAWSGenerate.build/Debug-watchos/SmokeAWSGenerate-p.build/DerivedSources/arm64_32 -Xcc -I/Users/admin/builder/spi-builder-workspace/.derivedData/Build/Intermediates.noindex/SmokeAWSGenerate.build/Debug-watchos/SmokeAWSGenerate-p.build/DerivedSources -Xcc -DSWIFT_PACKAGE -Xcc -DDEBUG\=1 -no-auto-bridging-header-chaining -module-name SmokeAWSGenerate -const-gather-protocols-file /Users/admin/builder/spi-builder-workspace/.derivedData/Build/Intermediates.noindex/SmokeAWSGenerate.build/Debug-watchos/SmokeAWSGenerate-p.build/Objects-normal/arm64_32/SmokeAWSGenerate_const_extract_protocols.json -disable-clang-spi -clang-target arm64_32-apple-watchos27.0 -target-sdk-version 27.0 -target-sdk-name watchos27.0 -in-process-plugin-server-path /Applications/Xcode-27.0.0-Release.Candidate.app/Contents/Developer/Toolchains/XcodeDefault.xctoolchain/usr/lib/swift/host/libSwiftInProcPluginServer.dylib -o /Users/admin/builder/spi-builder-workspace/.derivedData/Build/Intermediates.noindex/SmokeAWSGenerate.build/Debug-watchos/SmokeAWSGenerate-p.build/Objects-normal/arm64_32/main.o -debug-module-path /Users/admin/builder/spi-builder-workspace/.derivedData/Build/Intermediates.noindex/SmokeAWSGenerate.build/Debug-watchos/SmokeAWSGenerate-p.build/Objects-normal/arm64_32/SmokeAWSGenerate.swiftmodule -index-unit-output-path /SmokeAWSGenerate.build/Debug-watchos/SmokeAWSGenerate-p.build/Objects-normal/arm64_32/main.o -index-store-path /Users/admin/builder/spi-builder-workspace/.derivedData/Index.noindex/DataStore -index-system-modules
SwiftCompile normal arm64_32 /Users/admin/builder/spi-builder-workspace/Sources/SmokeAWSGenerate/main.swift (in target 'SmokeAWSGenerate-product' from project 'SmokeAWSGenerate')
cd /Users/admin/builder/spi-builder-workspace/.swiftpm/xcode
builtin-SwiftPerFileCompile main.swift
SwiftDriverJobDiscovery normal arm64_32 Emitting module for APIGatewayClientModelGenerate (in target 'APIGatewayClientModelGenerate' from project 'SmokeAWSGenerate')
SwiftCompile normal arm64 Compiling\ main.swift /Users/admin/builder/spi-builder-workspace/Sources/SmokeAWSGenerate/main.swift (in target 'SmokeAWSGenerate-product' from project 'SmokeAWSGenerate')
/Users/admin/builder/spi-builder-workspace/Sources/SmokeAWSGenerate/main.swift:71:16: error: cannot find 'Process' in scope
69 | }
70 |
71 | let task = Process()
| `- error: cannot find 'Process' in scope
72 | task.launchPath = "/usr/bin/env"
73 | task.environment = processEnvironment
Failed frontend command:
/Applications/Xcode-27.0.0-Release.Candidate.app/Contents/Developer/Toolchains/XcodeDefault.xctoolchain/usr/bin/swift-frontend -frontend -c /Users/admin/builder/spi-builder-workspace/Sources/SmokeAWSGenerate/CloudFormationConfiguration.swift /Users/admin/builder/spi-builder-workspace/Sources/SmokeAWSGenerate/CloudwatchConfiguration.swift /Users/admin/builder/spi-builder-workspace/Sources/SmokeAWSGenerate/CodeBuildConfiguration.swift /Users/admin/builder/spi-builder-workspace/Sources/SmokeAWSGenerate/CodePipelineConfiguration.swift /Users/admin/builder/spi-builder-workspace/Sources/SmokeAWSGenerate/DynamoDBConfiguration.swift /Users/admin/builder/spi-builder-workspace/Sources/SmokeAWSGenerate/EC2Configuration.swift /Users/admin/builder/spi-builder-workspace/Sources/SmokeAWSGenerate/ECRConfiguration.swift /Users/admin/builder/spi-builder-workspace/Sources/SmokeAWSGenerate/ECSConfiguration.swift /Users/admin/builder/spi-builder-workspace/Sources/SmokeAWSGenerate/RDSConfiguration.swift /Users/admin/builder/spi-builder-workspace/Sources/SmokeAWSGenerate/RDSDataConfiguration.swift /Users/admin/builder/spi-builder-workspace/Sources/SmokeAWSGenerate/S3Configuration.swift /Users/admin/builder/spi-builder-workspace/Sources/SmokeAWSGenerate/SNSConfiguration.swift /Users/admin/builder/spi-builder-workspace/Sources/SmokeAWSGenerate/STSConfiguration.swift /Users/admin/builder/spi-builder-workspace/Sources/SmokeAWSGenerate/SimpleQueueConfiguration.swift /Users/admin/builder/spi-builder-workspace/Sources/SmokeAWSGenerate/SimpleWorkflowConfiguration.swift /Users/admin/builder/spi-builder-workspace/Sources/SmokeAWSGenerate/StepFunctionsConfiguration.swift -primary-file /Users/admin/builder/spi-builder-workspace/Sources/SmokeAWSGenerate/main.swift -emit-dependencies-path /Users/admin/builder/spi-builder-workspace/.derivedData/Build/Intermediates.noindex/SmokeAWSGenerate.build/Debug-watchos/SmokeAWSGenerate-p.build/Objects-normal/arm64/main.d -emit-const-values-path /Users/admin/builder/spi-builder-workspace/.derivedData/Build/Intermediates.noindex/SmokeAWSGenerate.build/Debug-watchos/SmokeAWSGenerate-p.build/Objects-normal/arm64/main.swiftconstvalues -emit-reference-dependencies-path /Users/admin/builder/spi-builder-workspace/.derivedData/Build/Intermediates.noindex/SmokeAWSGenerate.build/Debug-watchos/SmokeAWSGenerate-p.build/Objects-normal/arm64/main.swiftdeps -serialize-diagnostics-path /Users/admin/builder/spi-builder-workspace/.derivedData/Build/Intermediates.noindex/SmokeAWSGenerate.build/Debug-watchos/SmokeAWSGenerate-p.build/Objects-normal/arm64/main.dia -target arm64-apple-watchos9.0 -disable-cross-import-overlay-search -load-resolved-plugin /Applications/Xcode-27.0.0-Release.Candidate.app/Contents/Developer/Platforms/WatchOS.platform/Developer/usr/lib/swift/host/plugins/libFoundationMacros.dylib\#/Applications/Xcode-27.0.0-Release.Candidate.app/Contents/Developer/Platforms/WatchOS.platform/Developer/usr/bin/swift-plugin-server\#FoundationMacros -load-resolved-plugin /Applications/Xcode-27.0.0-Release.Candidate.app/Contents/Developer/Platforms/WatchOS.platform/Developer/usr/lib/swift/host/plugins/libObservationMacros.dylib\#/Applications/Xcode-27.0.0-Release.Candidate.app/Contents/Developer/Platforms/WatchOS.platform/Developer/usr/bin/swift-plugin-server\#ObservationMacros -load-resolved-plugin /Applications/Xcode-27.0.0-Release.Candidate.app/Contents/Developer/Platforms/WatchOS.platform/Developer/usr/lib/swift/host/plugins/libSwiftMacros.dylib\#/Applications/Xcode-27.0.0-Release.Candidate.app/Contents/Developer/Platforms/WatchOS.platform/Developer/usr/bin/swift-plugin-server\#SwiftMacros -disable-implicit-swift-modules -Xcc -fno-implicit-modules -Xcc -fno-implicit-module-maps -explicit-swift-module-map-file /Users/admin/builder/spi-builder-workspace/.derivedData/Build/Intermediates.noindex/SmokeAWSGenerate.build/Debug-watchos/SmokeAWSGenerate-p.build/Objects-normal/arm64/SmokeAWSGenerate-dependencies-1.json -Xllvm -aarch64-use-tbi -enable-objc-interop -stack-check -sdk /Applications/Xcode-27.0.0-Release.Candidate.app/Contents/Developer/Platforms/WatchOS.platform/Developer/SDKs/WatchOS27.0.sdk -I /Users/admin/builder/spi-builder-workspace/.derivedData/Build/Products/Debug-watchos -Isystem /Applications/Xcode-27.0.0-Release.Candidate.app/Contents/Developer/Platforms/WatchOS.platform/Developer/usr/lib -F /Users/admin/builder/spi-builder-workspace/.derivedData/Build/Products/Debug-watchos/PackageFrameworks -F /Users/admin/builder/spi-builder-workspace/.derivedData/Build/Products/Debug-watchos -F /Applications/Xcode-27.0.0-Release.Candidate.app/Contents/Developer/Platforms/WatchOS.platform/Developer/Library/Frameworks -F /Applications/Xcode-27.0.0-Release.Candidate.app/Contents/Developer/Platforms/WatchOS.platform/Developer/SDKs/WatchOS27.0.sdk/Developer/Library/Frameworks -module-cache-path /Users/admin/builder/spi-builder-workspace/.derivedData/Build/Intermediates.noindex/SwiftExplicitPrecompiledModules -no-color-diagnostics -Xcc -fno-color-diagnostics -enable-testing -g -debug-info-format\=dwarf -dwarf-version\=4 -swift-version 5 -Onone -D SWIFT_PACKAGE -D DEBUG -D Xcode -serialize-debugging-options -enable-experimental-feature DebugDescriptionMacro -empty-abi-descriptor -validate-clang-modules-once -clang-build-session-file /Users/admin/builder/spi-builder-workspace/.derivedData/ModuleCache.noindex/Session.modulevalidation -Xcc -working-directory -Xcc /Users/admin/builder/spi-builder-workspace/.swiftpm/xcode -enable-anonymous-context-mangled-names -file-compilation-dir /Users/admin/builder/spi-builder-workspace/.swiftpm/xcode -Xcc -D_LIBCPP_HARDENING_MODE\=_LIBCPP_HARDENING_MODE_DEBUG -Xcc -ivfsstatcache -Xcc /Users/admin/builder/spi-builder-workspace/.derivedData/SDKStatCaches.noindex/watchos27.0-24R360-e829b21a6f8c9b70876ba0858053c04477534ef55a1706bf4c1112bbb242f0a2.sdkstatcache -Xcc -fmodules-prune-interval\=86400 -Xcc -fmodules-prune-after\=345600 -Xcc -I/Users/admin/builder/spi-builder-workspace/.derivedData/Build/Products/Debug-watchos/include -Xcc -I/Users/admin/builder/spi-builder-workspace/.derivedData/Build/Intermediates.noindex/SmokeAWSGenerate.build/Debug-watchos/SmokeAWSGenerate-p.build/DerivedSources-normal/arm64 -Xcc -I/Users/admin/builder/spi-builder-workspace/.derivedData/Build/Intermediates.noindex/SmokeAWSGenerate.build/Debug-watchos/SmokeAWSGenerate-p.build/DerivedSources/arm64 -Xcc -I/Users/admin/builder/spi-builder-workspace/.derivedData/Build/Intermediates.noindex/SmokeAWSGenerate.build/Debug-watchos/SmokeAWSGenerate-p.build/DerivedSources -Xcc -DSWIFT_PACKAGE -Xcc -DDEBUG\=1 -no-auto-bridging-header-chaining -module-name SmokeAWSGenerate -const-gather-protocols-file /Users/admin/builder/spi-builder-workspace/.derivedData/Build/Intermediates.noindex/SmokeAWSGenerate.build/Debug-watchos/SmokeAWSGenerate-p.build/Objects-normal/arm64/SmokeAWSGenerate_const_extract_protocols.json -disable-clang-spi -clang-target arm64-apple-watchos27.0 -target-sdk-version 27.0 -target-sdk-name watchos27.0 -in-process-plugin-server-path /Applications/Xcode-27.0.0-Release.Candidate.app/Contents/Developer/Toolchains/XcodeDefault.xctoolchain/usr/lib/swift/host/libSwiftInProcPluginServer.dylib -o /Users/admin/builder/spi-builder-workspace/.derivedData/Build/Intermediates.noindex/SmokeAWSGenerate.build/Debug-watchos/SmokeAWSGenerate-p.build/Objects-normal/arm64/main.o -debug-module-path /Users/admin/builder/spi-builder-workspace/.derivedData/Build/Intermediates.noindex/SmokeAWSGenerate.build/Debug-watchos/SmokeAWSGenerate-p.build/Objects-normal/arm64/SmokeAWSGenerate.swiftmodule -index-unit-output-path /SmokeAWSGenerate.build/Debug-watchos/SmokeAWSGenerate-p.build/Objects-normal/arm64/main.o -index-store-path /Users/admin/builder/spi-builder-workspace/.derivedData/Index.noindex/DataStore -index-system-modules
SwiftCompile normal arm64 /Users/admin/builder/spi-builder-workspace/Sources/SmokeAWSGenerate/main.swift (in target 'SmokeAWSGenerate-product' from project 'SmokeAWSGenerate')
cd /Users/admin/builder/spi-builder-workspace/.swiftpm/xcode
builtin-SwiftPerFileCompile main.swift
SwiftDriverJobDiscovery normal arm64 Emitting module for APIGatewayClientModelGenerate (in target 'APIGatewayClientModelGenerate' from project 'SmokeAWSGenerate')
SwiftDriver\ Compilation\ Requirements APIGatewayClientModelGenerate normal arm64_32 com.apple.xcode.tools.swift.compiler (in target 'APIGatewayClientModelGenerate' from project 'SmokeAWSGenerate')
cd /Users/admin/builder/spi-builder-workspace/.swiftpm/xcode
builtin-Swift-Compilation-Requirements -- /Applications/Xcode-27.0.0-Release.Candidate.app/Contents/Developer/Toolchains/XcodeDefault.xctoolchain/usr/bin/swiftc -parse-as-library -module-name APIGatewayClientModelGenerate -Onone @/Users/admin/builder/spi-builder-workspace/.derivedData/Build/Intermediates.noindex/SmokeAWSGenerate.build/Debug-watchos/APIGatewayClientModelGenerate-t.build/Objects-normal/arm64_32/APIGatewayClientModelGenerate.SwiftFileList -DSWIFT_PACKAGE -DDEBUG -DSWIFT_MODULE_RESOURCE_BUNDLE_UNAVAILABLE -DXcode -plugin-path /Applications/Xcode-27.0.0-Release.Candidate.app/Contents/Developer/Toolchains/XcodeDefault.xctoolchain/usr/lib/swift/host/plugins/testing -enable-experimental-feature DebugDescriptionMacro -sdk /Applications/Xcode-27.0.0-Release.Candidate.app/Contents/Developer/Platforms/WatchOS.platform/Developer/SDKs/WatchOS27.0.sdk -target arm64_32-apple-watchos9.0 -g -module-cache-path /Users/admin/builder/spi-builder-workspace/.derivedData/ModuleCache.noindex -Xfrontend -serialize-debugging-options -enable-testing -index-store-path /Users/admin/builder/spi-builder-workspace/.derivedData/Index.noindex/DataStore -Xcc -D_LIBCPP_HARDENING_MODE\=_LIBCPP_HARDENING_MODE_DEBUG -swift-version 5 -I /Users/admin/builder/spi-builder-workspace/.derivedData/Build/Products/Debug-watchos -Isystem /Applications/Xcode-27.0.0-Release.Candidate.app/Contents/Developer/Platforms/WatchOS.platform/Developer/usr/lib -F /Users/admin/builder/spi-builder-workspace/.derivedData/Build/Products/Debug-watchos/PackageFrameworks -F /Users/admin/builder/spi-builder-workspace/.derivedData/Build/Products/Debug-watchos -F /Applications/Xcode-27.0.0-Release.Candidate.app/Contents/Developer/Platforms/WatchOS.platform/Developer/Library/Frameworks -F /Applications/Xcode-27.0.0-Release.Candidate.app/Contents/Developer/Platforms/WatchOS.platform/Developer/SDKs/WatchOS27.0.sdk/Developer/Library/Frameworks -c -j10 -enable-batch-mode -incremental -Xcc -ivfsstatcache -Xcc /Users/admin/builder/spi-builder-workspace/.derivedData/SDKStatCaches.noindex/watchos27.0-24R360-e829b21a6f8c9b70876ba0858053c04477534ef55a1706bf4c1112bbb242f0a2.sdkstatcache -output-file-map /Users/admin/builder/spi-builder-workspace/.derivedData/Build/Intermediates.noindex/SmokeAWSGenerate.build/Debug-watchos/APIGatewayClientModelGenerate-t.build/Objects-normal/arm64_32/APIGatewayClientModelGenerate-OutputFileMap.json -save-temps -no-color-diagnostics -explicit-module-build -module-cache-path /Users/admin/builder/spi-builder-workspace/.derivedData/Build/Intermediates.noindex/SwiftExplicitPrecompiledModules -clang-scanner-module-cache-path /Users/admin/builder/spi-builder-workspace/.derivedData/ModuleCache.noindex -sdk-module-cache-path /Users/admin/builder/spi-builder-workspace/.derivedData/SDKExplicitPrecompiledModules -emit-dependencies -emit-module -emit-module-path /Users/admin/builder/spi-builder-workspace/.derivedData/Build/Intermediates.noindex/SmokeAWSGenerate.build/Debug-watchos/APIGatewayClientModelGenerate-t.build/Objects-normal/arm64_32/APIGatewayClientModelGenerate.swiftmodule -serialize-diagnostics -dependency-scan-serialize-diagnostics-path /Users/admin/builder/spi-builder-workspace/.derivedData/Build/Intermediates.noindex/SmokeAWSGenerate.build/Debug-watchos/APIGatewayClientModelGenerate-t.build/Objects-normal/arm64_32/APIGatewayClientModelGenerate-dependency-scan.dia -validate-clang-modules-once -clang-build-session-file /Users/admin/builder/spi-builder-workspace/.derivedData/ModuleCache.noindex/Session.modulevalidation -Xcc -fmodules-prune-interval\=86400 -Xcc -fmodules-prune-after\=345600 -emit-const-values -const-gather-protocols-list /Users/admin/builder/spi-builder-workspace/.derivedData/Build/Intermediates.noindex/SmokeAWSGenerate.build/Debug-watchos/APIGatewayClientModelGenerate-t.build/Objects-normal/arm64_32/APIGatewayClientModelGenerate_const_extract_protocols.json -Xcc -I/Users/admin/builder/spi-builder-workspace/.derivedData/Build/Products/Debug-watchos/include -Xcc -I/Users/admin/builder/spi-builder-workspace/.derivedData/Build/Intermediates.noindex/SmokeAWSGenerate.build/Debug-watchos/APIGatewayClientModelGenerate-t.build/DerivedSources-normal/arm64_32 -Xcc -I/Users/admin/builder/spi-builder-workspace/.derivedData/Build/Intermediates.noindex/SmokeAWSGenerate.build/Debug-watchos/APIGatewayClientModelGenerate-t.build/DerivedSources/arm64_32 -Xcc -I/Users/admin/builder/spi-builder-workspace/.derivedData/Build/Intermediates.noindex/SmokeAWSGenerate.build/Debug-watchos/APIGatewayClientModelGenerate-t.build/DerivedSources -Xcc -DSWIFT_PACKAGE -Xcc -DDEBUG\=1 -emit-objc-header -emit-objc-header-path /Users/admin/builder/spi-builder-workspace/.derivedData/Build/Intermediates.noindex/SmokeAWSGenerate.build/Debug-watchos/APIGatewayClientModelGenerate-t.build/Objects-normal/arm64_32/APIGatewayClientModelGenerate-Swift.h -working-directory /Users/admin/builder/spi-builder-workspace/.swiftpm/xcode -experimental-emit-module-separately -disable-cmo
SwiftDriverJobDiscovery normal arm64 Compiling ECRConfiguration.swift (in target 'SmokeAWSGenerate-product' from project 'SmokeAWSGenerate')
SwiftDriver\ Compilation\ Requirements APIGatewayClientModelGenerate normal arm64 com.apple.xcode.tools.swift.compiler (in target 'APIGatewayClientModelGenerate' from project 'SmokeAWSGenerate')
cd /Users/admin/builder/spi-builder-workspace/.swiftpm/xcode
builtin-Swift-Compilation-Requirements -- /Applications/Xcode-27.0.0-Release.Candidate.app/Contents/Developer/Toolchains/XcodeDefault.xctoolchain/usr/bin/swiftc -parse-as-library -module-name APIGatewayClientModelGenerate -Onone @/Users/admin/builder/spi-builder-workspace/.derivedData/Build/Intermediates.noindex/SmokeAWSGenerate.build/Debug-watchos/APIGatewayClientModelGenerate-t.build/Objects-normal/arm64/APIGatewayClientModelGenerate.SwiftFileList -DSWIFT_PACKAGE -DDEBUG -DSWIFT_MODULE_RESOURCE_BUNDLE_UNAVAILABLE -DXcode -plugin-path /Applications/Xcode-27.0.0-Release.Candidate.app/Contents/Developer/Toolchains/XcodeDefault.xctoolchain/usr/lib/swift/host/plugins/testing -enable-experimental-feature DebugDescriptionMacro -sdk /Applications/Xcode-27.0.0-Release.Candidate.app/Contents/Developer/Platforms/WatchOS.platform/Developer/SDKs/WatchOS27.0.sdk -target arm64-apple-watchos9.0 -g -module-cache-path /Users/admin/builder/spi-builder-workspace/.derivedData/ModuleCache.noindex -Xfrontend -serialize-debugging-options -enable-testing -index-store-path /Users/admin/builder/spi-builder-workspace/.derivedData/Index.noindex/DataStore -Xcc -D_LIBCPP_HARDENING_MODE\=_LIBCPP_HARDENING_MODE_DEBUG -swift-version 5 -I /Users/admin/builder/spi-builder-workspace/.derivedData/Build/Products/Debug-watchos -Isystem /Applications/Xcode-27.0.0-Release.Candidate.app/Contents/Developer/Platforms/WatchOS.platform/Developer/usr/lib -F /Users/admin/builder/spi-builder-workspace/.derivedData/Build/Products/Debug-watchos/PackageFrameworks -F /Users/admin/builder/spi-builder-workspace/.derivedData/Build/Products/Debug-watchos -F /Applications/Xcode-27.0.0-Release.Candidate.app/Contents/Developer/Platforms/WatchOS.platform/Developer/Library/Frameworks -F /Applications/Xcode-27.0.0-Release.Candidate.app/Contents/Developer/Platforms/WatchOS.platform/Developer/SDKs/WatchOS27.0.sdk/Developer/Library/Frameworks -c -j10 -enable-batch-mode -incremental -Xcc -ivfsstatcache -Xcc /Users/admin/builder/spi-builder-workspace/.derivedData/SDKStatCaches.noindex/watchos27.0-24R360-e829b21a6f8c9b70876ba0858053c04477534ef55a1706bf4c1112bbb242f0a2.sdkstatcache -output-file-map /Users/admin/builder/spi-builder-workspace/.derivedData/Build/Intermediates.noindex/SmokeAWSGenerate.build/Debug-watchos/APIGatewayClientModelGenerate-t.build/Objects-normal/arm64/APIGatewayClientModelGenerate-OutputFileMap.json -save-temps -no-color-diagnostics -explicit-module-build -module-cache-path /Users/admin/builder/spi-builder-workspace/.derivedData/Build/Intermediates.noindex/SwiftExplicitPrecompiledModules -clang-scanner-module-cache-path /Users/admin/builder/spi-builder-workspace/.derivedData/ModuleCache.noindex -sdk-module-cache-path /Users/admin/builder/spi-builder-workspace/.derivedData/SDKExplicitPrecompiledModules -emit-dependencies -emit-module -emit-module-path /Users/admin/builder/spi-builder-workspace/.derivedData/Build/Intermediates.noindex/SmokeAWSGenerate.build/Debug-watchos/APIGatewayClientModelGenerate-t.build/Objects-normal/arm64/APIGatewayClientModelGenerate.swiftmodule -serialize-diagnostics -dependency-scan-serialize-diagnostics-path /Users/admin/builder/spi-builder-workspace/.derivedData/Build/Intermediates.noindex/SmokeAWSGenerate.build/Debug-watchos/APIGatewayClientModelGenerate-t.build/Objects-normal/arm64/APIGatewayClientModelGenerate-dependency-scan.dia -validate-clang-modules-once -clang-build-session-file /Users/admin/builder/spi-builder-workspace/.derivedData/ModuleCache.noindex/Session.modulevalidation -Xcc -fmodules-prune-interval\=86400 -Xcc -fmodules-prune-after\=345600 -emit-const-values -const-gather-protocols-list /Users/admin/builder/spi-builder-workspace/.derivedData/Build/Intermediates.noindex/SmokeAWSGenerate.build/Debug-watchos/APIGatewayClientModelGenerate-t.build/Objects-normal/arm64/APIGatewayClientModelGenerate_const_extract_protocols.json -Xcc -I/Users/admin/builder/spi-builder-workspace/.derivedData/Build/Products/Debug-watchos/include -Xcc -I/Users/admin/builder/spi-builder-workspace/.derivedData/Build/Intermediates.noindex/SmokeAWSGenerate.build/Debug-watchos/APIGatewayClientModelGenerate-t.build/DerivedSources-normal/arm64 -Xcc -I/Users/admin/builder/spi-builder-workspace/.derivedData/Build/Intermediates.noindex/SmokeAWSGenerate.build/Debug-watchos/APIGatewayClientModelGenerate-t.build/DerivedSources/arm64 -Xcc -I/Users/admin/builder/spi-builder-workspace/.derivedData/Build/Intermediates.noindex/SmokeAWSGenerate.build/Debug-watchos/APIGatewayClientModelGenerate-t.build/DerivedSources -Xcc -DSWIFT_PACKAGE -Xcc -DDEBUG\=1 -emit-objc-header -emit-objc-header-path /Users/admin/builder/spi-builder-workspace/.derivedData/Build/Intermediates.noindex/SmokeAWSGenerate.build/Debug-watchos/APIGatewayClientModelGenerate-t.build/Objects-normal/arm64/APIGatewayClientModelGenerate-Swift.h -working-directory /Users/admin/builder/spi-builder-workspace/.swiftpm/xcode -experimental-emit-module-separately -disable-cmo
Copy /Users/admin/builder/spi-builder-workspace/.derivedData/Build/Products/Debug-watchos/APIGatewayClientModelGenerate.swiftmodule/arm64_32-apple-watchos.swiftmodule /Users/admin/builder/spi-builder-workspace/.derivedData/Build/Intermediates.noindex/SmokeAWSGenerate.build/Debug-watchos/APIGatewayClientModelGenerate-t.build/Objects-normal/arm64_32/APIGatewayClientModelGenerate.swiftmodule (in target 'APIGatewayClientModelGenerate' from project 'SmokeAWSGenerate')
cd /Users/admin/builder/spi-builder-workspace
builtin-copy -exclude .DS_Store -exclude CVS -exclude .svn -exclude .git -exclude .hg -resolve-src-symlinks -rename /Users/admin/builder/spi-builder-workspace/.derivedData/Build/Intermediates.noindex/SmokeAWSGenerate.build/Debug-watchos/APIGatewayClientModelGenerate-t.build/Objects-normal/arm64_32/APIGatewayClientModelGenerate.swiftmodule /Users/admin/builder/spi-builder-workspace/.derivedData/Build/Products/Debug-watchos/APIGatewayClientModelGenerate.swiftmodule/arm64_32-apple-watchos.swiftmodule
SwiftMergeGeneratedHeaders /Users/admin/builder/spi-builder-workspace/.derivedData/Build/Intermediates.noindex/GeneratedModuleMaps-watchos/APIGatewayClientModelGenerate-Swift.h /Users/admin/builder/spi-builder-workspace/.derivedData/Build/Intermediates.noindex/SmokeAWSGenerate.build/Debug-watchos/APIGatewayClientModelGenerate-t.build/Objects-normal/arm64/APIGatewayClientModelGenerate-Swift.h /Users/admin/builder/spi-builder-workspace/.derivedData/Build/Intermediates.noindex/SmokeAWSGenerate.build/Debug-watchos/APIGatewayClientModelGenerate-t.build/Objects-normal/arm64_32/APIGatewayClientModelGenerate-Swift.h (in target 'APIGatewayClientModelGenerate' from project 'SmokeAWSGenerate')
cd /Users/admin/builder/spi-builder-workspace
builtin-swiftHeaderTool -arch arm64 /Users/admin/builder/spi-builder-workspace/.derivedData/Build/Intermediates.noindex/SmokeAWSGenerate.build/Debug-watchos/APIGatewayClientModelGenerate-t.build/Objects-normal/arm64/APIGatewayClientModelGenerate-Swift.h -arch arm64_32 /Users/admin/builder/spi-builder-workspace/.derivedData/Build/Intermediates.noindex/SmokeAWSGenerate.build/Debug-watchos/APIGatewayClientModelGenerate-t.build/Objects-normal/arm64_32/APIGatewayClientModelGenerate-Swift.h -o /Users/admin/builder/spi-builder-workspace/.derivedData/Build/Intermediates.noindex/GeneratedModuleMaps-watchos/APIGatewayClientModelGenerate-Swift.h
Copy /Users/admin/builder/spi-builder-workspace/.derivedData/Build/Products/Debug-watchos/APIGatewayClientModelGenerate.swiftmodule/arm64_32-apple-watchos.swiftdoc /Users/admin/builder/spi-builder-workspace/.derivedData/Build/Intermediates.noindex/SmokeAWSGenerate.build/Debug-watchos/APIGatewayClientModelGenerate-t.build/Objects-normal/arm64_32/APIGatewayClientModelGenerate.swiftdoc (in target 'APIGatewayClientModelGenerate' from project 'SmokeAWSGenerate')
cd /Users/admin/builder/spi-builder-workspace
builtin-copy -exclude .DS_Store -exclude CVS -exclude .svn -exclude .git -exclude .hg -resolve-src-symlinks -rename /Users/admin/builder/spi-builder-workspace/.derivedData/Build/Intermediates.noindex/SmokeAWSGenerate.build/Debug-watchos/APIGatewayClientModelGenerate-t.build/Objects-normal/arm64_32/APIGatewayClientModelGenerate.swiftdoc /Users/admin/builder/spi-builder-workspace/.derivedData/Build/Products/Debug-watchos/APIGatewayClientModelGenerate.swiftmodule/arm64_32-apple-watchos.swiftdoc
Copy /Users/admin/builder/spi-builder-workspace/.derivedData/Build/Products/Debug-watchos/APIGatewayClientModelGenerate.swiftmodule/arm64_32-apple-watchos.abi.json /Users/admin/builder/spi-builder-workspace/.derivedData/Build/Intermediates.noindex/SmokeAWSGenerate.build/Debug-watchos/APIGatewayClientModelGenerate-t.build/Objects-normal/arm64_32/APIGatewayClientModelGenerate.abi.json (in target 'APIGatewayClientModelGenerate' from project 'SmokeAWSGenerate')
cd /Users/admin/builder/spi-builder-workspace
builtin-copy -exclude .DS_Store -exclude CVS -exclude .svn -exclude .git -exclude .hg -resolve-src-symlinks -rename /Users/admin/builder/spi-builder-workspace/.derivedData/Build/Intermediates.noindex/SmokeAWSGenerate.build/Debug-watchos/APIGatewayClientModelGenerate-t.build/Objects-normal/arm64_32/APIGatewayClientModelGenerate.abi.json /Users/admin/builder/spi-builder-workspace/.derivedData/Build/Products/Debug-watchos/APIGatewayClientModelGenerate.swiftmodule/arm64_32-apple-watchos.abi.json
SwiftDriverJobDiscovery normal arm64_32 Compiling APIGatewayClientCodeGeneration+generateClientApplicationFiles.swift (in target 'APIGatewayClientModelGenerate' from project 'SmokeAWSGenerate')
Copy /Users/admin/builder/spi-builder-workspace/.derivedData/Build/Products/Debug-watchos/APIGatewayClientModelGenerate.swiftmodule/arm64-apple-watchos.swiftmodule /Users/admin/builder/spi-builder-workspace/.derivedData/Build/Intermediates.noindex/SmokeAWSGenerate.build/Debug-watchos/APIGatewayClientModelGenerate-t.build/Objects-normal/arm64/APIGatewayClientModelGenerate.swiftmodule (in target 'APIGatewayClientModelGenerate' from project 'SmokeAWSGenerate')
cd /Users/admin/builder/spi-builder-workspace
builtin-copy -exclude .DS_Store -exclude CVS -exclude .svn -exclude .git -exclude .hg -resolve-src-symlinks -rename /Users/admin/builder/spi-builder-workspace/.derivedData/Build/Intermediates.noindex/SmokeAWSGenerate.build/Debug-watchos/APIGatewayClientModelGenerate-t.build/Objects-normal/arm64/APIGatewayClientModelGenerate.swiftmodule /Users/admin/builder/spi-builder-workspace/.derivedData/Build/Products/Debug-watchos/APIGatewayClientModelGenerate.swiftmodule/arm64-apple-watchos.swiftmodule
Copy /Users/admin/builder/spi-builder-workspace/.derivedData/Build/Products/Debug-watchos/APIGatewayClientModelGenerate.swiftmodule/arm64-apple-watchos.swiftdoc /Users/admin/builder/spi-builder-workspace/.derivedData/Build/Intermediates.noindex/SmokeAWSGenerate.build/Debug-watchos/APIGatewayClientModelGenerate-t.build/Objects-normal/arm64/APIGatewayClientModelGenerate.swiftdoc (in target 'APIGatewayClientModelGenerate' from project 'SmokeAWSGenerate')
cd /Users/admin/builder/spi-builder-workspace
builtin-copy -exclude .DS_Store -exclude CVS -exclude .svn -exclude .git -exclude .hg -resolve-src-symlinks -rename /Users/admin/builder/spi-builder-workspace/.derivedData/Build/Intermediates.noindex/SmokeAWSGenerate.build/Debug-watchos/APIGatewayClientModelGenerate-t.build/Objects-normal/arm64/APIGatewayClientModelGenerate.swiftdoc /Users/admin/builder/spi-builder-workspace/.derivedData/Build/Products/Debug-watchos/APIGatewayClientModelGenerate.swiftmodule/arm64-apple-watchos.swiftdoc
Copy /Users/admin/builder/spi-builder-workspace/.derivedData/Build/Products/Debug-watchos/APIGatewayClientModelGenerate.swiftmodule/arm64-apple-watchos.abi.json /Users/admin/builder/spi-builder-workspace/.derivedData/Build/Intermediates.noindex/SmokeAWSGenerate.build/Debug-watchos/APIGatewayClientModelGenerate-t.build/Objects-normal/arm64/APIGatewayClientModelGenerate.abi.json (in target 'APIGatewayClientModelGenerate' from project 'SmokeAWSGenerate')
cd /Users/admin/builder/spi-builder-workspace
builtin-copy -exclude .DS_Store -exclude CVS -exclude .svn -exclude .git -exclude .hg -resolve-src-symlinks -rename /Users/admin/builder/spi-builder-workspace/.derivedData/Build/Intermediates.noindex/SmokeAWSGenerate.build/Debug-watchos/APIGatewayClientModelGenerate-t.build/Objects-normal/arm64/APIGatewayClientModelGenerate.abi.json /Users/admin/builder/spi-builder-workspace/.derivedData/Build/Products/Debug-watchos/APIGatewayClientModelGenerate.swiftmodule/arm64-apple-watchos.abi.json
Copy /Users/admin/builder/spi-builder-workspace/.derivedData/Build/Products/Debug-watchos/APIGatewayClientModelGenerate.swiftmodule/Project/arm64_32-apple-watchos.swiftsourceinfo /Users/admin/builder/spi-builder-workspace/.derivedData/Build/Intermediates.noindex/SmokeAWSGenerate.build/Debug-watchos/APIGatewayClientModelGenerate-t.build/Objects-normal/arm64_32/APIGatewayClientModelGenerate.swiftsourceinfo (in target 'APIGatewayClientModelGenerate' from project 'SmokeAWSGenerate')
cd /Users/admin/builder/spi-builder-workspace
builtin-copy -exclude .DS_Store -exclude CVS -exclude .svn -exclude .git -exclude .hg -resolve-src-symlinks -rename /Users/admin/builder/spi-builder-workspace/.derivedData/Build/Intermediates.noindex/SmokeAWSGenerate.build/Debug-watchos/APIGatewayClientModelGenerate-t.build/Objects-normal/arm64_32/APIGatewayClientModelGenerate.swiftsourceinfo /Users/admin/builder/spi-builder-workspace/.derivedData/Build/Products/Debug-watchos/APIGatewayClientModelGenerate.swiftmodule/Project/arm64_32-apple-watchos.swiftsourceinfo
Copy /Users/admin/builder/spi-builder-workspace/.derivedData/Build/Products/Debug-watchos/APIGatewayClientModelGenerate.swiftmodule/Project/arm64-apple-watchos.swiftsourceinfo /Users/admin/builder/spi-builder-workspace/.derivedData/Build/Intermediates.noindex/SmokeAWSGenerate.build/Debug-watchos/APIGatewayClientModelGenerate-t.build/Objects-normal/arm64/APIGatewayClientModelGenerate.swiftsourceinfo (in target 'APIGatewayClientModelGenerate' from project 'SmokeAWSGenerate')
cd /Users/admin/builder/spi-builder-workspace
builtin-copy -exclude .DS_Store -exclude CVS -exclude .svn -exclude .git -exclude .hg -resolve-src-symlinks -rename /Users/admin/builder/spi-builder-workspace/.derivedData/Build/Intermediates.noindex/SmokeAWSGenerate.build/Debug-watchos/APIGatewayClientModelGenerate-t.build/Objects-normal/arm64/APIGatewayClientModelGenerate.swiftsourceinfo /Users/admin/builder/spi-builder-workspace/.derivedData/Build/Products/Debug-watchos/APIGatewayClientModelGenerate.swiftmodule/Project/arm64-apple-watchos.swiftsourceinfo
SwiftDriverJobDiscovery normal arm64 Compiling APIGatewayClientCodeGeneration.swift (in target 'APIGatewayClientModelGenerate' from project 'SmokeAWSGenerate')
SwiftCompile normal arm64_32 Compiling\ EC2Configuration.swift /Users/admin/builder/spi-builder-workspace/Sources/SmokeAWSGenerate/EC2Configuration.swift (in target 'SmokeAWSGenerate-product' from project 'SmokeAWSGenerate')
SwiftCompile normal arm64_32 /Users/admin/builder/spi-builder-workspace/Sources/SmokeAWSGenerate/EC2Configuration.swift (in target 'SmokeAWSGenerate-product' from project 'SmokeAWSGenerate')
cd /Users/admin/builder/spi-builder-workspace/.swiftpm/xcode
builtin-SwiftPerFileCompile EC2Configuration.swift
SwiftCompile normal arm64_32 Compiling\ CloudwatchConfiguration.swift /Users/admin/builder/spi-builder-workspace/Sources/SmokeAWSGenerate/CloudwatchConfiguration.swift (in target 'SmokeAWSGenerate-product' from project 'SmokeAWSGenerate')
SwiftCompile normal arm64_32 /Users/admin/builder/spi-builder-workspace/Sources/SmokeAWSGenerate/CloudwatchConfiguration.swift (in target 'SmokeAWSGenerate-product' from project 'SmokeAWSGenerate')
cd /Users/admin/builder/spi-builder-workspace/.swiftpm/xcode
builtin-SwiftPerFileCompile CloudwatchConfiguration.swift
SwiftCompile normal arm64_32 Compiling\ ECSConfiguration.swift /Users/admin/builder/spi-builder-workspace/Sources/SmokeAWSGenerate/ECSConfiguration.swift (in target 'SmokeAWSGenerate-product' from project 'SmokeAWSGenerate')
SwiftCompile normal arm64_32 /Users/admin/builder/spi-builder-workspace/Sources/SmokeAWSGenerate/ECSConfiguration.swift (in target 'SmokeAWSGenerate-product' from project 'SmokeAWSGenerate')
cd /Users/admin/builder/spi-builder-workspace/.swiftpm/xcode
builtin-SwiftPerFileCompile ECSConfiguration.swift
SwiftCompile normal arm64_32 Compiling\ StepFunctionsConfiguration.swift /Users/admin/builder/spi-builder-workspace/Sources/SmokeAWSGenerate/StepFunctionsConfiguration.swift (in target 'SmokeAWSGenerate-product' from project 'SmokeAWSGenerate')
SwiftCompile normal arm64_32 /Users/admin/builder/spi-builder-workspace/Sources/SmokeAWSGenerate/StepFunctionsConfiguration.swift (in target 'SmokeAWSGenerate-product' from project 'SmokeAWSGenerate')
cd /Users/admin/builder/spi-builder-workspace/.swiftpm/xcode
builtin-SwiftPerFileCompile StepFunctionsConfiguration.swift
SwiftDriverJobDiscovery normal arm64_32 Compiling APIGatewayClientCodeGeneration.swift (in target 'APIGatewayClientModelGenerate' from project 'SmokeAWSGenerate')
SwiftCompile normal arm64 Compiling\ ECSConfiguration.swift /Users/admin/builder/spi-builder-workspace/Sources/SmokeAWSGenerate/ECSConfiguration.swift (in target 'SmokeAWSGenerate-product' from project 'SmokeAWSGenerate')
SwiftCompile normal arm64 /Users/admin/builder/spi-builder-workspace/Sources/SmokeAWSGenerate/ECSConfiguration.swift (in target 'SmokeAWSGenerate-product' from project 'SmokeAWSGenerate')
cd /Users/admin/builder/spi-builder-workspace/.swiftpm/xcode
builtin-SwiftPerFileCompile ECSConfiguration.swift
SwiftCompile normal arm64_32 Compiling\ ECRConfiguration.swift /Users/admin/builder/spi-builder-workspace/Sources/SmokeAWSGenerate/ECRConfiguration.swift (in target 'SmokeAWSGenerate-product' from project 'SmokeAWSGenerate')
SwiftCompile normal arm64_32 /Users/admin/builder/spi-builder-workspace/Sources/SmokeAWSGenerate/ECRConfiguration.swift (in target 'SmokeAWSGenerate-product' from project 'SmokeAWSGenerate')
cd /Users/admin/builder/spi-builder-workspace/.swiftpm/xcode
builtin-SwiftPerFileCompile ECRConfiguration.swift
SwiftCompile normal arm64_32 Compiling\ CloudFormationConfiguration.swift /Users/admin/builder/spi-builder-workspace/Sources/SmokeAWSGenerate/CloudFormationConfiguration.swift (in target 'SmokeAWSGenerate-product' from project 'SmokeAWSGenerate')
SwiftCompile normal arm64_32 /Users/admin/builder/spi-builder-workspace/Sources/SmokeAWSGenerate/CloudFormationConfiguration.swift (in target 'SmokeAWSGenerate-product' from project 'SmokeAWSGenerate')
cd /Users/admin/builder/spi-builder-workspace/.swiftpm/xcode
builtin-SwiftPerFileCompile CloudFormationConfiguration.swift
SwiftDriverJobDiscovery normal arm64_32 Compiling ECSConfiguration.swift (in target 'SmokeAWSGenerate-product' from project 'SmokeAWSGenerate')
SwiftCompile normal arm64_32 Compiling\ DynamoDBConfiguration.swift /Users/admin/builder/spi-builder-workspace/Sources/SmokeAWSGenerate/DynamoDBConfiguration.swift (in target 'SmokeAWSGenerate-product' from project 'SmokeAWSGenerate')
SwiftCompile normal arm64_32 /Users/admin/builder/spi-builder-workspace/Sources/SmokeAWSGenerate/DynamoDBConfiguration.swift (in target 'SmokeAWSGenerate-product' from project 'SmokeAWSGenerate')
cd /Users/admin/builder/spi-builder-workspace/.swiftpm/xcode
builtin-SwiftPerFileCompile DynamoDBConfiguration.swift
SwiftDriverJobDiscovery normal arm64_32 Compiling CloudwatchConfiguration.swift (in target 'SmokeAWSGenerate-product' from project 'SmokeAWSGenerate')
SwiftCompile normal arm64 Compiling\ ArgumentDefinition.swift /Users/admin/builder/spi-builder-workspace/.dependencies/checkouts/swift-argument-parser/Sources/ArgumentParser/Parsing/ArgumentDefinition.swift (in target 'ArgumentParser' from project 'swift-argument-parser')
SwiftCompile normal arm64 /Users/admin/builder/spi-builder-workspace/.dependencies/checkouts/swift-argument-parser/Sources/ArgumentParser/Parsing/ArgumentDefinition.swift (in target 'ArgumentParser' from project 'swift-argument-parser')
cd /Users/admin/builder/spi-builder-workspace/.swiftpm/xcode
builtin-SwiftPerFileCompile ArgumentDefinition.swift
SwiftDriverJobDiscovery normal arm64 Compiling ECSConfiguration.swift (in target 'SmokeAWSGenerate-product' from project 'SmokeAWSGenerate')
SwiftCompile normal arm64 Compiling\ CommandParser.swift /Users/admin/builder/spi-builder-workspace/.dependencies/checkouts/swift-argument-parser/Sources/ArgumentParser/Parsing/CommandParser.swift (in target 'ArgumentParser' from project 'swift-argument-parser')
SwiftCompile normal arm64 /Users/admin/builder/spi-builder-workspace/.dependencies/checkouts/swift-argument-parser/Sources/ArgumentParser/Parsing/CommandParser.swift (in target 'ArgumentParser' from project 'swift-argument-parser')
cd /Users/admin/builder/spi-builder-workspace/.swiftpm/xcode
builtin-SwiftPerFileCompile CommandParser.swift
SwiftDriverJobDiscovery normal arm64_32 Compiling StepFunctionsConfiguration.swift (in target 'SmokeAWSGenerate-product' from project 'SmokeAWSGenerate')
SwiftCompile normal arm64_32 Compiling\ CommandParser.swift /Users/admin/builder/spi-builder-workspace/.dependencies/checkouts/swift-argument-parser/Sources/ArgumentParser/Parsing/CommandParser.swift (in target 'ArgumentParser' from project 'swift-argument-parser')
SwiftCompile normal arm64_32 /Users/admin/builder/spi-builder-workspace/.dependencies/checkouts/swift-argument-parser/Sources/ArgumentParser/Parsing/CommandParser.swift (in target 'ArgumentParser' from project 'swift-argument-parser')
cd /Users/admin/builder/spi-builder-workspace/.swiftpm/xcode
builtin-SwiftPerFileCompile CommandParser.swift
PruneExplicitPrecompiledModules /Users/admin/builder/spi-builder-workspace/.derivedData/SDKExplicitPrecompiledModules
PruneExplicitPrecompiledModules /Users/admin/builder/spi-builder-workspace/.derivedData/Build/Intermediates.noindex/ExplicitPrecompiledModules
PruneExplicitPrecompiledModules /Users/admin/builder/spi-builder-workspace/.derivedData/Build/Intermediates.noindex/SwiftExplicitPrecompiledModules
2026-09-19 09:48:09.136 xcodebuild[1477:8881] [MT] IDERunDestination: Supported platforms for the buildables in the current scheme is empty.
** BUILD FAILED **
The following build commands failed:
SwiftCompile normal arm64_32 Compiling\ main.swift /Users/admin/builder/spi-builder-workspace/Sources/SmokeAWSGenerate/main.swift (in target 'SmokeAWSGenerate-product' from project 'SmokeAWSGenerate')
SwiftCompile normal arm64_32 /Users/admin/builder/spi-builder-workspace/Sources/SmokeAWSGenerate/main.swift (in target 'SmokeAWSGenerate-product' from project 'SmokeAWSGenerate')
SwiftCompile normal arm64 Compiling\ main.swift /Users/admin/builder/spi-builder-workspace/Sources/SmokeAWSGenerate/main.swift (in target 'SmokeAWSGenerate-product' from project 'SmokeAWSGenerate')
SwiftCompile normal arm64 /Users/admin/builder/spi-builder-workspace/Sources/SmokeAWSGenerate/main.swift (in target 'SmokeAWSGenerate-product' from project 'SmokeAWSGenerate')
Building workspace SmokeAWSGenerate with scheme SmokeAWSGenerate-Package
(5 failures)
BUILD FAILURE 6.4 watchOS