Build Information
Failed to build InfluTo, reference v1.1.1 (d8dc32), with Swift 6.1 for watchOS using Xcode 16.3 on 12 Oct 2026 18:11:09 UTC.
Build Command
env DEVELOPER_DIR=/Applications/Xcode-16.3.0.app xcrun xcodebuild -IDEClonedSourcePackagesDirPathOverride=$PWD/.dependencies -skipMacroValidation -skipPackagePluginValidation -derivedDataPath $PWD/.derivedData build -scheme InfluTo -destination generic/platform=watchOSBuild Log
========================================
RunAll
========================================
Builder version: 5.1.1
Interrupt handler set up.
========================================
Checkout
========================================
Clone URL: https://github.com/influto/influto-ios.git
Reference: v1.1.1
Initialized empty Git repository in /Users/admin/builder/spi-builder-workspace/.git/
From https://github.com/influto/influto-ios
* tag v1.1.1 -> FETCH_HEAD
HEAD is now at d8dc32d v1.1.1: setReferralCode user-id fallback + store-after-accept, code field fixes, foreground back-sync
Cloned https://github.com/influto/influto-ios.git
Revision (git rev-parse @):
d8dc32d4d61efb3d5a792b7c1f224d2c78c6a7f6
SUCCESS checkout https://github.com/influto/influto-ios.git at v1.1.1
========================================
Build
========================================
Selected platform: watchOS
Swift version: 6.1
Building package at path: $PWD
https://github.com/influto/influto-ios.git
https://github.com/influto/influto-ios.git
{
"dependencies" : [
],
"manifest_display_name" : "InfluTo",
"name" : "InfluTo",
"path" : "/Users/admin/builder/spi-builder-workspace",
"platforms" : [
{
"name" : "ios",
"version" : "16.0"
},
{
"name" : "macos",
"version" : "13.0"
},
{
"name" : "tvos",
"version" : "16.0"
},
{
"name" : "watchos",
"version" : "9.0"
}
],
"products" : [
{
"name" : "InfluTo",
"targets" : [
"InfluTo"
],
"type" : {
"library" : [
"automatic"
]
}
}
],
"targets" : [
{
"c99name" : "InfluToTests",
"module_type" : "SwiftTarget",
"name" : "InfluToTests",
"path" : "Tests/InfluToTests",
"sources" : [
"InfluToTests.swift"
],
"target_dependencies" : [
"InfluTo"
],
"type" : "test"
},
{
"c99name" : "InfluTo",
"module_type" : "SwiftTarget",
"name" : "InfluTo",
"path" : "Sources/InfluTo",
"product_memberships" : [
"InfluTo"
],
"resources" : [
{
"path" : "/Users/admin/builder/spi-builder-workspace/Sources/InfluTo/PrivacyInfo.xcprivacy",
"rule" : {
"copy" : {
}
}
}
],
"sources" : [
"APIClient.swift",
"DeviceInfo.swift",
"InfluTo.swift",
"InfluToConfig.swift",
"InfluToError.swift",
"Models.swift",
"Purchase.swift",
"ReferralCodeInput.swift",
"Storage.swift"
],
"type" : "library"
}
],
"tools_version" : "5.9"
}
Command line invocation:
/Applications/Xcode-16.3.0.app/Contents/Developer/usr/bin/xcodebuild -IDEClonedSourcePackagesDirPathOverride=/Users/admin/builder/spi-builder-workspace/.dependencies -resolvePackageDependencies
Resolve Package Graph
Resolve Package Graph
Resolved source packages:
InfluTo: /Users/admin/builder/spi-builder-workspace
resolved source packages: InfluTo
{
"dependencies" : [
],
"manifest_display_name" : "InfluTo",
"name" : "InfluTo",
"path" : "/Users/admin/builder/spi-builder-workspace",
"platforms" : [
{
"name" : "ios",
"version" : "16.0"
},
{
"name" : "macos",
"version" : "13.0"
},
{
"name" : "tvos",
"version" : "16.0"
},
{
"name" : "watchos",
"version" : "9.0"
}
],
"products" : [
{
"name" : "InfluTo",
"targets" : [
"InfluTo"
],
"type" : {
"library" : [
"automatic"
]
}
}
],
"targets" : [
{
"c99name" : "InfluToTests",
"module_type" : "SwiftTarget",
"name" : "InfluToTests",
"path" : "Tests/InfluToTests",
"sources" : [
"InfluToTests.swift"
],
"target_dependencies" : [
"InfluTo"
],
"type" : "test"
},
{
"c99name" : "InfluTo",
"module_type" : "SwiftTarget",
"name" : "InfluTo",
"path" : "Sources/InfluTo",
"product_memberships" : [
"InfluTo"
],
"resources" : [
{
"path" : "/Users/admin/builder/spi-builder-workspace/Sources/InfluTo/PrivacyInfo.xcprivacy",
"rule" : {
"copy" : {
}
}
}
],
"sources" : [
"APIClient.swift",
"DeviceInfo.swift",
"InfluTo.swift",
"InfluToConfig.swift",
"InfluToError.swift",
"Models.swift",
"Purchase.swift",
"ReferralCodeInput.swift",
"Storage.swift"
],
"type" : "library"
}
],
"tools_version" : "5.9"
}
{
"workspace" : {
"name" : "spi-builder-workspace",
"schemes" : [
"InfluTo"
]
}
}
Running build ...
env DEVELOPER_DIR=/Applications/Xcode-16.3.0.app xcrun xcodebuild -IDEClonedSourcePackagesDirPathOverride=$PWD/.dependencies -skipMacroValidation -skipPackagePluginValidation -derivedDataPath $PWD/.derivedData build -scheme InfluTo -destination generic/platform=watchOS OTHER_SWIFT_FLAGS=-stats-output-dir .stats -strict-concurrency=complete -enable-upcoming-feature StrictConcurrency -enable-upcoming-feature DisableOutwardActorInference -enable-upcoming-feature GlobalActorIsolatedTypesUsability -enable-upcoming-feature InferSendableFromCaptures
Command line invocation:
/Applications/Xcode-16.3.0.app/Contents/Developer/usr/bin/xcodebuild -IDEClonedSourcePackagesDirPathOverride=/Users/admin/builder/spi-builder-workspace/.dependencies -skipMacroValidation -skipPackagePluginValidation -derivedDataPath /Users/admin/builder/spi-builder-workspace/.derivedData build -scheme InfluTo -destination generic/platform=watchOS "OTHER_SWIFT_FLAGS=-stats-output-dir .stats -strict-concurrency=complete -enable-upcoming-feature StrictConcurrency -enable-upcoming-feature DisableOutwardActorInference -enable-upcoming-feature GlobalActorIsolatedTypesUsability -enable-upcoming-feature InferSendableFromCaptures"
Build settings from command line:
OTHER_SWIFT_FLAGS = -stats-output-dir .stats -strict-concurrency=complete -enable-upcoming-feature StrictConcurrency -enable-upcoming-feature DisableOutwardActorInference -enable-upcoming-feature GlobalActorIsolatedTypesUsability -enable-upcoming-feature InferSendableFromCaptures
Resolve Package Graph
Resolved source packages:
InfluTo: /Users/admin/builder/spi-builder-workspace
ComputePackagePrebuildTargetDependencyGraph
Prepare packages
CreateBuildRequest
SendProjectDescription
CreateBuildOperation
ComputeTargetDependencyGraph
note: Building targets in dependency order
note: Target dependency graph (3 targets)
Target 'InfluTo' in project 'InfluTo'
➜ Explicit dependency on target 'InfluTo' in project 'InfluTo'
➜ Explicit dependency on target 'InfluTo_InfluTo' in project 'InfluTo'
Target 'InfluTo' in project 'InfluTo'
➜ Explicit dependency on target 'InfluTo_InfluTo' in project 'InfluTo'
Target 'InfluTo_InfluTo' in project 'InfluTo' (no dependencies)
GatherProvisioningInputs
CreateBuildDescription
ExecuteExternalTool /Applications/Xcode-16.3.0.app/Contents/Developer/Toolchains/XcodeDefault.xctoolchain/usr/bin/clang -v -E -dM -isysroot /Applications/Xcode-16.3.0.app/Contents/Developer/Platforms/WatchOS.platform/Developer/SDKs/WatchOS11.4.sdk -x c -c /dev/null
ExecuteExternalTool /Applications/Xcode-16.3.0.app/Contents/Developer/Toolchains/XcodeDefault.xctoolchain/usr/bin/swiftc --version
ExecuteExternalTool /Applications/Xcode-16.3.0.app/Contents/Developer/Toolchains/XcodeDefault.xctoolchain/usr/bin/ld -version_details
Build description signature: 6fa139b112a860f3dd740a49fb7cddfc
Build description path: /Users/admin/builder/spi-builder-workspace/.derivedData/Build/Intermediates.noindex/XCBuildData/6fa139b112a860f3dd740a49fb7cddfc.xcbuilddata
ClangStatCache /Applications/Xcode-16.3.0.app/Contents/Developer/Toolchains/XcodeDefault.xctoolchain/usr/bin/clang-stat-cache /Applications/Xcode-16.3.0.app/Contents/Developer/Platforms/WatchOS.platform/Developer/SDKs/WatchOS11.4.sdk /Users/admin/builder/spi-builder-workspace/.derivedData/SDKStatCaches.noindex/watchos11.4-22T246-43efb940ff07ba2497b70ec94253f576.sdkstatcache
cd /Users/admin/builder/spi-builder-workspace/.swiftpm/xcode
/Applications/Xcode-16.3.0.app/Contents/Developer/Toolchains/XcodeDefault.xctoolchain/usr/bin/clang-stat-cache /Applications/Xcode-16.3.0.app/Contents/Developer/Platforms/WatchOS.platform/Developer/SDKs/WatchOS11.4.sdk -o /Users/admin/builder/spi-builder-workspace/.derivedData/SDKStatCaches.noindex/watchos11.4-22T246-43efb940ff07ba2497b70ec94253f576.sdkstatcache
CreateBuildDirectory /Users/admin/builder/spi-builder-workspace/.derivedData/Build/Products
cd /Users/admin/builder/spi-builder-workspace/.swiftpm/xcode
builtin-create-build-directory /Users/admin/builder/spi-builder-workspace/.derivedData/Build/Products
CreateBuildDirectory /Users/admin/builder/spi-builder-workspace/.derivedData/Build/Intermediates.noindex
cd /Users/admin/builder/spi-builder-workspace/.swiftpm/xcode
builtin-create-build-directory /Users/admin/builder/spi-builder-workspace/.derivedData/Build/Intermediates.noindex
CreateBuildDirectory /Users/admin/builder/spi-builder-workspace/.derivedData/Build/Intermediates.noindex/EagerLinkingTBDs/Debug-watchos
cd /Users/admin/builder/spi-builder-workspace/.swiftpm/xcode
builtin-create-build-directory /Users/admin/builder/spi-builder-workspace/.derivedData/Build/Intermediates.noindex/EagerLinkingTBDs/Debug-watchos
CreateBuildDirectory /Users/admin/builder/spi-builder-workspace/.derivedData/Build/Products/Debug-watchos
cd /Users/admin/builder/spi-builder-workspace/.swiftpm/xcode
builtin-create-build-directory /Users/admin/builder/spi-builder-workspace/.derivedData/Build/Products/Debug-watchos
CreateBuildDirectory /Users/admin/builder/spi-builder-workspace/.derivedData/Build/Products/Debug-watchos/PackageFrameworks
cd /Users/admin/builder/spi-builder-workspace/.swiftpm/xcode
builtin-create-build-directory /Users/admin/builder/spi-builder-workspace/.derivedData/Build/Products/Debug-watchos/PackageFrameworks
WriteAuxiliaryFile /Users/admin/builder/spi-builder-workspace/.derivedData/Build/Intermediates.noindex/InfluTo.build/Debug-watchos/InfluTo_InfluTo.build/empty-InfluTo_InfluTo.plist (in target 'InfluTo_InfluTo' from project 'InfluTo')
cd /Users/admin/builder/spi-builder-workspace
write-file /Users/admin/builder/spi-builder-workspace/.derivedData/Build/Intermediates.noindex/InfluTo.build/Debug-watchos/InfluTo_InfluTo.build/empty-InfluTo_InfluTo.plist
WriteAuxiliaryFile /Users/admin/builder/spi-builder-workspace/.derivedData/Build/Intermediates.noindex/InfluTo.build/Debug-watchos/InfluTo_InfluTo.build/InfluTo_InfluTo.DependencyStaticMetadataFileList (in target 'InfluTo_InfluTo' from project 'InfluTo')
cd /Users/admin/builder/spi-builder-workspace
write-file /Users/admin/builder/spi-builder-workspace/.derivedData/Build/Intermediates.noindex/InfluTo.build/Debug-watchos/InfluTo_InfluTo.build/InfluTo_InfluTo.DependencyStaticMetadataFileList
WriteAuxiliaryFile /Users/admin/builder/spi-builder-workspace/.derivedData/Build/Intermediates.noindex/InfluTo.build/Debug-watchos/InfluTo_InfluTo.build/InfluTo_InfluTo.DependencyMetadataFileList (in target 'InfluTo_InfluTo' from project 'InfluTo')
cd /Users/admin/builder/spi-builder-workspace
write-file /Users/admin/builder/spi-builder-workspace/.derivedData/Build/Intermediates.noindex/InfluTo.build/Debug-watchos/InfluTo_InfluTo.build/InfluTo_InfluTo.DependencyMetadataFileList
MkDir /Users/admin/builder/spi-builder-workspace/.derivedData/Build/Products/Debug-watchos/InfluTo_InfluTo.bundle (in target 'InfluTo_InfluTo' from project 'InfluTo')
cd /Users/admin/builder/spi-builder-workspace
/bin/mkdir -p /Users/admin/builder/spi-builder-workspace/.derivedData/Build/Products/Debug-watchos/InfluTo_InfluTo.bundle
WriteAuxiliaryFile /Users/admin/builder/spi-builder-workspace/.derivedData/Build/Intermediates.noindex/InfluTo.build/Debug-watchos/InfluTo.build/InfluTo.modulemap (in target 'InfluTo' from project 'InfluTo')
cd /Users/admin/builder/spi-builder-workspace
write-file /Users/admin/builder/spi-builder-workspace/.derivedData/Build/Intermediates.noindex/InfluTo.build/Debug-watchos/InfluTo.build/InfluTo.modulemap
WriteAuxiliaryFile /Users/admin/builder/spi-builder-workspace/.derivedData/Build/Intermediates.noindex/InfluTo.build/Debug-watchos/InfluTo.build/Objects-normal/arm64_32/InfluTo.SwiftConstValuesFileList (in target 'InfluTo' from project 'InfluTo')
cd /Users/admin/builder/spi-builder-workspace
write-file /Users/admin/builder/spi-builder-workspace/.derivedData/Build/Intermediates.noindex/InfluTo.build/Debug-watchos/InfluTo.build/Objects-normal/arm64_32/InfluTo.SwiftConstValuesFileList
WriteAuxiliaryFile /Users/admin/builder/spi-builder-workspace/.derivedData/Build/Intermediates.noindex/InfluTo.build/Debug-watchos/InfluTo.build/Objects-normal/arm64_32/InfluTo_const_extract_protocols.json (in target 'InfluTo' from project 'InfluTo')
cd /Users/admin/builder/spi-builder-workspace
write-file /Users/admin/builder/spi-builder-workspace/.derivedData/Build/Intermediates.noindex/InfluTo.build/Debug-watchos/InfluTo.build/Objects-normal/arm64_32/InfluTo_const_extract_protocols.json
WriteAuxiliaryFile /Users/admin/builder/spi-builder-workspace/.derivedData/Build/Intermediates.noindex/InfluTo.build/Debug-watchos/InfluTo.build/Objects-normal/arm64_32/InfluTo-OutputFileMap.json (in target 'InfluTo' from project 'InfluTo')
cd /Users/admin/builder/spi-builder-workspace
write-file /Users/admin/builder/spi-builder-workspace/.derivedData/Build/Intermediates.noindex/InfluTo.build/Debug-watchos/InfluTo.build/Objects-normal/arm64_32/InfluTo-OutputFileMap.json
WriteAuxiliaryFile /Users/admin/builder/spi-builder-workspace/.derivedData/Build/Intermediates.noindex/InfluTo.build/Debug-watchos/InfluTo.build/Objects-normal/arm64_32/InfluTo.SwiftFileList (in target 'InfluTo' from project 'InfluTo')
cd /Users/admin/builder/spi-builder-workspace
write-file /Users/admin/builder/spi-builder-workspace/.derivedData/Build/Intermediates.noindex/InfluTo.build/Debug-watchos/InfluTo.build/Objects-normal/arm64_32/InfluTo.SwiftFileList
WriteAuxiliaryFile /Users/admin/builder/spi-builder-workspace/.derivedData/Build/Intermediates.noindex/InfluTo.build/Debug-watchos/InfluTo.build/Objects-normal/arm64/InfluTo_const_extract_protocols.json (in target 'InfluTo' from project 'InfluTo')
cd /Users/admin/builder/spi-builder-workspace
write-file /Users/admin/builder/spi-builder-workspace/.derivedData/Build/Intermediates.noindex/InfluTo.build/Debug-watchos/InfluTo.build/Objects-normal/arm64/InfluTo_const_extract_protocols.json
WriteAuxiliaryFile /Users/admin/builder/spi-builder-workspace/.derivedData/Build/Intermediates.noindex/InfluTo.build/Debug-watchos/InfluTo.build/Objects-normal/arm64_32/InfluTo.LinkFileList (in target 'InfluTo' from project 'InfluTo')
cd /Users/admin/builder/spi-builder-workspace
write-file /Users/admin/builder/spi-builder-workspace/.derivedData/Build/Intermediates.noindex/InfluTo.build/Debug-watchos/InfluTo.build/Objects-normal/arm64_32/InfluTo.LinkFileList
WriteAuxiliaryFile /Users/admin/builder/spi-builder-workspace/.derivedData/Build/Intermediates.noindex/InfluTo.build/Debug-watchos/InfluTo.build/Objects-normal/arm64/InfluTo.SwiftFileList (in target 'InfluTo' from project 'InfluTo')
cd /Users/admin/builder/spi-builder-workspace
write-file /Users/admin/builder/spi-builder-workspace/.derivedData/Build/Intermediates.noindex/InfluTo.build/Debug-watchos/InfluTo.build/Objects-normal/arm64/InfluTo.SwiftFileList
WriteAuxiliaryFile /Users/admin/builder/spi-builder-workspace/.derivedData/Build/Intermediates.noindex/InfluTo.build/Debug-watchos/InfluTo.build/Objects-normal/arm64/InfluTo.SwiftConstValuesFileList (in target 'InfluTo' from project 'InfluTo')
cd /Users/admin/builder/spi-builder-workspace
write-file /Users/admin/builder/spi-builder-workspace/.derivedData/Build/Intermediates.noindex/InfluTo.build/Debug-watchos/InfluTo.build/Objects-normal/arm64/InfluTo.SwiftConstValuesFileList
WriteAuxiliaryFile /Users/admin/builder/spi-builder-workspace/.derivedData/Build/Intermediates.noindex/InfluTo.build/Debug-watchos/InfluTo.build/Objects-normal/arm64/InfluTo.LinkFileList (in target 'InfluTo' from project 'InfluTo')
cd /Users/admin/builder/spi-builder-workspace
write-file /Users/admin/builder/spi-builder-workspace/.derivedData/Build/Intermediates.noindex/InfluTo.build/Debug-watchos/InfluTo.build/Objects-normal/arm64/InfluTo.LinkFileList
WriteAuxiliaryFile /Users/admin/builder/spi-builder-workspace/.derivedData/Build/Intermediates.noindex/InfluTo.build/Debug-watchos/InfluTo.build/Objects-normal/arm64/InfluTo-OutputFileMap.json (in target 'InfluTo' from project 'InfluTo')
cd /Users/admin/builder/spi-builder-workspace
write-file /Users/admin/builder/spi-builder-workspace/.derivedData/Build/Intermediates.noindex/InfluTo.build/Debug-watchos/InfluTo.build/Objects-normal/arm64/InfluTo-OutputFileMap.json
WriteAuxiliaryFile /Users/admin/builder/spi-builder-workspace/.derivedData/Build/Intermediates.noindex/InfluTo.build/Debug-watchos/InfluTo.build/InfluTo.DependencyStaticMetadataFileList (in target 'InfluTo' from project 'InfluTo')
cd /Users/admin/builder/spi-builder-workspace
write-file /Users/admin/builder/spi-builder-workspace/.derivedData/Build/Intermediates.noindex/InfluTo.build/Debug-watchos/InfluTo.build/InfluTo.DependencyStaticMetadataFileList
WriteAuxiliaryFile /Users/admin/builder/spi-builder-workspace/.derivedData/Build/Intermediates.noindex/InfluTo.build/Debug-watchos/InfluTo.build/InfluTo.DependencyMetadataFileList (in target 'InfluTo' from project 'InfluTo')
cd /Users/admin/builder/spi-builder-workspace
write-file /Users/admin/builder/spi-builder-workspace/.derivedData/Build/Intermediates.noindex/InfluTo.build/Debug-watchos/InfluTo.build/InfluTo.DependencyMetadataFileList
Copy /Users/admin/builder/spi-builder-workspace/.derivedData/Build/Intermediates.noindex/GeneratedModuleMaps-watchos/InfluTo.modulemap /Users/admin/builder/spi-builder-workspace/.derivedData/Build/Intermediates.noindex/InfluTo.build/Debug-watchos/InfluTo.build/InfluTo.modulemap (in target 'InfluTo' from project 'InfluTo')
cd /Users/admin/builder/spi-builder-workspace
builtin-copy -exclude .DS_Store -exclude CVS -exclude .svn -exclude .git -exclude .hg -resolve-src-symlinks /Users/admin/builder/spi-builder-workspace/.derivedData/Build/Intermediates.noindex/InfluTo.build/Debug-watchos/InfluTo.build/InfluTo.modulemap /Users/admin/builder/spi-builder-workspace/.derivedData/Build/Intermediates.noindex/GeneratedModuleMaps-watchos
WriteAuxiliaryFile /Users/admin/builder/spi-builder-workspace/.derivedData/Build/Intermediates.noindex/InfluTo.build/Debug-watchos/InfluTo.build/DerivedSources/resource_bundle_accessor.swift (in target 'InfluTo' from project 'InfluTo')
cd /Users/admin/builder/spi-builder-workspace
write-file /Users/admin/builder/spi-builder-workspace/.derivedData/Build/Intermediates.noindex/InfluTo.build/Debug-watchos/InfluTo.build/DerivedSources/resource_bundle_accessor.swift
ProcessInfoPlistFile /Users/admin/builder/spi-builder-workspace/.derivedData/Build/Products/Debug-watchos/InfluTo_InfluTo.bundle/Info.plist /Users/admin/builder/spi-builder-workspace/.derivedData/Build/Intermediates.noindex/InfluTo.build/Debug-watchos/InfluTo_InfluTo.build/empty-InfluTo_InfluTo.plist (in target 'InfluTo_InfluTo' from project 'InfluTo')
cd /Users/admin/builder/spi-builder-workspace
builtin-infoPlistUtility /Users/admin/builder/spi-builder-workspace/.derivedData/Build/Intermediates.noindex/InfluTo.build/Debug-watchos/InfluTo_InfluTo.build/empty-InfluTo_InfluTo.plist -producttype com.apple.product-type.bundle -expandbuildsettings -format binary -platform watchos -o /Users/admin/builder/spi-builder-workspace/.derivedData/Build/Products/Debug-watchos/InfluTo_InfluTo.bundle/Info.plist
CpResource /Users/admin/builder/spi-builder-workspace/.derivedData/Build/Products/Debug-watchos/InfluTo_InfluTo.bundle/PrivacyInfo.xcprivacy /Users/admin/builder/spi-builder-workspace/Sources/InfluTo/PrivacyInfo.xcprivacy (in target 'InfluTo_InfluTo' from project 'InfluTo')
cd /Users/admin/builder/spi-builder-workspace
builtin-copy -exclude .DS_Store -exclude CVS -exclude .svn -exclude .git -exclude .hg -resolve-src-symlinks /Users/admin/builder/spi-builder-workspace/Sources/InfluTo/PrivacyInfo.xcprivacy /Users/admin/builder/spi-builder-workspace/.derivedData/Build/Products/Debug-watchos/InfluTo_InfluTo.bundle
RegisterExecutionPolicyException /Users/admin/builder/spi-builder-workspace/.derivedData/Build/Products/Debug-watchos/InfluTo_InfluTo.bundle (in target 'InfluTo_InfluTo' from project 'InfluTo')
cd /Users/admin/builder/spi-builder-workspace
builtin-RegisterExecutionPolicyException /Users/admin/builder/spi-builder-workspace/.derivedData/Build/Products/Debug-watchos/InfluTo_InfluTo.bundle
Touch /Users/admin/builder/spi-builder-workspace/.derivedData/Build/Products/Debug-watchos/InfluTo_InfluTo.bundle (in target 'InfluTo_InfluTo' from project 'InfluTo')
cd /Users/admin/builder/spi-builder-workspace
/usr/bin/touch -c /Users/admin/builder/spi-builder-workspace/.derivedData/Build/Products/Debug-watchos/InfluTo_InfluTo.bundle
SwiftDriver InfluTo normal arm64_32 com.apple.xcode.tools.swift.compiler (in target 'InfluTo' from project 'InfluTo')
cd /Users/admin/builder/spi-builder-workspace/.swiftpm/xcode
builtin-SwiftDriver -- /Applications/Xcode-16.3.0.app/Contents/Developer/Toolchains/XcodeDefault.xctoolchain/usr/bin/swiftc -module-name InfluTo -Onone -enforce-exclusivity\=checked @/Users/admin/builder/spi-builder-workspace/.derivedData/Build/Intermediates.noindex/InfluTo.build/Debug-watchos/InfluTo.build/Objects-normal/arm64_32/InfluTo.SwiftFileList -DSWIFT_PACKAGE -DDEBUG -stats-output-dir .stats -strict-concurrency\=complete -enable-upcoming-feature StrictConcurrency -enable-upcoming-feature DisableOutwardActorInference -enable-upcoming-feature GlobalActorIsolatedTypesUsability -enable-upcoming-feature InferSendableFromCaptures -plugin-path /Applications/Xcode-16.3.0.app/Contents/Developer/Toolchains/XcodeDefault.xctoolchain/usr/lib/swift/host/plugins/testing -enable-experimental-feature DebugDescriptionMacro -sdk /Applications/Xcode-16.3.0.app/Contents/Developer/Platforms/WatchOS.platform/Developer/SDKs/WatchOS11.4.sdk -target arm64_32-apple-watchos9.0 -g -module-cache-path /Users/admin/builder/spi-builder-workspace/.derivedData/ModuleCache.noindex -Xfrontend -serialize-debugging-options -profile-coverage-mapping -profile-generate -enable-testing -index-store-path /Users/admin/builder/spi-builder-workspace/.derivedData/Index.noindex/DataStore -swift-version 5 -I /Users/admin/builder/spi-builder-workspace/.derivedData/Build/Products/Debug-watchos -I /Applications/Xcode-16.3.0.app/Contents/Developer/Platforms/WatchOS.platform/Developer/usr/lib -F /Users/admin/builder/spi-builder-workspace/.derivedData/Build/Products/Debug-watchos -F /Applications/Xcode-16.3.0.app/Contents/Developer/Platforms/WatchOS.platform/Developer/Library/Frameworks -F /Applications/Xcode-16.3.0.app/Contents/Developer/Platforms/WatchOS.platform/Developer/SDKs/WatchOS11.4.sdk/Developer/Library/Frameworks -c -j10 -enable-batch-mode -incremental -Xcc -ivfsstatcache -Xcc /Users/admin/builder/spi-builder-workspace/.derivedData/SDKStatCaches.noindex/watchos11.4-22T246-43efb940ff07ba2497b70ec94253f576.sdkstatcache -output-file-map /Users/admin/builder/spi-builder-workspace/.derivedData/Build/Intermediates.noindex/InfluTo.build/Debug-watchos/InfluTo.build/Objects-normal/arm64_32/InfluTo-OutputFileMap.json -use-frontend-parseable-output -save-temps -no-color-diagnostics -serialize-diagnostics -emit-dependencies -emit-module -emit-module-path /Users/admin/builder/spi-builder-workspace/.derivedData/Build/Intermediates.noindex/InfluTo.build/Debug-watchos/InfluTo.build/Objects-normal/arm64_32/InfluTo.swiftmodule -validate-clang-modules-once -clang-build-session-file /Users/admin/builder/spi-builder-workspace/.derivedData/ModuleCache.noindex/Session.modulevalidation -package-name spi_builder_workspace -Xcc -I/Users/admin/builder/spi-builder-workspace/.derivedData/Build/Intermediates.noindex/InfluTo.build/Debug-watchos/InfluTo.build/swift-overrides.hmap -emit-const-values -Xfrontend -const-gather-protocols-file -Xfrontend /Users/admin/builder/spi-builder-workspace/.derivedData/Build/Intermediates.noindex/InfluTo.build/Debug-watchos/InfluTo.build/Objects-normal/arm64_32/InfluTo_const_extract_protocols.json -Xcc -I/Users/admin/builder/spi-builder-workspace/.derivedData/Build/Products/Debug-watchos/include -Xcc -I/Users/admin/builder/spi-builder-workspace/.derivedData/Build/Intermediates.noindex/InfluTo.build/Debug-watchos/InfluTo.build/DerivedSources-normal/arm64_32 -Xcc -I/Users/admin/builder/spi-builder-workspace/.derivedData/Build/Intermediates.noindex/InfluTo.build/Debug-watchos/InfluTo.build/DerivedSources/arm64_32 -Xcc -I/Users/admin/builder/spi-builder-workspace/.derivedData/Build/Intermediates.noindex/InfluTo.build/Debug-watchos/InfluTo.build/DerivedSources -Xcc -DSWIFT_PACKAGE -Xcc -DDEBUG\=1 -emit-objc-header -emit-objc-header-path /Users/admin/builder/spi-builder-workspace/.derivedData/Build/Intermediates.noindex/InfluTo.build/Debug-watchos/InfluTo.build/Objects-normal/arm64_32/InfluTo-Swift.h -working-directory /Users/admin/builder/spi-builder-workspace/.swiftpm/xcode -experimental-emit-module-separately -disable-cmo
SwiftDriver InfluTo normal arm64 com.apple.xcode.tools.swift.compiler (in target 'InfluTo' from project 'InfluTo')
cd /Users/admin/builder/spi-builder-workspace/.swiftpm/xcode
builtin-SwiftDriver -- /Applications/Xcode-16.3.0.app/Contents/Developer/Toolchains/XcodeDefault.xctoolchain/usr/bin/swiftc -module-name InfluTo -Onone -enforce-exclusivity\=checked @/Users/admin/builder/spi-builder-workspace/.derivedData/Build/Intermediates.noindex/InfluTo.build/Debug-watchos/InfluTo.build/Objects-normal/arm64/InfluTo.SwiftFileList -DSWIFT_PACKAGE -DDEBUG -stats-output-dir .stats -strict-concurrency\=complete -enable-upcoming-feature StrictConcurrency -enable-upcoming-feature DisableOutwardActorInference -enable-upcoming-feature GlobalActorIsolatedTypesUsability -enable-upcoming-feature InferSendableFromCaptures -plugin-path /Applications/Xcode-16.3.0.app/Contents/Developer/Toolchains/XcodeDefault.xctoolchain/usr/lib/swift/host/plugins/testing -enable-experimental-feature DebugDescriptionMacro -sdk /Applications/Xcode-16.3.0.app/Contents/Developer/Platforms/WatchOS.platform/Developer/SDKs/WatchOS11.4.sdk -target arm64-apple-watchos9.0 -g -module-cache-path /Users/admin/builder/spi-builder-workspace/.derivedData/ModuleCache.noindex -Xfrontend -serialize-debugging-options -profile-coverage-mapping -profile-generate -enable-testing -index-store-path /Users/admin/builder/spi-builder-workspace/.derivedData/Index.noindex/DataStore -swift-version 5 -I /Users/admin/builder/spi-builder-workspace/.derivedData/Build/Products/Debug-watchos -I /Applications/Xcode-16.3.0.app/Contents/Developer/Platforms/WatchOS.platform/Developer/usr/lib -F /Users/admin/builder/spi-builder-workspace/.derivedData/Build/Products/Debug-watchos -F /Applications/Xcode-16.3.0.app/Contents/Developer/Platforms/WatchOS.platform/Developer/Library/Frameworks -F /Applications/Xcode-16.3.0.app/Contents/Developer/Platforms/WatchOS.platform/Developer/SDKs/WatchOS11.4.sdk/Developer/Library/Frameworks -c -j10 -enable-batch-mode -incremental -Xcc -ivfsstatcache -Xcc /Users/admin/builder/spi-builder-workspace/.derivedData/SDKStatCaches.noindex/watchos11.4-22T246-43efb940ff07ba2497b70ec94253f576.sdkstatcache -output-file-map /Users/admin/builder/spi-builder-workspace/.derivedData/Build/Intermediates.noindex/InfluTo.build/Debug-watchos/InfluTo.build/Objects-normal/arm64/InfluTo-OutputFileMap.json -use-frontend-parseable-output -save-temps -no-color-diagnostics -serialize-diagnostics -emit-dependencies -emit-module -emit-module-path /Users/admin/builder/spi-builder-workspace/.derivedData/Build/Intermediates.noindex/InfluTo.build/Debug-watchos/InfluTo.build/Objects-normal/arm64/InfluTo.swiftmodule -validate-clang-modules-once -clang-build-session-file /Users/admin/builder/spi-builder-workspace/.derivedData/ModuleCache.noindex/Session.modulevalidation -package-name spi_builder_workspace -Xcc -I/Users/admin/builder/spi-builder-workspace/.derivedData/Build/Intermediates.noindex/InfluTo.build/Debug-watchos/InfluTo.build/swift-overrides.hmap -emit-const-values -Xfrontend -const-gather-protocols-file -Xfrontend /Users/admin/builder/spi-builder-workspace/.derivedData/Build/Intermediates.noindex/InfluTo.build/Debug-watchos/InfluTo.build/Objects-normal/arm64/InfluTo_const_extract_protocols.json -Xcc -I/Users/admin/builder/spi-builder-workspace/.derivedData/Build/Products/Debug-watchos/include -Xcc -I/Users/admin/builder/spi-builder-workspace/.derivedData/Build/Intermediates.noindex/InfluTo.build/Debug-watchos/InfluTo.build/DerivedSources-normal/arm64 -Xcc -I/Users/admin/builder/spi-builder-workspace/.derivedData/Build/Intermediates.noindex/InfluTo.build/Debug-watchos/InfluTo.build/DerivedSources/arm64 -Xcc -I/Users/admin/builder/spi-builder-workspace/.derivedData/Build/Intermediates.noindex/InfluTo.build/Debug-watchos/InfluTo.build/DerivedSources -Xcc -DSWIFT_PACKAGE -Xcc -DDEBUG\=1 -emit-objc-header -emit-objc-header-path /Users/admin/builder/spi-builder-workspace/.derivedData/Build/Intermediates.noindex/InfluTo.build/Debug-watchos/InfluTo.build/Objects-normal/arm64/InfluTo-Swift.h -working-directory /Users/admin/builder/spi-builder-workspace/.swiftpm/xcode -experimental-emit-module-separately -disable-cmo
SwiftCompile normal arm64 Compiling\ APIClient.swift /Users/admin/builder/spi-builder-workspace/Sources/InfluTo/APIClient.swift (in target 'InfluTo' from project 'InfluTo')
SwiftCompile normal arm64 /Users/admin/builder/spi-builder-workspace/Sources/InfluTo/APIClient.swift (in target 'InfluTo' from project 'InfluTo')
cd /Users/admin/builder/spi-builder-workspace/.swiftpm/xcode
SwiftCompile normal arm64 Compiling\ InfluToConfig.swift /Users/admin/builder/spi-builder-workspace/Sources/InfluTo/InfluToConfig.swift (in target 'InfluTo' from project 'InfluTo')
SwiftCompile normal arm64 /Users/admin/builder/spi-builder-workspace/Sources/InfluTo/InfluToConfig.swift (in target 'InfluTo' from project 'InfluTo')
cd /Users/admin/builder/spi-builder-workspace/.swiftpm/xcode
SwiftCompile normal arm64 Compiling\ InfluTo.swift /Users/admin/builder/spi-builder-workspace/Sources/InfluTo/InfluTo.swift (in target 'InfluTo' from project 'InfluTo')
SwiftCompile normal arm64 /Users/admin/builder/spi-builder-workspace/Sources/InfluTo/InfluTo.swift (in target 'InfluTo' from project 'InfluTo')
cd /Users/admin/builder/spi-builder-workspace/.swiftpm/xcode
/Users/admin/builder/spi-builder-workspace/Sources/InfluTo/InfluTo.swift:144:53: warning: sending 'self.api' risks causing data races; this is an error in the Swift 6 language mode
let resp: InitResponse = try await api!.post("/sdk/init", body: body)
~~~~~^~~~~~~~~~~~~~~~~~~~~~~~~~~~~
/Users/admin/builder/spi-builder-workspace/Sources/InfluTo/InfluTo.swift:144:53: note: sending 'self'-isolated 'self.api' to nonisolated callee risks causing data races between nonisolated and 'self'-isolated uses
let resp: InitResponse = try await api!.post("/sdk/init", body: body)
^
/Users/admin/builder/spi-builder-workspace/Sources/InfluTo/InfluTo.swift:179:57: warning: sending 'api' risks causing data races; this is an error in the Swift 6 language mode
let resp: AttributionResult = try await api.post(
~~~~^~~~~
/Users/admin/builder/spi-builder-workspace/Sources/InfluTo/InfluTo.swift:179:57: note: sending 'self'-isolated 'api' to nonisolated callee risks causing data races between nonisolated and 'self'-isolated uses
let resp: AttributionResult = try await api.post(
^
/Users/admin/builder/spi-builder-workspace/Sources/InfluTo/InfluTo.swift:244:50: warning: sending 'body' risks causing data races; this is an error in the Swift 6 language mode
let _: EmptyResponse = try await api.post("/sdk/identify", body: body)
~~~~^~~~~~~~~~~~~~~~~~~~~~~~~~~~~~~~~
/Users/admin/builder/spi-builder-workspace/Sources/InfluTo/InfluTo.swift:244:50: note: sending 'self'-isolated 'body' to nonisolated callee risks causing data races between nonisolated and 'self'-isolated uses
let _: EmptyResponse = try await api.post("/sdk/identify", body: body)
^
/Users/admin/builder/spi-builder-workspace/Sources/InfluTo/InfluTo.swift:244:50: warning: sending 'api' risks causing data races; this is an error in the Swift 6 language mode
let _: EmptyResponse = try await api.post("/sdk/identify", body: body)
~~~~^~~~~~~~~~~~~~~~~~~~~~~~~~~~~~~~~
/Users/admin/builder/spi-builder-workspace/Sources/InfluTo/InfluTo.swift:244:50: note: sending 'self'-isolated 'api' to nonisolated callee risks causing data races between nonisolated and 'self'-isolated uses
let _: EmptyResponse = try await api.post("/sdk/identify", body: body)
^
/Users/admin/builder/spi-builder-workspace/Sources/InfluTo/InfluTo.swift:266:50: warning: sending 'body' risks causing data races; this is an error in the Swift 6 language mode
let _: EmptyResponse = try await api.post("/sdk/event", body: body)
~~~~^~~~~~~~~~~~~~~~~~~~~~~~~~~~~~
/Users/admin/builder/spi-builder-workspace/Sources/InfluTo/InfluTo.swift:266:50: note: sending 'self'-isolated 'body' to nonisolated callee risks causing data races between nonisolated and 'self'-isolated uses
let _: EmptyResponse = try await api.post("/sdk/event", body: body)
^
/Users/admin/builder/spi-builder-workspace/Sources/InfluTo/InfluTo.swift:266:50: warning: sending 'api' risks causing data races; this is an error in the Swift 6 language mode
let _: EmptyResponse = try await api.post("/sdk/event", body: body)
~~~~^~~~~~~~~~~~~~~~~~~~~~~~~~~~~~
/Users/admin/builder/spi-builder-workspace/Sources/InfluTo/InfluTo.swift:266:50: note: sending 'self'-isolated 'api' to nonisolated callee risks causing data races between nonisolated and 'self'-isolated uses
let _: EmptyResponse = try await api.post("/sdk/event", body: body)
^
/Users/admin/builder/spi-builder-workspace/Sources/InfluTo/InfluTo.swift:277:34: warning: sending 'api' risks causing data races; this is an error in the Swift 6 language mode
return try await api.get("/sdk/campaigns")
~~~~^~~~~~~~~~~~~~~~~~~~~
/Users/admin/builder/spi-builder-workspace/Sources/InfluTo/InfluTo.swift:277:34: note: sending 'self'-isolated 'api' to nonisolated callee risks causing data races between nonisolated and 'self'-isolated uses
return try await api.get("/sdk/campaigns")
^
/Users/admin/builder/spi-builder-workspace/Sources/InfluTo/InfluTo.swift:363:34: warning: sending 'api' risks causing data races; this is an error in the Swift 6 language mode
return try await api.post("/sdk/validate-code", body: body)
~~~~^~~~~~~~~~~~~~~~~~~~~~~~~~~~~~~~~~~~~~
/Users/admin/builder/spi-builder-workspace/Sources/InfluTo/InfluTo.swift:363:34: note: sending 'self'-isolated 'api' to nonisolated callee risks causing data races between nonisolated and 'self'-isolated uses
return try await api.post("/sdk/validate-code", body: body)
^
/Users/admin/builder/spi-builder-workspace/Sources/InfluTo/InfluTo.swift:389:55: warning: sending 'api' risks causing data races; this is an error in the Swift 6 language mode
let result: SetCodeResult = try await api.post("/sdk/set-referral-code", body: body)
~~~~^~~~~~~~~~~~~~~~~~~~~~~~~~~~~~~~~~~~~~~~~~
/Users/admin/builder/spi-builder-workspace/Sources/InfluTo/InfluTo.swift:389:55: note: sending 'self'-isolated 'api' to nonisolated callee risks causing data races between nonisolated and 'self'-isolated uses
let result: SetCodeResult = try await api.post("/sdk/set-referral-code", body: body)
^
/Users/admin/builder/spi-builder-workspace/Sources/InfluTo/InfluTo.swift:316:52: warning: sending 'api' risks causing data races; this is an error in the Swift 6 language mode
let resp: AccessResult = try await api.get("/sdk/access?app_user_id=\(escaped)")
~~~~^~~~~~~~~~~~~~~~~~~~~~~~~~~~~~~~~~~~~~~~~
/Users/admin/builder/spi-builder-workspace/Sources/InfluTo/InfluTo.swift:316:52: note: sending 'self'-isolated 'api' to nonisolated callee risks causing data races between nonisolated and 'self'-isolated uses
let resp: AccessResult = try await api.get("/sdk/access?app_user_id=\(escaped)")
^
/Users/admin/builder/spi-builder-workspace/Sources/InfluTo/InfluTo.swift:440:50: warning: sending 'api' risks causing data races; this is an error in the Swift 6 language mode
let resp: PurchaseResult = try await api.post("/sdk/purchase", body: body)
~~~~^~~~~~~~~~~~~~~~~~~~~~~~~~~~~~~~~
/Users/admin/builder/spi-builder-workspace/Sources/InfluTo/InfluTo.swift:440:50: note: sending 'self'-isolated 'api' to nonisolated callee risks causing data races between nonisolated and 'self'-isolated uses
let resp: PurchaseResult = try await api.post("/sdk/purchase", body: body)
^
/Users/admin/builder/spi-builder-workspace/Sources/InfluTo/InfluTo.swift:550:64: warning: sending 'fetched' risks causing data races; this is an error in the Swift 6 language mode
for await v in Transaction.currentEntitlements { await handle(v) }
^~~~~~~~~
/Users/admin/builder/spi-builder-workspace/Sources/InfluTo/InfluTo.swift:550:64: note: sending 'fetched' to nonisolated local function 'handle' risks causing data races between nonisolated and local actor-isolated uses
for await v in Transaction.currentEntitlements { await handle(v) }
^
/Users/admin/builder/spi-builder-workspace/Sources/InfluTo/InfluTo.swift:550:64: note: access can happen concurrently
for await v in Transaction.currentEntitlements { await handle(v) }
^~~~~~~~~
/Users/admin/builder/spi-builder-workspace/Sources/InfluTo/InfluTo.swift:550:64: warning: sending 'seen' risks causing data races; this is an error in the Swift 6 language mode
for await v in Transaction.currentEntitlements { await handle(v) }
^~~~~~~~~
/Users/admin/builder/spi-builder-workspace/Sources/InfluTo/InfluTo.swift:550:64: note: sending 'seen' to nonisolated local function 'handle' risks causing data races between nonisolated and local actor-isolated uses
for await v in Transaction.currentEntitlements { await handle(v) }
^
/Users/admin/builder/spi-builder-workspace/Sources/InfluTo/InfluTo.swift:550:64: note: access can happen concurrently
for await v in Transaction.currentEntitlements { await handle(v) }
^~~~~~~~~
/Users/admin/builder/spi-builder-workspace/Sources/InfluTo/InfluTo.swift:550:64: warning: sending 'storage' risks causing data races; this is an error in the Swift 6 language mode
for await v in Transaction.currentEntitlements { await handle(v) }
^~~~~~~~~
/Users/admin/builder/spi-builder-workspace/Sources/InfluTo/InfluTo.swift:550:64: note: sending 'self'-isolated 'storage' to nonisolated local function 'handle' risks causing data races between nonisolated and local actor-isolated uses
for await v in Transaction.currentEntitlements { await handle(v) }
^
/Users/admin/builder/spi-builder-workspace/Sources/InfluTo/InfluTo.swift:550:64: note: access can happen concurrently
for await v in Transaction.currentEntitlements { await handle(v) }
^~~~~~~~~
/Users/admin/builder/spi-builder-workspace/Sources/InfluTo/InfluTo.swift:550:64: warning: sending 'sent' risks causing data races; this is an error in the Swift 6 language mode
for await v in Transaction.currentEntitlements { await handle(v) }
^~~~~~~~~
/Users/admin/builder/spi-builder-workspace/Sources/InfluTo/InfluTo.swift:550:64: note: sending 'sent' to nonisolated local function 'handle' risks causing data races between nonisolated and local actor-isolated uses
for await v in Transaction.currentEntitlements { await handle(v) }
^
/Users/admin/builder/spi-builder-workspace/Sources/InfluTo/InfluTo.swift:550:64: note: access can happen concurrently
for await v in Transaction.currentEntitlements { await handle(v) }
^~~~~~~~~
/Users/admin/builder/spi-builder-workspace/Sources/InfluTo/InfluTo.swift:550:64: warning: sending 'failed' risks causing data races; this is an error in the Swift 6 language mode
for await v in Transaction.currentEntitlements { await handle(v) }
^~~~~~~~~
/Users/admin/builder/spi-builder-workspace/Sources/InfluTo/InfluTo.swift:550:64: note: sending 'failed' to nonisolated local function 'handle' risks causing data races between nonisolated and local actor-isolated uses
for await v in Transaction.currentEntitlements { await handle(v) }
^
/Users/admin/builder/spi-builder-workspace/Sources/InfluTo/InfluTo.swift:550:64: note: access can happen concurrently
for await v in Transaction.currentEntitlements { await handle(v) }
^~~~~~~~~
/Users/admin/builder/spi-builder-workspace/Sources/InfluTo/InfluTo.swift:551:55: warning: sending 'fetched' risks causing data races; this is an error in the Swift 6 language mode
for await v in Transaction.unfinished { await handle(v) }
^~~~~~~~~
/Users/admin/builder/spi-builder-workspace/Sources/InfluTo/InfluTo.swift:551:55: note: sending 'fetched' to nonisolated local function 'handle' risks causing data races between nonisolated and local actor-isolated uses
for await v in Transaction.unfinished { await handle(v) }
^
/Users/admin/builder/spi-builder-workspace/Sources/InfluTo/InfluTo.swift:551:55: note: access can happen concurrently
for await v in Transaction.unfinished { await handle(v) }
^~~~~~~~~
/Users/admin/builder/spi-builder-workspace/Sources/InfluTo/InfluTo.swift:551:55: warning: sending 'seen' risks causing data races; this is an error in the Swift 6 language mode
for await v in Transaction.unfinished { await handle(v) }
^~~~~~~~~
/Users/admin/builder/spi-builder-workspace/Sources/InfluTo/InfluTo.swift:551:55: note: sending 'seen' to nonisolated local function 'handle' risks causing data races between nonisolated and local actor-isolated uses
for await v in Transaction.unfinished { await handle(v) }
^
/Users/admin/builder/spi-builder-workspace/Sources/InfluTo/InfluTo.swift:551:55: note: access can happen concurrently
for await v in Transaction.unfinished { await handle(v) }
^~~~~~~~~
/Users/admin/builder/spi-builder-workspace/Sources/InfluTo/InfluTo.swift:551:55: warning: sending 'storage' risks causing data races; this is an error in the Swift 6 language mode
for await v in Transaction.unfinished { await handle(v) }
^~~~~~~~~
/Users/admin/builder/spi-builder-workspace/Sources/InfluTo/InfluTo.swift:551:55: note: sending 'self'-isolated 'storage' to nonisolated local function 'handle' risks causing data races between nonisolated and local actor-isolated uses
for await v in Transaction.unfinished { await handle(v) }
^
/Users/admin/builder/spi-builder-workspace/Sources/InfluTo/InfluTo.swift:551:55: note: access can happen concurrently
for await v in Transaction.unfinished { await handle(v) }
^~~~~~~~~
/Users/admin/builder/spi-builder-workspace/Sources/InfluTo/InfluTo.swift:551:55: warning: sending 'sent' risks causing data races; this is an error in the Swift 6 language mode
for await v in Transaction.unfinished { await handle(v) }
^~~~~~~~~
/Users/admin/builder/spi-builder-workspace/Sources/InfluTo/InfluTo.swift:551:55: note: sending 'sent' to nonisolated local function 'handle' risks causing data races between nonisolated and local actor-isolated uses
for await v in Transaction.unfinished { await handle(v) }
^
/Users/admin/builder/spi-builder-workspace/Sources/InfluTo/InfluTo.swift:551:55: note: access can happen concurrently
for await v in Transaction.unfinished { await handle(v) }
^~~~~~~~~
/Users/admin/builder/spi-builder-workspace/Sources/InfluTo/InfluTo.swift:551:55: warning: sending 'failed' risks causing data races; this is an error in the Swift 6 language mode
for await v in Transaction.unfinished { await handle(v) }
^~~~~~~~~
/Users/admin/builder/spi-builder-workspace/Sources/InfluTo/InfluTo.swift:551:55: note: sending 'failed' to nonisolated local function 'handle' risks causing data races between nonisolated and local actor-isolated uses
for await v in Transaction.unfinished { await handle(v) }
^
/Users/admin/builder/spi-builder-workspace/Sources/InfluTo/InfluTo.swift:551:55: note: access can happen concurrently
for await v in Transaction.unfinished { await handle(v) }
^~~~~~~~~
SwiftCompile normal arm64 Compiling\ DeviceInfo.swift /Users/admin/builder/spi-builder-workspace/Sources/InfluTo/DeviceInfo.swift (in target 'InfluTo' from project 'InfluTo')
SwiftCompile normal arm64 /Users/admin/builder/spi-builder-workspace/Sources/InfluTo/DeviceInfo.swift (in target 'InfluTo' from project 'InfluTo')
cd /Users/admin/builder/spi-builder-workspace/.swiftpm/xcode
/Users/admin/builder/spi-builder-workspace/Sources/InfluTo/DeviceInfo.swift:14:30: error: cannot find 'UIDevice' in scope
body["os_version"] = UIDevice.current.systemVersion
^~~~~~~~
/Users/admin/builder/spi-builder-workspace/Sources/InfluTo/DeviceInfo.swift:15:32: error: cannot find 'UIDevice' in scope
body["device_model"] = UIDevice.current.model
^~~~~~~~
/Users/admin/builder/spi-builder-workspace/Sources/InfluTo/DeviceInfo.swift:16:23: error: cannot find 'UIDevice' in scope
if let idfv = UIDevice.current.identifierForVendor?.uuidString {
^~~~~~~~
/Users/admin/builder/spi-builder-workspace/Sources/InfluTo/DeviceInfo.swift:19:17: error: cannot find 'UIScreen' in scope
let b = UIScreen.main.nativeBounds
^~~~~~~~
Failed frontend command:
/Applications/Xcode-16.3.0.app/Contents/Developer/Toolchains/XcodeDefault.xctoolchain/usr/bin/swift-frontend -frontend -c /Users/admin/builder/spi-builder-workspace/.derivedData/Build/Intermediates.noindex/InfluTo.build/Debug-watchos/InfluTo.build/DerivedSources/resource_bundle_accessor.swift /Users/admin/builder/spi-builder-workspace/Sources/InfluTo/APIClient.swift -primary-file /Users/admin/builder/spi-builder-workspace/Sources/InfluTo/DeviceInfo.swift /Users/admin/builder/spi-builder-workspace/Sources/InfluTo/InfluTo.swift /Users/admin/builder/spi-builder-workspace/Sources/InfluTo/InfluToConfig.swift /Users/admin/builder/spi-builder-workspace/Sources/InfluTo/InfluToError.swift /Users/admin/builder/spi-builder-workspace/Sources/InfluTo/Models.swift /Users/admin/builder/spi-builder-workspace/Sources/InfluTo/Purchase.swift /Users/admin/builder/spi-builder-workspace/Sources/InfluTo/ReferralCodeInput.swift /Users/admin/builder/spi-builder-workspace/Sources/InfluTo/Storage.swift -emit-dependencies-path /Users/admin/builder/spi-builder-workspace/.derivedData/Build/Intermediates.noindex/InfluTo.build/Debug-watchos/InfluTo.build/Objects-normal/arm64/DeviceInfo.d -emit-const-values-path /Users/admin/builder/spi-builder-workspace/.derivedData/Build/Intermediates.noindex/InfluTo.build/Debug-watchos/InfluTo.build/Objects-normal/arm64/DeviceInfo.swiftconstvalues -emit-reference-dependencies-path /Users/admin/builder/spi-builder-workspace/.derivedData/Build/Intermediates.noindex/InfluTo.build/Debug-watchos/InfluTo.build/Objects-normal/arm64/DeviceInfo.swiftdeps -serialize-diagnostics-path /Users/admin/builder/spi-builder-workspace/.derivedData/Build/Intermediates.noindex/InfluTo.build/Debug-watchos/InfluTo.build/Objects-normal/arm64/DeviceInfo.dia -target arm64-apple-watchos9.0 -Xllvm -aarch64-use-tbi -enable-objc-interop -stack-check -sdk /Applications/Xcode-16.3.0.app/Contents/Developer/Platforms/WatchOS.platform/Developer/SDKs/WatchOS11.4.sdk -I /Users/admin/builder/spi-builder-workspace/.derivedData/Build/Products/Debug-watchos -I /Applications/Xcode-16.3.0.app/Contents/Developer/Platforms/WatchOS.platform/Developer/usr/lib -F /Users/admin/builder/spi-builder-workspace/.derivedData/Build/Products/Debug-watchos -F /Applications/Xcode-16.3.0.app/Contents/Developer/Platforms/WatchOS.platform/Developer/Library/Frameworks -F /Applications/Xcode-16.3.0.app/Contents/Developer/Platforms/WatchOS.platform/Developer/SDKs/WatchOS11.4.sdk/Developer/Library/Frameworks -no-color-diagnostics -enable-testing -g -debug-info-format\=dwarf -dwarf-version\=4 -module-cache-path /Users/admin/builder/spi-builder-workspace/.derivedData/ModuleCache.noindex -profile-generate -profile-coverage-mapping -swift-version 5 -enforce-exclusivity\=checked -stats-output-dir /Users/admin/builder/spi-builder-workspace/.swiftpm/xcode/.stats -Onone -D SWIFT_PACKAGE -D DEBUG -serialize-debugging-options -const-gather-protocols-file /Users/admin/builder/spi-builder-workspace/.derivedData/Build/Intermediates.noindex/InfluTo.build/Debug-watchos/InfluTo.build/Objects-normal/arm64/InfluTo_const_extract_protocols.json -enable-upcoming-feature StrictConcurrency -enable-upcoming-feature DisableOutwardActorInference -enable-upcoming-feature GlobalActorIsolatedTypesUsability -enable-upcoming-feature InferSendableFromCaptures -enable-experimental-feature DebugDescriptionMacro -strict-concurrency\=complete -empty-abi-descriptor -plugin-path /Applications/Xcode-16.3.0.app/Contents/Developer/Toolchains/XcodeDefault.xctoolchain/usr/lib/swift/host/plugins/testing -validate-clang-modules-once -clang-build-session-file /Users/admin/builder/spi-builder-workspace/.derivedData/ModuleCache.noindex/Session.modulevalidation -Xcc -working-directory -Xcc /Users/admin/builder/spi-builder-workspace/.swiftpm/xcode -resource-dir /Applications/Xcode-16.3.0.app/Contents/Developer/Toolchains/XcodeDefault.xctoolchain/usr/lib/swift -enable-anonymous-context-mangled-names -file-compilation-dir /Users/admin/builder/spi-builder-workspace/.swiftpm/xcode -Xcc -ivfsstatcache -Xcc /Users/admin/builder/spi-builder-workspace/.derivedData/SDKStatCaches.noindex/watchos11.4-22T246-43efb940ff07ba2497b70ec94253f576.sdkstatcache -Xcc -I/Users/admin/builder/spi-builder-workspace/.derivedData/Build/Intermediates.noindex/InfluTo.build/Debug-watchos/InfluTo.build/swift-overrides.hmap -Xcc -I/Users/admin/builder/spi-builder-workspace/.derivedData/Build/Products/Debug-watchos/include -Xcc -I/Users/admin/builder/spi-builder-workspace/.derivedData/Build/Intermediates.noindex/InfluTo.build/Debug-watchos/InfluTo.build/DerivedSources-normal/arm64 -Xcc -I/Users/admin/builder/spi-builder-workspace/.derivedData/Build/Intermediates.noindex/InfluTo.build/Debug-watchos/InfluTo.build/DerivedSources/arm64 -Xcc -I/Users/admin/builder/spi-builder-workspace/.derivedData/Build/Intermediates.noindex/InfluTo.build/Debug-watchos/InfluTo.build/DerivedSources -Xcc -DSWIFT_PACKAGE -Xcc -DDEBUG\=1 -module-name InfluTo -package-name spi_builder_workspace -frontend-parseable-output -disable-clang-spi -target-sdk-version 11.4 -target-sdk-name watchos11.4 -external-plugin-path /Applications/Xcode-16.3.0.app/Contents/Developer/Platforms/WatchOS.platform/Developer/usr/lib/swift/host/plugins\#/Applications/Xcode-16.3.0.app/Contents/Developer/Platforms/WatchOS.platform/Developer/usr/bin/swift-plugin-server -external-plugin-path /Applications/Xcode-16.3.0.app/Contents/Developer/Platforms/WatchOS.platform/Developer/usr/local/lib/swift/host/plugins\#/Applications/Xcode-16.3.0.app/Contents/Developer/Platforms/WatchOS.platform/Developer/usr/bin/swift-plugin-server -in-process-plugin-server-path /Applications/Xcode-16.3.0.app/Contents/Developer/Toolchains/XcodeDefault.xctoolchain/usr/lib/swift/host/libSwiftInProcPluginServer.dylib -plugin-path /Applications/Xcode-16.3.0.app/Contents/Developer/Toolchains/XcodeDefault.xctoolchain/usr/lib/swift/host/plugins -plugin-path /Applications/Xcode-16.3.0.app/Contents/Developer/Toolchains/XcodeDefault.xctoolchain/usr/local/lib/swift/host/plugins -o /Users/admin/builder/spi-builder-workspace/.derivedData/Build/Intermediates.noindex/InfluTo.build/Debug-watchos/InfluTo.build/Objects-normal/arm64/DeviceInfo.o -index-unit-output-path /InfluTo.build/Debug-watchos/InfluTo.build/Objects-normal/arm64/DeviceInfo.o -index-store-path /Users/admin/builder/spi-builder-workspace/.derivedData/Index.noindex/DataStore -index-system-modules
SwiftCompile normal arm64 Compiling\ resource_bundle_accessor.swift /Users/admin/builder/spi-builder-workspace/.derivedData/Build/Intermediates.noindex/InfluTo.build/Debug-watchos/InfluTo.build/DerivedSources/resource_bundle_accessor.swift (in target 'InfluTo' from project 'InfluTo')
SwiftCompile normal arm64 /Users/admin/builder/spi-builder-workspace/.derivedData/Build/Intermediates.noindex/InfluTo.build/Debug-watchos/InfluTo.build/DerivedSources/resource_bundle_accessor.swift (in target 'InfluTo' from project 'InfluTo')
cd /Users/admin/builder/spi-builder-workspace/.swiftpm/xcode
SwiftCompile normal arm64 Compiling\ Models.swift /Users/admin/builder/spi-builder-workspace/Sources/InfluTo/Models.swift (in target 'InfluTo' from project 'InfluTo')
SwiftCompile normal arm64 /Users/admin/builder/spi-builder-workspace/Sources/InfluTo/Models.swift (in target 'InfluTo' from project 'InfluTo')
cd /Users/admin/builder/spi-builder-workspace/.swiftpm/xcode
SwiftCompile normal arm64 Compiling\ Purchase.swift /Users/admin/builder/spi-builder-workspace/Sources/InfluTo/Purchase.swift (in target 'InfluTo' from project 'InfluTo')
SwiftCompile normal arm64 /Users/admin/builder/spi-builder-workspace/Sources/InfluTo/Purchase.swift (in target 'InfluTo' from project 'InfluTo')
cd /Users/admin/builder/spi-builder-workspace/.swiftpm/xcode
SwiftCompile normal arm64 Compiling\ ReferralCodeInput.swift /Users/admin/builder/spi-builder-workspace/Sources/InfluTo/ReferralCodeInput.swift (in target 'InfluTo' from project 'InfluTo')
SwiftCompile normal arm64 /Users/admin/builder/spi-builder-workspace/Sources/InfluTo/ReferralCodeInput.swift (in target 'InfluTo' from project 'InfluTo')
cd /Users/admin/builder/spi-builder-workspace/.swiftpm/xcode
SwiftCompile normal arm64 Compiling\ InfluToError.swift /Users/admin/builder/spi-builder-workspace/Sources/InfluTo/InfluToError.swift (in target 'InfluTo' from project 'InfluTo')
SwiftCompile normal arm64 /Users/admin/builder/spi-builder-workspace/Sources/InfluTo/InfluToError.swift (in target 'InfluTo' from project 'InfluTo')
cd /Users/admin/builder/spi-builder-workspace/.swiftpm/xcode
SwiftCompile normal arm64 Compiling\ Storage.swift /Users/admin/builder/spi-builder-workspace/Sources/InfluTo/Storage.swift (in target 'InfluTo' from project 'InfluTo')
SwiftCompile normal arm64 /Users/admin/builder/spi-builder-workspace/Sources/InfluTo/Storage.swift (in target 'InfluTo' from project 'InfluTo')
cd /Users/admin/builder/spi-builder-workspace/.swiftpm/xcode
SwiftEmitModule normal arm64 Emitting\ module\ for\ InfluTo (in target 'InfluTo' from project 'InfluTo')
EmitSwiftModule normal arm64 (in target 'InfluTo' from project 'InfluTo')
cd /Users/admin/builder/spi-builder-workspace/.swiftpm/xcode
SwiftDriverJobDiscovery normal arm64 Compiling InfluToConfig.swift (in target 'InfluTo' from project 'InfluTo')
SwiftEmitModule normal arm64_32 Emitting\ module\ for\ InfluTo (in target 'InfluTo' from project 'InfluTo')
EmitSwiftModule normal arm64_32 (in target 'InfluTo' from project 'InfluTo')
cd /Users/admin/builder/spi-builder-workspace/.swiftpm/xcode
SwiftDriverJobDiscovery normal arm64 Compiling resource_bundle_accessor.swift (in target 'InfluTo' from project 'InfluTo')
SwiftCompile normal arm64_32 Compiling\ APIClient.swift /Users/admin/builder/spi-builder-workspace/Sources/InfluTo/APIClient.swift (in target 'InfluTo' from project 'InfluTo')
SwiftCompile normal arm64_32 /Users/admin/builder/spi-builder-workspace/Sources/InfluTo/APIClient.swift (in target 'InfluTo' from project 'InfluTo')
cd /Users/admin/builder/spi-builder-workspace/.swiftpm/xcode
SwiftCompile normal arm64_32 Compiling\ InfluToError.swift /Users/admin/builder/spi-builder-workspace/Sources/InfluTo/InfluToError.swift (in target 'InfluTo' from project 'InfluTo')
SwiftCompile normal arm64_32 /Users/admin/builder/spi-builder-workspace/Sources/InfluTo/InfluToError.swift (in target 'InfluTo' from project 'InfluTo')
cd /Users/admin/builder/spi-builder-workspace/.swiftpm/xcode
SwiftDriverJobDiscovery normal arm64 Compiling APIClient.swift (in target 'InfluTo' from project 'InfluTo')
SwiftDriverJobDiscovery normal arm64 Compiling Storage.swift (in target 'InfluTo' from project 'InfluTo')
SwiftCompile normal arm64_32 Compiling\ Storage.swift /Users/admin/builder/spi-builder-workspace/Sources/InfluTo/Storage.swift (in target 'InfluTo' from project 'InfluTo')
SwiftCompile normal arm64_32 /Users/admin/builder/spi-builder-workspace/Sources/InfluTo/Storage.swift (in target 'InfluTo' from project 'InfluTo')
cd /Users/admin/builder/spi-builder-workspace/.swiftpm/xcode
SwiftDriverJobDiscovery normal arm64 Compiling InfluToError.swift (in target 'InfluTo' from project 'InfluTo')
SwiftCompile normal arm64_32 Compiling\ Purchase.swift /Users/admin/builder/spi-builder-workspace/Sources/InfluTo/Purchase.swift (in target 'InfluTo' from project 'InfluTo')
SwiftCompile normal arm64_32 /Users/admin/builder/spi-builder-workspace/Sources/InfluTo/Purchase.swift (in target 'InfluTo' from project 'InfluTo')
cd /Users/admin/builder/spi-builder-workspace/.swiftpm/xcode
SwiftDriverJobDiscovery normal arm64 Compiling Models.swift (in target 'InfluTo' from project 'InfluTo')
SwiftCompile normal arm64_32 Compiling\ DeviceInfo.swift /Users/admin/builder/spi-builder-workspace/Sources/InfluTo/DeviceInfo.swift (in target 'InfluTo' from project 'InfluTo')
SwiftDriverJobDiscovery normal arm64 Compiling InfluTo.swift (in target 'InfluTo' from project 'InfluTo')
SwiftCompile normal arm64_32 Compiling\ ReferralCodeInput.swift /Users/admin/builder/spi-builder-workspace/Sources/InfluTo/ReferralCodeInput.swift (in target 'InfluTo' from project 'InfluTo')
SwiftCompile normal arm64_32 Compiling\ resource_bundle_accessor.swift /Users/admin/builder/spi-builder-workspace/.derivedData/Build/Intermediates.noindex/InfluTo.build/Debug-watchos/InfluTo.build/DerivedSources/resource_bundle_accessor.swift (in target 'InfluTo' from project 'InfluTo')
Command SwiftCompile failed with a nonzero exit code
SwiftDriverJobDiscovery normal arm64 Compiling Purchase.swift (in target 'InfluTo' from project 'InfluTo')
** BUILD FAILED **
The following build commands failed:
SwiftCompile normal arm64 /Users/admin/builder/spi-builder-workspace/Sources/InfluTo/DeviceInfo.swift (in target 'InfluTo' from project 'InfluTo')
SwiftCompile normal arm64 Compiling\ DeviceInfo.swift /Users/admin/builder/spi-builder-workspace/Sources/InfluTo/DeviceInfo.swift (in target 'InfluTo' from project 'InfluTo')
SwiftCompile normal arm64_32 Compiling\ resource_bundle_accessor.swift /Users/admin/builder/spi-builder-workspace/.derivedData/Build/Intermediates.noindex/InfluTo.build/Debug-watchos/InfluTo.build/DerivedSources/resource_bundle_accessor.swift (in target 'InfluTo' from project 'InfluTo')
Building workspace spi-builder-workspace with scheme InfluTo
(4 failures)
Command line invocation:
/Applications/Xcode-16.3.0.app/Contents/Developer/usr/bin/xcodebuild -IDEClonedSourcePackagesDirPathOverride=/Users/admin/builder/spi-builder-workspace/.dependencies -resolvePackageDependencies
Resolve Package Graph
Resolved source packages:
InfluTo: /Users/admin/builder/spi-builder-workspace
resolved source packages: InfluTo
{
"dependencies" : [
],
"manifest_display_name" : "InfluTo",
"name" : "InfluTo",
"path" : "/Users/admin/builder/spi-builder-workspace",
"platforms" : [
{
"name" : "ios",
"version" : "16.0"
},
{
"name" : "macos",
"version" : "13.0"
},
{
"name" : "tvos",
"version" : "16.0"
},
{
"name" : "watchos",
"version" : "9.0"
}
],
"products" : [
{
"name" : "InfluTo",
"targets" : [
"InfluTo"
],
"type" : {
"library" : [
"automatic"
]
}
}
],
"targets" : [
{
"c99name" : "InfluToTests",
"module_type" : "SwiftTarget",
"name" : "InfluToTests",
"path" : "Tests/InfluToTests",
"sources" : [
"InfluToTests.swift"
],
"target_dependencies" : [
"InfluTo"
],
"type" : "test"
},
{
"c99name" : "InfluTo",
"module_type" : "SwiftTarget",
"name" : "InfluTo",
"path" : "Sources/InfluTo",
"product_memberships" : [
"InfluTo"
],
"resources" : [
{
"path" : "/Users/admin/builder/spi-builder-workspace/Sources/InfluTo/PrivacyInfo.xcprivacy",
"rule" : {
"copy" : {
}
}
}
],
"sources" : [
"APIClient.swift",
"DeviceInfo.swift",
"InfluTo.swift",
"InfluToConfig.swift",
"InfluToError.swift",
"Models.swift",
"Purchase.swift",
"ReferralCodeInput.swift",
"Storage.swift"
],
"type" : "library"
}
],
"tools_version" : "5.9"
}
{
"workspace" : {
"name" : "spi-builder-workspace",
"schemes" : [
"InfluTo"
]
}
}
Running build ...
env DEVELOPER_DIR=/Applications/Xcode-16.3.0.app xcrun xcodebuild -IDEClonedSourcePackagesDirPathOverride=$PWD/.dependencies -skipMacroValidation -skipPackagePluginValidation -derivedDataPath $PWD/.derivedData build -scheme InfluTo -destination generic/platform=watchOS
Command line invocation:
/Applications/Xcode-16.3.0.app/Contents/Developer/usr/bin/xcodebuild -IDEClonedSourcePackagesDirPathOverride=/Users/admin/builder/spi-builder-workspace/.dependencies -skipMacroValidation -skipPackagePluginValidation -derivedDataPath /Users/admin/builder/spi-builder-workspace/.derivedData build -scheme InfluTo -destination generic/platform=watchOS
Resolve Package Graph
Resolved source packages:
InfluTo: /Users/admin/builder/spi-builder-workspace
ComputePackagePrebuildTargetDependencyGraph
Prepare packages
CreateBuildRequest
SendProjectDescription
CreateBuildOperation
ComputeTargetDependencyGraph
note: Building targets in dependency order
note: Target dependency graph (3 targets)
Target 'InfluTo' in project 'InfluTo'
➜ Explicit dependency on target 'InfluTo' in project 'InfluTo'
➜ Explicit dependency on target 'InfluTo_InfluTo' in project 'InfluTo'
Target 'InfluTo' in project 'InfluTo'
➜ Explicit dependency on target 'InfluTo_InfluTo' in project 'InfluTo'
Target 'InfluTo_InfluTo' in project 'InfluTo' (no dependencies)
GatherProvisioningInputs
CreateBuildDescription
ExecuteExternalTool /Applications/Xcode-16.3.0.app/Contents/Developer/Toolchains/XcodeDefault.xctoolchain/usr/bin/clang -v -E -dM -isysroot /Applications/Xcode-16.3.0.app/Contents/Developer/Platforms/WatchOS.platform/Developer/SDKs/WatchOS11.4.sdk -x c -c /dev/null
ExecuteExternalTool /Applications/Xcode-16.3.0.app/Contents/Developer/Toolchains/XcodeDefault.xctoolchain/usr/bin/swiftc --version
ExecuteExternalTool /Applications/Xcode-16.3.0.app/Contents/Developer/Toolchains/XcodeDefault.xctoolchain/usr/bin/ld -version_details
Build description signature: 9e8403d4501333ad10512b3771d1a862
Build description path: /Users/admin/builder/spi-builder-workspace/.derivedData/Build/Intermediates.noindex/XCBuildData/9e8403d4501333ad10512b3771d1a862.xcbuilddata
ClangStatCache /Applications/Xcode-16.3.0.app/Contents/Developer/Toolchains/XcodeDefault.xctoolchain/usr/bin/clang-stat-cache /Applications/Xcode-16.3.0.app/Contents/Developer/Platforms/WatchOS.platform/Developer/SDKs/WatchOS11.4.sdk /Users/admin/builder/spi-builder-workspace/.derivedData/SDKStatCaches.noindex/watchos11.4-22T246-43efb940ff07ba2497b70ec94253f576.sdkstatcache
cd /Users/admin/builder/spi-builder-workspace/.swiftpm/xcode
/Applications/Xcode-16.3.0.app/Contents/Developer/Toolchains/XcodeDefault.xctoolchain/usr/bin/clang-stat-cache /Applications/Xcode-16.3.0.app/Contents/Developer/Platforms/WatchOS.platform/Developer/SDKs/WatchOS11.4.sdk -o /Users/admin/builder/spi-builder-workspace/.derivedData/SDKStatCaches.noindex/watchos11.4-22T246-43efb940ff07ba2497b70ec94253f576.sdkstatcache
ProcessInfoPlistFile /Users/admin/builder/spi-builder-workspace/.derivedData/Build/Products/Debug-watchos/InfluTo_InfluTo.bundle/Info.plist /Users/admin/builder/spi-builder-workspace/.derivedData/Build/Intermediates.noindex/InfluTo.build/Debug-watchos/InfluTo_InfluTo.build/empty-InfluTo_InfluTo.plist (in target 'InfluTo_InfluTo' from project 'InfluTo')
cd /Users/admin/builder/spi-builder-workspace
builtin-infoPlistUtility /Users/admin/builder/spi-builder-workspace/.derivedData/Build/Intermediates.noindex/InfluTo.build/Debug-watchos/InfluTo_InfluTo.build/empty-InfluTo_InfluTo.plist -producttype com.apple.product-type.bundle -expandbuildsettings -format binary -platform watchos -o /Users/admin/builder/spi-builder-workspace/.derivedData/Build/Products/Debug-watchos/InfluTo_InfluTo.bundle/Info.plist
SwiftDriver InfluTo normal arm64_32 com.apple.xcode.tools.swift.compiler (in target 'InfluTo' from project 'InfluTo')
cd /Users/admin/builder/spi-builder-workspace/.swiftpm/xcode
builtin-SwiftDriver -- /Applications/Xcode-16.3.0.app/Contents/Developer/Toolchains/XcodeDefault.xctoolchain/usr/bin/swiftc -module-name InfluTo -Onone -enforce-exclusivity\=checked @/Users/admin/builder/spi-builder-workspace/.derivedData/Build/Intermediates.noindex/InfluTo.build/Debug-watchos/InfluTo.build/Objects-normal/arm64_32/InfluTo.SwiftFileList -DSWIFT_PACKAGE -DDEBUG -DXcode -plugin-path /Applications/Xcode-16.3.0.app/Contents/Developer/Toolchains/XcodeDefault.xctoolchain/usr/lib/swift/host/plugins/testing -enable-experimental-feature DebugDescriptionMacro -sdk /Applications/Xcode-16.3.0.app/Contents/Developer/Platforms/WatchOS.platform/Developer/SDKs/WatchOS11.4.sdk -target arm64_32-apple-watchos9.0 -g -module-cache-path /Users/admin/builder/spi-builder-workspace/.derivedData/ModuleCache.noindex -Xfrontend -serialize-debugging-options -profile-coverage-mapping -profile-generate -enable-testing -index-store-path /Users/admin/builder/spi-builder-workspace/.derivedData/Index.noindex/DataStore -swift-version 5 -I /Users/admin/builder/spi-builder-workspace/.derivedData/Build/Products/Debug-watchos -I /Applications/Xcode-16.3.0.app/Contents/Developer/Platforms/WatchOS.platform/Developer/usr/lib -F /Users/admin/builder/spi-builder-workspace/.derivedData/Build/Products/Debug-watchos -F /Applications/Xcode-16.3.0.app/Contents/Developer/Platforms/WatchOS.platform/Developer/Library/Frameworks -F /Applications/Xcode-16.3.0.app/Contents/Developer/Platforms/WatchOS.platform/Developer/SDKs/WatchOS11.4.sdk/Developer/Library/Frameworks -c -j10 -enable-batch-mode -incremental -Xcc -ivfsstatcache -Xcc /Users/admin/builder/spi-builder-workspace/.derivedData/SDKStatCaches.noindex/watchos11.4-22T246-43efb940ff07ba2497b70ec94253f576.sdkstatcache -output-file-map /Users/admin/builder/spi-builder-workspace/.derivedData/Build/Intermediates.noindex/InfluTo.build/Debug-watchos/InfluTo.build/Objects-normal/arm64_32/InfluTo-OutputFileMap.json -use-frontend-parseable-output -save-temps -no-color-diagnostics -serialize-diagnostics -emit-dependencies -emit-module -emit-module-path /Users/admin/builder/spi-builder-workspace/.derivedData/Build/Intermediates.noindex/InfluTo.build/Debug-watchos/InfluTo.build/Objects-normal/arm64_32/InfluTo.swiftmodule -validate-clang-modules-once -clang-build-session-file /Users/admin/builder/spi-builder-workspace/.derivedData/ModuleCache.noindex/Session.modulevalidation -package-name spi_builder_workspace -Xcc -I/Users/admin/builder/spi-builder-workspace/.derivedData/Build/Intermediates.noindex/InfluTo.build/Debug-watchos/InfluTo.build/swift-overrides.hmap -emit-const-values -Xfrontend -const-gather-protocols-file -Xfrontend /Users/admin/builder/spi-builder-workspace/.derivedData/Build/Intermediates.noindex/InfluTo.build/Debug-watchos/InfluTo.build/Objects-normal/arm64_32/InfluTo_const_extract_protocols.json -Xcc -I/Users/admin/builder/spi-builder-workspace/.derivedData/Build/Products/Debug-watchos/include -Xcc -I/Users/admin/builder/spi-builder-workspace/.derivedData/Build/Intermediates.noindex/InfluTo.build/Debug-watchos/InfluTo.build/DerivedSources-normal/arm64_32 -Xcc -I/Users/admin/builder/spi-builder-workspace/.derivedData/Build/Intermediates.noindex/InfluTo.build/Debug-watchos/InfluTo.build/DerivedSources/arm64_32 -Xcc -I/Users/admin/builder/spi-builder-workspace/.derivedData/Build/Intermediates.noindex/InfluTo.build/Debug-watchos/InfluTo.build/DerivedSources -Xcc -DSWIFT_PACKAGE -Xcc -DDEBUG\=1 -emit-objc-header -emit-objc-header-path /Users/admin/builder/spi-builder-workspace/.derivedData/Build/Intermediates.noindex/InfluTo.build/Debug-watchos/InfluTo.build/Objects-normal/arm64_32/InfluTo-Swift.h -working-directory /Users/admin/builder/spi-builder-workspace/.swiftpm/xcode -experimental-emit-module-separately -disable-cmo
SwiftDriver InfluTo normal arm64 com.apple.xcode.tools.swift.compiler (in target 'InfluTo' from project 'InfluTo')
cd /Users/admin/builder/spi-builder-workspace/.swiftpm/xcode
builtin-SwiftDriver -- /Applications/Xcode-16.3.0.app/Contents/Developer/Toolchains/XcodeDefault.xctoolchain/usr/bin/swiftc -module-name InfluTo -Onone -enforce-exclusivity\=checked @/Users/admin/builder/spi-builder-workspace/.derivedData/Build/Intermediates.noindex/InfluTo.build/Debug-watchos/InfluTo.build/Objects-normal/arm64/InfluTo.SwiftFileList -DSWIFT_PACKAGE -DDEBUG -DXcode -plugin-path /Applications/Xcode-16.3.0.app/Contents/Developer/Toolchains/XcodeDefault.xctoolchain/usr/lib/swift/host/plugins/testing -enable-experimental-feature DebugDescriptionMacro -sdk /Applications/Xcode-16.3.0.app/Contents/Developer/Platforms/WatchOS.platform/Developer/SDKs/WatchOS11.4.sdk -target arm64-apple-watchos9.0 -g -module-cache-path /Users/admin/builder/spi-builder-workspace/.derivedData/ModuleCache.noindex -Xfrontend -serialize-debugging-options -profile-coverage-mapping -profile-generate -enable-testing -index-store-path /Users/admin/builder/spi-builder-workspace/.derivedData/Index.noindex/DataStore -swift-version 5 -I /Users/admin/builder/spi-builder-workspace/.derivedData/Build/Products/Debug-watchos -I /Applications/Xcode-16.3.0.app/Contents/Developer/Platforms/WatchOS.platform/Developer/usr/lib -F /Users/admin/builder/spi-builder-workspace/.derivedData/Build/Products/Debug-watchos -F /Applications/Xcode-16.3.0.app/Contents/Developer/Platforms/WatchOS.platform/Developer/Library/Frameworks -F /Applications/Xcode-16.3.0.app/Contents/Developer/Platforms/WatchOS.platform/Developer/SDKs/WatchOS11.4.sdk/Developer/Library/Frameworks -c -j10 -enable-batch-mode -incremental -Xcc -ivfsstatcache -Xcc /Users/admin/builder/spi-builder-workspace/.derivedData/SDKStatCaches.noindex/watchos11.4-22T246-43efb940ff07ba2497b70ec94253f576.sdkstatcache -output-file-map /Users/admin/builder/spi-builder-workspace/.derivedData/Build/Intermediates.noindex/InfluTo.build/Debug-watchos/InfluTo.build/Objects-normal/arm64/InfluTo-OutputFileMap.json -use-frontend-parseable-output -save-temps -no-color-diagnostics -serialize-diagnostics -emit-dependencies -emit-module -emit-module-path /Users/admin/builder/spi-builder-workspace/.derivedData/Build/Intermediates.noindex/InfluTo.build/Debug-watchos/InfluTo.build/Objects-normal/arm64/InfluTo.swiftmodule -validate-clang-modules-once -clang-build-session-file /Users/admin/builder/spi-builder-workspace/.derivedData/ModuleCache.noindex/Session.modulevalidation -package-name spi_builder_workspace -Xcc -I/Users/admin/builder/spi-builder-workspace/.derivedData/Build/Intermediates.noindex/InfluTo.build/Debug-watchos/InfluTo.build/swift-overrides.hmap -emit-const-values -Xfrontend -const-gather-protocols-file -Xfrontend /Users/admin/builder/spi-builder-workspace/.derivedData/Build/Intermediates.noindex/InfluTo.build/Debug-watchos/InfluTo.build/Objects-normal/arm64/InfluTo_const_extract_protocols.json -Xcc -I/Users/admin/builder/spi-builder-workspace/.derivedData/Build/Products/Debug-watchos/include -Xcc -I/Users/admin/builder/spi-builder-workspace/.derivedData/Build/Intermediates.noindex/InfluTo.build/Debug-watchos/InfluTo.build/DerivedSources-normal/arm64 -Xcc -I/Users/admin/builder/spi-builder-workspace/.derivedData/Build/Intermediates.noindex/InfluTo.build/Debug-watchos/InfluTo.build/DerivedSources/arm64 -Xcc -I/Users/admin/builder/spi-builder-workspace/.derivedData/Build/Intermediates.noindex/InfluTo.build/Debug-watchos/InfluTo.build/DerivedSources -Xcc -DSWIFT_PACKAGE -Xcc -DDEBUG\=1 -emit-objc-header -emit-objc-header-path /Users/admin/builder/spi-builder-workspace/.derivedData/Build/Intermediates.noindex/InfluTo.build/Debug-watchos/InfluTo.build/Objects-normal/arm64/InfluTo-Swift.h -working-directory /Users/admin/builder/spi-builder-workspace/.swiftpm/xcode -experimental-emit-module-separately -disable-cmo
SwiftEmitModule normal arm64_32 Emitting\ module\ for\ InfluTo (in target 'InfluTo' from project 'InfluTo')
EmitSwiftModule normal arm64_32 (in target 'InfluTo' from project 'InfluTo')
cd /Users/admin/builder/spi-builder-workspace/.swiftpm/xcode
SwiftCompile normal arm64_32 Compiling\ InfluToError.swift /Users/admin/builder/spi-builder-workspace/Sources/InfluTo/InfluToError.swift (in target 'InfluTo' from project 'InfluTo')
SwiftCompile normal arm64_32 /Users/admin/builder/spi-builder-workspace/Sources/InfluTo/InfluToError.swift (in target 'InfluTo' from project 'InfluTo')
cd /Users/admin/builder/spi-builder-workspace/.swiftpm/xcode
SwiftCompile normal arm64_32 Compiling\ Models.swift /Users/admin/builder/spi-builder-workspace/Sources/InfluTo/Models.swift (in target 'InfluTo' from project 'InfluTo')
SwiftCompile normal arm64_32 /Users/admin/builder/spi-builder-workspace/Sources/InfluTo/Models.swift (in target 'InfluTo' from project 'InfluTo')
cd /Users/admin/builder/spi-builder-workspace/.swiftpm/xcode
SwiftCompile normal arm64_32 Compiling\ resource_bundle_accessor.swift /Users/admin/builder/spi-builder-workspace/.derivedData/Build/Intermediates.noindex/InfluTo.build/Debug-watchos/InfluTo.build/DerivedSources/resource_bundle_accessor.swift (in target 'InfluTo' from project 'InfluTo')
SwiftCompile normal arm64_32 /Users/admin/builder/spi-builder-workspace/.derivedData/Build/Intermediates.noindex/InfluTo.build/Debug-watchos/InfluTo.build/DerivedSources/resource_bundle_accessor.swift (in target 'InfluTo' from project 'InfluTo')
cd /Users/admin/builder/spi-builder-workspace/.swiftpm/xcode
SwiftCompile normal arm64_32 Compiling\ InfluTo.swift /Users/admin/builder/spi-builder-workspace/Sources/InfluTo/InfluTo.swift (in target 'InfluTo' from project 'InfluTo')
SwiftCompile normal arm64_32 /Users/admin/builder/spi-builder-workspace/Sources/InfluTo/InfluTo.swift (in target 'InfluTo' from project 'InfluTo')
cd /Users/admin/builder/spi-builder-workspace/.swiftpm/xcode
SwiftCompile normal arm64_32 Compiling\ APIClient.swift /Users/admin/builder/spi-builder-workspace/Sources/InfluTo/APIClient.swift (in target 'InfluTo' from project 'InfluTo')
SwiftCompile normal arm64_32 /Users/admin/builder/spi-builder-workspace/Sources/InfluTo/APIClient.swift (in target 'InfluTo' from project 'InfluTo')
cd /Users/admin/builder/spi-builder-workspace/.swiftpm/xcode
SwiftCompile normal arm64_32 Compiling\ Storage.swift /Users/admin/builder/spi-builder-workspace/Sources/InfluTo/Storage.swift (in target 'InfluTo' from project 'InfluTo')
SwiftCompile normal arm64_32 /Users/admin/builder/spi-builder-workspace/Sources/InfluTo/Storage.swift (in target 'InfluTo' from project 'InfluTo')
cd /Users/admin/builder/spi-builder-workspace/.swiftpm/xcode
SwiftCompile normal arm64_32 Compiling\ ReferralCodeInput.swift /Users/admin/builder/spi-builder-workspace/Sources/InfluTo/ReferralCodeInput.swift (in target 'InfluTo' from project 'InfluTo')
SwiftCompile normal arm64_32 /Users/admin/builder/spi-builder-workspace/Sources/InfluTo/ReferralCodeInput.swift (in target 'InfluTo' from project 'InfluTo')
cd /Users/admin/builder/spi-builder-workspace/.swiftpm/xcode
SwiftCompile normal arm64_32 Compiling\ DeviceInfo.swift /Users/admin/builder/spi-builder-workspace/Sources/InfluTo/DeviceInfo.swift (in target 'InfluTo' from project 'InfluTo')
Failed frontend command:
/Applications/Xcode-16.3.0.app/Contents/Developer/Toolchains/XcodeDefault.xctoolchain/usr/bin/swift-frontend -frontend -c /Users/admin/builder/spi-builder-workspace/.derivedData/Build/Intermediates.noindex/InfluTo.build/Debug-watchos/InfluTo.build/DerivedSources/resource_bundle_accessor.swift /Users/admin/builder/spi-builder-workspace/Sources/InfluTo/APIClient.swift -primary-file /Users/admin/builder/spi-builder-workspace/Sources/InfluTo/DeviceInfo.swift /Users/admin/builder/spi-builder-workspace/Sources/InfluTo/InfluTo.swift /Users/admin/builder/spi-builder-workspace/Sources/InfluTo/InfluToConfig.swift /Users/admin/builder/spi-builder-workspace/Sources/InfluTo/InfluToError.swift /Users/admin/builder/spi-builder-workspace/Sources/InfluTo/Models.swift /Users/admin/builder/spi-builder-workspace/Sources/InfluTo/Purchase.swift /Users/admin/builder/spi-builder-workspace/Sources/InfluTo/ReferralCodeInput.swift /Users/admin/builder/spi-builder-workspace/Sources/InfluTo/Storage.swift -emit-dependencies-path /Users/admin/builder/spi-builder-workspace/.derivedData/Build/Intermediates.noindex/InfluTo.build/Debug-watchos/InfluTo.build/Objects-normal/arm64_32/DeviceInfo.d -emit-const-values-path /Users/admin/builder/spi-builder-workspace/.derivedData/Build/Intermediates.noindex/InfluTo.build/Debug-watchos/InfluTo.build/Objects-normal/arm64_32/DeviceInfo.swiftconstvalues -emit-reference-dependencies-path /Users/admin/builder/spi-builder-workspace/.derivedData/Build/Intermediates.noindex/InfluTo.build/Debug-watchos/InfluTo.build/Objects-normal/arm64_32/DeviceInfo.swiftdeps -serialize-diagnostics-path /Users/admin/builder/spi-builder-workspace/.derivedData/Build/Intermediates.noindex/InfluTo.build/Debug-watchos/InfluTo.build/Objects-normal/arm64_32/DeviceInfo.dia -target arm64_32-apple-watchos9.0 -enable-objc-interop -sdk /Applications/Xcode-16.3.0.app/Contents/Developer/Platforms/WatchOS.platform/Developer/SDKs/WatchOS11.4.sdk -I /Users/admin/builder/spi-builder-workspace/.derivedData/Build/Products/Debug-watchos -I /Applications/Xcode-16.3.0.app/Contents/Developer/Platforms/WatchOS.platform/Developer/usr/lib -F /Users/admin/builder/spi-builder-workspace/.derivedData/Build/Products/Debug-watchos -F /Applications/Xcode-16.3.0.app/Contents/Developer/Platforms/WatchOS.platform/Developer/Library/Frameworks -F /Applications/Xcode-16.3.0.app/Contents/Developer/Platforms/WatchOS.platform/Developer/SDKs/WatchOS11.4.sdk/Developer/Library/Frameworks -no-color-diagnostics -enable-testing -g -debug-info-format\=dwarf -dwarf-version\=4 -module-cache-path /Users/admin/builder/spi-builder-workspace/.derivedData/ModuleCache.noindex -profile-generate -profile-coverage-mapping -swift-version 5 -enforce-exclusivity\=checked -Onone -D SWIFT_PACKAGE -D DEBUG -D Xcode -serialize-debugging-options -const-gather-protocols-file /Users/admin/builder/spi-builder-workspace/.derivedData/Build/Intermediates.noindex/InfluTo.build/Debug-watchos/InfluTo.build/Objects-normal/arm64_32/InfluTo_const_extract_protocols.json -enable-experimental-feature DebugDescriptionMacro -empty-abi-descriptor -plugin-path /Applications/Xcode-16.3.0.app/Contents/Developer/Toolchains/XcodeDefault.xctoolchain/usr/lib/swift/host/plugins/testing -validate-clang-modules-once -clang-build-session-file /Users/admin/builder/spi-builder-workspace/.derivedData/ModuleCache.noindex/Session.modulevalidation -Xcc -working-directory -Xcc /Users/admin/builder/spi-builder-workspace/.swiftpm/xcode -resource-dir /Applications/Xcode-16.3.0.app/Contents/Developer/Toolchains/XcodeDefault.xctoolchain/usr/lib/swift -enable-anonymous-context-mangled-names -file-compilation-dir /Users/admin/builder/spi-builder-workspace/.swiftpm/xcode -Xcc -ivfsstatcache -Xcc /Users/admin/builder/spi-builder-workspace/.derivedData/SDKStatCaches.noindex/watchos11.4-22T246-43efb940ff07ba2497b70ec94253f576.sdkstatcache -Xcc -I/Users/admin/builder/spi-builder-workspace/.derivedData/Build/Intermediates.noindex/InfluTo.build/Debug-watchos/InfluTo.build/swift-overrides.hmap -Xcc -I/Users/admin/builder/spi-builder-workspace/.derivedData/Build/Products/Debug-watchos/include -Xcc -I/Users/admin/builder/spi-builder-workspace/.derivedData/Build/Intermediates.noindex/InfluTo.build/Debug-watchos/InfluTo.build/DerivedSources-normal/arm64_32 -Xcc -I/Users/admin/builder/spi-builder-workspace/.derivedData/Build/Intermediates.noindex/InfluTo.build/Debug-watchos/InfluTo.build/DerivedSources/arm64_32 -Xcc -I/Users/admin/builder/spi-builder-workspace/.derivedData/Build/Intermediates.noindex/InfluTo.build/Debug-watchos/InfluTo.build/DerivedSources -Xcc -DSWIFT_PACKAGE -Xcc -DDEBUG\=1 -module-name InfluTo -package-name spi_builder_workspace -frontend-parseable-output -disable-clang-spi -target-sdk-version 11.4 -target-sdk-name watchos11.4 -external-plugin-path /Applications/Xcode-16.3.0.app/Contents/Developer/Platforms/WatchOS.platform/Developer/usr/lib/swift/host/plugins\#/Applications/Xcode-16.3.0.app/Contents/Developer/Platforms/WatchOS.platform/Developer/usr/bin/swift-plugin-server -external-plugin-path /Applications/Xcode-16.3.0.app/Contents/Developer/Platforms/WatchOS.platform/Developer/usr/local/lib/swift/host/plugins\#/Applications/Xcode-16.3.0.app/Contents/Developer/Platforms/WatchOS.platform/Developer/usr/bin/swift-plugin-server -in-process-plugin-server-path /Applications/Xcode-16.3.0.app/Contents/Developer/Toolchains/XcodeDefault.xctoolchain/usr/lib/swift/host/libSwiftInProcPluginServer.dylib -plugin-path /Applications/Xcode-16.3.0.app/Contents/Developer/Toolchains/XcodeDefault.xctoolchain/usr/lib/swift/host/plugins -plugin-path /Applications/Xcode-16.3.0.app/Contents/Developer/Toolchains/XcodeDefault.xctoolchain/usr/local/lib/swift/host/plugins -o /Users/admin/builder/spi-builder-workspace/.derivedData/Build/Intermediates.noindex/InfluTo.build/Debug-watchos/InfluTo.build/Objects-normal/arm64_32/DeviceInfo.o -index-unit-output-path /InfluTo.build/Debug-watchos/InfluTo.build/Objects-normal/arm64_32/DeviceInfo.o -index-store-path /Users/admin/builder/spi-builder-workspace/.derivedData/Index.noindex/DataStore -index-system-modules
SwiftCompile normal arm64_32 /Users/admin/builder/spi-builder-workspace/Sources/InfluTo/DeviceInfo.swift (in target 'InfluTo' from project 'InfluTo')
cd /Users/admin/builder/spi-builder-workspace/.swiftpm/xcode
/Users/admin/builder/spi-builder-workspace/Sources/InfluTo/DeviceInfo.swift:14:30: error: cannot find 'UIDevice' in scope
body["os_version"] = UIDevice.current.systemVersion
^~~~~~~~
/Users/admin/builder/spi-builder-workspace/Sources/InfluTo/DeviceInfo.swift:15:32: error: cannot find 'UIDevice' in scope
body["device_model"] = UIDevice.current.model
^~~~~~~~
/Users/admin/builder/spi-builder-workspace/Sources/InfluTo/DeviceInfo.swift:16:23: error: cannot find 'UIDevice' in scope
if let idfv = UIDevice.current.identifierForVendor?.uuidString {
^~~~~~~~
/Users/admin/builder/spi-builder-workspace/Sources/InfluTo/DeviceInfo.swift:19:17: error: cannot find 'UIScreen' in scope
let b = UIScreen.main.nativeBounds
^~~~~~~~
SwiftCompile normal arm64_32 Compiling\ Purchase.swift /Users/admin/builder/spi-builder-workspace/Sources/InfluTo/Purchase.swift (in target 'InfluTo' from project 'InfluTo')
SwiftCompile normal arm64_32 /Users/admin/builder/spi-builder-workspace/Sources/InfluTo/Purchase.swift (in target 'InfluTo' from project 'InfluTo')
cd /Users/admin/builder/spi-builder-workspace/.swiftpm/xcode
SwiftEmitModule normal arm64 Emitting\ module\ for\ InfluTo (in target 'InfluTo' from project 'InfluTo')
EmitSwiftModule normal arm64 (in target 'InfluTo' from project 'InfluTo')
cd /Users/admin/builder/spi-builder-workspace/.swiftpm/xcode
SwiftDriverJobDiscovery normal arm64_32 Emitting module for InfluTo (in target 'InfluTo' from project 'InfluTo')
SwiftDriver\ Compilation\ Requirements InfluTo normal arm64_32 com.apple.xcode.tools.swift.compiler (in target 'InfluTo' from project 'InfluTo')
cd /Users/admin/builder/spi-builder-workspace/.swiftpm/xcode
builtin-Swift-Compilation-Requirements -- /Applications/Xcode-16.3.0.app/Contents/Developer/Toolchains/XcodeDefault.xctoolchain/usr/bin/swiftc -module-name InfluTo -Onone -enforce-exclusivity\=checked @/Users/admin/builder/spi-builder-workspace/.derivedData/Build/Intermediates.noindex/InfluTo.build/Debug-watchos/InfluTo.build/Objects-normal/arm64_32/InfluTo.SwiftFileList -DSWIFT_PACKAGE -DDEBUG -DXcode -plugin-path /Applications/Xcode-16.3.0.app/Contents/Developer/Toolchains/XcodeDefault.xctoolchain/usr/lib/swift/host/plugins/testing -enable-experimental-feature DebugDescriptionMacro -sdk /Applications/Xcode-16.3.0.app/Contents/Developer/Platforms/WatchOS.platform/Developer/SDKs/WatchOS11.4.sdk -target arm64_32-apple-watchos9.0 -g -module-cache-path /Users/admin/builder/spi-builder-workspace/.derivedData/ModuleCache.noindex -Xfrontend -serialize-debugging-options -profile-coverage-mapping -profile-generate -enable-testing -index-store-path /Users/admin/builder/spi-builder-workspace/.derivedData/Index.noindex/DataStore -swift-version 5 -I /Users/admin/builder/spi-builder-workspace/.derivedData/Build/Products/Debug-watchos -I /Applications/Xcode-16.3.0.app/Contents/Developer/Platforms/WatchOS.platform/Developer/usr/lib -F /Users/admin/builder/spi-builder-workspace/.derivedData/Build/Products/Debug-watchos -F /Applications/Xcode-16.3.0.app/Contents/Developer/Platforms/WatchOS.platform/Developer/Library/Frameworks -F /Applications/Xcode-16.3.0.app/Contents/Developer/Platforms/WatchOS.platform/Developer/SDKs/WatchOS11.4.sdk/Developer/Library/Frameworks -c -j10 -enable-batch-mode -incremental -Xcc -ivfsstatcache -Xcc /Users/admin/builder/spi-builder-workspace/.derivedData/SDKStatCaches.noindex/watchos11.4-22T246-43efb940ff07ba2497b70ec94253f576.sdkstatcache -output-file-map /Users/admin/builder/spi-builder-workspace/.derivedData/Build/Intermediates.noindex/InfluTo.build/Debug-watchos/InfluTo.build/Objects-normal/arm64_32/InfluTo-OutputFileMap.json -use-frontend-parseable-output -save-temps -no-color-diagnostics -serialize-diagnostics -emit-dependencies -emit-module -emit-module-path /Users/admin/builder/spi-builder-workspace/.derivedData/Build/Intermediates.noindex/InfluTo.build/Debug-watchos/InfluTo.build/Objects-normal/arm64_32/InfluTo.swiftmodule -validate-clang-modules-once -clang-build-session-file /Users/admin/builder/spi-builder-workspace/.derivedData/ModuleCache.noindex/Session.modulevalidation -package-name spi_builder_workspace -Xcc -I/Users/admin/builder/spi-builder-workspace/.derivedData/Build/Intermediates.noindex/InfluTo.build/Debug-watchos/InfluTo.build/swift-overrides.hmap -emit-const-values -Xfrontend -const-gather-protocols-file -Xfrontend /Users/admin/builder/spi-builder-workspace/.derivedData/Build/Intermediates.noindex/InfluTo.build/Debug-watchos/InfluTo.build/Objects-normal/arm64_32/InfluTo_const_extract_protocols.json -Xcc -I/Users/admin/builder/spi-builder-workspace/.derivedData/Build/Products/Debug-watchos/include -Xcc -I/Users/admin/builder/spi-builder-workspace/.derivedData/Build/Intermediates.noindex/InfluTo.build/Debug-watchos/InfluTo.build/DerivedSources-normal/arm64_32 -Xcc -I/Users/admin/builder/spi-builder-workspace/.derivedData/Build/Intermediates.noindex/InfluTo.build/Debug-watchos/InfluTo.build/DerivedSources/arm64_32 -Xcc -I/Users/admin/builder/spi-builder-workspace/.derivedData/Build/Intermediates.noindex/InfluTo.build/Debug-watchos/InfluTo.build/DerivedSources -Xcc -DSWIFT_PACKAGE -Xcc -DDEBUG\=1 -emit-objc-header -emit-objc-header-path /Users/admin/builder/spi-builder-workspace/.derivedData/Build/Intermediates.noindex/InfluTo.build/Debug-watchos/InfluTo.build/Objects-normal/arm64_32/InfluTo-Swift.h -working-directory /Users/admin/builder/spi-builder-workspace/.swiftpm/xcode -experimental-emit-module-separately -disable-cmo
SwiftDriverJobDiscovery normal arm64 Emitting module for InfluTo (in target 'InfluTo' from project 'InfluTo')
SwiftCompile normal arm64 Compiling\ InfluTo.swift /Users/admin/builder/spi-builder-workspace/Sources/InfluTo/InfluTo.swift (in target 'InfluTo' from project 'InfluTo')
SwiftCompile normal arm64 /Users/admin/builder/spi-builder-workspace/Sources/InfluTo/InfluTo.swift (in target 'InfluTo' from project 'InfluTo')
cd /Users/admin/builder/spi-builder-workspace/.swiftpm/xcode
SwiftDriver\ Compilation\ Requirements InfluTo normal arm64 com.apple.xcode.tools.swift.compiler (in target 'InfluTo' from project 'InfluTo')
cd /Users/admin/builder/spi-builder-workspace/.swiftpm/xcode
builtin-Swift-Compilation-Requirements -- /Applications/Xcode-16.3.0.app/Contents/Developer/Toolchains/XcodeDefault.xctoolchain/usr/bin/swiftc -module-name InfluTo -Onone -enforce-exclusivity\=checked @/Users/admin/builder/spi-builder-workspace/.derivedData/Build/Intermediates.noindex/InfluTo.build/Debug-watchos/InfluTo.build/Objects-normal/arm64/InfluTo.SwiftFileList -DSWIFT_PACKAGE -DDEBUG -DXcode -plugin-path /Applications/Xcode-16.3.0.app/Contents/Developer/Toolchains/XcodeDefault.xctoolchain/usr/lib/swift/host/plugins/testing -enable-experimental-feature DebugDescriptionMacro -sdk /Applications/Xcode-16.3.0.app/Contents/Developer/Platforms/WatchOS.platform/Developer/SDKs/WatchOS11.4.sdk -target arm64-apple-watchos9.0 -g -module-cache-path /Users/admin/builder/spi-builder-workspace/.derivedData/ModuleCache.noindex -Xfrontend -serialize-debugging-options -profile-coverage-mapping -profile-generate -enable-testing -index-store-path /Users/admin/builder/spi-builder-workspace/.derivedData/Index.noindex/DataStore -swift-version 5 -I /Users/admin/builder/spi-builder-workspace/.derivedData/Build/Products/Debug-watchos -I /Applications/Xcode-16.3.0.app/Contents/Developer/Platforms/WatchOS.platform/Developer/usr/lib -F /Users/admin/builder/spi-builder-workspace/.derivedData/Build/Products/Debug-watchos -F /Applications/Xcode-16.3.0.app/Contents/Developer/Platforms/WatchOS.platform/Developer/Library/Frameworks -F /Applications/Xcode-16.3.0.app/Contents/Developer/Platforms/WatchOS.platform/Developer/SDKs/WatchOS11.4.sdk/Developer/Library/Frameworks -c -j10 -enable-batch-mode -incremental -Xcc -ivfsstatcache -Xcc /Users/admin/builder/spi-builder-workspace/.derivedData/SDKStatCaches.noindex/watchos11.4-22T246-43efb940ff07ba2497b70ec94253f576.sdkstatcache -output-file-map /Users/admin/builder/spi-builder-workspace/.derivedData/Build/Intermediates.noindex/InfluTo.build/Debug-watchos/InfluTo.build/Objects-normal/arm64/InfluTo-OutputFileMap.json -use-frontend-parseable-output -save-temps -no-color-diagnostics -serialize-diagnostics -emit-dependencies -emit-module -emit-module-path /Users/admin/builder/spi-builder-workspace/.derivedData/Build/Intermediates.noindex/InfluTo.build/Debug-watchos/InfluTo.build/Objects-normal/arm64/InfluTo.swiftmodule -validate-clang-modules-once -clang-build-session-file /Users/admin/builder/spi-builder-workspace/.derivedData/ModuleCache.noindex/Session.modulevalidation -package-name spi_builder_workspace -Xcc -I/Users/admin/builder/spi-builder-workspace/.derivedData/Build/Intermediates.noindex/InfluTo.build/Debug-watchos/InfluTo.build/swift-overrides.hmap -emit-const-values -Xfrontend -const-gather-protocols-file -Xfrontend /Users/admin/builder/spi-builder-workspace/.derivedData/Build/Intermediates.noindex/InfluTo.build/Debug-watchos/InfluTo.build/Objects-normal/arm64/InfluTo_const_extract_protocols.json -Xcc -I/Users/admin/builder/spi-builder-workspace/.derivedData/Build/Products/Debug-watchos/include -Xcc -I/Users/admin/builder/spi-builder-workspace/.derivedData/Build/Intermediates.noindex/InfluTo.build/Debug-watchos/InfluTo.build/DerivedSources-normal/arm64 -Xcc -I/Users/admin/builder/spi-builder-workspace/.derivedData/Build/Intermediates.noindex/InfluTo.build/Debug-watchos/InfluTo.build/DerivedSources/arm64 -Xcc -I/Users/admin/builder/spi-builder-workspace/.derivedData/Build/Intermediates.noindex/InfluTo.build/Debug-watchos/InfluTo.build/DerivedSources -Xcc -DSWIFT_PACKAGE -Xcc -DDEBUG\=1 -emit-objc-header -emit-objc-header-path /Users/admin/builder/spi-builder-workspace/.derivedData/Build/Intermediates.noindex/InfluTo.build/Debug-watchos/InfluTo.build/Objects-normal/arm64/InfluTo-Swift.h -working-directory /Users/admin/builder/spi-builder-workspace/.swiftpm/xcode -experimental-emit-module-separately -disable-cmo
SwiftDriverJobDiscovery normal arm64 Compiling InfluTo.swift (in target 'InfluTo' from project 'InfluTo')
Copy /Users/admin/builder/spi-builder-workspace/.derivedData/Build/Products/Debug-watchos/InfluTo.swiftmodule/arm64_32-apple-watchos.swiftmodule /Users/admin/builder/spi-builder-workspace/.derivedData/Build/Intermediates.noindex/InfluTo.build/Debug-watchos/InfluTo.build/Objects-normal/arm64_32/InfluTo.swiftmodule (in target 'InfluTo' from project 'InfluTo')
cd /Users/admin/builder/spi-builder-workspace
builtin-copy -exclude .DS_Store -exclude CVS -exclude .svn -exclude .git -exclude .hg -resolve-src-symlinks -rename /Users/admin/builder/spi-builder-workspace/.derivedData/Build/Intermediates.noindex/InfluTo.build/Debug-watchos/InfluTo.build/Objects-normal/arm64_32/InfluTo.swiftmodule /Users/admin/builder/spi-builder-workspace/.derivedData/Build/Products/Debug-watchos/InfluTo.swiftmodule/arm64_32-apple-watchos.swiftmodule
Copy /Users/admin/builder/spi-builder-workspace/.derivedData/Build/Products/Debug-watchos/InfluTo.swiftmodule/arm64_32-apple-watchos.swiftdoc /Users/admin/builder/spi-builder-workspace/.derivedData/Build/Intermediates.noindex/InfluTo.build/Debug-watchos/InfluTo.build/Objects-normal/arm64_32/InfluTo.swiftdoc (in target 'InfluTo' from project 'InfluTo')
cd /Users/admin/builder/spi-builder-workspace
builtin-copy -exclude .DS_Store -exclude CVS -exclude .svn -exclude .git -exclude .hg -resolve-src-symlinks -rename /Users/admin/builder/spi-builder-workspace/.derivedData/Build/Intermediates.noindex/InfluTo.build/Debug-watchos/InfluTo.build/Objects-normal/arm64_32/InfluTo.swiftdoc /Users/admin/builder/spi-builder-workspace/.derivedData/Build/Products/Debug-watchos/InfluTo.swiftmodule/arm64_32-apple-watchos.swiftdoc
SwiftMergeGeneratedHeaders /Users/admin/builder/spi-builder-workspace/.derivedData/Build/Intermediates.noindex/GeneratedModuleMaps-watchos/InfluTo-Swift.h /Users/admin/builder/spi-builder-workspace/.derivedData/Build/Intermediates.noindex/InfluTo.build/Debug-watchos/InfluTo.build/Objects-normal/arm64/InfluTo-Swift.h /Users/admin/builder/spi-builder-workspace/.derivedData/Build/Intermediates.noindex/InfluTo.build/Debug-watchos/InfluTo.build/Objects-normal/arm64_32/InfluTo-Swift.h (in target 'InfluTo' from project 'InfluTo')
cd /Users/admin/builder/spi-builder-workspace
builtin-swiftHeaderTool -arch arm64 /Users/admin/builder/spi-builder-workspace/.derivedData/Build/Intermediates.noindex/InfluTo.build/Debug-watchos/InfluTo.build/Objects-normal/arm64/InfluTo-Swift.h -arch arm64_32 /Users/admin/builder/spi-builder-workspace/.derivedData/Build/Intermediates.noindex/InfluTo.build/Debug-watchos/InfluTo.build/Objects-normal/arm64_32/InfluTo-Swift.h -o /Users/admin/builder/spi-builder-workspace/.derivedData/Build/Intermediates.noindex/GeneratedModuleMaps-watchos/InfluTo-Swift.h
Copy /Users/admin/builder/spi-builder-workspace/.derivedData/Build/Products/Debug-watchos/InfluTo.swiftmodule/arm64_32-apple-watchos.abi.json /Users/admin/builder/spi-builder-workspace/.derivedData/Build/Intermediates.noindex/InfluTo.build/Debug-watchos/InfluTo.build/Objects-normal/arm64_32/InfluTo.abi.json (in target 'InfluTo' from project 'InfluTo')
cd /Users/admin/builder/spi-builder-workspace
builtin-copy -exclude .DS_Store -exclude CVS -exclude .svn -exclude .git -exclude .hg -resolve-src-symlinks -rename /Users/admin/builder/spi-builder-workspace/.derivedData/Build/Intermediates.noindex/InfluTo.build/Debug-watchos/InfluTo.build/Objects-normal/arm64_32/InfluTo.abi.json /Users/admin/builder/spi-builder-workspace/.derivedData/Build/Products/Debug-watchos/InfluTo.swiftmodule/arm64_32-apple-watchos.abi.json
Copy /Users/admin/builder/spi-builder-workspace/.derivedData/Build/Products/Debug-watchos/InfluTo.swiftmodule/arm64-apple-watchos.swiftmodule /Users/admin/builder/spi-builder-workspace/.derivedData/Build/Intermediates.noindex/InfluTo.build/Debug-watchos/InfluTo.build/Objects-normal/arm64/InfluTo.swiftmodule (in target 'InfluTo' from project 'InfluTo')
cd /Users/admin/builder/spi-builder-workspace
builtin-copy -exclude .DS_Store -exclude CVS -exclude .svn -exclude .git -exclude .hg -resolve-src-symlinks -rename /Users/admin/builder/spi-builder-workspace/.derivedData/Build/Intermediates.noindex/InfluTo.build/Debug-watchos/InfluTo.build/Objects-normal/arm64/InfluTo.swiftmodule /Users/admin/builder/spi-builder-workspace/.derivedData/Build/Products/Debug-watchos/InfluTo.swiftmodule/arm64-apple-watchos.swiftmodule
Copy /Users/admin/builder/spi-builder-workspace/.derivedData/Build/Products/Debug-watchos/InfluTo.swiftmodule/arm64-apple-watchos.swiftdoc /Users/admin/builder/spi-builder-workspace/.derivedData/Build/Intermediates.noindex/InfluTo.build/Debug-watchos/InfluTo.build/Objects-normal/arm64/InfluTo.swiftdoc (in target 'InfluTo' from project 'InfluTo')
cd /Users/admin/builder/spi-builder-workspace
builtin-copy -exclude .DS_Store -exclude CVS -exclude .svn -exclude .git -exclude .hg -resolve-src-symlinks -rename /Users/admin/builder/spi-builder-workspace/.derivedData/Build/Intermediates.noindex/InfluTo.build/Debug-watchos/InfluTo.build/Objects-normal/arm64/InfluTo.swiftdoc /Users/admin/builder/spi-builder-workspace/.derivedData/Build/Products/Debug-watchos/InfluTo.swiftmodule/arm64-apple-watchos.swiftdoc
Copy /Users/admin/builder/spi-builder-workspace/.derivedData/Build/Products/Debug-watchos/InfluTo.swiftmodule/arm64-apple-watchos.abi.json /Users/admin/builder/spi-builder-workspace/.derivedData/Build/Intermediates.noindex/InfluTo.build/Debug-watchos/InfluTo.build/Objects-normal/arm64/InfluTo.abi.json (in target 'InfluTo' from project 'InfluTo')
cd /Users/admin/builder/spi-builder-workspace
builtin-copy -exclude .DS_Store -exclude CVS -exclude .svn -exclude .git -exclude .hg -resolve-src-symlinks -rename /Users/admin/builder/spi-builder-workspace/.derivedData/Build/Intermediates.noindex/InfluTo.build/Debug-watchos/InfluTo.build/Objects-normal/arm64/InfluTo.abi.json /Users/admin/builder/spi-builder-workspace/.derivedData/Build/Products/Debug-watchos/InfluTo.swiftmodule/arm64-apple-watchos.abi.json
Copy /Users/admin/builder/spi-builder-workspace/.derivedData/Build/Products/Debug-watchos/InfluTo.swiftmodule/Project/arm64_32-apple-watchos.swiftsourceinfo /Users/admin/builder/spi-builder-workspace/.derivedData/Build/Intermediates.noindex/InfluTo.build/Debug-watchos/InfluTo.build/Objects-normal/arm64_32/InfluTo.swiftsourceinfo (in target 'InfluTo' from project 'InfluTo')
cd /Users/admin/builder/spi-builder-workspace
builtin-copy -exclude .DS_Store -exclude CVS -exclude .svn -exclude .git -exclude .hg -resolve-src-symlinks -rename /Users/admin/builder/spi-builder-workspace/.derivedData/Build/Intermediates.noindex/InfluTo.build/Debug-watchos/InfluTo.build/Objects-normal/arm64_32/InfluTo.swiftsourceinfo /Users/admin/builder/spi-builder-workspace/.derivedData/Build/Products/Debug-watchos/InfluTo.swiftmodule/Project/arm64_32-apple-watchos.swiftsourceinfo
Copy /Users/admin/builder/spi-builder-workspace/.derivedData/Build/Products/Debug-watchos/InfluTo.swiftmodule/Project/arm64-apple-watchos.swiftsourceinfo /Users/admin/builder/spi-builder-workspace/.derivedData/Build/Intermediates.noindex/InfluTo.build/Debug-watchos/InfluTo.build/Objects-normal/arm64/InfluTo.swiftsourceinfo (in target 'InfluTo' from project 'InfluTo')
cd /Users/admin/builder/spi-builder-workspace
builtin-copy -exclude .DS_Store -exclude CVS -exclude .svn -exclude .git -exclude .hg -resolve-src-symlinks -rename /Users/admin/builder/spi-builder-workspace/.derivedData/Build/Intermediates.noindex/InfluTo.build/Debug-watchos/InfluTo.build/Objects-normal/arm64/InfluTo.swiftsourceinfo /Users/admin/builder/spi-builder-workspace/.derivedData/Build/Products/Debug-watchos/InfluTo.swiftmodule/Project/arm64-apple-watchos.swiftsourceinfo
SwiftCompile normal arm64 Compiling\ InfluToError.swift /Users/admin/builder/spi-builder-workspace/Sources/InfluTo/InfluToError.swift (in target 'InfluTo' from project 'InfluTo')
SwiftCompile normal arm64 /Users/admin/builder/spi-builder-workspace/Sources/InfluTo/InfluToError.swift (in target 'InfluTo' from project 'InfluTo')
cd /Users/admin/builder/spi-builder-workspace/.swiftpm/xcode
SwiftCompile normal arm64 Compiling\ Storage.swift /Users/admin/builder/spi-builder-workspace/Sources/InfluTo/Storage.swift (in target 'InfluTo' from project 'InfluTo')
SwiftCompile normal arm64 /Users/admin/builder/spi-builder-workspace/Sources/InfluTo/Storage.swift (in target 'InfluTo' from project 'InfluTo')
cd /Users/admin/builder/spi-builder-workspace/.swiftpm/xcode
SwiftDriverJobDiscovery normal arm64 Compiling InfluToError.swift (in target 'InfluTo' from project 'InfluTo')
SwiftCompile normal arm64 Compiling\ InfluToConfig.swift /Users/admin/builder/spi-builder-workspace/Sources/InfluTo/InfluToConfig.swift (in target 'InfluTo' from project 'InfluTo')
SwiftCompile normal arm64 /Users/admin/builder/spi-builder-workspace/Sources/InfluTo/InfluToConfig.swift (in target 'InfluTo' from project 'InfluTo')
cd /Users/admin/builder/spi-builder-workspace/.swiftpm/xcode
SwiftDriverJobDiscovery normal arm64_32 Compiling InfluToError.swift (in target 'InfluTo' from project 'InfluTo')
SwiftCompile normal arm64 Compiling\ DeviceInfo.swift /Users/admin/builder/spi-builder-workspace/Sources/InfluTo/DeviceInfo.swift (in target 'InfluTo' from project 'InfluTo')
SwiftCompile normal arm64 /Users/admin/builder/spi-builder-workspace/Sources/InfluTo/DeviceInfo.swift (in target 'InfluTo' from project 'InfluTo')
cd /Users/admin/builder/spi-builder-workspace/.swiftpm/xcode
SwiftDriverJobDiscovery normal arm64_32 Compiling Storage.swift (in target 'InfluTo' from project 'InfluTo')
SwiftCompile normal arm64 Compiling\ Purchase.swift /Users/admin/builder/spi-builder-workspace/Sources/InfluTo/Purchase.swift (in target 'InfluTo' from project 'InfluTo')
SwiftCompile normal arm64 /Users/admin/builder/spi-builder-workspace/Sources/InfluTo/Purchase.swift (in target 'InfluTo' from project 'InfluTo')
cd /Users/admin/builder/spi-builder-workspace/.swiftpm/xcode
SwiftDriverJobDiscovery normal arm64_32 Compiling resource_bundle_accessor.swift (in target 'InfluTo' from project 'InfluTo')
SwiftCompile normal arm64 Compiling\ APIClient.swift /Users/admin/builder/spi-builder-workspace/Sources/InfluTo/APIClient.swift (in target 'InfluTo' from project 'InfluTo')
SwiftDriverJobDiscovery normal arm64_32 Compiling APIClient.swift (in target 'InfluTo' from project 'InfluTo')
SwiftCompile normal arm64_32 Compiling\ InfluToConfig.swift /Users/admin/builder/spi-builder-workspace/Sources/InfluTo/InfluToConfig.swift (in target 'InfluTo' from project 'InfluTo')
Command SwiftCompile failed with a nonzero exit code
SwiftDriverJobDiscovery normal arm64_32 Compiling Purchase.swift (in target 'InfluTo' from project 'InfluTo')
SwiftCompile normal arm64 Compiling\ Models.swift /Users/admin/builder/spi-builder-workspace/Sources/InfluTo/Models.swift (in target 'InfluTo' from project 'InfluTo')
Command SwiftCompile failed with a nonzero exit code
** BUILD FAILED **
The following build commands failed:
SwiftCompile normal arm64_32 Compiling\ DeviceInfo.swift /Users/admin/builder/spi-builder-workspace/Sources/InfluTo/DeviceInfo.swift (in target 'InfluTo' from project 'InfluTo')
SwiftCompile normal arm64_32 /Users/admin/builder/spi-builder-workspace/Sources/InfluTo/DeviceInfo.swift (in target 'InfluTo' from project 'InfluTo')
SwiftCompile normal arm64_32 Compiling\ InfluToConfig.swift /Users/admin/builder/spi-builder-workspace/Sources/InfluTo/InfluToConfig.swift (in target 'InfluTo' from project 'InfluTo')
SwiftCompile normal arm64 Compiling\ Models.swift /Users/admin/builder/spi-builder-workspace/Sources/InfluTo/Models.swift (in target 'InfluTo' from project 'InfluTo')
Building workspace spi-builder-workspace with scheme InfluTo
(5 failures)
BUILD FAILURE 6.1 watchOS