The Swift Package Index logo.Swift Package Index

Build Information

Failed to build SwiftNetLayer, reference 1.8.0 (c8737c), with Swift 6.4 for Wasm on 25 Sep 2026 04:51:36 UTC.

Build Command

bash -c docker run --pull=always --rm -v "checkouts-54344844-2":/host -w "$PWD" -e JAVA_HOME="/root/.sdkman/candidates/java/current" -e SPI_BUILD="1" -e SPI_PROCESSING="1" registry.gitlab.com/saguaro1/spi-images:wasm-6.4-latest swift build --swift-sdk swift-6.4.x-DEVELOPMENT-SNAPSHOT-2026-09-04-a_wasm 2>&1

Build Log

========================================
RunAll
========================================
Builder version: 5.1.0
Interrupt handler set up.
========================================
Checkout
========================================
Clone URL: https://github.com/nerzh/swift-net-layer.git
Reference: 1.8.0
Initialized empty Git repository in /host/spi-builder-workspace/.git/
hint: Using 'master' as the name for the initial branch. This default branch name
hint: is subject to change. To configure the initial branch name to use in all
hint: of your new repositories, which will suppress this warning, call:
hint:
hint: 	git config --global init.defaultBranch <name>
hint:
hint: Names commonly chosen instead of 'master' are 'main', 'trunk' and
hint: 'development'. The just-created branch can be renamed via this command:
hint:
hint: 	git branch -m <name>
From https://github.com/nerzh/swift-net-layer
 * tag               1.8.0      -> FETCH_HEAD
HEAD is now at c8737c2 refactoring for errors
Cloned https://github.com/nerzh/swift-net-layer.git
Revision (git rev-parse @):
c8737c23b5f52bed9ab39591d71dcd054a95ccc1
SUCCESS checkout https://github.com/nerzh/swift-net-layer.git at 1.8.0
========================================
Build
========================================
Selected platform:         wasm
Swift version:             6.4
Building package at path:  $PWD
https://github.com/nerzh/swift-net-layer.git
Running build ...
bash -c docker run --pull=always --rm -v "checkouts-54344844-2":/host -w "$PWD" -e JAVA_HOME="/root/.sdkman/candidates/java/current" -e SPI_BUILD="1" -e SPI_PROCESSING="1" registry.gitlab.com/saguaro1/spi-images:wasm-6.4-latest swift build --swift-sdk swift-6.4.x-DEVELOPMENT-SNAPSHOT-2026-09-04-a_wasm 2>&1
wasm-6.4-latest: Pulling from saguaro1/spi-images
Digest: sha256:4328fdb43c680d205c1d6761b1e3267aa38277eefdda9ddfb17b6a0f1a77857a
Status: Image is up to date for registry.gitlab.com/saguaro1/spi-images:wasm-6.4-latest
Fetching https://github.com/nerzh/swift-regular-expression.git
Fetching https://github.com/nerzh/swift-extensions-pack.git
[1/1314] Fetching swift-extensions-pack
Fetched https://github.com/nerzh/swift-extensions-pack.git (0.55s)
[1/61] Fetching swift-regular-expression
Fetched https://github.com/nerzh/swift-regular-expression.git (0.94s)
Computing version for https://github.com/nerzh/swift-regular-expression.git
Computed https://github.com/nerzh/swift-regular-expression.git at 0.2.4 (2.78s)
Computing version for https://github.com/nerzh/swift-extensions-pack.git
Computed https://github.com/nerzh/swift-extensions-pack.git at 2.7.4 (0.34s)
Fetching https://github.com/apple/swift-crypto
[1/18549] Fetching swift-crypto
Fetching https://github.com/bytehubio/ed25519
Fetched https://github.com/apple/swift-crypto (1.68s)
[2/179] Fetching ed25519
Fetched https://github.com/bytehubio/ed25519 (0.55s)
Computing version for https://github.com/bytehubio/ed25519
Computed https://github.com/bytehubio/ed25519 at 1.0.0 (2.47s)
Computing version for https://github.com/apple/swift-crypto
Computed https://github.com/apple/swift-crypto at 4.5.2 (2.00s)
Fetching https://github.com/apple/swift-asn1.git
[1/1983] Fetching swift-asn1
Fetched https://github.com/apple/swift-asn1.git (0.57s)
Computing version for https://github.com/apple/swift-asn1.git
Computed https://github.com/apple/swift-asn1.git at 1.7.3 (0.98s)
Creating working copy for https://github.com/bytehubio/ed25519
Working copy of https://github.com/bytehubio/ed25519 resolved at 1.0.0
Creating working copy for https://github.com/nerzh/swift-extensions-pack.git
Working copy of https://github.com/nerzh/swift-extensions-pack.git resolved at 2.7.4
Creating working copy for https://github.com/nerzh/swift-regular-expression.git
Working copy of https://github.com/nerzh/swift-regular-expression.git resolved at 0.2.4
Creating working copy for https://github.com/apple/swift-asn1.git
Working copy of https://github.com/apple/swift-asn1.git resolved at 1.7.3
Creating working copy for https://github.com/apple/swift-crypto
Working copy of https://github.com/apple/swift-crypto resolved at 4.5.2
Building for debugging...
[Computing dependencies]
[Constructing description]
[Pre-planning 1 / 394]
[Planning deferred tasks]
[Constructing 406 / 1171]
[56 / 487] Ed25519
[69 / 504] Ed25519
[70 / 504] SwiftRegularExpression
[73 / 504] SwiftRegularExpression
[87 / 504] CXKCP
[89 / 504] CryptoBoringWrapper
[92 / 504] CryptoBoringWrapper
[93 / 504] CryptoBoringWrapper
[93 / 504] Crypto
[96 / 505] CEd25519
[99 / 505] CEd25519
[102 / 505] CEd25519
[103 / 505] CEd25519
[105 / 505] Crypto
[108 / 505] CCryptoBoringSSLShims
[110 / 505] CCryptoBoringSSL
[111 / 505] CryptoBoringWrapper
[112 / 505] CryptoBoringWrapper
[114 / 505] CCryptoBoringSSL
[115 / 505] CCryptoBoringSSL
[117 / 506] CCryptoBoringSSL
[118 / 507] CCryptoBoringSSL
[119 / 507] CCryptoBoringSSL
[120 / 507] CCryptoBoringSSL
[121 / 507] CCryptoBoringSSL
[122 / 507] CCryptoBoringSSL
[125 / 507] CCryptoBoringSSL
[130 / 507] CCryptoBoringSSL
[133 / 507] CCryptoBoringSSL
[134 / 507] CCryptoBoringSSL
[138 / 507] CCryptoBoringSSL
[141 / 507] CCryptoBoringSSL
[142 / 507] CCryptoBoringSSL
[143 / 507] CCryptoBoringSSL
[144 / 507] CCryptoBoringSSL
[146 / 507] CCryptoBoringSSL
[148 / 507] CCryptoBoringSSL
[150 / 507] CCryptoBoringSSL
[151 / 507] CCryptoBoringSSL
[154 / 507] CCryptoBoringSSL
[155 / 507] CCryptoBoringSSL
[157 / 507] CCryptoBoringSSL
[158 / 507] CCryptoBoringSSL
[160 / 507] CCryptoBoringSSL
[162 / 507] CCryptoBoringSSL
[163 / 507] CCryptoBoringSSL
[164 / 507] CCryptoBoringSSL
[167 / 507] CCryptoBoringSSL
[169 / 507] CCryptoBoringSSL
[171 / 507] CCryptoBoringSSL
[172 / 507] CCryptoBoringSSL
[173 / 507] CCryptoBoringSSL
[174 / 507] CCryptoBoringSSL
[177 / 507] CCryptoBoringSSL
[179 / 507] CCryptoBoringSSL
[180 / 507] CCryptoBoringSSL
[181 / 507] CCryptoBoringSSL
[183 / 507] CCryptoBoringSSL
[185 / 507] CCryptoBoringSSL
[186 / 507] CCryptoBoringSSL
[187 / 507] CCryptoBoringSSL
[188 / 507] CCryptoBoringSSL
[189 / 507] CCryptoBoringSSL
[191 / 507] CCryptoBoringSSL
[193 / 507] CCryptoBoringSSL
[194 / 507] CCryptoBoringSSL
[195 / 507] CCryptoBoringSSL
[196 / 507] CCryptoBoringSSL
[197 / 507] CCryptoBoringSSL
[198 / 507] CCryptoBoringSSL
[200 / 507] CCryptoBoringSSL
[201 / 507] CCryptoBoringSSL
[203 / 507] CCryptoBoringSSL
[205 / 507] CCryptoBoringSSL
[207 / 507] CCryptoBoringSSL
[209 / 507] CCryptoBoringSSL
[212 / 507] CCryptoBoringSSL
[215 / 507] CCryptoBoringSSL
[217 / 507] CCryptoBoringSSL
[221 / 507] CCryptoBoringSSL
[226 / 507] CCryptoBoringSSL
[231 / 507] CCryptoBoringSSL
[235 / 507] CCryptoBoringSSL
[239 / 507] CCryptoBoringSSL
[241 / 507] CCryptoBoringSSL
[242 / 507] CCryptoBoringSSL
[243 / 507] CCryptoBoringSSL
[245 / 507] CCryptoBoringSSL
[247 / 507] CCryptoBoringSSL
[248 / 507] CCryptoBoringSSL
[251 / 507] CCryptoBoringSSL
[253 / 507] CCryptoBoringSSL
[254 / 507] CCryptoBoringSSL
[256 / 507] CCryptoBoringSSL
[259 / 507] CCryptoBoringSSL
[262 / 507] CCryptoBoringSSL
[263 / 507] CCryptoBoringSSL
[264 / 507] CCryptoBoringSSL
[266 / 507] CCryptoBoringSSL
[267 / 507] CCryptoBoringSSL
[269 / 507] CCryptoBoringSSL
[271 / 507] CCryptoBoringSSL
[272 / 507] CCryptoBoringSSL
[275 / 507] CCryptoBoringSSL
[276 / 507] CCryptoBoringSSL
[277 / 507] CCryptoBoringSSL
[279 / 507] CCryptoBoringSSL
[280 / 507] CCryptoBoringSSL
[281 / 507] CCryptoBoringSSL
[282 / 507] CCryptoBoringSSL
[283 / 507] CCryptoBoringSSL
[285 / 507] CCryptoBoringSSL
[286 / 507] CCryptoBoringSSL
[287 / 507] CCryptoBoringSSL
[288 / 507] CCryptoBoringSSL
[289 / 507] CCryptoBoringSSL
[291 / 507] CCryptoBoringSSL
[293 / 507] CCryptoBoringSSL
[296 / 507] CCryptoBoringSSL
[300 / 507] CCryptoBoringSSL
[302 / 507] CCryptoBoringSSL
[303 / 507] CCryptoBoringSSL
[304 / 507] CCryptoBoringSSL
[306 / 507] CCryptoBoringSSL
[308 / 507] CCryptoBoringSSL
[310 / 507] CCryptoBoringSSL
[311 / 507] CCryptoBoringSSL
[315 / 507] CCryptoBoringSSL
[317 / 507] CCryptoBoringSSL
[321 / 507] CCryptoBoringSSL
[323 / 507] CCryptoBoringSSL
[328 / 507] CCryptoBoringSSL
[332 / 507] CCryptoBoringSSL
[337 / 507] CCryptoBoringSSL
[338 / 507] CCryptoBoringSSL
[339 / 507] CCryptoBoringSSL
[340 / 507] CCryptoBoringSSL
[341 / 507] CCryptoBoringSSL
[343 / 507] CCryptoBoringSSL
[345 / 507] CCryptoBoringSSL
[346 / 507] CCryptoBoringSSL
[347 / 507] CCryptoBoringSSL
[349 / 507] CCryptoBoringSSL
[351 / 507] CCryptoBoringSSL
[352 / 507] CCryptoBoringSSL
[353 / 507] CCryptoBoringSSL
[354 / 507] CCryptoBoringSSL
[355 / 507] CCryptoBoringSSL
[356 / 507] CCryptoBoringSSL
[358 / 507] CCryptoBoringSSL
[360 / 507] CCryptoBoringSSL
[364 / 507] CCryptoBoringSSL
[365 / 507] CCryptoBoringSSL
[366 / 507] CCryptoBoringSSL
[370 / 507] CCryptoBoringSSL
[371 / 507] CCryptoBoringSSL
[372 / 507] CCryptoBoringSSL
[373 / 507] CCryptoBoringSSL
[376 / 507] CCryptoBoringSSL
[378 / 507] CCryptoBoringSSL
[380 / 507] CCryptoBoringSSL
[381 / 507] CCryptoBoringSSL
[382 / 507] CCryptoBoringSSL
[384 / 507] CCryptoBoringSSL
[386 / 507] CCryptoBoringSSL
[387 / 507] CCryptoBoringSSL
[388 / 507] CCryptoBoringSSL
[389 / 507] CCryptoBoringSSL
[390 / 507] CCryptoBoringSSL
[392 / 507] CCryptoBoringSSL
[394 / 507] CCryptoBoringSSL
[397 / 507] CCryptoBoringSSL
[400 / 507] CCryptoBoringSSL
[403 / 507] CCryptoBoringSSL
[406 / 507] CCryptoBoringSSL
[408 / 507] CCryptoBoringSSL
[412 / 507] CCryptoBoringSSL
[415 / 507] CCryptoBoringSSL
[417 / 507] CCryptoBoringSSL
[418 / 507] CCryptoBoringSSL
[419 / 507] CCryptoBoringSSL
[422 / 507] CCryptoBoringSSL
[423 / 507] CCryptoBoringSSL
[424 / 507] CCryptoBoringSSL
[426 / 507] CCryptoBoringSSL
[427 / 507] CCryptoBoringSSL
[428 / 507] CCryptoBoringSSL
[429 / 507] CCryptoBoringSSL
[431 / 507] CCryptoBoringSSL
[432 / 507] CCryptoBoringSSL
[433 / 507] CCryptoBoringSSL
[435 / 507] CCryptoBoringSSL
[439 / 507] CCryptoBoringSSL
[442 / 507] CCryptoBoringSSL
[446 / 507] CCryptoBoringSSL
[449 / 507] CCryptoBoringSSL
[452 / 507] CCryptoBoringSSL
[453 / 507] CCryptoBoringSSL
[456 / 507] CCryptoBoringSSL
[458 / 507] CCryptoBoringSSL
[459 / 507] CCryptoBoringSSL
[461 / 507] CCryptoBoringSSL
[462 / 507] CCryptoBoringSSL
[463 / 507] CCryptoBoringSSL
[465 / 507] CCryptoBoringSSL
[466 / 507] CCryptoBoringSSL
[468 / 507] CCryptoBoringSSL
[470 / 507] CCryptoBoringSSL
[471 / 507] CCryptoBoringSSL
[473 / 507] CCryptoBoringSSL
[474 / 507] SwiftRegularExpression
[474 / 507] CCryptoBoringSSL
[480 / 508] CEd25519
[483 / 508] Crypto
[486 / 517] Crypto
[487 / 517] Crypto
[487 / 517] CCryptoBoringSSL
[488 / 517] CCryptoBoringSSL
[491 / 517] Crypto
[492 / 517] CCryptoBoringSSL
[493 / 517] Crypto
[493 / 517] CCryptoBoringSSL
[495 / 517] Crypto
[501 / 518] SwiftExtensionsPack
[504 / 527] SwiftExtensionsPack
[505 / 527] SwiftExtensionsPack
[506 / 527] SwiftExtensionsPack
[507 / 527] SwiftExtensionsPack
error: SwiftCompile normal wasm32 /host/spi-builder-workspace/.build/checkouts/swift-extensions-pack/Sources/SwiftExtensionsPack/Net/HTTP.swift failed with a nonzero exit code. Command line:     cd /host
    builtin-SwiftPerFileCompile HTTP.swift
/host/spi-builder-workspace/.build/checkouts/swift-extensions-pack/Sources/SwiftExtensionsPack/Net/HTTP.swift:159:24: error: static property 'sessionConfiguration' is not concurrency-safe because non-'Sendable' type 'URLSessionConfiguration' (aka 'AnyObject') may have shared mutable state [#]8;;https://docs.swift.org/compiler/documentation/diagnostics/mutable-global-variable\MutableGlobalVariable]8;;\]
157 | //  MARK: Net
158 | public final class Net {
159 |     private static let sessionConfiguration: URLSessionConfiguration = {
    |                        |- error: static property 'sessionConfiguration' is not concurrency-safe because non-'Sendable' type 'URLSessionConfiguration' (aka 'AnyObject') may have shared mutable state [#]8;;https://docs.swift.org/compiler/documentation/diagnostics/mutable-global-variable\MutableGlobalVariable]8;;\]
    |                        |- note: add '@MainActor' to make static property 'sessionConfiguration' part of global actor 'MainActor'
    |                        `- note: disable concurrency-safety checks if accesses are protected by an external synchronization mechanism
160 |         let config = URLSessionConfiguration.default
161 |         config.requestCachePolicy = .reloadIgnoringLocalCacheData
/host/spi-builder-workspace/.build/checkouts/swift-extensions-pack/Sources/SwiftExtensionsPack/Net/HTTP.swift:159:46: error: 'URLSessionConfiguration' is unavailable: This type has moved to the FoundationNetworking module. Import that module to use it.
157 | //  MARK: Net
158 | public final class Net {
159 |     private static let sessionConfiguration: URLSessionConfiguration = {
    |                                              `- error: 'URLSessionConfiguration' is unavailable: This type has moved to the FoundationNetworking module. Import that module to use it.
160 |         let config = URLSessionConfiguration.default
161 |         config.requestCachePolicy = .reloadIgnoringLocalCacheData
Foundation.URLSessionConfiguration:2:18: note: 'URLSessionConfiguration' has been explicitly marked unavailable here
1 | @available(*, unavailable, message: "This type has moved to the FoundationNetworking module. Import that module to use it.")
2 | public typealias URLSessionConfiguration = AnyObject
  |                  `- note: 'URLSessionConfiguration' has been explicitly marked unavailable here
/host/spi-builder-workspace/.build/checkouts/swift-extensions-pack/Sources/SwiftExtensionsPack/Net/HTTP.swift:160:46: error: type 'URLSessionConfiguration' (aka 'AnyObject') has no member 'default'
158 | public final class Net {
159 |     private static let sessionConfiguration: URLSessionConfiguration = {
160 |         let config = URLSessionConfiguration.default
    |                                              `- error: type 'URLSessionConfiguration' (aka 'AnyObject') has no member 'default'
161 |         config.requestCachePolicy = .reloadIgnoringLocalCacheData
162 |         config.urlCache = nil
/host/spi-builder-workspace/.build/checkouts/swift-extensions-pack/Sources/SwiftExtensionsPack/Net/HTTP.swift:168:39: error: 'URLSession' (aka 'AnyObject') cannot be constructed because it has no accessible initializers
166 |     }()
167 |
168 |     public static let sharedSession = URLSession(
    |                                       `- error: 'URLSession' (aka 'AnyObject') cannot be constructed because it has no accessible initializers
169 |         configuration: sessionConfiguration
170 |     )
/host/spi-builder-workspace/.build/checkouts/swift-extensions-pack/Sources/SwiftExtensionsPack/Net/HTTP.swift:185:18: error: 'URLSession' is unavailable: This type has moved to the FoundationNetworking module. Import that module to use it.
183 |         body: Data? = nil,
184 |         multipart: Bool = false,
185 |         session: URLSession? = nil,
    |                  `- error: 'URLSession' is unavailable: This type has moved to the FoundationNetworking module. Import that module to use it.
186 |         beforeResume: (() -> Void)? = {},
187 |         afterResume: (() -> Void)? = {},
Foundation.URLSession:2:18: note: 'URLSession' has been explicitly marked unavailable here
1 | @available(*, unavailable, message: "This type has moved to the FoundationNetworking module. Import that module to use it.")
2 | public typealias URLSession = AnyObject
  |                  `- note: 'URLSession' has been explicitly marked unavailable here
/host/spi-builder-workspace/.build/checkouts/swift-extensions-pack/Sources/SwiftExtensionsPack/Net/HTTP.swift:188:48: error: 'URLResponse' is unavailable: This type has moved to the FoundationNetworking module. Import that module to use it.
186 |         beforeResume: (() -> Void)? = {},
187 |         afterResume: (() -> Void)? = {},
188 |         _ handler: @escaping @Sendable (Data?, URLResponse?, Error?) throws ->
    |                                                `- error: 'URLResponse' is unavailable: This type has moved to the FoundationNetworking module. Import that module to use it.
189 |             Void = { _, _, _ in }
190 |     ) throws {
Foundation.URLResponse:2:18: note: 'URLResponse' has been explicitly marked unavailable here
1 | @available(*, unavailable, message: "This type has moved to the FoundationNetworking module. Import that module to use it.")
2 | public typealias URLResponse = AnyObject
  |                  `- note: 'URLResponse' has been explicitly marked unavailable here
/host/spi-builder-workspace/.build/checkouts/swift-extensions-pack/Sources/SwiftExtensionsPack/Net/HTTP.swift:226:18: error: 'URLSession' is unavailable: This type has moved to the FoundationNetworking module. Import that module to use it.
224 |         body: Data? = nil,
225 |         multipart: Bool = false,
226 |         session: URLSession? = nil
    |                  `- error: 'URLSession' is unavailable: This type has moved to the FoundationNetworking module. Import that module to use it.
227 |     ) async throws -> (data: Data, response: URLResponse) {
228 |         return try await withCheckedThrowingContinuation { continuation in
Foundation.URLSession:2:18: note: 'URLSession' has been explicitly marked unavailable here
1 | @available(*, unavailable, message: "This type has moved to the FoundationNetworking module. Import that module to use it.")
2 | public typealias URLSession = AnyObject
  |                  `- note: 'URLSession' has been explicitly marked unavailable here
/host/spi-builder-workspace/.build/checkouts/swift-extensions-pack/Sources/SwiftExtensionsPack/Net/HTTP.swift:227:46: error: 'URLResponse' is unavailable: This type has moved to the FoundationNetworking module. Import that module to use it.
225 |         multipart: Bool = false,
226 |         session: URLSession? = nil
227 |     ) async throws -> (data: Data, response: URLResponse) {
    |                                              `- error: 'URLResponse' is unavailable: This type has moved to the FoundationNetworking module. Import that module to use it.
228 |         return try await withCheckedThrowingContinuation { continuation in
229 |             do {
Foundation.URLResponse:2:18: note: 'URLResponse' has been explicitly marked unavailable here
1 | @available(*, unavailable, message: "This type has moved to the FoundationNetworking module. Import that module to use it.")
2 | public typealias URLResponse = AnyObject
  |                  `- note: 'URLResponse' has been explicitly marked unavailable here
/host/spi-builder-workspace/.build/checkouts/swift-extensions-pack/Sources/SwiftExtensionsPack/Net/HTTP.swift:266:17: error: cannot find type 'URLRequest' in scope
264 |         body: Data? = nil,
265 |         multipart: Bool = false
266 |     ) throws -> URLRequest {
    |                 `- error: cannot find type 'URLRequest' in scope
267 |         let fullUrl = multipart ? url : "\(url)\(makeQueryParamsString(params))"
268 |         guard let requestUrl = URL(string: fullUrl) else {
/host/spi-builder-workspace/.build/checkouts/swift-extensions-pack/Sources/SwiftExtensionsPack/Net/HTTP.swift:370:11: error: cannot find type 'URLRequest' in scope
368 | }
369 |
370 | extension URLRequest {
    |           `- error: cannot find type 'URLRequest' in scope
371 |
372 |     mutating func setMultipartBody(from params: [String: Any]?) {
/host/spi-builder-workspace/.build/checkouts/swift-extensions-pack/Sources/SwiftExtensionsPack/Net/HTTP.swift:271:23: error: cannot find 'URLRequest' in scope
269 |             throw NetErrors.NotValidParams
270 |         }
271 |         var request = URLRequest(url: requestUrl)
    |                       `- error: cannot find 'URLRequest' in scope
272 |         request.httpMethod = method
273 |         request.allHTTPHeaderFields = headers
[#MutableGlobalVariable]: <https://docs.swift.org/compiler/documentation/diagnostics/mutable-global-variable>
Failed frontend command:
/usr/bin/swift-frontend -frontend -c /host/spi-builder-workspace/.build/checkouts/swift-extensions-pack/Sources/SwiftExtensionsPack/Array/SafeArray.swift /host/spi-builder-workspace/.build/checkouts/swift-extensions-pack/Sources/SwiftExtensionsPack/Array/Sequence+Extensions.swift /host/spi-builder-workspace/.build/checkouts/swift-extensions-pack/Sources/SwiftExtensionsPack/Codable/Codable+Extensions.swift /host/spi-builder-workspace/.build/checkouts/swift-extensions-pack/Sources/SwiftExtensionsPack/Common/AnyValue.swift /host/spi-builder-workspace/.build/checkouts/swift-extensions-pack/Sources/SwiftExtensionsPack/Common/Atomic.swift /host/spi-builder-workspace/.build/checkouts/swift-extensions-pack/Sources/SwiftExtensionsPack/Common/CommonClasses.swift /host/spi-builder-workspace/.build/checkouts/swift-extensions-pack/Sources/SwiftExtensionsPack/Common/CommonMethods.swift /host/spi-builder-workspace/.build/checkouts/swift-extensions-pack/Sources/SwiftExtensionsPack/Common/ErrorCommon.swift /host/spi-builder-workspace/.build/checkouts/swift-extensions-pack/Sources/SwiftExtensionsPack/Common/Limiter.swift /host/spi-builder-workspace/.build/checkouts/swift-extensions-pack/Sources/SwiftExtensionsPack/Common/ObjectIdentifier.swift /host/spi-builder-workspace/.build/checkouts/swift-extensions-pack/Sources/SwiftExtensionsPack/Common/Protocols.swift /host/spi-builder-workspace/.build/checkouts/swift-extensions-pack/Sources/SwiftExtensionsPack/Common/Runtime.swift /host/spi-builder-workspace/.build/checkouts/swift-extensions-pack/Sources/SwiftExtensionsPack/Common/SafeValue.swift /host/spi-builder-workspace/.build/checkouts/swift-extensions-pack/Sources/SwiftExtensionsPack/Crypto/AES.swift /host/spi-builder-workspace/.build/checkouts/swift-extensions-pack/Sources/SwiftExtensionsPack/Crypto/ByteArray+Bits.swift /host/spi-builder-workspace/.build/checkouts/swift-extensions-pack/Sources/SwiftExtensionsPack/Crypto/Data+Extension.swift /host/spi-builder-workspace/.build/checkouts/swift-extensions-pack/Sources/SwiftExtensionsPack/Crypto/Ed25519.swift /host/spi-builder-workspace/.build/checkouts/swift-extensions-pack/Sources/SwiftExtensionsPack/Crypto/HexaDecimal.swift /host/spi-builder-workspace/.build/checkouts/swift-extensions-pack/Sources/SwiftExtensionsPack/Crypto/Hmac.swift /host/spi-builder-workspace/.build/checkouts/swift-extensions-pack/Sources/SwiftExtensionsPack/Crypto/RandomBytes.swift /host/spi-builder-workspace/.build/checkouts/swift-extensions-pack/Sources/SwiftExtensionsPack/Crypto/SHA.swift /host/spi-builder-workspace/.build/checkouts/swift-extensions-pack/Sources/SwiftExtensionsPack/Crypto/String+Extension.swift /host/spi-builder-workspace/.build/checkouts/swift-extensions-pack/Sources/SwiftExtensionsPack/Date/Date+String.swift /host/spi-builder-workspace/.build/checkouts/swift-extensions-pack/Sources/SwiftExtensionsPack/Date/DateCommon.swift /host/spi-builder-workspace/.build/checkouts/swift-extensions-pack/Sources/SwiftExtensionsPack/Dictionary/Dictionary+JSON.swift /host/spi-builder-workspace/.build/checkouts/swift-extensions-pack/Sources/SwiftExtensionsPack/Dictionary/DictionaryCommon.swift /host/spi-builder-workspace/.build/checkouts/swift-extensions-pack/Sources/SwiftExtensionsPack/Dictionary/SafeDictionary.swift /host/spi-builder-workspace/.build/checkouts/swift-extensions-pack/Sources/SwiftExtensionsPack/Double/Double.swift -primary-file /host/spi-builder-workspace/.build/checkouts/swift-extensions-pack/Sources/SwiftExtensionsPack/Float/Float.swift -primary-file /host/spi-builder-workspace/.build/checkouts/swift-extensions-pack/Sources/SwiftExtensionsPack/Net/HTTP.swift -primary-file /host/spi-builder-workspace/.build/checkouts/swift-extensions-pack/Sources/SwiftExtensionsPack/String/String+Chunks.swift -primary-file /host/spi-builder-workspace/.build/checkouts/swift-extensions-pack/Sources/SwiftExtensionsPack/String/String+Date.swift /host/spi-builder-workspace/.build/checkouts/swift-extensions-pack/Sources/SwiftExtensionsPack/String/String+JSON.swift /host/spi-builder-workspace/.build/checkouts/swift-extensions-pack/Sources/SwiftExtensionsPack/String/StringCommon.swift /host/spi-builder-workspace/.build/checkouts/swift-extensions-pack/Sources/SwiftExtensionsPack/iOS/String/String+Crypto.swift /host/spi-builder-workspace/.build/checkouts/swift-extensions-pack/Sources/SwiftExtensionsPack/iOS/String/String+Height.swift -supplementary-output-file-map /host/spi-builder-workspace/.build/out/Intermediates.noindex/SwiftExtensionsPack.build/Debug-webassembly-wasm32/SwiftExtensionsPack-t.build/Objects-normal/wasm32/supplementaryOutputs-15 -target wasm32-unknown-wasip1 -disable-objc-interop -sdk /root/.swiftpm/swift-sdks/swift-6.4.x-DEVELOPMENT-SNAPSHOT-2026-09-04-a_wasm.artifactbundle/swift-6.4.x-DEVELOPMENT-SNAPSHOT-2026-09-04-a_wasm/wasm32-unknown-wasip1/WASI.sdk -sysroot /root/.swiftpm/swift-sdks/swift-6.4.x-DEVELOPMENT-SNAPSHOT-2026-09-04-a_wasm.artifactbundle/swift-6.4.x-DEVELOPMENT-SNAPSHOT-2026-09-04-a_wasm/wasm32-unknown-wasip1/WASI.sdk -I /host/spi-builder-workspace/.build/out/Products/Debug-webassembly-wasm32 -module-cache-path /host/spi-builder-workspace/.build/out/ModuleCache.noindex -color-diagnostics -Xcc -fcolor-diagnostics -enable-testing -g -debug-info-format\=dwarf -dwarf-version\=4 -suppress-warnings -swift-version 6 -Onone -D SWIFT_PACKAGE -D DEBUG -D SWIFT_MODULE_RESOURCE_BUNDLE_UNAVAILABLE -D Xcode -serialize-debugging-options -enable-experimental-feature DebugDescriptionMacro -empty-abi-descriptor -external-plugin-path /usr/lib/swift/host/plugins/testing\#/usr/bin/swift-plugin-server -user-module-version 2.7.4 -validate-clang-modules-once -clang-build-session-file /host/spi-builder-workspace/.build/out/ModuleCache.noindex/Session.modulevalidation -Xcc -working-directory -Xcc /host -resource-dir /root/.swiftpm/swift-sdks/swift-6.4.x-DEVELOPMENT-SNAPSHOT-2026-09-04-a_wasm.artifactbundle/swift-6.4.x-DEVELOPMENT-SNAPSHOT-2026-09-04-a_wasm/wasm32-unknown-wasip1/swift.xctoolchain/usr/lib/swift_static -use-static-resource-dir -enable-anonymous-context-mangled-names -file-compilation-dir /host -Xcc -resource-dir -Xcc /root/.swiftpm/swift-sdks/swift-6.4.x-DEVELOPMENT-SNAPSHOT-2026-09-04-a_wasm.artifactbundle/swift-6.4.x-DEVELOPMENT-SNAPSHOT-2026-09-04-a_wasm/wasm32-unknown-wasip1/swift.xctoolchain/usr/lib/swift_static/clang -Xcc -fmodule-map-file\=/host/spi-builder-workspace/.build/checkouts/swift-crypto/Sources/CXKCPShims/include/module.modulemap -Xcc -fmodule-map-file\=/host/spi-builder-workspace/.build/checkouts/swift-crypto/Sources/CXKCP/include/module.modulemap -Xcc -fmodule-map-file\=/host/spi-builder-workspace/.build/checkouts/swift-crypto/Sources/CCryptoBoringSSLShims/include/module.modulemap -Xcc -fmodule-map-file\=/host/spi-builder-workspace/.build/checkouts/swift-crypto/Sources/CCryptoBoringSSL/include/module.modulemap -Xcc -fmodule-map-file\=/host/spi-builder-workspace/.build/out/Intermediates.noindex/GeneratedModuleMaps-webassembly-wasm32/CEd25519.modulemap -Xcc -D_LIBCPP_HARDENING_MODE\=_LIBCPP_HARDENING_MODE_DEBUG -Xcc -fmodules-prune-interval\=86400 -Xcc -fmodules-prune-after\=345600 -Xcc -I/host/spi-builder-workspace/.build/checkouts/swift-crypto/Sources/CXKCPShims/include -Xcc -I/host/spi-builder-workspace/.build/checkouts/swift-crypto/Sources/CXKCP/include -Xcc -I/host/spi-builder-workspace/.build/checkouts/swift-crypto/Sources/CCryptoBoringSSLShims/include -Xcc -I/host/spi-builder-workspace/.build/checkouts/swift-crypto/Sources/CCryptoBoringSSL/include -Xcc -I/host/spi-builder-workspace/.build/checkouts/ed25519/Sources/CEd25519/include -Xcc -I/host/spi-builder-workspace/.build/out/Products/Debug-webassembly-wasm32/include -Xcc -I/host/spi-builder-workspace/.build/out/Intermediates.noindex/SwiftExtensionsPack.build/Debug-webassembly-wasm32/SwiftExtensionsPack-t.build/DerivedSources-normal/wasm32 -Xcc -I/host/spi-builder-workspace/.build/out/Intermediates.noindex/SwiftExtensionsPack.build/Debug-webassembly-wasm32/SwiftExtensionsPack-t.build/DerivedSources/wasm32 -Xcc -I/host/spi-builder-workspace/.build/out/Intermediates.noindex/SwiftExtensionsPack.build/Debug-webassembly-wasm32/SwiftExtensionsPack-t.build/DerivedSources -Xcc -DSWIFT_PACKAGE -Xcc -DDEBUG\=1 -no-auto-bridging-header-chaining -module-name SwiftExtensionsPack -package-name swift_extensions_pack -const-gather-protocols-file /host/spi-builder-workspace/.build/out/Intermediates.noindex/SwiftExtensionsPack.build/Debug-webassembly-wasm32/SwiftExtensionsPack-t.build/Objects-normal/wasm32/SwiftExtensionsPack_const_extract_protocols.json -in-process-plugin-server-path /usr/lib/swift/host/libSwiftInProcPluginServer.so -plugin-path /usr/lib/swift/host/plugins -plugin-path /usr/local/lib/swift/host/plugins -parse-as-library -o /host/spi-builder-workspace/.build/out/Intermediates.noindex/SwiftExtensionsPack.build/Debug-webassembly-wasm32/SwiftExtensionsPack-t.build/Objects-normal/wasm32/Float.o -o /host/spi-builder-workspace/.build/out/Intermediates.noindex/SwiftExtensionsPack.build/Debug-webassembly-wasm32/SwiftExtensionsPack-t.build/Objects-normal/wasm32/HTTP.o -o /host/spi-builder-workspace/.build/out/Intermediates.noindex/SwiftExtensionsPack.build/Debug-webassembly-wasm32/SwiftExtensionsPack-t.build/Objects-normal/wasm32/String+Chunks.o -o /host/spi-builder-workspace/.build/out/Intermediates.noindex/SwiftExtensionsPack.build/Debug-webassembly-wasm32/SwiftExtensionsPack-t.build/Objects-normal/wasm32/String+Date.o -index-unit-output-path /SwiftExtensionsPack.build/Debug-webassembly-wasm32/SwiftExtensionsPack-t.build/Objects-normal/wasm32/Float.o -index-unit-output-path /SwiftExtensionsPack.build/Debug-webassembly-wasm32/SwiftExtensionsPack-t.build/Objects-normal/wasm32/HTTP.o -index-unit-output-path /SwiftExtensionsPack.build/Debug-webassembly-wasm32/SwiftExtensionsPack-t.build/Objects-normal/wasm32/String+Chunks.o -index-unit-output-path /SwiftExtensionsPack.build/Debug-webassembly-wasm32/SwiftExtensionsPack-t.build/Objects-normal/wasm32/String+Date.o -index-store-path /host/spi-builder-workspace/.build/out -index-system-modules
error: Build failed
BUILD FAILURE 6.4 wasm