The Swift Package Index logo.Swift Package Index

Build Information

Failed to build PhotoSelectAndCrop, reference 3.0.0 (321a66), with Swift 6.1 for watchOS using Xcode 16.3 on 3 Jul 2026 07:43:03 UTC.

Build Command

env DEVELOPER_DIR=/Applications/Xcode-16.3.0.app xcrun xcodebuild -IDEClonedSourcePackagesDirPathOverride=$PWD/.dependencies -skipMacroValidation -skipPackagePluginValidation -derivedDataPath $PWD/.derivedData build -scheme PhotoSelectAndCrop -destination generic/platform=watchOS

Build Log

========================================
RunAll
========================================
Builder version: undefined version: run 'make version' to update
Interrupt handler set up.
========================================
Checkout
========================================
Clone URL: https://github.com/Rillieux/PhotoSelectAndCrop.git
Reference: 3.0.0
Initialized empty Git repository in /Users/admin/builder/spi-builder-workspace/.git/
From https://github.com/Rillieux/PhotoSelectAndCrop
 * tag               3.0.0      -> FETCH_HEAD
HEAD is now at 321a66e Merge pull request #7 from Rillieux/claude/determined-noether-47pe17
Cloned https://github.com/Rillieux/PhotoSelectAndCrop.git
Revision (git rev-parse @):
321a66eec05380ce9cd3835431e502cafff1a83d
SUCCESS checkout https://github.com/Rillieux/PhotoSelectAndCrop.git at 3.0.0
========================================
Build
========================================
Selected platform:         watchOS
Swift version:             6.1
Building package at path:  $PWD
https://github.com/Rillieux/PhotoSelectAndCrop.git
https://github.com/Rillieux/PhotoSelectAndCrop.git
{
  "default_localization" : "en",
  "dependencies" : [
  ],
  "manifest_display_name" : "PhotoSelectAndCrop",
  "name" : "PhotoSelectAndCrop",
  "path" : "/Users/admin/builder/spi-builder-workspace",
  "platforms" : [
    {
      "name" : "ios",
      "version" : "17.0"
    }
  ],
  "products" : [
    {
      "name" : "PhotoSelectAndCrop",
      "targets" : [
        "PhotoSelectAndCrop"
      ],
      "type" : {
        "library" : [
          "automatic"
        ]
      }
    }
  ],
  "targets" : [
    {
      "c99name" : "PhotoSelectAndCrop",
      "module_type" : "SwiftTarget",
      "name" : "PhotoSelectAndCrop",
      "path" : "Sources",
      "product_memberships" : [
        "PhotoSelectAndCrop"
      ],
      "resources" : [
        {
          "path" : "/Users/admin/builder/spi-builder-workspace/Sources/PhotoSelectAndCrop/Resources/en.lproj/Localizable.strings",
          "rule" : {
            "process" : {
              "localization" : "en"
            }
          }
        },
        {
          "path" : "/Users/admin/builder/spi-builder-workspace/Sources/PhotoSelectAndCrop/Resources/fr.lproj/Localizable.strings",
          "rule" : {
            "process" : {
              "localization" : "fr"
            }
          }
        }
      ],
      "sources" : [
        "Color+Extensions.swift",
        "DeviceOrientation.swift",
        "ImageAttributes.swift",
        "ImageManipulation.swift",
        "ImageMoveAndScaleSheet+Extensions.swift",
        "ImageMoveAndScaleSheet+ViewModel.swift",
        "ImageMoveAndScaleSheet.swift",
        "ImagePane.swift",
        "LocalizedStrings.swift",
        "ViewModifiers.swift"
      ],
      "type" : "library"
    }
  ],
  "tools_version" : "5.9"
}
Command line invocation:
    /Applications/Xcode-16.3.0.app/Contents/Developer/usr/bin/xcodebuild -IDEClonedSourcePackagesDirPathOverride=/Users/admin/builder/spi-builder-workspace/.dependencies -resolvePackageDependencies
Resolve Package Graph
Resolve Package Graph
Resolved source packages:
  PhotoSelectAndCrop: /Users/admin/builder/spi-builder-workspace
resolved source packages: PhotoSelectAndCrop
{
  "default_localization" : "en",
  "dependencies" : [
  ],
  "manifest_display_name" : "PhotoSelectAndCrop",
  "name" : "PhotoSelectAndCrop",
  "path" : "/Users/admin/builder/spi-builder-workspace",
  "platforms" : [
    {
      "name" : "ios",
      "version" : "17.0"
    }
  ],
  "products" : [
    {
      "name" : "PhotoSelectAndCrop",
      "targets" : [
        "PhotoSelectAndCrop"
      ],
      "type" : {
        "library" : [
          "automatic"
        ]
      }
    }
  ],
  "targets" : [
    {
      "c99name" : "PhotoSelectAndCrop",
      "module_type" : "SwiftTarget",
      "name" : "PhotoSelectAndCrop",
      "path" : "Sources",
      "product_memberships" : [
        "PhotoSelectAndCrop"
      ],
      "resources" : [
        {
          "path" : "/Users/admin/builder/spi-builder-workspace/Sources/PhotoSelectAndCrop/Resources/en.lproj/Localizable.strings",
          "rule" : {
            "process" : {
              "localization" : "en"
            }
          }
        },
        {
          "path" : "/Users/admin/builder/spi-builder-workspace/Sources/PhotoSelectAndCrop/Resources/fr.lproj/Localizable.strings",
          "rule" : {
            "process" : {
              "localization" : "fr"
            }
          }
        }
      ],
      "sources" : [
        "Color+Extensions.swift",
        "DeviceOrientation.swift",
        "ImageAttributes.swift",
        "ImageManipulation.swift",
        "ImageMoveAndScaleSheet+Extensions.swift",
        "ImageMoveAndScaleSheet+ViewModel.swift",
        "ImageMoveAndScaleSheet.swift",
        "ImagePane.swift",
        "LocalizedStrings.swift",
        "ViewModifiers.swift"
      ],
      "type" : "library"
    }
  ],
  "tools_version" : "5.9"
}
{
  "workspace" : {
    "name" : "spi-builder-workspace",
    "schemes" : [
      "PhotoSelectAndCrop"
    ]
  }
}
Running build ...
env DEVELOPER_DIR=/Applications/Xcode-16.3.0.app xcrun xcodebuild -IDEClonedSourcePackagesDirPathOverride=$PWD/.dependencies -skipMacroValidation -skipPackagePluginValidation -derivedDataPath $PWD/.derivedData build -scheme PhotoSelectAndCrop -destination generic/platform=watchOS OTHER_SWIFT_FLAGS=-stats-output-dir .stats -strict-concurrency=complete -enable-upcoming-feature StrictConcurrency -enable-upcoming-feature DisableOutwardActorInference -enable-upcoming-feature GlobalActorIsolatedTypesUsability -enable-upcoming-feature InferSendableFromCaptures
Command line invocation:
    /Applications/Xcode-16.3.0.app/Contents/Developer/usr/bin/xcodebuild -IDEClonedSourcePackagesDirPathOverride=/Users/admin/builder/spi-builder-workspace/.dependencies -skipMacroValidation -skipPackagePluginValidation -derivedDataPath /Users/admin/builder/spi-builder-workspace/.derivedData build -scheme PhotoSelectAndCrop -destination generic/platform=watchOS "OTHER_SWIFT_FLAGS=-stats-output-dir .stats -strict-concurrency=complete -enable-upcoming-feature StrictConcurrency -enable-upcoming-feature DisableOutwardActorInference -enable-upcoming-feature GlobalActorIsolatedTypesUsability -enable-upcoming-feature InferSendableFromCaptures"
Build settings from command line:
    OTHER_SWIFT_FLAGS = -stats-output-dir .stats -strict-concurrency=complete -enable-upcoming-feature StrictConcurrency -enable-upcoming-feature DisableOutwardActorInference -enable-upcoming-feature GlobalActorIsolatedTypesUsability -enable-upcoming-feature InferSendableFromCaptures
Resolve Package Graph
Resolved source packages:
  PhotoSelectAndCrop: /Users/admin/builder/spi-builder-workspace
ComputePackagePrebuildTargetDependencyGraph
Prepare packages
CreateBuildRequest
SendProjectDescription
CreateBuildOperation
ComputeTargetDependencyGraph
note: Building targets in dependency order
note: Target dependency graph (3 targets)
    Target 'PhotoSelectAndCrop' in project 'PhotoSelectAndCrop'
        ➜ Explicit dependency on target 'PhotoSelectAndCrop' in project 'PhotoSelectAndCrop'
        ➜ Explicit dependency on target 'PhotoSelectAndCrop_PhotoSelectAndCrop' in project 'PhotoSelectAndCrop'
    Target 'PhotoSelectAndCrop' in project 'PhotoSelectAndCrop'
        ➜ Explicit dependency on target 'PhotoSelectAndCrop_PhotoSelectAndCrop' in project 'PhotoSelectAndCrop'
    Target 'PhotoSelectAndCrop_PhotoSelectAndCrop' in project 'PhotoSelectAndCrop' (no dependencies)
GatherProvisioningInputs
CreateBuildDescription
ExecuteExternalTool /Applications/Xcode-16.3.0.app/Contents/Developer/Toolchains/XcodeDefault.xctoolchain/usr/bin/clang -v -E -dM -isysroot /Applications/Xcode-16.3.0.app/Contents/Developer/Platforms/WatchOS.platform/Developer/SDKs/WatchOS11.4.sdk -x c -c /dev/null
ExecuteExternalTool /Applications/Xcode-16.3.0.app/Contents/Developer/Toolchains/XcodeDefault.xctoolchain/usr/bin/swiftc --version
ExecuteExternalTool /Applications/Xcode-16.3.0.app/Contents/Developer/Toolchains/XcodeDefault.xctoolchain/usr/bin/ld -version_details
Build description signature: 01881012261f38e9ae7d5e29a01106af
Build description path: /Users/admin/builder/spi-builder-workspace/.derivedData/Build/Intermediates.noindex/XCBuildData/01881012261f38e9ae7d5e29a01106af.xcbuilddata
CreateBuildDirectory /Users/admin/builder/spi-builder-workspace/.derivedData/Build/Products
    cd /Users/admin/builder/spi-builder-workspace/.swiftpm/xcode
    builtin-create-build-directory /Users/admin/builder/spi-builder-workspace/.derivedData/Build/Products
ClangStatCache /Applications/Xcode-16.3.0.app/Contents/Developer/Toolchains/XcodeDefault.xctoolchain/usr/bin/clang-stat-cache /Applications/Xcode-16.3.0.app/Contents/Developer/Platforms/WatchOS.platform/Developer/SDKs/WatchOS11.4.sdk /Users/admin/builder/spi-builder-workspace/.derivedData/SDKStatCaches.noindex/watchos11.4-22T246-43efb940ff07ba2497b70ec94253f576.sdkstatcache
    cd /Users/admin/builder/spi-builder-workspace/.swiftpm/xcode
    /Applications/Xcode-16.3.0.app/Contents/Developer/Toolchains/XcodeDefault.xctoolchain/usr/bin/clang-stat-cache /Applications/Xcode-16.3.0.app/Contents/Developer/Platforms/WatchOS.platform/Developer/SDKs/WatchOS11.4.sdk -o /Users/admin/builder/spi-builder-workspace/.derivedData/SDKStatCaches.noindex/watchos11.4-22T246-43efb940ff07ba2497b70ec94253f576.sdkstatcache
CreateBuildDirectory /Users/admin/builder/spi-builder-workspace/.derivedData/Build/Intermediates.noindex
    cd /Users/admin/builder/spi-builder-workspace/.swiftpm/xcode
    builtin-create-build-directory /Users/admin/builder/spi-builder-workspace/.derivedData/Build/Intermediates.noindex
CreateBuildDirectory /Users/admin/builder/spi-builder-workspace/.derivedData/Build/Intermediates.noindex/EagerLinkingTBDs/Debug-watchos
    cd /Users/admin/builder/spi-builder-workspace/.swiftpm/xcode
    builtin-create-build-directory /Users/admin/builder/spi-builder-workspace/.derivedData/Build/Intermediates.noindex/EagerLinkingTBDs/Debug-watchos
CreateBuildDirectory /Users/admin/builder/spi-builder-workspace/.derivedData/Build/Products/Debug-watchos
    cd /Users/admin/builder/spi-builder-workspace/.swiftpm/xcode
    builtin-create-build-directory /Users/admin/builder/spi-builder-workspace/.derivedData/Build/Products/Debug-watchos
CreateBuildDirectory /Users/admin/builder/spi-builder-workspace/.derivedData/Build/Products/Debug-watchos/PackageFrameworks
    cd /Users/admin/builder/spi-builder-workspace/.swiftpm/xcode
    builtin-create-build-directory /Users/admin/builder/spi-builder-workspace/.derivedData/Build/Products/Debug-watchos/PackageFrameworks
WriteAuxiliaryFile /Users/admin/builder/spi-builder-workspace/.derivedData/Build/Intermediates.noindex/PhotoSelectAndCrop.build/Debug-watchos/PhotoSelectAndCrop.build/PhotoSelectAndCrop.modulemap (in target 'PhotoSelectAndCrop' from project 'PhotoSelectAndCrop')
    cd /Users/admin/builder/spi-builder-workspace
    write-file /Users/admin/builder/spi-builder-workspace/.derivedData/Build/Intermediates.noindex/PhotoSelectAndCrop.build/Debug-watchos/PhotoSelectAndCrop.build/PhotoSelectAndCrop.modulemap
WriteAuxiliaryFile /Users/admin/builder/spi-builder-workspace/.derivedData/Build/Intermediates.noindex/PhotoSelectAndCrop.build/Debug-watchos/PhotoSelectAndCrop_PhotoSelectAndCrop.build/PhotoSelectAndCrop_PhotoSelectAndCrop.DependencyStaticMetadataFileList (in target 'PhotoSelectAndCrop_PhotoSelectAndCrop' from project 'PhotoSelectAndCrop')
    cd /Users/admin/builder/spi-builder-workspace
    write-file /Users/admin/builder/spi-builder-workspace/.derivedData/Build/Intermediates.noindex/PhotoSelectAndCrop.build/Debug-watchos/PhotoSelectAndCrop_PhotoSelectAndCrop.build/PhotoSelectAndCrop_PhotoSelectAndCrop.DependencyStaticMetadataFileList
WriteAuxiliaryFile /Users/admin/builder/spi-builder-workspace/.derivedData/Build/Intermediates.noindex/PhotoSelectAndCrop.build/Debug-watchos/PhotoSelectAndCrop_PhotoSelectAndCrop.build/empty-PhotoSelectAndCrop_PhotoSelectAndCrop.plist (in target 'PhotoSelectAndCrop_PhotoSelectAndCrop' from project 'PhotoSelectAndCrop')
    cd /Users/admin/builder/spi-builder-workspace
    write-file /Users/admin/builder/spi-builder-workspace/.derivedData/Build/Intermediates.noindex/PhotoSelectAndCrop.build/Debug-watchos/PhotoSelectAndCrop_PhotoSelectAndCrop.build/empty-PhotoSelectAndCrop_PhotoSelectAndCrop.plist
WriteAuxiliaryFile /Users/admin/builder/spi-builder-workspace/.derivedData/Build/Intermediates.noindex/PhotoSelectAndCrop.build/Debug-watchos/PhotoSelectAndCrop.build/Objects-normal/arm64_32/PhotoSelectAndCrop_const_extract_protocols.json (in target 'PhotoSelectAndCrop' from project 'PhotoSelectAndCrop')
    cd /Users/admin/builder/spi-builder-workspace
    write-file /Users/admin/builder/spi-builder-workspace/.derivedData/Build/Intermediates.noindex/PhotoSelectAndCrop.build/Debug-watchos/PhotoSelectAndCrop.build/Objects-normal/arm64_32/PhotoSelectAndCrop_const_extract_protocols.json
WriteAuxiliaryFile /Users/admin/builder/spi-builder-workspace/.derivedData/Build/Intermediates.noindex/PhotoSelectAndCrop.build/Debug-watchos/PhotoSelectAndCrop.build/Objects-normal/arm64_32/PhotoSelectAndCrop.SwiftConstValuesFileList (in target 'PhotoSelectAndCrop' from project 'PhotoSelectAndCrop')
    cd /Users/admin/builder/spi-builder-workspace
    write-file /Users/admin/builder/spi-builder-workspace/.derivedData/Build/Intermediates.noindex/PhotoSelectAndCrop.build/Debug-watchos/PhotoSelectAndCrop.build/Objects-normal/arm64_32/PhotoSelectAndCrop.SwiftConstValuesFileList
WriteAuxiliaryFile /Users/admin/builder/spi-builder-workspace/.derivedData/Build/Intermediates.noindex/PhotoSelectAndCrop.build/Debug-watchos/PhotoSelectAndCrop.build/Objects-normal/arm64_32/PhotoSelectAndCrop-OutputFileMap.json (in target 'PhotoSelectAndCrop' from project 'PhotoSelectAndCrop')
    cd /Users/admin/builder/spi-builder-workspace
    write-file /Users/admin/builder/spi-builder-workspace/.derivedData/Build/Intermediates.noindex/PhotoSelectAndCrop.build/Debug-watchos/PhotoSelectAndCrop.build/Objects-normal/arm64_32/PhotoSelectAndCrop-OutputFileMap.json
WriteAuxiliaryFile /Users/admin/builder/spi-builder-workspace/.derivedData/Build/Intermediates.noindex/PhotoSelectAndCrop.build/Debug-watchos/PhotoSelectAndCrop.build/DerivedSources/resource_bundle_accessor.swift (in target 'PhotoSelectAndCrop' from project 'PhotoSelectAndCrop')
    cd /Users/admin/builder/spi-builder-workspace
    write-file /Users/admin/builder/spi-builder-workspace/.derivedData/Build/Intermediates.noindex/PhotoSelectAndCrop.build/Debug-watchos/PhotoSelectAndCrop.build/DerivedSources/resource_bundle_accessor.swift
WriteAuxiliaryFile /Users/admin/builder/spi-builder-workspace/.derivedData/Build/Intermediates.noindex/PhotoSelectAndCrop.build/Debug-watchos/PhotoSelectAndCrop.build/Objects-normal/arm64/PhotoSelectAndCrop_const_extract_protocols.json (in target 'PhotoSelectAndCrop' from project 'PhotoSelectAndCrop')
    cd /Users/admin/builder/spi-builder-workspace
    write-file /Users/admin/builder/spi-builder-workspace/.derivedData/Build/Intermediates.noindex/PhotoSelectAndCrop.build/Debug-watchos/PhotoSelectAndCrop.build/Objects-normal/arm64/PhotoSelectAndCrop_const_extract_protocols.json
WriteAuxiliaryFile /Users/admin/builder/spi-builder-workspace/.derivedData/Build/Intermediates.noindex/PhotoSelectAndCrop.build/Debug-watchos/PhotoSelectAndCrop.build/Objects-normal/arm64/PhotoSelectAndCrop-OutputFileMap.json (in target 'PhotoSelectAndCrop' from project 'PhotoSelectAndCrop')
    cd /Users/admin/builder/spi-builder-workspace
    write-file /Users/admin/builder/spi-builder-workspace/.derivedData/Build/Intermediates.noindex/PhotoSelectAndCrop.build/Debug-watchos/PhotoSelectAndCrop.build/Objects-normal/arm64/PhotoSelectAndCrop-OutputFileMap.json
WriteAuxiliaryFile /Users/admin/builder/spi-builder-workspace/.derivedData/Build/Intermediates.noindex/PhotoSelectAndCrop.build/Debug-watchos/PhotoSelectAndCrop_PhotoSelectAndCrop.build/PhotoSelectAndCrop_PhotoSelectAndCrop.DependencyMetadataFileList (in target 'PhotoSelectAndCrop_PhotoSelectAndCrop' from project 'PhotoSelectAndCrop')
    cd /Users/admin/builder/spi-builder-workspace
    write-file /Users/admin/builder/spi-builder-workspace/.derivedData/Build/Intermediates.noindex/PhotoSelectAndCrop.build/Debug-watchos/PhotoSelectAndCrop_PhotoSelectAndCrop.build/PhotoSelectAndCrop_PhotoSelectAndCrop.DependencyMetadataFileList
WriteAuxiliaryFile /Users/admin/builder/spi-builder-workspace/.derivedData/Build/Intermediates.noindex/PhotoSelectAndCrop.build/Debug-watchos/PhotoSelectAndCrop.build/PhotoSelectAndCrop.DependencyStaticMetadataFileList (in target 'PhotoSelectAndCrop' from project 'PhotoSelectAndCrop')
    cd /Users/admin/builder/spi-builder-workspace
    write-file /Users/admin/builder/spi-builder-workspace/.derivedData/Build/Intermediates.noindex/PhotoSelectAndCrop.build/Debug-watchos/PhotoSelectAndCrop.build/PhotoSelectAndCrop.DependencyStaticMetadataFileList
WriteAuxiliaryFile /Users/admin/builder/spi-builder-workspace/.derivedData/Build/Intermediates.noindex/PhotoSelectAndCrop.build/Debug-watchos/PhotoSelectAndCrop.build/PhotoSelectAndCrop.DependencyMetadataFileList (in target 'PhotoSelectAndCrop' from project 'PhotoSelectAndCrop')
    cd /Users/admin/builder/spi-builder-workspace
    write-file /Users/admin/builder/spi-builder-workspace/.derivedData/Build/Intermediates.noindex/PhotoSelectAndCrop.build/Debug-watchos/PhotoSelectAndCrop.build/PhotoSelectAndCrop.DependencyMetadataFileList
WriteAuxiliaryFile /Users/admin/builder/spi-builder-workspace/.derivedData/Build/Intermediates.noindex/PhotoSelectAndCrop.build/Debug-watchos/PhotoSelectAndCrop.build/Objects-normal/arm64_32/PhotoSelectAndCrop.SwiftFileList (in target 'PhotoSelectAndCrop' from project 'PhotoSelectAndCrop')
    cd /Users/admin/builder/spi-builder-workspace
    write-file /Users/admin/builder/spi-builder-workspace/.derivedData/Build/Intermediates.noindex/PhotoSelectAndCrop.build/Debug-watchos/PhotoSelectAndCrop.build/Objects-normal/arm64_32/PhotoSelectAndCrop.SwiftFileList
WriteAuxiliaryFile /Users/admin/builder/spi-builder-workspace/.derivedData/Build/Intermediates.noindex/PhotoSelectAndCrop.build/Debug-watchos/PhotoSelectAndCrop.build/Objects-normal/arm64_32/PhotoSelectAndCrop.LinkFileList (in target 'PhotoSelectAndCrop' from project 'PhotoSelectAndCrop')
    cd /Users/admin/builder/spi-builder-workspace
    write-file /Users/admin/builder/spi-builder-workspace/.derivedData/Build/Intermediates.noindex/PhotoSelectAndCrop.build/Debug-watchos/PhotoSelectAndCrop.build/Objects-normal/arm64_32/PhotoSelectAndCrop.LinkFileList
WriteAuxiliaryFile /Users/admin/builder/spi-builder-workspace/.derivedData/Build/Intermediates.noindex/PhotoSelectAndCrop.build/Debug-watchos/PhotoSelectAndCrop.build/Objects-normal/arm64/PhotoSelectAndCrop.SwiftFileList (in target 'PhotoSelectAndCrop' from project 'PhotoSelectAndCrop')
    cd /Users/admin/builder/spi-builder-workspace
    write-file /Users/admin/builder/spi-builder-workspace/.derivedData/Build/Intermediates.noindex/PhotoSelectAndCrop.build/Debug-watchos/PhotoSelectAndCrop.build/Objects-normal/arm64/PhotoSelectAndCrop.SwiftFileList
WriteAuxiliaryFile /Users/admin/builder/spi-builder-workspace/.derivedData/Build/Intermediates.noindex/PhotoSelectAndCrop.build/Debug-watchos/PhotoSelectAndCrop.build/Objects-normal/arm64/PhotoSelectAndCrop.SwiftConstValuesFileList (in target 'PhotoSelectAndCrop' from project 'PhotoSelectAndCrop')
    cd /Users/admin/builder/spi-builder-workspace
    write-file /Users/admin/builder/spi-builder-workspace/.derivedData/Build/Intermediates.noindex/PhotoSelectAndCrop.build/Debug-watchos/PhotoSelectAndCrop.build/Objects-normal/arm64/PhotoSelectAndCrop.SwiftConstValuesFileList
WriteAuxiliaryFile /Users/admin/builder/spi-builder-workspace/.derivedData/Build/Intermediates.noindex/PhotoSelectAndCrop.build/Debug-watchos/PhotoSelectAndCrop.build/Objects-normal/arm64/PhotoSelectAndCrop.LinkFileList (in target 'PhotoSelectAndCrop' from project 'PhotoSelectAndCrop')
    cd /Users/admin/builder/spi-builder-workspace
    write-file /Users/admin/builder/spi-builder-workspace/.derivedData/Build/Intermediates.noindex/PhotoSelectAndCrop.build/Debug-watchos/PhotoSelectAndCrop.build/Objects-normal/arm64/PhotoSelectAndCrop.LinkFileList
Copy /Users/admin/builder/spi-builder-workspace/.derivedData/Build/Intermediates.noindex/GeneratedModuleMaps-watchos/PhotoSelectAndCrop.modulemap /Users/admin/builder/spi-builder-workspace/.derivedData/Build/Intermediates.noindex/PhotoSelectAndCrop.build/Debug-watchos/PhotoSelectAndCrop.build/PhotoSelectAndCrop.modulemap (in target 'PhotoSelectAndCrop' from project 'PhotoSelectAndCrop')
    cd /Users/admin/builder/spi-builder-workspace
    builtin-copy -exclude .DS_Store -exclude CVS -exclude .svn -exclude .git -exclude .hg -resolve-src-symlinks /Users/admin/builder/spi-builder-workspace/.derivedData/Build/Intermediates.noindex/PhotoSelectAndCrop.build/Debug-watchos/PhotoSelectAndCrop.build/PhotoSelectAndCrop.modulemap /Users/admin/builder/spi-builder-workspace/.derivedData/Build/Intermediates.noindex/GeneratedModuleMaps-watchos
MkDir /Users/admin/builder/spi-builder-workspace/.derivedData/Build/Products/Debug-watchos/PhotoSelectAndCrop_PhotoSelectAndCrop.bundle (in target 'PhotoSelectAndCrop_PhotoSelectAndCrop' from project 'PhotoSelectAndCrop')
    cd /Users/admin/builder/spi-builder-workspace
    /bin/mkdir -p /Users/admin/builder/spi-builder-workspace/.derivedData/Build/Products/Debug-watchos/PhotoSelectAndCrop_PhotoSelectAndCrop.bundle
ProcessInfoPlistFile /Users/admin/builder/spi-builder-workspace/.derivedData/Build/Products/Debug-watchos/PhotoSelectAndCrop_PhotoSelectAndCrop.bundle/Info.plist /Users/admin/builder/spi-builder-workspace/.derivedData/Build/Intermediates.noindex/PhotoSelectAndCrop.build/Debug-watchos/PhotoSelectAndCrop_PhotoSelectAndCrop.build/empty-PhotoSelectAndCrop_PhotoSelectAndCrop.plist (in target 'PhotoSelectAndCrop_PhotoSelectAndCrop' from project 'PhotoSelectAndCrop')
    cd /Users/admin/builder/spi-builder-workspace
    builtin-infoPlistUtility /Users/admin/builder/spi-builder-workspace/.derivedData/Build/Intermediates.noindex/PhotoSelectAndCrop.build/Debug-watchos/PhotoSelectAndCrop_PhotoSelectAndCrop.build/empty-PhotoSelectAndCrop_PhotoSelectAndCrop.plist -producttype com.apple.product-type.bundle -expandbuildsettings -format binary -platform watchos -o /Users/admin/builder/spi-builder-workspace/.derivedData/Build/Products/Debug-watchos/PhotoSelectAndCrop_PhotoSelectAndCrop.bundle/Info.plist
CpResource /Users/admin/builder/spi-builder-workspace/.derivedData/Build/Products/Debug-watchos/PhotoSelectAndCrop_PhotoSelectAndCrop.bundle/fr.lproj/Localizable.strings /Users/admin/builder/spi-builder-workspace/Sources/PhotoSelectAndCrop/Resources/fr.lproj/Localizable.strings (in target 'PhotoSelectAndCrop_PhotoSelectAndCrop' from project 'PhotoSelectAndCrop')
    cd /Users/admin/builder/spi-builder-workspace
    builtin-copy -exclude .DS_Store -exclude CVS -exclude .svn -exclude .git -exclude .hg -resolve-src-symlinks /Users/admin/builder/spi-builder-workspace/Sources/PhotoSelectAndCrop/Resources/fr.lproj/Localizable.strings /Users/admin/builder/spi-builder-workspace/.derivedData/Build/Products/Debug-watchos/PhotoSelectAndCrop_PhotoSelectAndCrop.bundle/fr.lproj
CpResource /Users/admin/builder/spi-builder-workspace/.derivedData/Build/Products/Debug-watchos/PhotoSelectAndCrop_PhotoSelectAndCrop.bundle/en.lproj/Localizable.strings /Users/admin/builder/spi-builder-workspace/Sources/PhotoSelectAndCrop/Resources/en.lproj/Localizable.strings (in target 'PhotoSelectAndCrop_PhotoSelectAndCrop' from project 'PhotoSelectAndCrop')
    cd /Users/admin/builder/spi-builder-workspace
    builtin-copy -exclude .DS_Store -exclude CVS -exclude .svn -exclude .git -exclude .hg -resolve-src-symlinks /Users/admin/builder/spi-builder-workspace/Sources/PhotoSelectAndCrop/Resources/en.lproj/Localizable.strings /Users/admin/builder/spi-builder-workspace/.derivedData/Build/Products/Debug-watchos/PhotoSelectAndCrop_PhotoSelectAndCrop.bundle/en.lproj
RegisterExecutionPolicyException /Users/admin/builder/spi-builder-workspace/.derivedData/Build/Products/Debug-watchos/PhotoSelectAndCrop_PhotoSelectAndCrop.bundle (in target 'PhotoSelectAndCrop_PhotoSelectAndCrop' from project 'PhotoSelectAndCrop')
    cd /Users/admin/builder/spi-builder-workspace
    builtin-RegisterExecutionPolicyException /Users/admin/builder/spi-builder-workspace/.derivedData/Build/Products/Debug-watchos/PhotoSelectAndCrop_PhotoSelectAndCrop.bundle
Touch /Users/admin/builder/spi-builder-workspace/.derivedData/Build/Products/Debug-watchos/PhotoSelectAndCrop_PhotoSelectAndCrop.bundle (in target 'PhotoSelectAndCrop_PhotoSelectAndCrop' from project 'PhotoSelectAndCrop')
    cd /Users/admin/builder/spi-builder-workspace
    /usr/bin/touch -c /Users/admin/builder/spi-builder-workspace/.derivedData/Build/Products/Debug-watchos/PhotoSelectAndCrop_PhotoSelectAndCrop.bundle
SwiftDriver PhotoSelectAndCrop normal arm64_32 com.apple.xcode.tools.swift.compiler (in target 'PhotoSelectAndCrop' from project 'PhotoSelectAndCrop')
    cd /Users/admin/builder/spi-builder-workspace/.swiftpm/xcode
    builtin-SwiftDriver -- /Applications/Xcode-16.3.0.app/Contents/Developer/Toolchains/XcodeDefault.xctoolchain/usr/bin/swiftc -module-name PhotoSelectAndCrop -Onone -enforce-exclusivity\=checked @/Users/admin/builder/spi-builder-workspace/.derivedData/Build/Intermediates.noindex/PhotoSelectAndCrop.build/Debug-watchos/PhotoSelectAndCrop.build/Objects-normal/arm64_32/PhotoSelectAndCrop.SwiftFileList -DSWIFT_PACKAGE -DDEBUG -stats-output-dir .stats -strict-concurrency\=complete -enable-upcoming-feature StrictConcurrency -enable-upcoming-feature DisableOutwardActorInference -enable-upcoming-feature GlobalActorIsolatedTypesUsability -enable-upcoming-feature InferSendableFromCaptures -plugin-path /Applications/Xcode-16.3.0.app/Contents/Developer/Toolchains/XcodeDefault.xctoolchain/usr/lib/swift/host/plugins/testing -enable-experimental-feature DebugDescriptionMacro -sdk /Applications/Xcode-16.3.0.app/Contents/Developer/Platforms/WatchOS.platform/Developer/SDKs/WatchOS11.4.sdk -target arm64_32-apple-watchos10.0 -g -module-cache-path /Users/admin/builder/spi-builder-workspace/.derivedData/ModuleCache.noindex -Xfrontend -serialize-debugging-options -enable-testing -index-store-path /Users/admin/builder/spi-builder-workspace/.derivedData/Index.noindex/DataStore -swift-version 5 -I /Users/admin/builder/spi-builder-workspace/.derivedData/Build/Products/Debug-watchos -I /Applications/Xcode-16.3.0.app/Contents/Developer/Platforms/WatchOS.platform/Developer/usr/lib -F /Users/admin/builder/spi-builder-workspace/.derivedData/Build/Products/Debug-watchos -F /Applications/Xcode-16.3.0.app/Contents/Developer/Platforms/WatchOS.platform/Developer/Library/Frameworks -F /Applications/Xcode-16.3.0.app/Contents/Developer/Platforms/WatchOS.platform/Developer/SDKs/WatchOS11.4.sdk/Developer/Library/Frameworks -emit-localized-strings -emit-localized-strings-path /Users/admin/builder/spi-builder-workspace/.derivedData/Build/Intermediates.noindex/PhotoSelectAndCrop.build/Debug-watchos/PhotoSelectAndCrop.build/Objects-normal/arm64_32 -c -j10 -enable-batch-mode -incremental -Xcc -ivfsstatcache -Xcc /Users/admin/builder/spi-builder-workspace/.derivedData/SDKStatCaches.noindex/watchos11.4-22T246-43efb940ff07ba2497b70ec94253f576.sdkstatcache -output-file-map /Users/admin/builder/spi-builder-workspace/.derivedData/Build/Intermediates.noindex/PhotoSelectAndCrop.build/Debug-watchos/PhotoSelectAndCrop.build/Objects-normal/arm64_32/PhotoSelectAndCrop-OutputFileMap.json -use-frontend-parseable-output -save-temps -no-color-diagnostics -serialize-diagnostics -emit-dependencies -emit-module -emit-module-path /Users/admin/builder/spi-builder-workspace/.derivedData/Build/Intermediates.noindex/PhotoSelectAndCrop.build/Debug-watchos/PhotoSelectAndCrop.build/Objects-normal/arm64_32/PhotoSelectAndCrop.swiftmodule -validate-clang-modules-once -clang-build-session-file /Users/admin/builder/spi-builder-workspace/.derivedData/ModuleCache.noindex/Session.modulevalidation -package-name spi_builder_workspace -Xcc -I/Users/admin/builder/spi-builder-workspace/.derivedData/Build/Intermediates.noindex/PhotoSelectAndCrop.build/Debug-watchos/PhotoSelectAndCrop.build/swift-overrides.hmap -emit-const-values -Xfrontend -const-gather-protocols-file -Xfrontend /Users/admin/builder/spi-builder-workspace/.derivedData/Build/Intermediates.noindex/PhotoSelectAndCrop.build/Debug-watchos/PhotoSelectAndCrop.build/Objects-normal/arm64_32/PhotoSelectAndCrop_const_extract_protocols.json -Xcc -I/Users/admin/builder/spi-builder-workspace/.derivedData/Build/Products/Debug-watchos/include -Xcc -I/Users/admin/builder/spi-builder-workspace/.derivedData/Build/Intermediates.noindex/PhotoSelectAndCrop.build/Debug-watchos/PhotoSelectAndCrop.build/DerivedSources-normal/arm64_32 -Xcc -I/Users/admin/builder/spi-builder-workspace/.derivedData/Build/Intermediates.noindex/PhotoSelectAndCrop.build/Debug-watchos/PhotoSelectAndCrop.build/DerivedSources/arm64_32 -Xcc -I/Users/admin/builder/spi-builder-workspace/.derivedData/Build/Intermediates.noindex/PhotoSelectAndCrop.build/Debug-watchos/PhotoSelectAndCrop.build/DerivedSources -Xcc -DSWIFT_PACKAGE -Xcc -DDEBUG\=1 -emit-objc-header -emit-objc-header-path /Users/admin/builder/spi-builder-workspace/.derivedData/Build/Intermediates.noindex/PhotoSelectAndCrop.build/Debug-watchos/PhotoSelectAndCrop.build/Objects-normal/arm64_32/PhotoSelectAndCrop-Swift.h -working-directory /Users/admin/builder/spi-builder-workspace/.swiftpm/xcode -experimental-emit-module-separately -disable-cmo
SwiftDriver PhotoSelectAndCrop normal arm64 com.apple.xcode.tools.swift.compiler (in target 'PhotoSelectAndCrop' from project 'PhotoSelectAndCrop')
    cd /Users/admin/builder/spi-builder-workspace/.swiftpm/xcode
    builtin-SwiftDriver -- /Applications/Xcode-16.3.0.app/Contents/Developer/Toolchains/XcodeDefault.xctoolchain/usr/bin/swiftc -module-name PhotoSelectAndCrop -Onone -enforce-exclusivity\=checked @/Users/admin/builder/spi-builder-workspace/.derivedData/Build/Intermediates.noindex/PhotoSelectAndCrop.build/Debug-watchos/PhotoSelectAndCrop.build/Objects-normal/arm64/PhotoSelectAndCrop.SwiftFileList -DSWIFT_PACKAGE -DDEBUG -stats-output-dir .stats -strict-concurrency\=complete -enable-upcoming-feature StrictConcurrency -enable-upcoming-feature DisableOutwardActorInference -enable-upcoming-feature GlobalActorIsolatedTypesUsability -enable-upcoming-feature InferSendableFromCaptures -plugin-path /Applications/Xcode-16.3.0.app/Contents/Developer/Toolchains/XcodeDefault.xctoolchain/usr/lib/swift/host/plugins/testing -enable-experimental-feature DebugDescriptionMacro -sdk /Applications/Xcode-16.3.0.app/Contents/Developer/Platforms/WatchOS.platform/Developer/SDKs/WatchOS11.4.sdk -target arm64-apple-watchos10.0 -g -module-cache-path /Users/admin/builder/spi-builder-workspace/.derivedData/ModuleCache.noindex -Xfrontend -serialize-debugging-options -enable-testing -index-store-path /Users/admin/builder/spi-builder-workspace/.derivedData/Index.noindex/DataStore -swift-version 5 -I /Users/admin/builder/spi-builder-workspace/.derivedData/Build/Products/Debug-watchos -I /Applications/Xcode-16.3.0.app/Contents/Developer/Platforms/WatchOS.platform/Developer/usr/lib -F /Users/admin/builder/spi-builder-workspace/.derivedData/Build/Products/Debug-watchos -F /Applications/Xcode-16.3.0.app/Contents/Developer/Platforms/WatchOS.platform/Developer/Library/Frameworks -F /Applications/Xcode-16.3.0.app/Contents/Developer/Platforms/WatchOS.platform/Developer/SDKs/WatchOS11.4.sdk/Developer/Library/Frameworks -emit-localized-strings -emit-localized-strings-path /Users/admin/builder/spi-builder-workspace/.derivedData/Build/Intermediates.noindex/PhotoSelectAndCrop.build/Debug-watchos/PhotoSelectAndCrop.build/Objects-normal/arm64 -c -j10 -enable-batch-mode -incremental -Xcc -ivfsstatcache -Xcc /Users/admin/builder/spi-builder-workspace/.derivedData/SDKStatCaches.noindex/watchos11.4-22T246-43efb940ff07ba2497b70ec94253f576.sdkstatcache -output-file-map /Users/admin/builder/spi-builder-workspace/.derivedData/Build/Intermediates.noindex/PhotoSelectAndCrop.build/Debug-watchos/PhotoSelectAndCrop.build/Objects-normal/arm64/PhotoSelectAndCrop-OutputFileMap.json -use-frontend-parseable-output -save-temps -no-color-diagnostics -serialize-diagnostics -emit-dependencies -emit-module -emit-module-path /Users/admin/builder/spi-builder-workspace/.derivedData/Build/Intermediates.noindex/PhotoSelectAndCrop.build/Debug-watchos/PhotoSelectAndCrop.build/Objects-normal/arm64/PhotoSelectAndCrop.swiftmodule -validate-clang-modules-once -clang-build-session-file /Users/admin/builder/spi-builder-workspace/.derivedData/ModuleCache.noindex/Session.modulevalidation -package-name spi_builder_workspace -Xcc -I/Users/admin/builder/spi-builder-workspace/.derivedData/Build/Intermediates.noindex/PhotoSelectAndCrop.build/Debug-watchos/PhotoSelectAndCrop.build/swift-overrides.hmap -emit-const-values -Xfrontend -const-gather-protocols-file -Xfrontend /Users/admin/builder/spi-builder-workspace/.derivedData/Build/Intermediates.noindex/PhotoSelectAndCrop.build/Debug-watchos/PhotoSelectAndCrop.build/Objects-normal/arm64/PhotoSelectAndCrop_const_extract_protocols.json -Xcc -I/Users/admin/builder/spi-builder-workspace/.derivedData/Build/Products/Debug-watchos/include -Xcc -I/Users/admin/builder/spi-builder-workspace/.derivedData/Build/Intermediates.noindex/PhotoSelectAndCrop.build/Debug-watchos/PhotoSelectAndCrop.build/DerivedSources-normal/arm64 -Xcc -I/Users/admin/builder/spi-builder-workspace/.derivedData/Build/Intermediates.noindex/PhotoSelectAndCrop.build/Debug-watchos/PhotoSelectAndCrop.build/DerivedSources/arm64 -Xcc -I/Users/admin/builder/spi-builder-workspace/.derivedData/Build/Intermediates.noindex/PhotoSelectAndCrop.build/Debug-watchos/PhotoSelectAndCrop.build/DerivedSources -Xcc -DSWIFT_PACKAGE -Xcc -DDEBUG\=1 -emit-objc-header -emit-objc-header-path /Users/admin/builder/spi-builder-workspace/.derivedData/Build/Intermediates.noindex/PhotoSelectAndCrop.build/Debug-watchos/PhotoSelectAndCrop.build/Objects-normal/arm64/PhotoSelectAndCrop-Swift.h -working-directory /Users/admin/builder/spi-builder-workspace/.swiftpm/xcode -experimental-emit-module-separately -disable-cmo
SwiftCompile normal arm64 Compiling\ ImageMoveAndScaleSheet+Extensions.swift /Users/admin/builder/spi-builder-workspace/Sources/ImageMoveAndScaleSheet+Extensions.swift (in target 'PhotoSelectAndCrop' from project 'PhotoSelectAndCrop')
SwiftCompile normal arm64 /Users/admin/builder/spi-builder-workspace/Sources/ImageMoveAndScaleSheet+Extensions.swift (in target 'PhotoSelectAndCrop' from project 'PhotoSelectAndCrop')
    cd /Users/admin/builder/spi-builder-workspace/.swiftpm/xcode

SwiftCompile normal arm64 Compiling\ resource_bundle_accessor.swift,\ Color+Extensions.swift /Users/admin/builder/spi-builder-workspace/.derivedData/Build/Intermediates.noindex/PhotoSelectAndCrop.build/Debug-watchos/PhotoSelectAndCrop.build/DerivedSources/resource_bundle_accessor.swift /Users/admin/builder/spi-builder-workspace/Sources/Color+Extensions.swift (in target 'PhotoSelectAndCrop' from project 'PhotoSelectAndCrop')
SwiftCompile normal arm64 /Users/admin/builder/spi-builder-workspace/.derivedData/Build/Intermediates.noindex/PhotoSelectAndCrop.build/Debug-watchos/PhotoSelectAndCrop.build/DerivedSources/resource_bundle_accessor.swift (in target 'PhotoSelectAndCrop' from project 'PhotoSelectAndCrop')
    cd /Users/admin/builder/spi-builder-workspace/.swiftpm/xcode

SwiftCompile normal arm64 /Users/admin/builder/spi-builder-workspace/Sources/Color+Extensions.swift (in target 'PhotoSelectAndCrop' from project 'PhotoSelectAndCrop')
    cd /Users/admin/builder/spi-builder-workspace/.swiftpm/xcode

SwiftCompile normal arm64 Compiling\ DeviceOrientation.swift /Users/admin/builder/spi-builder-workspace/Sources/DeviceOrientation.swift (in target 'PhotoSelectAndCrop' from project 'PhotoSelectAndCrop')
SwiftCompile normal arm64 /Users/admin/builder/spi-builder-workspace/Sources/DeviceOrientation.swift (in target 'PhotoSelectAndCrop' from project 'PhotoSelectAndCrop')
    cd /Users/admin/builder/spi-builder-workspace/.swiftpm/xcode

SwiftCompile normal arm64 Compiling\ ImageManipulation.swift /Users/admin/builder/spi-builder-workspace/Sources/ImageManipulation.swift (in target 'PhotoSelectAndCrop' from project 'PhotoSelectAndCrop')
SwiftCompile normal arm64 /Users/admin/builder/spi-builder-workspace/Sources/ImageManipulation.swift (in target 'PhotoSelectAndCrop' from project 'PhotoSelectAndCrop')
    cd /Users/admin/builder/spi-builder-workspace/.swiftpm/xcode

SwiftCompile normal arm64 Compiling\ ImageAttributes.swift /Users/admin/builder/spi-builder-workspace/Sources/ImageAttributes.swift (in target 'PhotoSelectAndCrop' from project 'PhotoSelectAndCrop')
SwiftCompile normal arm64 /Users/admin/builder/spi-builder-workspace/Sources/ImageAttributes.swift (in target 'PhotoSelectAndCrop' from project 'PhotoSelectAndCrop')
    cd /Users/admin/builder/spi-builder-workspace/.swiftpm/xcode

SwiftCompile normal arm64 Compiling\ ImagePane.swift /Users/admin/builder/spi-builder-workspace/Sources/ImagePane.swift (in target 'PhotoSelectAndCrop' from project 'PhotoSelectAndCrop')
SwiftCompile normal arm64 /Users/admin/builder/spi-builder-workspace/Sources/ImagePane.swift (in target 'PhotoSelectAndCrop' from project 'PhotoSelectAndCrop')
    cd /Users/admin/builder/spi-builder-workspace/.swiftpm/xcode

SwiftCompile normal arm64 Compiling\ ImageMoveAndScaleSheet+ViewModel.swift /Users/admin/builder/spi-builder-workspace/Sources/ImageMoveAndScaleSheet+ViewModel.swift (in target 'PhotoSelectAndCrop' from project 'PhotoSelectAndCrop')
SwiftCompile normal arm64 /Users/admin/builder/spi-builder-workspace/Sources/ImageMoveAndScaleSheet+ViewModel.swift (in target 'PhotoSelectAndCrop' from project 'PhotoSelectAndCrop')
    cd /Users/admin/builder/spi-builder-workspace/.swiftpm/xcode

SwiftCompile normal arm64 Compiling\ ImageMoveAndScaleSheet.swift /Users/admin/builder/spi-builder-workspace/Sources/ImageMoveAndScaleSheet.swift (in target 'PhotoSelectAndCrop' from project 'PhotoSelectAndCrop')
SwiftCompile normal arm64 /Users/admin/builder/spi-builder-workspace/Sources/ImageMoveAndScaleSheet.swift (in target 'PhotoSelectAndCrop' from project 'PhotoSelectAndCrop')
    cd /Users/admin/builder/spi-builder-workspace/.swiftpm/xcode

SwiftEmitModule normal arm64 Emitting\ module\ for\ PhotoSelectAndCrop (in target 'PhotoSelectAndCrop' from project 'PhotoSelectAndCrop')
Failed frontend command:
/Applications/Xcode-16.3.0.app/Contents/Developer/Toolchains/XcodeDefault.xctoolchain/usr/bin/swift-frontend -frontend -emit-module -experimental-skip-non-inlinable-function-bodies-without-types /Users/admin/builder/spi-builder-workspace/.derivedData/Build/Intermediates.noindex/PhotoSelectAndCrop.build/Debug-watchos/PhotoSelectAndCrop.build/DerivedSources/resource_bundle_accessor.swift /Users/admin/builder/spi-builder-workspace/Sources/Color+Extensions.swift /Users/admin/builder/spi-builder-workspace/Sources/DeviceOrientation.swift /Users/admin/builder/spi-builder-workspace/Sources/ImageAttributes.swift /Users/admin/builder/spi-builder-workspace/Sources/ImageManipulation.swift /Users/admin/builder/spi-builder-workspace/Sources/ImageMoveAndScaleSheet+Extensions.swift /Users/admin/builder/spi-builder-workspace/Sources/ImageMoveAndScaleSheet+ViewModel.swift /Users/admin/builder/spi-builder-workspace/Sources/ImageMoveAndScaleSheet.swift /Users/admin/builder/spi-builder-workspace/Sources/ImagePane.swift /Users/admin/builder/spi-builder-workspace/Sources/LocalizedStrings.swift /Users/admin/builder/spi-builder-workspace/Sources/ViewModifiers.swift -target arm64-apple-watchos10.0 -Xllvm -aarch64-use-tbi -enable-objc-interop -stack-check -sdk /Applications/Xcode-16.3.0.app/Contents/Developer/Platforms/WatchOS.platform/Developer/SDKs/WatchOS11.4.sdk -I /Users/admin/builder/spi-builder-workspace/.derivedData/Build/Products/Debug-watchos -I /Applications/Xcode-16.3.0.app/Contents/Developer/Platforms/WatchOS.platform/Developer/usr/lib -F /Users/admin/builder/spi-builder-workspace/.derivedData/Build/Products/Debug-watchos -F /Applications/Xcode-16.3.0.app/Contents/Developer/Platforms/WatchOS.platform/Developer/Library/Frameworks -F /Applications/Xcode-16.3.0.app/Contents/Developer/Platforms/WatchOS.platform/Developer/SDKs/WatchOS11.4.sdk/Developer/Library/Frameworks -no-color-diagnostics -enable-testing -g -debug-info-format\=dwarf -dwarf-version\=4 -module-cache-path /Users/admin/builder/spi-builder-workspace/.derivedData/ModuleCache.noindex -swift-version 5 -enforce-exclusivity\=checked -stats-output-dir /Users/admin/builder/spi-builder-workspace/.swiftpm/xcode/.stats -Onone -D SWIFT_PACKAGE -D DEBUG -serialize-debugging-options -const-gather-protocols-file /Users/admin/builder/spi-builder-workspace/.derivedData/Build/Intermediates.noindex/PhotoSelectAndCrop.build/Debug-watchos/PhotoSelectAndCrop.build/Objects-normal/arm64/PhotoSelectAndCrop_const_extract_protocols.json -enable-upcoming-feature StrictConcurrency -enable-upcoming-feature DisableOutwardActorInference -enable-upcoming-feature GlobalActorIsolatedTypesUsability -enable-upcoming-feature InferSendableFromCaptures -enable-experimental-feature DebugDescriptionMacro -strict-concurrency\=complete -empty-abi-descriptor -plugin-path /Applications/Xcode-16.3.0.app/Contents/Developer/Toolchains/XcodeDefault.xctoolchain/usr/lib/swift/host/plugins/testing -validate-clang-modules-once -clang-build-session-file /Users/admin/builder/spi-builder-workspace/.derivedData/ModuleCache.noindex/Session.modulevalidation -Xcc -working-directory -Xcc /Users/admin/builder/spi-builder-workspace/.swiftpm/xcode -resource-dir /Applications/Xcode-16.3.0.app/Contents/Developer/Toolchains/XcodeDefault.xctoolchain/usr/lib/swift -enable-anonymous-context-mangled-names -file-compilation-dir /Users/admin/builder/spi-builder-workspace/.swiftpm/xcode -Xcc -ivfsstatcache -Xcc /Users/admin/builder/spi-builder-workspace/.derivedData/SDKStatCaches.noindex/watchos11.4-22T246-43efb940ff07ba2497b70ec94253f576.sdkstatcache -Xcc -I/Users/admin/builder/spi-builder-workspace/.derivedData/Build/Intermediates.noindex/PhotoSelectAndCrop.build/Debug-watchos/PhotoSelectAndCrop.build/swift-overrides.hmap -Xcc -I/Users/admin/builder/spi-builder-workspace/.derivedData/Build/Products/Debug-watchos/include -Xcc -I/Users/admin/builder/spi-builder-workspace/.derivedData/Build/Intermediates.noindex/PhotoSelectAndCrop.build/Debug-watchos/PhotoSelectAndCrop.build/DerivedSources-normal/arm64 -Xcc -I/Users/admin/builder/spi-builder-workspace/.derivedData/Build/Intermediates.noindex/PhotoSelectAndCrop.build/Debug-watchos/PhotoSelectAndCrop.build/DerivedSources/arm64 -Xcc -I/Users/admin/builder/spi-builder-workspace/.derivedData/Build/Intermediates.noindex/PhotoSelectAndCrop.build/Debug-watchos/PhotoSelectAndCrop.build/DerivedSources -Xcc -DSWIFT_PACKAGE -Xcc -DDEBUG\=1 -module-name PhotoSelectAndCrop -package-name spi_builder_workspace -frontend-parseable-output -disable-clang-spi -target-sdk-version 11.4 -target-sdk-name watchos11.4 -external-plugin-path /Applications/Xcode-16.3.0.app/Contents/Developer/Platforms/WatchOS.platform/Developer/usr/lib/swift/host/plugins\#/Applications/Xcode-16.3.0.app/Contents/Developer/Platforms/WatchOS.platform/Developer/usr/bin/swift-plugin-server -external-plugin-path /Applications/Xcode-16.3.0.app/Contents/Developer/Platforms/WatchOS.platform/Developer/usr/local/lib/swift/host/plugins\#/Applications/Xcode-16.3.0.app/Contents/Developer/Platforms/WatchOS.platform/Developer/usr/bin/swift-plugin-server -in-process-plugin-server-path /Applications/Xcode-16.3.0.app/Contents/Developer/Toolchains/XcodeDefault.xctoolchain/usr/lib/swift/host/libSwiftInProcPluginServer.dylib -plugin-path /Applications/Xcode-16.3.0.app/Contents/Developer/Toolchains/XcodeDefault.xctoolchain/usr/lib/swift/host/plugins -plugin-path /Applications/Xcode-16.3.0.app/Contents/Developer/Toolchains/XcodeDefault.xctoolchain/usr/local/lib/swift/host/plugins -emit-module-doc-path /Users/admin/builder/spi-builder-workspace/.derivedData/Build/Intermediates.noindex/PhotoSelectAndCrop.build/Debug-watchos/PhotoSelectAndCrop.build/Objects-normal/arm64/PhotoSelectAndCrop.swiftdoc -emit-module-source-info-path /Users/admin/builder/spi-builder-workspace/.derivedData/Build/Intermediates.noindex/PhotoSelectAndCrop.build/Debug-watchos/PhotoSelectAndCrop.build/Objects-normal/arm64/PhotoSelectAndCrop.swiftsourceinfo -emit-objc-header-path /Users/admin/builder/spi-builder-workspace/.derivedData/Build/Intermediates.noindex/PhotoSelectAndCrop.build/Debug-watchos/PhotoSelectAndCrop.build/Objects-normal/arm64/PhotoSelectAndCrop-Swift.h -serialize-diagnostics-path /Users/admin/builder/spi-builder-workspace/.derivedData/Build/Intermediates.noindex/PhotoSelectAndCrop.build/Debug-watchos/PhotoSelectAndCrop.build/Objects-normal/arm64/PhotoSelectAndCrop-master-emit-module.dia -emit-dependencies-path /Users/admin/builder/spi-builder-workspace/.derivedData/Build/Intermediates.noindex/PhotoSelectAndCrop.build/Debug-watchos/PhotoSelectAndCrop.build/Objects-normal/arm64/PhotoSelectAndCrop-master-emit-module.d -o /Users/admin/builder/spi-builder-workspace/.derivedData/Build/Intermediates.noindex/PhotoSelectAndCrop.build/Debug-watchos/PhotoSelectAndCrop.build/Objects-normal/arm64/PhotoSelectAndCrop.swiftmodule -emit-abi-descriptor-path /Users/admin/builder/spi-builder-workspace/.derivedData/Build/Intermediates.noindex/PhotoSelectAndCrop.build/Debug-watchos/PhotoSelectAndCrop.build/Objects-normal/arm64/PhotoSelectAndCrop.abi.json
EmitSwiftModule normal arm64 (in target 'PhotoSelectAndCrop' from project 'PhotoSelectAndCrop')
    cd /Users/admin/builder/spi-builder-workspace/.swiftpm/xcode

/Users/admin/builder/spi-builder-workspace/Sources/DeviceOrientation.swift:21:60: error: cannot find 'UIDevice' in scope
    @Published private(set) var orientation: Orientation = UIDevice.current.orientation.isLandscape ? .landscape : .portrait
                                                           ^~~~~~~~
SwiftEmitModule normal arm64_32 Emitting\ module\ for\ PhotoSelectAndCrop (in target 'PhotoSelectAndCrop' from project 'PhotoSelectAndCrop')
Failed frontend command:
/Applications/Xcode-16.3.0.app/Contents/Developer/Toolchains/XcodeDefault.xctoolchain/usr/bin/swift-frontend -frontend -emit-module -experimental-skip-non-inlinable-function-bodies-without-types /Users/admin/builder/spi-builder-workspace/.derivedData/Build/Intermediates.noindex/PhotoSelectAndCrop.build/Debug-watchos/PhotoSelectAndCrop.build/DerivedSources/resource_bundle_accessor.swift /Users/admin/builder/spi-builder-workspace/Sources/Color+Extensions.swift /Users/admin/builder/spi-builder-workspace/Sources/DeviceOrientation.swift /Users/admin/builder/spi-builder-workspace/Sources/ImageAttributes.swift /Users/admin/builder/spi-builder-workspace/Sources/ImageManipulation.swift /Users/admin/builder/spi-builder-workspace/Sources/ImageMoveAndScaleSheet+Extensions.swift /Users/admin/builder/spi-builder-workspace/Sources/ImageMoveAndScaleSheet+ViewModel.swift /Users/admin/builder/spi-builder-workspace/Sources/ImageMoveAndScaleSheet.swift /Users/admin/builder/spi-builder-workspace/Sources/ImagePane.swift /Users/admin/builder/spi-builder-workspace/Sources/LocalizedStrings.swift /Users/admin/builder/spi-builder-workspace/Sources/ViewModifiers.swift -target arm64_32-apple-watchos10.0 -enable-objc-interop -sdk /Applications/Xcode-16.3.0.app/Contents/Developer/Platforms/WatchOS.platform/Developer/SDKs/WatchOS11.4.sdk -I /Users/admin/builder/spi-builder-workspace/.derivedData/Build/Products/Debug-watchos -I /Applications/Xcode-16.3.0.app/Contents/Developer/Platforms/WatchOS.platform/Developer/usr/lib -F /Users/admin/builder/spi-builder-workspace/.derivedData/Build/Products/Debug-watchos -F /Applications/Xcode-16.3.0.app/Contents/Developer/Platforms/WatchOS.platform/Developer/Library/Frameworks -F /Applications/Xcode-16.3.0.app/Contents/Developer/Platforms/WatchOS.platform/Developer/SDKs/WatchOS11.4.sdk/Developer/Library/Frameworks -no-color-diagnostics -enable-testing -g -debug-info-format\=dwarf -dwarf-version\=4 -module-cache-path /Users/admin/builder/spi-builder-workspace/.derivedData/ModuleCache.noindex -swift-version 5 -enforce-exclusivity\=checked -stats-output-dir /Users/admin/builder/spi-builder-workspace/.swiftpm/xcode/.stats -Onone -D SWIFT_PACKAGE -D DEBUG -serialize-debugging-options -const-gather-protocols-file /Users/admin/builder/spi-builder-workspace/.derivedData/Build/Intermediates.noindex/PhotoSelectAndCrop.build/Debug-watchos/PhotoSelectAndCrop.build/Objects-normal/arm64_32/PhotoSelectAndCrop_const_extract_protocols.json -enable-upcoming-feature StrictConcurrency -enable-upcoming-feature DisableOutwardActorInference -enable-upcoming-feature GlobalActorIsolatedTypesUsability -enable-upcoming-feature InferSendableFromCaptures -enable-experimental-feature DebugDescriptionMacro -strict-concurrency\=complete -empty-abi-descriptor -plugin-path /Applications/Xcode-16.3.0.app/Contents/Developer/Toolchains/XcodeDefault.xctoolchain/usr/lib/swift/host/plugins/testing -validate-clang-modules-once -clang-build-session-file /Users/admin/builder/spi-builder-workspace/.derivedData/ModuleCache.noindex/Session.modulevalidation -Xcc -working-directory -Xcc /Users/admin/builder/spi-builder-workspace/.swiftpm/xcode -resource-dir /Applications/Xcode-16.3.0.app/Contents/Developer/Toolchains/XcodeDefault.xctoolchain/usr/lib/swift -enable-anonymous-context-mangled-names -file-compilation-dir /Users/admin/builder/spi-builder-workspace/.swiftpm/xcode -Xcc -ivfsstatcache -Xcc /Users/admin/builder/spi-builder-workspace/.derivedData/SDKStatCaches.noindex/watchos11.4-22T246-43efb940ff07ba2497b70ec94253f576.sdkstatcache -Xcc -I/Users/admin/builder/spi-builder-workspace/.derivedData/Build/Intermediates.noindex/PhotoSelectAndCrop.build/Debug-watchos/PhotoSelectAndCrop.build/swift-overrides.hmap -Xcc -I/Users/admin/builder/spi-builder-workspace/.derivedData/Build/Products/Debug-watchos/include -Xcc -I/Users/admin/builder/spi-builder-workspace/.derivedData/Build/Intermediates.noindex/PhotoSelectAndCrop.build/Debug-watchos/PhotoSelectAndCrop.build/DerivedSources-normal/arm64_32 -Xcc -I/Users/admin/builder/spi-builder-workspace/.derivedData/Build/Intermediates.noindex/PhotoSelectAndCrop.build/Debug-watchos/PhotoSelectAndCrop.build/DerivedSources/arm64_32 -Xcc -I/Users/admin/builder/spi-builder-workspace/.derivedData/Build/Intermediates.noindex/PhotoSelectAndCrop.build/Debug-watchos/PhotoSelectAndCrop.build/DerivedSources -Xcc -DSWIFT_PACKAGE -Xcc -DDEBUG\=1 -module-name PhotoSelectAndCrop -package-name spi_builder_workspace -frontend-parseable-output -disable-clang-spi -target-sdk-version 11.4 -target-sdk-name watchos11.4 -external-plugin-path /Applications/Xcode-16.3.0.app/Contents/Developer/Platforms/WatchOS.platform/Developer/usr/lib/swift/host/plugins\#/Applications/Xcode-16.3.0.app/Contents/Developer/Platforms/WatchOS.platform/Developer/usr/bin/swift-plugin-server -external-plugin-path /Applications/Xcode-16.3.0.app/Contents/Developer/Platforms/WatchOS.platform/Developer/usr/local/lib/swift/host/plugins\#/Applications/Xcode-16.3.0.app/Contents/Developer/Platforms/WatchOS.platform/Developer/usr/bin/swift-plugin-server -in-process-plugin-server-path /Applications/Xcode-16.3.0.app/Contents/Developer/Toolchains/XcodeDefault.xctoolchain/usr/lib/swift/host/libSwiftInProcPluginServer.dylib -plugin-path /Applications/Xcode-16.3.0.app/Contents/Developer/Toolchains/XcodeDefault.xctoolchain/usr/lib/swift/host/plugins -plugin-path /Applications/Xcode-16.3.0.app/Contents/Developer/Toolchains/XcodeDefault.xctoolchain/usr/local/lib/swift/host/plugins -emit-module-doc-path /Users/admin/builder/spi-builder-workspace/.derivedData/Build/Intermediates.noindex/PhotoSelectAndCrop.build/Debug-watchos/PhotoSelectAndCrop.build/Objects-normal/arm64_32/PhotoSelectAndCrop.swiftdoc -emit-module-source-info-path /Users/admin/builder/spi-builder-workspace/.derivedData/Build/Intermediates.noindex/PhotoSelectAndCrop.build/Debug-watchos/PhotoSelectAndCrop.build/Objects-normal/arm64_32/PhotoSelectAndCrop.swiftsourceinfo -emit-objc-header-path /Users/admin/builder/spi-builder-workspace/.derivedData/Build/Intermediates.noindex/PhotoSelectAndCrop.build/Debug-watchos/PhotoSelectAndCrop.build/Objects-normal/arm64_32/PhotoSelectAndCrop-Swift.h -serialize-diagnostics-path /Users/admin/builder/spi-builder-workspace/.derivedData/Build/Intermediates.noindex/PhotoSelectAndCrop.build/Debug-watchos/PhotoSelectAndCrop.build/Objects-normal/arm64_32/PhotoSelectAndCrop-master-emit-module.dia -emit-dependencies-path /Users/admin/builder/spi-builder-workspace/.derivedData/Build/Intermediates.noindex/PhotoSelectAndCrop.build/Debug-watchos/PhotoSelectAndCrop.build/Objects-normal/arm64_32/PhotoSelectAndCrop-master-emit-module.d -o /Users/admin/builder/spi-builder-workspace/.derivedData/Build/Intermediates.noindex/PhotoSelectAndCrop.build/Debug-watchos/PhotoSelectAndCrop.build/Objects-normal/arm64_32/PhotoSelectAndCrop.swiftmodule -emit-abi-descriptor-path /Users/admin/builder/spi-builder-workspace/.derivedData/Build/Intermediates.noindex/PhotoSelectAndCrop.build/Debug-watchos/PhotoSelectAndCrop.build/Objects-normal/arm64_32/PhotoSelectAndCrop.abi.json
EmitSwiftModule normal arm64_32 (in target 'PhotoSelectAndCrop' from project 'PhotoSelectAndCrop')
    cd /Users/admin/builder/spi-builder-workspace/.swiftpm/xcode

/Users/admin/builder/spi-builder-workspace/Sources/DeviceOrientation.swift:21:60: error: cannot find 'UIDevice' in scope
    @Published private(set) var orientation: Orientation = UIDevice.current.orientation.isLandscape ? .landscape : .portrait
                                                           ^~~~~~~~
SwiftCompile normal arm64_32 Compiling\ LocalizedStrings.swift /Users/admin/builder/spi-builder-workspace/Sources/LocalizedStrings.swift (in target 'PhotoSelectAndCrop' from project 'PhotoSelectAndCrop')
Command SwiftCompile failed with a nonzero exit code
** BUILD FAILED **
The following build commands failed:
	SwiftEmitModule normal arm64 Emitting\ module\ for\ PhotoSelectAndCrop (in target 'PhotoSelectAndCrop' from project 'PhotoSelectAndCrop')
	EmitSwiftModule normal arm64 (in target 'PhotoSelectAndCrop' from project 'PhotoSelectAndCrop')
	SwiftEmitModule normal arm64_32 Emitting\ module\ for\ PhotoSelectAndCrop (in target 'PhotoSelectAndCrop' from project 'PhotoSelectAndCrop')
	EmitSwiftModule normal arm64_32 (in target 'PhotoSelectAndCrop' from project 'PhotoSelectAndCrop')
	SwiftCompile normal arm64_32 Compiling\ LocalizedStrings.swift /Users/admin/builder/spi-builder-workspace/Sources/LocalizedStrings.swift (in target 'PhotoSelectAndCrop' from project 'PhotoSelectAndCrop')
	Building workspace spi-builder-workspace with scheme PhotoSelectAndCrop
(6 failures)
Command line invocation:
    /Applications/Xcode-16.3.0.app/Contents/Developer/usr/bin/xcodebuild -IDEClonedSourcePackagesDirPathOverride=/Users/admin/builder/spi-builder-workspace/.dependencies -resolvePackageDependencies
Resolve Package Graph
Resolved source packages:
  PhotoSelectAndCrop: /Users/admin/builder/spi-builder-workspace
resolved source packages: PhotoSelectAndCrop
{
  "default_localization" : "en",
  "dependencies" : [
  ],
  "manifest_display_name" : "PhotoSelectAndCrop",
  "name" : "PhotoSelectAndCrop",
  "path" : "/Users/admin/builder/spi-builder-workspace",
  "platforms" : [
    {
      "name" : "ios",
      "version" : "17.0"
    }
  ],
  "products" : [
    {
      "name" : "PhotoSelectAndCrop",
      "targets" : [
        "PhotoSelectAndCrop"
      ],
      "type" : {
        "library" : [
          "automatic"
        ]
      }
    }
  ],
  "targets" : [
    {
      "c99name" : "PhotoSelectAndCrop",
      "module_type" : "SwiftTarget",
      "name" : "PhotoSelectAndCrop",
      "path" : "Sources",
      "product_memberships" : [
        "PhotoSelectAndCrop"
      ],
      "resources" : [
        {
          "path" : "/Users/admin/builder/spi-builder-workspace/Sources/PhotoSelectAndCrop/Resources/en.lproj/Localizable.strings",
          "rule" : {
            "process" : {
              "localization" : "en"
            }
          }
        },
        {
          "path" : "/Users/admin/builder/spi-builder-workspace/Sources/PhotoSelectAndCrop/Resources/fr.lproj/Localizable.strings",
          "rule" : {
            "process" : {
              "localization" : "fr"
            }
          }
        }
      ],
      "sources" : [
        "Color+Extensions.swift",
        "DeviceOrientation.swift",
        "ImageAttributes.swift",
        "ImageManipulation.swift",
        "ImageMoveAndScaleSheet+Extensions.swift",
        "ImageMoveAndScaleSheet+ViewModel.swift",
        "ImageMoveAndScaleSheet.swift",
        "ImagePane.swift",
        "LocalizedStrings.swift",
        "ViewModifiers.swift"
      ],
      "type" : "library"
    }
  ],
  "tools_version" : "5.9"
}
{
  "workspace" : {
    "name" : "spi-builder-workspace",
    "schemes" : [
      "PhotoSelectAndCrop"
    ]
  }
}
Running build ...
env DEVELOPER_DIR=/Applications/Xcode-16.3.0.app xcrun xcodebuild -IDEClonedSourcePackagesDirPathOverride=$PWD/.dependencies -skipMacroValidation -skipPackagePluginValidation -derivedDataPath $PWD/.derivedData build -scheme PhotoSelectAndCrop -destination generic/platform=watchOS
Command line invocation:
    /Applications/Xcode-16.3.0.app/Contents/Developer/usr/bin/xcodebuild -IDEClonedSourcePackagesDirPathOverride=/Users/admin/builder/spi-builder-workspace/.dependencies -skipMacroValidation -skipPackagePluginValidation -derivedDataPath /Users/admin/builder/spi-builder-workspace/.derivedData build -scheme PhotoSelectAndCrop -destination generic/platform=watchOS
Resolve Package Graph
Resolved source packages:
  PhotoSelectAndCrop: /Users/admin/builder/spi-builder-workspace
ComputePackagePrebuildTargetDependencyGraph
Prepare packages
CreateBuildRequest
SendProjectDescription
CreateBuildOperation
ComputeTargetDependencyGraph
note: Building targets in dependency order
note: Target dependency graph (3 targets)
    Target 'PhotoSelectAndCrop' in project 'PhotoSelectAndCrop'
        ➜ Explicit dependency on target 'PhotoSelectAndCrop' in project 'PhotoSelectAndCrop'
        ➜ Explicit dependency on target 'PhotoSelectAndCrop_PhotoSelectAndCrop' in project 'PhotoSelectAndCrop'
    Target 'PhotoSelectAndCrop' in project 'PhotoSelectAndCrop'
        ➜ Explicit dependency on target 'PhotoSelectAndCrop_PhotoSelectAndCrop' in project 'PhotoSelectAndCrop'
    Target 'PhotoSelectAndCrop_PhotoSelectAndCrop' in project 'PhotoSelectAndCrop' (no dependencies)
GatherProvisioningInputs
CreateBuildDescription
ExecuteExternalTool /Applications/Xcode-16.3.0.app/Contents/Developer/Toolchains/XcodeDefault.xctoolchain/usr/bin/clang -v -E -dM -isysroot /Applications/Xcode-16.3.0.app/Contents/Developer/Platforms/WatchOS.platform/Developer/SDKs/WatchOS11.4.sdk -x c -c /dev/null
ExecuteExternalTool /Applications/Xcode-16.3.0.app/Contents/Developer/Toolchains/XcodeDefault.xctoolchain/usr/bin/swiftc --version
ExecuteExternalTool /Applications/Xcode-16.3.0.app/Contents/Developer/Toolchains/XcodeDefault.xctoolchain/usr/bin/ld -version_details
Build description signature: cda3bb296a81b15d04ec19dd2fb6945a
Build description path: /Users/admin/builder/spi-builder-workspace/.derivedData/Build/Intermediates.noindex/XCBuildData/cda3bb296a81b15d04ec19dd2fb6945a.xcbuilddata
ClangStatCache /Applications/Xcode-16.3.0.app/Contents/Developer/Toolchains/XcodeDefault.xctoolchain/usr/bin/clang-stat-cache /Applications/Xcode-16.3.0.app/Contents/Developer/Platforms/WatchOS.platform/Developer/SDKs/WatchOS11.4.sdk /Users/admin/builder/spi-builder-workspace/.derivedData/SDKStatCaches.noindex/watchos11.4-22T246-43efb940ff07ba2497b70ec94253f576.sdkstatcache
    cd /Users/admin/builder/spi-builder-workspace/.swiftpm/xcode
    /Applications/Xcode-16.3.0.app/Contents/Developer/Toolchains/XcodeDefault.xctoolchain/usr/bin/clang-stat-cache /Applications/Xcode-16.3.0.app/Contents/Developer/Platforms/WatchOS.platform/Developer/SDKs/WatchOS11.4.sdk -o /Users/admin/builder/spi-builder-workspace/.derivedData/SDKStatCaches.noindex/watchos11.4-22T246-43efb940ff07ba2497b70ec94253f576.sdkstatcache
ProcessInfoPlistFile /Users/admin/builder/spi-builder-workspace/.derivedData/Build/Products/Debug-watchos/PhotoSelectAndCrop_PhotoSelectAndCrop.bundle/Info.plist /Users/admin/builder/spi-builder-workspace/.derivedData/Build/Intermediates.noindex/PhotoSelectAndCrop.build/Debug-watchos/PhotoSelectAndCrop_PhotoSelectAndCrop.build/empty-PhotoSelectAndCrop_PhotoSelectAndCrop.plist (in target 'PhotoSelectAndCrop_PhotoSelectAndCrop' from project 'PhotoSelectAndCrop')
    cd /Users/admin/builder/spi-builder-workspace
    builtin-infoPlistUtility /Users/admin/builder/spi-builder-workspace/.derivedData/Build/Intermediates.noindex/PhotoSelectAndCrop.build/Debug-watchos/PhotoSelectAndCrop_PhotoSelectAndCrop.build/empty-PhotoSelectAndCrop_PhotoSelectAndCrop.plist -producttype com.apple.product-type.bundle -expandbuildsettings -format binary -platform watchos -o /Users/admin/builder/spi-builder-workspace/.derivedData/Build/Products/Debug-watchos/PhotoSelectAndCrop_PhotoSelectAndCrop.bundle/Info.plist
SwiftDriver PhotoSelectAndCrop normal arm64_32 com.apple.xcode.tools.swift.compiler (in target 'PhotoSelectAndCrop' from project 'PhotoSelectAndCrop')
    cd /Users/admin/builder/spi-builder-workspace/.swiftpm/xcode
    builtin-SwiftDriver -- /Applications/Xcode-16.3.0.app/Contents/Developer/Toolchains/XcodeDefault.xctoolchain/usr/bin/swiftc -module-name PhotoSelectAndCrop -Onone -enforce-exclusivity\=checked @/Users/admin/builder/spi-builder-workspace/.derivedData/Build/Intermediates.noindex/PhotoSelectAndCrop.build/Debug-watchos/PhotoSelectAndCrop.build/Objects-normal/arm64_32/PhotoSelectAndCrop.SwiftFileList -DSWIFT_PACKAGE -DDEBUG -DXcode -plugin-path /Applications/Xcode-16.3.0.app/Contents/Developer/Toolchains/XcodeDefault.xctoolchain/usr/lib/swift/host/plugins/testing -enable-experimental-feature DebugDescriptionMacro -sdk /Applications/Xcode-16.3.0.app/Contents/Developer/Platforms/WatchOS.platform/Developer/SDKs/WatchOS11.4.sdk -target arm64_32-apple-watchos10.0 -g -module-cache-path /Users/admin/builder/spi-builder-workspace/.derivedData/ModuleCache.noindex -Xfrontend -serialize-debugging-options -enable-testing -index-store-path /Users/admin/builder/spi-builder-workspace/.derivedData/Index.noindex/DataStore -swift-version 5 -I /Users/admin/builder/spi-builder-workspace/.derivedData/Build/Products/Debug-watchos -I /Applications/Xcode-16.3.0.app/Contents/Developer/Platforms/WatchOS.platform/Developer/usr/lib -F /Users/admin/builder/spi-builder-workspace/.derivedData/Build/Products/Debug-watchos -F /Applications/Xcode-16.3.0.app/Contents/Developer/Platforms/WatchOS.platform/Developer/Library/Frameworks -F /Applications/Xcode-16.3.0.app/Contents/Developer/Platforms/WatchOS.platform/Developer/SDKs/WatchOS11.4.sdk/Developer/Library/Frameworks -emit-localized-strings -emit-localized-strings-path /Users/admin/builder/spi-builder-workspace/.derivedData/Build/Intermediates.noindex/PhotoSelectAndCrop.build/Debug-watchos/PhotoSelectAndCrop.build/Objects-normal/arm64_32 -c -j10 -enable-batch-mode -incremental -Xcc -ivfsstatcache -Xcc /Users/admin/builder/spi-builder-workspace/.derivedData/SDKStatCaches.noindex/watchos11.4-22T246-43efb940ff07ba2497b70ec94253f576.sdkstatcache -output-file-map /Users/admin/builder/spi-builder-workspace/.derivedData/Build/Intermediates.noindex/PhotoSelectAndCrop.build/Debug-watchos/PhotoSelectAndCrop.build/Objects-normal/arm64_32/PhotoSelectAndCrop-OutputFileMap.json -use-frontend-parseable-output -save-temps -no-color-diagnostics -serialize-diagnostics -emit-dependencies -emit-module -emit-module-path /Users/admin/builder/spi-builder-workspace/.derivedData/Build/Intermediates.noindex/PhotoSelectAndCrop.build/Debug-watchos/PhotoSelectAndCrop.build/Objects-normal/arm64_32/PhotoSelectAndCrop.swiftmodule -validate-clang-modules-once -clang-build-session-file /Users/admin/builder/spi-builder-workspace/.derivedData/ModuleCache.noindex/Session.modulevalidation -package-name spi_builder_workspace -Xcc -I/Users/admin/builder/spi-builder-workspace/.derivedData/Build/Intermediates.noindex/PhotoSelectAndCrop.build/Debug-watchos/PhotoSelectAndCrop.build/swift-overrides.hmap -emit-const-values -Xfrontend -const-gather-protocols-file -Xfrontend /Users/admin/builder/spi-builder-workspace/.derivedData/Build/Intermediates.noindex/PhotoSelectAndCrop.build/Debug-watchos/PhotoSelectAndCrop.build/Objects-normal/arm64_32/PhotoSelectAndCrop_const_extract_protocols.json -Xcc -I/Users/admin/builder/spi-builder-workspace/.derivedData/Build/Products/Debug-watchos/include -Xcc -I/Users/admin/builder/spi-builder-workspace/.derivedData/Build/Intermediates.noindex/PhotoSelectAndCrop.build/Debug-watchos/PhotoSelectAndCrop.build/DerivedSources-normal/arm64_32 -Xcc -I/Users/admin/builder/spi-builder-workspace/.derivedData/Build/Intermediates.noindex/PhotoSelectAndCrop.build/Debug-watchos/PhotoSelectAndCrop.build/DerivedSources/arm64_32 -Xcc -I/Users/admin/builder/spi-builder-workspace/.derivedData/Build/Intermediates.noindex/PhotoSelectAndCrop.build/Debug-watchos/PhotoSelectAndCrop.build/DerivedSources -Xcc -DSWIFT_PACKAGE -Xcc -DDEBUG\=1 -emit-objc-header -emit-objc-header-path /Users/admin/builder/spi-builder-workspace/.derivedData/Build/Intermediates.noindex/PhotoSelectAndCrop.build/Debug-watchos/PhotoSelectAndCrop.build/Objects-normal/arm64_32/PhotoSelectAndCrop-Swift.h -working-directory /Users/admin/builder/spi-builder-workspace/.swiftpm/xcode -experimental-emit-module-separately -disable-cmo
SwiftDriver PhotoSelectAndCrop normal arm64 com.apple.xcode.tools.swift.compiler (in target 'PhotoSelectAndCrop' from project 'PhotoSelectAndCrop')
    cd /Users/admin/builder/spi-builder-workspace/.swiftpm/xcode
    builtin-SwiftDriver -- /Applications/Xcode-16.3.0.app/Contents/Developer/Toolchains/XcodeDefault.xctoolchain/usr/bin/swiftc -module-name PhotoSelectAndCrop -Onone -enforce-exclusivity\=checked @/Users/admin/builder/spi-builder-workspace/.derivedData/Build/Intermediates.noindex/PhotoSelectAndCrop.build/Debug-watchos/PhotoSelectAndCrop.build/Objects-normal/arm64/PhotoSelectAndCrop.SwiftFileList -DSWIFT_PACKAGE -DDEBUG -DXcode -plugin-path /Applications/Xcode-16.3.0.app/Contents/Developer/Toolchains/XcodeDefault.xctoolchain/usr/lib/swift/host/plugins/testing -enable-experimental-feature DebugDescriptionMacro -sdk /Applications/Xcode-16.3.0.app/Contents/Developer/Platforms/WatchOS.platform/Developer/SDKs/WatchOS11.4.sdk -target arm64-apple-watchos10.0 -g -module-cache-path /Users/admin/builder/spi-builder-workspace/.derivedData/ModuleCache.noindex -Xfrontend -serialize-debugging-options -enable-testing -index-store-path /Users/admin/builder/spi-builder-workspace/.derivedData/Index.noindex/DataStore -swift-version 5 -I /Users/admin/builder/spi-builder-workspace/.derivedData/Build/Products/Debug-watchos -I /Applications/Xcode-16.3.0.app/Contents/Developer/Platforms/WatchOS.platform/Developer/usr/lib -F /Users/admin/builder/spi-builder-workspace/.derivedData/Build/Products/Debug-watchos -F /Applications/Xcode-16.3.0.app/Contents/Developer/Platforms/WatchOS.platform/Developer/Library/Frameworks -F /Applications/Xcode-16.3.0.app/Contents/Developer/Platforms/WatchOS.platform/Developer/SDKs/WatchOS11.4.sdk/Developer/Library/Frameworks -emit-localized-strings -emit-localized-strings-path /Users/admin/builder/spi-builder-workspace/.derivedData/Build/Intermediates.noindex/PhotoSelectAndCrop.build/Debug-watchos/PhotoSelectAndCrop.build/Objects-normal/arm64 -c -j10 -enable-batch-mode -incremental -Xcc -ivfsstatcache -Xcc /Users/admin/builder/spi-builder-workspace/.derivedData/SDKStatCaches.noindex/watchos11.4-22T246-43efb940ff07ba2497b70ec94253f576.sdkstatcache -output-file-map /Users/admin/builder/spi-builder-workspace/.derivedData/Build/Intermediates.noindex/PhotoSelectAndCrop.build/Debug-watchos/PhotoSelectAndCrop.build/Objects-normal/arm64/PhotoSelectAndCrop-OutputFileMap.json -use-frontend-parseable-output -save-temps -no-color-diagnostics -serialize-diagnostics -emit-dependencies -emit-module -emit-module-path /Users/admin/builder/spi-builder-workspace/.derivedData/Build/Intermediates.noindex/PhotoSelectAndCrop.build/Debug-watchos/PhotoSelectAndCrop.build/Objects-normal/arm64/PhotoSelectAndCrop.swiftmodule -validate-clang-modules-once -clang-build-session-file /Users/admin/builder/spi-builder-workspace/.derivedData/ModuleCache.noindex/Session.modulevalidation -package-name spi_builder_workspace -Xcc -I/Users/admin/builder/spi-builder-workspace/.derivedData/Build/Intermediates.noindex/PhotoSelectAndCrop.build/Debug-watchos/PhotoSelectAndCrop.build/swift-overrides.hmap -emit-const-values -Xfrontend -const-gather-protocols-file -Xfrontend /Users/admin/builder/spi-builder-workspace/.derivedData/Build/Intermediates.noindex/PhotoSelectAndCrop.build/Debug-watchos/PhotoSelectAndCrop.build/Objects-normal/arm64/PhotoSelectAndCrop_const_extract_protocols.json -Xcc -I/Users/admin/builder/spi-builder-workspace/.derivedData/Build/Products/Debug-watchos/include -Xcc -I/Users/admin/builder/spi-builder-workspace/.derivedData/Build/Intermediates.noindex/PhotoSelectAndCrop.build/Debug-watchos/PhotoSelectAndCrop.build/DerivedSources-normal/arm64 -Xcc -I/Users/admin/builder/spi-builder-workspace/.derivedData/Build/Intermediates.noindex/PhotoSelectAndCrop.build/Debug-watchos/PhotoSelectAndCrop.build/DerivedSources/arm64 -Xcc -I/Users/admin/builder/spi-builder-workspace/.derivedData/Build/Intermediates.noindex/PhotoSelectAndCrop.build/Debug-watchos/PhotoSelectAndCrop.build/DerivedSources -Xcc -DSWIFT_PACKAGE -Xcc -DDEBUG\=1 -emit-objc-header -emit-objc-header-path /Users/admin/builder/spi-builder-workspace/.derivedData/Build/Intermediates.noindex/PhotoSelectAndCrop.build/Debug-watchos/PhotoSelectAndCrop.build/Objects-normal/arm64/PhotoSelectAndCrop-Swift.h -working-directory /Users/admin/builder/spi-builder-workspace/.swiftpm/xcode -experimental-emit-module-separately -disable-cmo
SwiftCompile normal arm64_32 Compiling\ resource_bundle_accessor.swift,\ Color+Extensions.swift /Users/admin/builder/spi-builder-workspace/.derivedData/Build/Intermediates.noindex/PhotoSelectAndCrop.build/Debug-watchos/PhotoSelectAndCrop.build/DerivedSources/resource_bundle_accessor.swift /Users/admin/builder/spi-builder-workspace/Sources/Color+Extensions.swift (in target 'PhotoSelectAndCrop' from project 'PhotoSelectAndCrop')
SwiftCompile normal arm64_32 /Users/admin/builder/spi-builder-workspace/.derivedData/Build/Intermediates.noindex/PhotoSelectAndCrop.build/Debug-watchos/PhotoSelectAndCrop.build/DerivedSources/resource_bundle_accessor.swift (in target 'PhotoSelectAndCrop' from project 'PhotoSelectAndCrop')
    cd /Users/admin/builder/spi-builder-workspace/.swiftpm/xcode

SwiftCompile normal arm64_32 /Users/admin/builder/spi-builder-workspace/Sources/Color+Extensions.swift (in target 'PhotoSelectAndCrop' from project 'PhotoSelectAndCrop')
    cd /Users/admin/builder/spi-builder-workspace/.swiftpm/xcode

SwiftEmitModule normal arm64_32 Emitting\ module\ for\ PhotoSelectAndCrop (in target 'PhotoSelectAndCrop' from project 'PhotoSelectAndCrop')
Failed frontend command:
/Applications/Xcode-16.3.0.app/Contents/Developer/Toolchains/XcodeDefault.xctoolchain/usr/bin/swift-frontend -frontend -emit-module -experimental-skip-non-inlinable-function-bodies-without-types /Users/admin/builder/spi-builder-workspace/.derivedData/Build/Intermediates.noindex/PhotoSelectAndCrop.build/Debug-watchos/PhotoSelectAndCrop.build/DerivedSources/resource_bundle_accessor.swift /Users/admin/builder/spi-builder-workspace/Sources/Color+Extensions.swift /Users/admin/builder/spi-builder-workspace/Sources/DeviceOrientation.swift /Users/admin/builder/spi-builder-workspace/Sources/ImageAttributes.swift /Users/admin/builder/spi-builder-workspace/Sources/ImageManipulation.swift /Users/admin/builder/spi-builder-workspace/Sources/ImageMoveAndScaleSheet+Extensions.swift /Users/admin/builder/spi-builder-workspace/Sources/ImageMoveAndScaleSheet+ViewModel.swift /Users/admin/builder/spi-builder-workspace/Sources/ImageMoveAndScaleSheet.swift /Users/admin/builder/spi-builder-workspace/Sources/ImagePane.swift /Users/admin/builder/spi-builder-workspace/Sources/LocalizedStrings.swift /Users/admin/builder/spi-builder-workspace/Sources/ViewModifiers.swift -target arm64_32-apple-watchos10.0 -enable-objc-interop -sdk /Applications/Xcode-16.3.0.app/Contents/Developer/Platforms/WatchOS.platform/Developer/SDKs/WatchOS11.4.sdk -I /Users/admin/builder/spi-builder-workspace/.derivedData/Build/Products/Debug-watchos -I /Applications/Xcode-16.3.0.app/Contents/Developer/Platforms/WatchOS.platform/Developer/usr/lib -F /Users/admin/builder/spi-builder-workspace/.derivedData/Build/Products/Debug-watchos -F /Applications/Xcode-16.3.0.app/Contents/Developer/Platforms/WatchOS.platform/Developer/Library/Frameworks -F /Applications/Xcode-16.3.0.app/Contents/Developer/Platforms/WatchOS.platform/Developer/SDKs/WatchOS11.4.sdk/Developer/Library/Frameworks -no-color-diagnostics -enable-testing -g -debug-info-format\=dwarf -dwarf-version\=4 -module-cache-path /Users/admin/builder/spi-builder-workspace/.derivedData/ModuleCache.noindex -swift-version 5 -enforce-exclusivity\=checked -Onone -D SWIFT_PACKAGE -D DEBUG -D Xcode -serialize-debugging-options -const-gather-protocols-file /Users/admin/builder/spi-builder-workspace/.derivedData/Build/Intermediates.noindex/PhotoSelectAndCrop.build/Debug-watchos/PhotoSelectAndCrop.build/Objects-normal/arm64_32/PhotoSelectAndCrop_const_extract_protocols.json -enable-experimental-feature DebugDescriptionMacro -empty-abi-descriptor -plugin-path /Applications/Xcode-16.3.0.app/Contents/Developer/Toolchains/XcodeDefault.xctoolchain/usr/lib/swift/host/plugins/testing -validate-clang-modules-once -clang-build-session-file /Users/admin/builder/spi-builder-workspace/.derivedData/ModuleCache.noindex/Session.modulevalidation -Xcc -working-directory -Xcc /Users/admin/builder/spi-builder-workspace/.swiftpm/xcode -resource-dir /Applications/Xcode-16.3.0.app/Contents/Developer/Toolchains/XcodeDefault.xctoolchain/usr/lib/swift -enable-anonymous-context-mangled-names -file-compilation-dir /Users/admin/builder/spi-builder-workspace/.swiftpm/xcode -Xcc -ivfsstatcache -Xcc /Users/admin/builder/spi-builder-workspace/.derivedData/SDKStatCaches.noindex/watchos11.4-22T246-43efb940ff07ba2497b70ec94253f576.sdkstatcache -Xcc -I/Users/admin/builder/spi-builder-workspace/.derivedData/Build/Intermediates.noindex/PhotoSelectAndCrop.build/Debug-watchos/PhotoSelectAndCrop.build/swift-overrides.hmap -Xcc -I/Users/admin/builder/spi-builder-workspace/.derivedData/Build/Products/Debug-watchos/include -Xcc -I/Users/admin/builder/spi-builder-workspace/.derivedData/Build/Intermediates.noindex/PhotoSelectAndCrop.build/Debug-watchos/PhotoSelectAndCrop.build/DerivedSources-normal/arm64_32 -Xcc -I/Users/admin/builder/spi-builder-workspace/.derivedData/Build/Intermediates.noindex/PhotoSelectAndCrop.build/Debug-watchos/PhotoSelectAndCrop.build/DerivedSources/arm64_32 -Xcc -I/Users/admin/builder/spi-builder-workspace/.derivedData/Build/Intermediates.noindex/PhotoSelectAndCrop.build/Debug-watchos/PhotoSelectAndCrop.build/DerivedSources -Xcc -DSWIFT_PACKAGE -Xcc -DDEBUG\=1 -module-name PhotoSelectAndCrop -package-name spi_builder_workspace -frontend-parseable-output -disable-clang-spi -target-sdk-version 11.4 -target-sdk-name watchos11.4 -external-plugin-path /Applications/Xcode-16.3.0.app/Contents/Developer/Platforms/WatchOS.platform/Developer/usr/lib/swift/host/plugins\#/Applications/Xcode-16.3.0.app/Contents/Developer/Platforms/WatchOS.platform/Developer/usr/bin/swift-plugin-server -external-plugin-path /Applications/Xcode-16.3.0.app/Contents/Developer/Platforms/WatchOS.platform/Developer/usr/local/lib/swift/host/plugins\#/Applications/Xcode-16.3.0.app/Contents/Developer/Platforms/WatchOS.platform/Developer/usr/bin/swift-plugin-server -in-process-plugin-server-path /Applications/Xcode-16.3.0.app/Contents/Developer/Toolchains/XcodeDefault.xctoolchain/usr/lib/swift/host/libSwiftInProcPluginServer.dylib -plugin-path /Applications/Xcode-16.3.0.app/Contents/Developer/Toolchains/XcodeDefault.xctoolchain/usr/lib/swift/host/plugins -plugin-path /Applications/Xcode-16.3.0.app/Contents/Developer/Toolchains/XcodeDefault.xctoolchain/usr/local/lib/swift/host/plugins -emit-module-doc-path /Users/admin/builder/spi-builder-workspace/.derivedData/Build/Intermediates.noindex/PhotoSelectAndCrop.build/Debug-watchos/PhotoSelectAndCrop.build/Objects-normal/arm64_32/PhotoSelectAndCrop.swiftdoc -emit-module-source-info-path /Users/admin/builder/spi-builder-workspace/.derivedData/Build/Intermediates.noindex/PhotoSelectAndCrop.build/Debug-watchos/PhotoSelectAndCrop.build/Objects-normal/arm64_32/PhotoSelectAndCrop.swiftsourceinfo -emit-objc-header-path /Users/admin/builder/spi-builder-workspace/.derivedData/Build/Intermediates.noindex/PhotoSelectAndCrop.build/Debug-watchos/PhotoSelectAndCrop.build/Objects-normal/arm64_32/PhotoSelectAndCrop-Swift.h -serialize-diagnostics-path /Users/admin/builder/spi-builder-workspace/.derivedData/Build/Intermediates.noindex/PhotoSelectAndCrop.build/Debug-watchos/PhotoSelectAndCrop.build/Objects-normal/arm64_32/PhotoSelectAndCrop-master-emit-module.dia -emit-dependencies-path /Users/admin/builder/spi-builder-workspace/.derivedData/Build/Intermediates.noindex/PhotoSelectAndCrop.build/Debug-watchos/PhotoSelectAndCrop.build/Objects-normal/arm64_32/PhotoSelectAndCrop-master-emit-module.d -o /Users/admin/builder/spi-builder-workspace/.derivedData/Build/Intermediates.noindex/PhotoSelectAndCrop.build/Debug-watchos/PhotoSelectAndCrop.build/Objects-normal/arm64_32/PhotoSelectAndCrop.swiftmodule -emit-abi-descriptor-path /Users/admin/builder/spi-builder-workspace/.derivedData/Build/Intermediates.noindex/PhotoSelectAndCrop.build/Debug-watchos/PhotoSelectAndCrop.build/Objects-normal/arm64_32/PhotoSelectAndCrop.abi.json
EmitSwiftModule normal arm64_32 (in target 'PhotoSelectAndCrop' from project 'PhotoSelectAndCrop')
    cd /Users/admin/builder/spi-builder-workspace/.swiftpm/xcode

/Users/admin/builder/spi-builder-workspace/Sources/DeviceOrientation.swift:21:60: error: cannot find 'UIDevice' in scope
    @Published private(set) var orientation: Orientation = UIDevice.current.orientation.isLandscape ? .landscape : .portrait
                                                           ^~~~~~~~
SwiftCompile normal arm64_32 Compiling\ ImageAttributes.swift /Users/admin/builder/spi-builder-workspace/Sources/ImageAttributes.swift (in target 'PhotoSelectAndCrop' from project 'PhotoSelectAndCrop')
SwiftCompile normal arm64_32 /Users/admin/builder/spi-builder-workspace/Sources/ImageAttributes.swift (in target 'PhotoSelectAndCrop' from project 'PhotoSelectAndCrop')
    cd /Users/admin/builder/spi-builder-workspace/.swiftpm/xcode

SwiftCompile normal arm64_32 Compiling\ ImageManipulation.swift /Users/admin/builder/spi-builder-workspace/Sources/ImageManipulation.swift (in target 'PhotoSelectAndCrop' from project 'PhotoSelectAndCrop')
SwiftCompile normal arm64_32 /Users/admin/builder/spi-builder-workspace/Sources/ImageManipulation.swift (in target 'PhotoSelectAndCrop' from project 'PhotoSelectAndCrop')
    cd /Users/admin/builder/spi-builder-workspace/.swiftpm/xcode

SwiftCompile normal arm64_32 Compiling\ ImageMoveAndScaleSheet+ViewModel.swift /Users/admin/builder/spi-builder-workspace/Sources/ImageMoveAndScaleSheet+ViewModel.swift (in target 'PhotoSelectAndCrop' from project 'PhotoSelectAndCrop')
SwiftCompile normal arm64_32 /Users/admin/builder/spi-builder-workspace/Sources/ImageMoveAndScaleSheet+ViewModel.swift (in target 'PhotoSelectAndCrop' from project 'PhotoSelectAndCrop')
    cd /Users/admin/builder/spi-builder-workspace/.swiftpm/xcode

SwiftCompile normal arm64_32 Compiling\ ImageMoveAndScaleSheet.swift /Users/admin/builder/spi-builder-workspace/Sources/ImageMoveAndScaleSheet.swift (in target 'PhotoSelectAndCrop' from project 'PhotoSelectAndCrop')
SwiftCompile normal arm64_32 /Users/admin/builder/spi-builder-workspace/Sources/ImageMoveAndScaleSheet.swift (in target 'PhotoSelectAndCrop' from project 'PhotoSelectAndCrop')
    cd /Users/admin/builder/spi-builder-workspace/.swiftpm/xcode

SwiftCompile normal arm64_32 Compiling\ ImagePane.swift /Users/admin/builder/spi-builder-workspace/Sources/ImagePane.swift (in target 'PhotoSelectAndCrop' from project 'PhotoSelectAndCrop')
SwiftCompile normal arm64_32 /Users/admin/builder/spi-builder-workspace/Sources/ImagePane.swift (in target 'PhotoSelectAndCrop' from project 'PhotoSelectAndCrop')
    cd /Users/admin/builder/spi-builder-workspace/.swiftpm/xcode

SwiftCompile normal arm64_32 Compiling\ ImageMoveAndScaleSheet+Extensions.swift /Users/admin/builder/spi-builder-workspace/Sources/ImageMoveAndScaleSheet+Extensions.swift (in target 'PhotoSelectAndCrop' from project 'PhotoSelectAndCrop')
SwiftCompile normal arm64_32 /Users/admin/builder/spi-builder-workspace/Sources/ImageMoveAndScaleSheet+Extensions.swift (in target 'PhotoSelectAndCrop' from project 'PhotoSelectAndCrop')
    cd /Users/admin/builder/spi-builder-workspace/.swiftpm/xcode

SwiftEmitModule normal arm64 Emitting\ module\ for\ PhotoSelectAndCrop (in target 'PhotoSelectAndCrop' from project 'PhotoSelectAndCrop')
Failed frontend command:
/Applications/Xcode-16.3.0.app/Contents/Developer/Toolchains/XcodeDefault.xctoolchain/usr/bin/swift-frontend -frontend -emit-module -experimental-skip-non-inlinable-function-bodies-without-types /Users/admin/builder/spi-builder-workspace/.derivedData/Build/Intermediates.noindex/PhotoSelectAndCrop.build/Debug-watchos/PhotoSelectAndCrop.build/DerivedSources/resource_bundle_accessor.swift /Users/admin/builder/spi-builder-workspace/Sources/Color+Extensions.swift /Users/admin/builder/spi-builder-workspace/Sources/DeviceOrientation.swift /Users/admin/builder/spi-builder-workspace/Sources/ImageAttributes.swift /Users/admin/builder/spi-builder-workspace/Sources/ImageManipulation.swift /Users/admin/builder/spi-builder-workspace/Sources/ImageMoveAndScaleSheet+Extensions.swift /Users/admin/builder/spi-builder-workspace/Sources/ImageMoveAndScaleSheet+ViewModel.swift /Users/admin/builder/spi-builder-workspace/Sources/ImageMoveAndScaleSheet.swift /Users/admin/builder/spi-builder-workspace/Sources/ImagePane.swift /Users/admin/builder/spi-builder-workspace/Sources/LocalizedStrings.swift /Users/admin/builder/spi-builder-workspace/Sources/ViewModifiers.swift -target arm64-apple-watchos10.0 -Xllvm -aarch64-use-tbi -enable-objc-interop -stack-check -sdk /Applications/Xcode-16.3.0.app/Contents/Developer/Platforms/WatchOS.platform/Developer/SDKs/WatchOS11.4.sdk -I /Users/admin/builder/spi-builder-workspace/.derivedData/Build/Products/Debug-watchos -I /Applications/Xcode-16.3.0.app/Contents/Developer/Platforms/WatchOS.platform/Developer/usr/lib -F /Users/admin/builder/spi-builder-workspace/.derivedData/Build/Products/Debug-watchos -F /Applications/Xcode-16.3.0.app/Contents/Developer/Platforms/WatchOS.platform/Developer/Library/Frameworks -F /Applications/Xcode-16.3.0.app/Contents/Developer/Platforms/WatchOS.platform/Developer/SDKs/WatchOS11.4.sdk/Developer/Library/Frameworks -no-color-diagnostics -enable-testing -g -debug-info-format\=dwarf -dwarf-version\=4 -module-cache-path /Users/admin/builder/spi-builder-workspace/.derivedData/ModuleCache.noindex -swift-version 5 -enforce-exclusivity\=checked -Onone -D SWIFT_PACKAGE -D DEBUG -D Xcode -serialize-debugging-options -const-gather-protocols-file /Users/admin/builder/spi-builder-workspace/.derivedData/Build/Intermediates.noindex/PhotoSelectAndCrop.build/Debug-watchos/PhotoSelectAndCrop.build/Objects-normal/arm64/PhotoSelectAndCrop_const_extract_protocols.json -enable-experimental-feature DebugDescriptionMacro -empty-abi-descriptor -plugin-path /Applications/Xcode-16.3.0.app/Contents/Developer/Toolchains/XcodeDefault.xctoolchain/usr/lib/swift/host/plugins/testing -validate-clang-modules-once -clang-build-session-file /Users/admin/builder/spi-builder-workspace/.derivedData/ModuleCache.noindex/Session.modulevalidation -Xcc -working-directory -Xcc /Users/admin/builder/spi-builder-workspace/.swiftpm/xcode -resource-dir /Applications/Xcode-16.3.0.app/Contents/Developer/Toolchains/XcodeDefault.xctoolchain/usr/lib/swift -enable-anonymous-context-mangled-names -file-compilation-dir /Users/admin/builder/spi-builder-workspace/.swiftpm/xcode -Xcc -ivfsstatcache -Xcc /Users/admin/builder/spi-builder-workspace/.derivedData/SDKStatCaches.noindex/watchos11.4-22T246-43efb940ff07ba2497b70ec94253f576.sdkstatcache -Xcc -I/Users/admin/builder/spi-builder-workspace/.derivedData/Build/Intermediates.noindex/PhotoSelectAndCrop.build/Debug-watchos/PhotoSelectAndCrop.build/swift-overrides.hmap -Xcc -I/Users/admin/builder/spi-builder-workspace/.derivedData/Build/Products/Debug-watchos/include -Xcc -I/Users/admin/builder/spi-builder-workspace/.derivedData/Build/Intermediates.noindex/PhotoSelectAndCrop.build/Debug-watchos/PhotoSelectAndCrop.build/DerivedSources-normal/arm64 -Xcc -I/Users/admin/builder/spi-builder-workspace/.derivedData/Build/Intermediates.noindex/PhotoSelectAndCrop.build/Debug-watchos/PhotoSelectAndCrop.build/DerivedSources/arm64 -Xcc -I/Users/admin/builder/spi-builder-workspace/.derivedData/Build/Intermediates.noindex/PhotoSelectAndCrop.build/Debug-watchos/PhotoSelectAndCrop.build/DerivedSources -Xcc -DSWIFT_PACKAGE -Xcc -DDEBUG\=1 -module-name PhotoSelectAndCrop -package-name spi_builder_workspace -frontend-parseable-output -disable-clang-spi -target-sdk-version 11.4 -target-sdk-name watchos11.4 -external-plugin-path /Applications/Xcode-16.3.0.app/Contents/Developer/Platforms/WatchOS.platform/Developer/usr/lib/swift/host/plugins\#/Applications/Xcode-16.3.0.app/Contents/Developer/Platforms/WatchOS.platform/Developer/usr/bin/swift-plugin-server -external-plugin-path /Applications/Xcode-16.3.0.app/Contents/Developer/Platforms/WatchOS.platform/Developer/usr/local/lib/swift/host/plugins\#/Applications/Xcode-16.3.0.app/Contents/Developer/Platforms/WatchOS.platform/Developer/usr/bin/swift-plugin-server -in-process-plugin-server-path /Applications/Xcode-16.3.0.app/Contents/Developer/Toolchains/XcodeDefault.xctoolchain/usr/lib/swift/host/libSwiftInProcPluginServer.dylib -plugin-path /Applications/Xcode-16.3.0.app/Contents/Developer/Toolchains/XcodeDefault.xctoolchain/usr/lib/swift/host/plugins -plugin-path /Applications/Xcode-16.3.0.app/Contents/Developer/Toolchains/XcodeDefault.xctoolchain/usr/local/lib/swift/host/plugins -emit-module-doc-path /Users/admin/builder/spi-builder-workspace/.derivedData/Build/Intermediates.noindex/PhotoSelectAndCrop.build/Debug-watchos/PhotoSelectAndCrop.build/Objects-normal/arm64/PhotoSelectAndCrop.swiftdoc -emit-module-source-info-path /Users/admin/builder/spi-builder-workspace/.derivedData/Build/Intermediates.noindex/PhotoSelectAndCrop.build/Debug-watchos/PhotoSelectAndCrop.build/Objects-normal/arm64/PhotoSelectAndCrop.swiftsourceinfo -emit-objc-header-path /Users/admin/builder/spi-builder-workspace/.derivedData/Build/Intermediates.noindex/PhotoSelectAndCrop.build/Debug-watchos/PhotoSelectAndCrop.build/Objects-normal/arm64/PhotoSelectAndCrop-Swift.h -serialize-diagnostics-path /Users/admin/builder/spi-builder-workspace/.derivedData/Build/Intermediates.noindex/PhotoSelectAndCrop.build/Debug-watchos/PhotoSelectAndCrop.build/Objects-normal/arm64/PhotoSelectAndCrop-master-emit-module.dia -emit-dependencies-path /Users/admin/builder/spi-builder-workspace/.derivedData/Build/Intermediates.noindex/PhotoSelectAndCrop.build/Debug-watchos/PhotoSelectAndCrop.build/Objects-normal/arm64/PhotoSelectAndCrop-master-emit-module.d -o /Users/admin/builder/spi-builder-workspace/.derivedData/Build/Intermediates.noindex/PhotoSelectAndCrop.build/Debug-watchos/PhotoSelectAndCrop.build/Objects-normal/arm64/PhotoSelectAndCrop.swiftmodule -emit-abi-descriptor-path /Users/admin/builder/spi-builder-workspace/.derivedData/Build/Intermediates.noindex/PhotoSelectAndCrop.build/Debug-watchos/PhotoSelectAndCrop.build/Objects-normal/arm64/PhotoSelectAndCrop.abi.json
EmitSwiftModule normal arm64 (in target 'PhotoSelectAndCrop' from project 'PhotoSelectAndCrop')
    cd /Users/admin/builder/spi-builder-workspace/.swiftpm/xcode

/Users/admin/builder/spi-builder-workspace/Sources/DeviceOrientation.swift:21:60: error: cannot find 'UIDevice' in scope
    @Published private(set) var orientation: Orientation = UIDevice.current.orientation.isLandscape ? .landscape : .portrait
                                                           ^~~~~~~~
SwiftCompile normal arm64_32 Compiling\ LocalizedStrings.swift /Users/admin/builder/spi-builder-workspace/Sources/LocalizedStrings.swift (in target 'PhotoSelectAndCrop' from project 'PhotoSelectAndCrop')
SwiftCompile normal arm64_32 /Users/admin/builder/spi-builder-workspace/Sources/LocalizedStrings.swift (in target 'PhotoSelectAndCrop' from project 'PhotoSelectAndCrop')
    cd /Users/admin/builder/spi-builder-workspace/.swiftpm/xcode

SwiftCompile normal arm64 Compiling\ ImageManipulation.swift /Users/admin/builder/spi-builder-workspace/Sources/ImageManipulation.swift (in target 'PhotoSelectAndCrop' from project 'PhotoSelectAndCrop')
Command SwiftCompile failed with a nonzero exit code
** BUILD FAILED **
The following build commands failed:
	SwiftEmitModule normal arm64_32 Emitting\ module\ for\ PhotoSelectAndCrop (in target 'PhotoSelectAndCrop' from project 'PhotoSelectAndCrop')
	EmitSwiftModule normal arm64_32 (in target 'PhotoSelectAndCrop' from project 'PhotoSelectAndCrop')
	SwiftEmitModule normal arm64 Emitting\ module\ for\ PhotoSelectAndCrop (in target 'PhotoSelectAndCrop' from project 'PhotoSelectAndCrop')
	EmitSwiftModule normal arm64 (in target 'PhotoSelectAndCrop' from project 'PhotoSelectAndCrop')
	SwiftCompile normal arm64 Compiling\ ImageManipulation.swift /Users/admin/builder/spi-builder-workspace/Sources/ImageManipulation.swift (in target 'PhotoSelectAndCrop' from project 'PhotoSelectAndCrop')
	Building workspace spi-builder-workspace with scheme PhotoSelectAndCrop
(6 failures)
BUILD FAILURE 6.1 watchOS