The Swift Package Index logo.Swift Package Index

Build Information

Failed to build CommandLineToolkit, reference master (9187d5), with Swift 6.4 for Wasm on 14 Oct 2026 05:31:53 UTC.

Build Command

bash -c docker run --pull=always --rm -v "checkouts-53886768-0":/host -w "$PWD" -e JAVA_HOME="/root/.sdkman/candidates/java/current" -e SPI_BUILD="1" -e SPI_PROCESSING="1" registry.gitlab.com/saguaro1/spi-images:wasm-6.4-latest swift build --swift-sdk swift-6.4.0-RELEASE_wasm 2>&1

Build Log

========================================
RunAll
========================================
Builder version: 5.1.2
Interrupt handler set up.
========================================
Checkout
========================================
Clone URL: https://github.com/avito-tech/CommandLineToolkit.git
Reference: master
Initialized empty Git repository in /host/spi-builder-workspace/.git/
hint: Using 'master' as the name for the initial branch. This default branch name
hint: is subject to change. To configure the initial branch name to use in all
hint: of your new repositories, which will suppress this warning, call:
hint:
hint: 	git config --global init.defaultBranch <name>
hint:
hint: Names commonly chosen instead of 'master' are 'main', 'trunk' and
hint: 'development'. The just-created branch can be renamed via this command:
hint:
hint: 	git branch -m <name>
From https://github.com/avito-tech/CommandLineToolkit
 * branch            master     -> FETCH_HEAD
 * [new branch]      master     -> origin/master
HEAD is now at 9187d50 Merge pull request #51872 in MA/avito-ios from MA-6736-fix-log-options-recursion to develop
Cloned https://github.com/avito-tech/CommandLineToolkit.git
Revision (git rev-parse @):
9187d50517353c040d052cb93204930e251906fd
SUCCESS checkout https://github.com/avito-tech/CommandLineToolkit.git at master
========================================
Build
========================================
Selected platform:         wasm
Swift version:             6.4
Building package at path:  $PWD
https://github.com/avito-tech/CommandLineToolkit.git
Running build ...
bash -c docker run --pull=always --rm -v "checkouts-53886768-0":/host -w "$PWD" -e JAVA_HOME="/root/.sdkman/candidates/java/current" -e SPI_BUILD="1" -e SPI_PROCESSING="1" registry.gitlab.com/saguaro1/spi-images:wasm-6.4-latest swift build --swift-sdk swift-6.4.0-RELEASE_wasm 2>&1
wasm-6.4-latest: Pulling from saguaro1/spi-images
Digest: sha256:d8610b27563fbed4643ddaec8e9397319e3b3e1372fc54686db2dacb952c1b8f
Status: Image is up to date for registry.gitlab.com/saguaro1/spi-images:wasm-6.4-latest
Fetching https://github.com/pointfreeco/swift-snapshot-testing.git
Fetching https://github.com/apple/swift-log.git
Fetching https://github.com/apple/swift-argument-parser
Fetching https://github.com/jpsim/Yams.git
Fetching https://github.com/Kitura/BlueSocket.git
Fetching https://github.com/Bouke/Glob
[1/246] Fetching glob
[247/8537] Fetching glob, swift-log
[745/20415] Fetching glob, swift-log, yams
[1990/23357] Fetching glob, swift-log, yams, bluesocket
Fetched https://github.com/Bouke/Glob (0.55s)
Fetched https://github.com/Kitura/BlueSocket.git (0.55s)
Fetched https://github.com/apple/swift-log.git (0.56s)
Fetching https://github.com/Alamofire/Alamofire
Fetching https://github.com/IBM-Swift/BlueSignals.git
[5702/11878] Fetching yams
[6297/30992] Fetching yams, swift-argument-parser
[30993/31673] Fetching yams, swift-argument-parser, bluesignals
[31674/48174] Fetching yams, swift-argument-parser, bluesignals, swift-snapshot-testing
Fetched https://github.com/apple/swift-argument-parser (1.08s)
Fetched https://github.com/jpsim/Yams.git (1.10s)
[1343/50181] Fetching bluesignals, swift-snapshot-testing, alamofire
Fetched https://github.com/pointfreeco/swift-snapshot-testing.git (2.78s)
Fetched https://github.com/IBM-Swift/BlueSignals.git (2.55s)
Fetched https://github.com/Alamofire/Alamofire (2.59s)
Computing version for https://github.com/Bouke/Glob
Computed https://github.com/Bouke/Glob at 1.0.5 (4.14s)
Computing version for https://github.com/Kitura/BlueSocket.git
Computed https://github.com/Kitura/BlueSocket.git at 1.0.200 (0.17s)
Computing version for https://github.com/IBM-Swift/BlueSignals.git
Computed https://github.com/IBM-Swift/BlueSignals.git at 1.0.200 (0.18s)
Computing version for https://github.com/jpsim/Yams.git
Computed https://github.com/jpsim/Yams.git at 5.4.0 (0.19s)
Computing version for https://github.com/apple/swift-argument-parser
Computed https://github.com/apple/swift-argument-parser at 1.8.2 (0.20s)
Computing version for https://github.com/pointfreeco/swift-snapshot-testing.git
Computed https://github.com/pointfreeco/swift-snapshot-testing.git at 1.19.6 (0.18s)
Fetching https://github.com/swiftlang/swift-syntax
Fetching https://github.com/pointfreeco/swift-custom-dump
[1/5669] Fetching swift-custom-dump
Fetched https://github.com/pointfreeco/swift-custom-dump (0.45s)
[1/80500] Fetching swift-syntax
Fetched https://github.com/swiftlang/swift-syntax (4.37s)
Computing version for https://github.com/pointfreeco/swift-custom-dump
Computed https://github.com/pointfreeco/swift-custom-dump at 1.7.3 (4.55s)
Fetching https://github.com/pointfreeco/swift-issue-reporting
[1/6177] Fetching swift-issue-reporting
Fetched https://github.com/pointfreeco/swift-issue-reporting (0.67s)
Computing version for https://github.com/pointfreeco/swift-issue-reporting
Computed https://github.com/pointfreeco/swift-issue-reporting at 2.1.2 (1.60s)
Computing version for https://github.com/swiftlang/swift-syntax
Computed https://github.com/swiftlang/swift-syntax at 604.0.0 (0.25s)
Computing version for https://github.com/Alamofire/Alamofire
Computed https://github.com/Alamofire/Alamofire at 5.12.2 (0.14s)
Computing version for https://github.com/apple/swift-log.git
Computed https://github.com/apple/swift-log.git at 1.16.1 (0.16s)
Creating working copy for https://github.com/jpsim/Yams.git
Working copy of https://github.com/jpsim/Yams.git resolved at 5.4.0
Creating working copy for https://github.com/pointfreeco/swift-issue-reporting
Working copy of https://github.com/pointfreeco/swift-issue-reporting resolved at 2.1.2
Creating working copy for https://github.com/Bouke/Glob
Working copy of https://github.com/Bouke/Glob resolved at 1.0.5
Creating working copy for https://github.com/Alamofire/Alamofire
Working copy of https://github.com/Alamofire/Alamofire resolved at 5.12.2
Creating working copy for https://github.com/Kitura/BlueSocket.git
Working copy of https://github.com/Kitura/BlueSocket.git resolved at 1.0.200
Creating working copy for https://github.com/apple/swift-argument-parser
Working copy of https://github.com/apple/swift-argument-parser resolved at 1.8.2
Creating working copy for https://github.com/pointfreeco/swift-snapshot-testing.git
Working copy of https://github.com/pointfreeco/swift-snapshot-testing.git resolved at 1.19.6
Creating working copy for https://github.com/swiftlang/swift-syntax
Working copy of https://github.com/swiftlang/swift-syntax resolved at 604.0.0
Creating working copy for https://github.com/IBM-Swift/BlueSignals.git
Working copy of https://github.com/IBM-Swift/BlueSignals.git resolved at 1.0.200
Creating working copy for https://github.com/apple/swift-log.git
Working copy of https://github.com/apple/swift-log.git resolved at 1.16.1
Creating working copy for https://github.com/pointfreeco/swift-custom-dump
Working copy of https://github.com/pointfreeco/swift-custom-dump resolved at 1.7.3
Downloading package prebuilt https://download.swift.org/prebuilts/swift-syntax/604.0.0/swift-6.4.0-RELEASE-ubuntu_noble_x86_64-MacroSupport.tar.gz
Downloaded https://download.swift.org/prebuilts/swift-syntax/604.0.0/swift-6.4.0-RELEASE-ubuntu_noble_x86_64-MacroSupport.tar.gz (0.18s)
Building for debugging...
[Computing dependencies]
[Provisioning 1 / 122]
[Pre-planning 1 / 3322]
[Planning 1140 / 3322]
[Planning 1915 / 3322]
[Planning 2571 / 3322]
[Creating build graph]
[Constructing 4938 / 6306]
[6 / 849] Logging-product
[257 / 849] Downloader
[380 / 870] Timer
error: SwiftCompile normal wasm32 failed with a nonzero exit code. Command line:     cd /host

/host/spi-builder-workspace/Tests/URLSessionTestHelpers/FakeURLSession.swift:11:30: error: type 'URLSession' (aka 'AnyObject') has no member 'shared'
 9 |
10 | public final class FakeURLSession: URLSession, @unchecked Sendable {
11 |     let session = URLSession.shared
   |                              `- error: type 'URLSession' (aka 'AnyObject') has no member 'shared'
12 |
13 |     public var providedDownloadTasks = [FakeDownloadTask]()
/host/spi-builder-workspace/Tests/URLSessionTestHelpers/FakeURLSession.swift:21:53: error: cannot find type 'URLRequest' in scope
19 | #endif
20 |
21 |     override public func downloadTask(with request: URLRequest, completionHandler: @escaping (URL?, URLResponse?, Error?) -> ()) -> URLSessionDownloadTask {
   |                                                     `- error: cannot find type 'URLRequest' in scope
22 |         let task = FakeDownloadTask(
23 |             originalTask: session.downloadTask(with: request, completionHandler: completionHandler),
/host/spi-builder-workspace/Tests/URLSessionTestHelpers/FakeURLSession.swift:21:101: error: 'URLResponse' is unavailable: This type has moved to the FoundationNetworking module. Import that module to use it.
19 | #endif
20 |
21 |     override public func downloadTask(with request: URLRequest, completionHandler: @escaping (URL?, URLResponse?, Error?) -> ()) -> URLSessionDownloadTask {
   |                                                                                                     `- error: 'URLResponse' is unavailable: This type has moved to the FoundationNetworking module. Import that module to use it.
22 |         let task = FakeDownloadTask(
23 |             originalTask: session.downloadTask(with: request, completionHandler: completionHandler),
Foundation.URLResponse:2:18: note: 'URLResponse' has been explicitly marked unavailable here
1 | @available(*, unavailable, message: "This type has moved to the FoundationNetworking module. Import that module to use it.")
2 | public typealias URLResponse = AnyObject
  |                  `- note: 'URLResponse' has been explicitly marked unavailable here
/host/spi-builder-workspace/Tests/URLSessionTestHelpers/FakeURLSession.swift:21:133: error: 'URLSessionDownloadTask' is unavailable: This type has moved to the FoundationNetworking module. Import that module to use it.
19 | #endif
20 |
21 |     override public func downloadTask(with request: URLRequest, completionHandler: @escaping (URL?, URLResponse?, Error?) -> ()) -> URLSessionDownloadTask {
   |                                                                                                                                     `- error: 'URLSessionDownloadTask' is unavailable: This type has moved to the FoundationNetworking module. Import that module to use it.
22 |         let task = FakeDownloadTask(
23 |             originalTask: session.downloadTask(with: request, completionHandler: completionHandler),
Foundation.URLSessionDownloadTask:2:18: note: 'URLSessionDownloadTask' has been explicitly marked unavailable here
1 | @available(*, unavailable, message: "This type has moved to the FoundationNetworking module. Import that module to use it.")
2 | public typealias URLSessionDownloadTask = AnyObject
  |                  `- note: 'URLSessionDownloadTask' has been explicitly marked unavailable here
/host/spi-builder-workspace/Tests/URLSessionTestHelpers/FakeURLSession.swift:32:49: error: cannot find type 'URLRequest' in scope
30 |     public var providedDataTasks = [FakeDataTask]()
31 |
32 |     override public func dataTask(with request: URLRequest, completionHandler: @escaping (Data?, URLResponse?, Error?) -> ()) -> URLSessionDataTask {
   |                                                 `- error: cannot find type 'URLRequest' in scope
33 |         let task = FakeDataTask(
34 |             originalTask: session.dataTask(with: request, completionHandler: completionHandler),
/host/spi-builder-workspace/Tests/URLSessionTestHelpers/FakeURLSession.swift:32:98: error: 'URLResponse' is unavailable: This type has moved to the FoundationNetworking module. Import that module to use it.
30 |     public var providedDataTasks = [FakeDataTask]()
31 |
32 |     override public func dataTask(with request: URLRequest, completionHandler: @escaping (Data?, URLResponse?, Error?) -> ()) -> URLSessionDataTask {
   |                                                                                                  `- error: 'URLResponse' is unavailable: This type has moved to the FoundationNetworking module. Import that module to use it.
33 |         let task = FakeDataTask(
34 |             originalTask: session.dataTask(with: request, completionHandler: completionHandler),
Foundation.URLResponse:2:18: note: 'URLResponse' has been explicitly marked unavailable here
1 | @available(*, unavailable, message: "This type has moved to the FoundationNetworking module. Import that module to use it.")
2 | public typealias URLResponse = AnyObject
  |                  `- note: 'URLResponse' has been explicitly marked unavailable here
/host/spi-builder-workspace/Tests/URLSessionTestHelpers/FakeURLSession.swift:32:130: error: 'URLSessionDataTask' is unavailable: This type has moved to the FoundationNetworking module. Import that module to use it.
30 |     public var providedDataTasks = [FakeDataTask]()
31 |
32 |     override public func dataTask(with request: URLRequest, completionHandler: @escaping (Data?, URLResponse?, Error?) -> ()) -> URLSessionDataTask {
   |                                                                                                                                  `- error: 'URLSessionDataTask' is unavailable: This type has moved to the FoundationNetworking module. Import that module to use it.
33 |         let task = FakeDataTask(
34 |             originalTask: session.dataTask(with: request, completionHandler: completionHandler),
Foundation.URLSessionDataTask:2:18: note: 'URLSessionDataTask' has been explicitly marked unavailable here
1 | @available(*, unavailable, message: "This type has moved to the FoundationNetworking module. Import that module to use it.")
2 | public typealias URLSessionDataTask = AnyObject
  |                  `- note: 'URLSessionDataTask' has been explicitly marked unavailable here
/host/spi-builder-workspace/Tests/URLSessionTestHelpers/FakeURLSession.swift:10:36: error: 'URLSession' is unavailable: This type has moved to the FoundationNetworking module. Import that module to use it.
 8 | #endif
 9 |
10 | public final class FakeURLSession: URLSession, @unchecked Sendable {
   |                                    `- error: 'URLSession' is unavailable: This type has moved to the FoundationNetworking module. Import that module to use it.
11 |     let session = URLSession.shared
12 |
Foundation.URLSession:2:18: note: 'URLSession' has been explicitly marked unavailable here
1 | @available(*, unavailable, message: "This type has moved to the FoundationNetworking module. Import that module to use it.")
2 | public typealias URLSession = AnyObject
  |                  `- note: 'URLSession' has been explicitly marked unavailable here
/host/spi-builder-workspace/Tests/URLSessionTestHelpers/FakeURLSession.swift:43:30: error: 'URLSessionTask' is unavailable: This type has moved to the FoundationNetworking module. Import that module to use it.
41 |
42 | public class FakeDownloadTask: URLSessionDownloadTask, @unchecked Sendable {
43 |     public var originalTask: URLSessionTask
   |                              `- error: 'URLSessionTask' is unavailable: This type has moved to the FoundationNetworking module. Import that module to use it.
44 |     public var completionHandler: (URL?, URLResponse?, Error?) -> ()
45 |
Foundation.URLSessionTask:2:18: note: 'URLSessionTask' has been explicitly marked unavailable here
1 | @available(*, unavailable, message: "This type has moved to the FoundationNetworking module. Import that module to use it.")
2 | public typealias URLSessionTask = AnyObject
  |                  `- note: 'URLSessionTask' has been explicitly marked unavailable here
/host/spi-builder-workspace/Tests/URLSessionTestHelpers/FakeURLSession.swift:44:42: error: 'URLResponse' is unavailable: This type has moved to the FoundationNetworking module. Import that module to use it.
42 | public class FakeDownloadTask: URLSessionDownloadTask, @unchecked Sendable {
43 |     public var originalTask: URLSessionTask
44 |     public var completionHandler: (URL?, URLResponse?, Error?) -> ()
   |                                          `- error: 'URLResponse' is unavailable: This type has moved to the FoundationNetworking module. Import that module to use it.
45 |
46 |     public init(originalTask: URLSessionTask, completionHandler: @escaping (URL?, URLResponse?, Error?) -> ()) {
Foundation.URLResponse:2:18: note: 'URLResponse' has been explicitly marked unavailable here
1 | @available(*, unavailable, message: "This type has moved to the FoundationNetworking module. Import that module to use it.")
2 | public typealias URLResponse = AnyObject
  |                  `- note: 'URLResponse' has been explicitly marked unavailable here
/host/spi-builder-workspace/Tests/URLSessionTestHelpers/FakeURLSession.swift:46:31: error: 'URLSessionTask' is unavailable: This type has moved to the FoundationNetworking module. Import that module to use it.
44 |     public var completionHandler: (URL?, URLResponse?, Error?) -> ()
45 |
46 |     public init(originalTask: URLSessionTask, completionHandler: @escaping (URL?, URLResponse?, Error?) -> ()) {
   |                               `- error: 'URLSessionTask' is unavailable: This type has moved to the FoundationNetworking module. Import that module to use it.
47 |         self.originalTask = originalTask
48 |         self.completionHandler = completionHandler
Foundation.URLSessionTask:2:18: note: 'URLSessionTask' has been explicitly marked unavailable here
1 | @available(*, unavailable, message: "This type has moved to the FoundationNetworking module. Import that module to use it.")
2 | public typealias URLSessionTask = AnyObject
  |                  `- note: 'URLSessionTask' has been explicitly marked unavailable here
/host/spi-builder-workspace/Tests/URLSessionTestHelpers/FakeURLSession.swift:46:83: error: 'URLResponse' is unavailable: This type has moved to the FoundationNetworking module. Import that module to use it.
44 |     public var completionHandler: (URL?, URLResponse?, Error?) -> ()
45 |
46 |     public init(originalTask: URLSessionTask, completionHandler: @escaping (URL?, URLResponse?, Error?) -> ()) {
   |                                                                                   `- error: 'URLResponse' is unavailable: This type has moved to the FoundationNetworking module. Import that module to use it.
47 |         self.originalTask = originalTask
48 |         self.completionHandler = completionHandler
Foundation.URLResponse:2:18: note: 'URLResponse' has been explicitly marked unavailable here
1 | @available(*, unavailable, message: "This type has moved to the FoundationNetworking module. Import that module to use it.")
2 | public typealias URLResponse = AnyObject
  |                  `- note: 'URLResponse' has been explicitly marked unavailable here
/host/spi-builder-workspace/Tests/URLSessionTestHelpers/FakeURLSession.swift:42:32: error: 'URLSessionDownloadTask' is unavailable: This type has moved to the FoundationNetworking module. Import that module to use it.
40 | }
41 |
42 | public class FakeDownloadTask: URLSessionDownloadTask, @unchecked Sendable {
   |                                `- error: 'URLSessionDownloadTask' is unavailable: This type has moved to the FoundationNetworking module. Import that module to use it.
43 |     public var originalTask: URLSessionTask
44 |     public var completionHandler: (URL?, URLResponse?, Error?) -> ()
Foundation.URLSessionDownloadTask:2:18: note: 'URLSessionDownloadTask' has been explicitly marked unavailable here
1 | @available(*, unavailable, message: "This type has moved to the FoundationNetworking module. Import that module to use it.")
2 | public typealias URLSessionDownloadTask = AnyObject
  |                  `- note: 'URLSessionDownloadTask' has been explicitly marked unavailable here
/host/spi-builder-workspace/Tests/URLSessionTestHelpers/FakeURLSession.swift:59:30: error: 'URLSessionTask' is unavailable: This type has moved to the FoundationNetworking module. Import that module to use it.
57 |
58 | public class FakeDataTask: URLSessionDataTask, @unchecked Sendable {
59 |     public var originalTask: URLSessionTask
   |                              `- error: 'URLSessionTask' is unavailable: This type has moved to the FoundationNetworking module. Import that module to use it.
60 |     public var completionHandler: (Data?, URLResponse?, Error?) -> ()
61 |
Foundation.URLSessionTask:2:18: note: 'URLSessionTask' has been explicitly marked unavailable here
1 | @available(*, unavailable, message: "This type has moved to the FoundationNetworking module. Import that module to use it.")
2 | public typealias URLSessionTask = AnyObject
  |                  `- note: 'URLSessionTask' has been explicitly marked unavailable here
/host/spi-builder-workspace/Tests/URLSessionTestHelpers/FakeURLSession.swift:60:43: error: 'URLResponse' is unavailable: This type has moved to the FoundationNetworking module. Import that module to use it.
58 | public class FakeDataTask: URLSessionDataTask, @unchecked Sendable {
59 |     public var originalTask: URLSessionTask
60 |     public var completionHandler: (Data?, URLResponse?, Error?) -> ()
   |                                           `- error: 'URLResponse' is unavailable: This type has moved to the FoundationNetworking module. Import that module to use it.
61 |
62 |     public init(originalTask: URLSessionTask, completionHandler: @escaping (Data?, URLResponse?, Error?) -> ()) {
Foundation.URLResponse:2:18: note: 'URLResponse' has been explicitly marked unavailable here
1 | @available(*, unavailable, message: "This type has moved to the FoundationNetworking module. Import that module to use it.")
2 | public typealias URLResponse = AnyObject
  |                  `- note: 'URLResponse' has been explicitly marked unavailable here
/host/spi-builder-workspace/Tests/URLSessionTestHelpers/FakeURLSession.swift:62:31: error: 'URLSessionTask' is unavailable: This type has moved to the FoundationNetworking module. Import that module to use it.
60 |     public var completionHandler: (Data?, URLResponse?, Error?) -> ()
61 |
62 |     public init(originalTask: URLSessionTask, completionHandler: @escaping (Data?, URLResponse?, Error?) -> ()) {
   |                               `- error: 'URLSessionTask' is unavailable: This type has moved to the FoundationNetworking module. Import that module to use it.
63 |         self.originalTask = originalTask
64 |         self.completionHandler = completionHandler
Foundation.URLSessionTask:2:18: note: 'URLSessionTask' has been explicitly marked unavailable here
1 | @available(*, unavailable, message: "This type has moved to the FoundationNetworking module. Import that module to use it.")
2 | public typealias URLSessionTask = AnyObject
  |                  `- note: 'URLSessionTask' has been explicitly marked unavailable here
/host/spi-builder-workspace/Tests/URLSessionTestHelpers/FakeURLSession.swift:62:84: error: 'URLResponse' is unavailable: This type has moved to the FoundationNetworking module. Import that module to use it.
60 |     public var completionHandler: (Data?, URLResponse?, Error?) -> ()
61 |
62 |     public init(originalTask: URLSessionTask, completionHandler: @escaping (Data?, URLResponse?, Error?) -> ()) {
   |                                                                                    `- error: 'URLResponse' is unavailable: This type has moved to the FoundationNetworking module. Import that module to use it.
63 |         self.originalTask = originalTask
64 |         self.completionHandler = completionHandler
Foundation.URLResponse:2:18: note: 'URLResponse' has been explicitly marked unavailable here
1 | @available(*, unavailable, message: "This type has moved to the FoundationNetworking module. Import that module to use it.")
2 | public typealias URLResponse = AnyObject
  |                  `- note: 'URLResponse' has been explicitly marked unavailable here
/host/spi-builder-workspace/Tests/URLSessionTestHelpers/FakeURLSession.swift:58:28: error: 'URLSessionDataTask' is unavailable: This type has moved to the FoundationNetworking module. Import that module to use it.
56 | }
57 |
58 | public class FakeDataTask: URLSessionDataTask, @unchecked Sendable {
   |                            `- error: 'URLSessionDataTask' is unavailable: This type has moved to the FoundationNetworking module. Import that module to use it.
59 |     public var originalTask: URLSessionTask
60 |     public var completionHandler: (Data?, URLResponse?, Error?) -> ()
Foundation.URLSessionDataTask:2:18: note: 'URLSessionDataTask' has been explicitly marked unavailable here
1 | @available(*, unavailable, message: "This type has moved to the FoundationNetworking module. Import that module to use it.")
2 | public typealias URLSessionDataTask = AnyObject
  |                  `- note: 'URLSessionDataTask' has been explicitly marked unavailable here
Failed frontend command:
/usr/bin/swift-frontend -frontend -emit-module -experimental-skip-non-inlinable-function-bodies-without-types /host/spi-builder-workspace/Tests/URLSessionTestHelpers/FakeURLSession.swift -target wasm32-unknown-wasip1 -disable-objc-interop -sdk /root/.swiftpm/swift-sdks/swift-6.4.0-RELEASE_wasm.artifactbundle/swift-6.4.0-RELEASE_wasm/wasm32-unknown-wasip1/WASI.sdk -sysroot /root/.swiftpm/swift-sdks/swift-6.4.0-RELEASE_wasm.artifactbundle/swift-6.4.0-RELEASE_wasm/wasm32-unknown-wasip1/WASI.sdk -I /host/spi-builder-workspace/.build/out/Products/Debug-webassembly-wasm32 -module-cache-path /host/spi-builder-workspace/.build/out/ModuleCache.noindex -color-diagnostics -Xcc -fcolor-diagnostics -enable-testing -g -debug-info-format\=dwarf -dwarf-version\=4 -swift-version 5 -Onone -D SWIFT_PACKAGE -D DEBUG -D SWIFT_MODULE_RESOURCE_BUNDLE_UNAVAILABLE -D Xcode -serialize-debugging-options -enable-experimental-feature DebugDescriptionMacro -empty-abi-descriptor -external-plugin-path /usr/lib/swift/host/plugins/testing\#/usr/bin/swift-plugin-server -validate-clang-modules-once -clang-build-session-file /host/spi-builder-workspace/.build/out/ModuleCache.noindex/Session.modulevalidation -Xcc -working-directory -Xcc /host -resource-dir /root/.swiftpm/swift-sdks/swift-6.4.0-RELEASE_wasm.artifactbundle/swift-6.4.0-RELEASE_wasm/wasm32-unknown-wasip1/swift.xctoolchain/usr/lib/swift_static -use-static-resource-dir -enable-anonymous-context-mangled-names -file-compilation-dir /host -Xcc -resource-dir -Xcc /root/.swiftpm/swift-sdks/swift-6.4.0-RELEASE_wasm.artifactbundle/swift-6.4.0-RELEASE_wasm/wasm32-unknown-wasip1/swift.xctoolchain/usr/lib/swift_static/clang -Xcc -D_LIBCPP_HARDENING_MODE\=_LIBCPP_HARDENING_MODE_DEBUG -Xcc -fmodules-prune-interval\=86400 -Xcc -fmodules-prune-after\=345600 -Xcc -I/host/spi-builder-workspace/.build/out/Products/Debug-webassembly-wasm32/include -Xcc -I/host/spi-builder-workspace/.build/out/Intermediates.noindex/CommandLineToolkit.build/Debug-webassembly-wasm32/URLSessionTestHelpers-t.build/DerivedSources-normal/wasm32 -Xcc -I/host/spi-builder-workspace/.build/out/Intermediates.noindex/CommandLineToolkit.build/Debug-webassembly-wasm32/URLSessionTestHelpers-t.build/DerivedSources/wasm32 -Xcc -I/host/spi-builder-workspace/.build/out/Intermediates.noindex/CommandLineToolkit.build/Debug-webassembly-wasm32/URLSessionTestHelpers-t.build/DerivedSources -Xcc -DSWIFT_PACKAGE -Xcc -DDEBUG\=1 -no-auto-bridging-header-chaining -module-name URLSessionTestHelpers -package-name spi_builder_workspace -const-gather-protocols-file /host/spi-builder-workspace/.build/out/Intermediates.noindex/CommandLineToolkit.build/Debug-webassembly-wasm32/URLSessionTestHelpers-t.build/Objects-normal/wasm32/URLSessionTestHelpers_const_extract_protocols.json -in-process-plugin-server-path /usr/lib/swift/host/libSwiftInProcPluginServer.so -plugin-path /usr/lib/swift/host/plugins -plugin-path /usr/local/lib/swift/host/plugins -emit-module-doc-path /host/spi-builder-workspace/.build/out/Intermediates.noindex/CommandLineToolkit.build/Debug-webassembly-wasm32/URLSessionTestHelpers-t.build/Objects-normal/wasm32/Modules/URLSessionTestHelpers.swiftdoc -emit-module-source-info-path /host/spi-builder-workspace/.build/out/Intermediates.noindex/CommandLineToolkit.build/Debug-webassembly-wasm32/URLSessionTestHelpers-t.build/Objects-normal/wasm32/Modules/URLSessionTestHelpers.swiftsourceinfo -emit-objc-header-path /host/spi-builder-workspace/.build/out/Intermediates.noindex/CommandLineToolkit.build/Debug-webassembly-wasm32/URLSessionTestHelpers-t.build/Objects-normal/wasm32/URLSessionTestHelpers-Swift.h -serialize-diagnostics-path /host/spi-builder-workspace/.build/out/Intermediates.noindex/CommandLineToolkit.build/Debug-webassembly-wasm32/URLSessionTestHelpers-t.build/Objects-normal/wasm32/URLSessionTestHelpers-primary-emit-module.dia -emit-dependencies-path /host/spi-builder-workspace/.build/out/Intermediates.noindex/CommandLineToolkit.build/Debug-webassembly-wasm32/URLSessionTestHelpers-t.build/Objects-normal/wasm32/URLSessionTestHelpers-primary-emit-module.d -parse-as-library -o /host/spi-builder-workspace/.build/out/Intermediates.noindex/CommandLineToolkit.build/Debug-webassembly-wasm32/URLSessionTestHelpers-t.build/Objects-normal/wasm32/Modules/URLSessionTestHelpers.swiftmodule
error: Build failed
BUILD FAILURE 6.4 wasm