Build Information
Failed to build PlaydateKit, reference main (34294a), with Swift 6.4 for macOS (Xcode) using Xcode 27.0 on 27 Sep 2026 21:50:52 UTC.
Build Command
No build command. This typically means the build failed at an early stage where we determine the build command.Build Log
========================================
RunAll
========================================
Builder version: 5.1.0
Interrupt handler set up.
========================================
Checkout
========================================
Clone URL: https://github.com/finnvoor/PlaydateKit.git
Reference: main
Initialized empty Git repository in /Users/admin/builder/spi-builder-workspace/.git/
From https://github.com/finnvoor/PlaydateKit
* branch main -> FETCH_HEAD
* [new branch] main -> origin/main
HEAD is now at 34294a1 Fix Font(data:wide:) for Playdate SDK 3.1.1 (#160)
Submodule path 'Examples/Xkpd/Sources/CLodePNG/lodepng': checked out '17d08dd26cac4d63f43af217ebd70318bfb8189c'
Submodule path 'Examples/Xkpd/Sources/CQRCode/QRCode': checked out 'eafbde494979abc2445c363cc2602230bcbe299c'
Submodule 'Examples/Xkpd/Sources/CLodePNG/lodepng' (https://github.com/lvandeve/lodepng.git) registered for path 'Examples/Xkpd/Sources/CLodePNG/lodepng'
Submodule 'Examples/Xkpd/Sources/CQRCode/QRCode' (https://github.com/ricmoo/QRCode.git) registered for path 'Examples/Xkpd/Sources/CQRCode/QRCode'
Cloning into '/Users/admin/builder/spi-builder-workspace/Examples/Xkpd/Sources/CLodePNG/lodepng'...
Cloning into '/Users/admin/builder/spi-builder-workspace/Examples/Xkpd/Sources/CQRCode/QRCode'...
Cloned https://github.com/finnvoor/PlaydateKit.git
Revision (git rev-parse @):
34294a17b8ed04be4d32eeca255f26a723ed713d
SUCCESS checkout https://github.com/finnvoor/PlaydateKit.git at main
========================================
Build
========================================
Selected platform: macosXcodebuild
Swift version: 6.4
Building package at path: $PWD
https://github.com/finnvoor/PlaydateKit.git
Command line invocation:
/Applications/Xcode-27.0.0-Release.Candidate.app/Contents/Developer/usr/bin/xcodebuild -IDEClonedSourcePackagesDirPathOverride=/Users/admin/builder/spi-builder-workspace/.dependencies -resolvePackageDependencies
Resolve Package Graph
Package: spi-builder-workspace
Resolve Package Graph
Package: spi-builder-workspace
Resolved source packages:
spi-builder-workspace: (null)
2026-09-27 17:50:50.544 xcodebuild[549:3069] Writing error result bundle to /var/folders/xq/y_g06wb113726d38xsyx71_h0000gn/T/ResultBundle_2026-27-09_17-50-0050.xcresult
xcodebuild: error: Could not resolve package dependencies:
main/Package.swift:8: Fatal error: Unexpectedly found nil while unwrapping an Optional value
Command line invocation:
/Applications/Xcode-27.0.0-Release.Candidate.app/Contents/Developer/usr/bin/xcodebuild -IDEClonedSourcePackagesDirPathOverride=/Users/admin/builder/spi-builder-workspace/.dependencies -resolvePackageDependencies
Resolve Package Graph
Package: spi-builder-workspace
Resolved source packages:
spi-builder-workspace: (null)
2026-09-27 17:50:52.296 xcodebuild[631:3783] Writing error result bundle to /var/folders/xq/y_g06wb113726d38xsyx71_h0000gn/T/ResultBundle_2026-27-09_17-50-0052.xcresult
xcodebuild: error: Could not resolve package dependencies:
main/Package.swift:8: Fatal error: Unexpectedly found nil while unwrapping an Optional value
BUILD FAILURE 6.4 macosXcodebuild